--
-- Host: localhost    Database: presta
-- ------------------------------------------------------


--
-- Table structure for table `ps_access`
--

CREATE TABLE `ps_access` (
  `id_profile` int(10) unsigned NOT NULL,
  `id_authorization_role` int(10) unsigned NOT NULL,
  PRIMARY KEY (`id_profile`,`id_authorization_role`)
) ENGINE=InnoDB DEFAULT CHARSET=utf8mb4;

--
-- Dumping data for table `ps_access`
--

INSERT INTO `ps_access` VALUES (1,1),(1,2),(1,3),(1,4),(1,5),(1,6),(1,7),(1,8),(1,9),(1,10),(1,11),(1,12),(1,13),(1,14),(1,15),(1,16),(1,17),(1,18),(1,19),(1,20),(1,21),(1,22),(1,23),(1,24),(1,25),(1,26),(1,27),(1,28),(1,29),(1,30),(1,31),(1,32),(1,33),(1,34),(1,35),(1,36),(1,37),(1,38),(1,39),(1,40),(1,41),(1,42),(1,43),(1,44),(1,45),(1,46),(1,47),(1,48),(1,49),(1,50),(1,51),(1,52),(1,53),(1,54),(1,55),(1,56),(1,57),(1,58),(1,59),(1,60),(1,61),(1,62),(1,63),(1,64),(1,65),(1,66),(1,67),(1,68),(1,69),(1,70),(1,71),(1,72),(1,73),(1,74),(1,75),(1,76),(1,77),(1,78),(1,79),(1,80),(1,81),(1,82),(1,83),(1,84),(1,85),(1,86),(1,87),(1,88),(1,89),(1,90),(1,91),(1,92),(1,93),(1,94),(1,95),(1,96),(1,97),(1,98),(1,99),(1,100),(1,101),(1,102),(1,103),(1,104),(1,105),(1,106),(1,107),(1,108),(1,109),(1,110),(1,111),(1,112),(1,113),(1,114),(1,115),(1,116),(1,117),(1,118),(1,119),(1,120),(1,121),(1,122),(1,123),(1,124),(1,125),(1,126),(1,127),(1,128),(1,129),(1,130),(1,131),(1,132),(1,133),(1,134),(1,135),(1,136),(1,137),(1,138),(1,139),(1,140),(1,141),(1,142),(1,143),(1,144),(1,145),(1,146),(1,147),(1,148),(1,149),(1,150),(1,151),(1,152),(1,153),(1,154),(1,155),(1,156),(1,157),(1,158),(1,159),(1,160),(1,161),(1,162),(1,163),(1,164),(1,165),(1,166),(1,167),(1,168),(1,169),(1,170),(1,171),(1,172),(1,173),(1,174),(1,175),(1,176),(1,177),(1,178),(1,179),(1,180),(1,181),(1,182),(1,183),(1,184),(1,185),(1,186),(1,187),(1,188),(1,189),(1,190),(1,191),(1,192),(1,193),(1,194),(1,195),(1,196),(1,197),(1,198),(1,199),(1,200),(1,201),(1,202),(1,203),(1,204),(1,205),(1,206),(1,207),(1,208),(1,209),(1,210),(1,211),(1,212),(1,213),(1,214),(1,215),(1,216),(1,217),(1,218),(1,219),(1,220),(1,221),(1,222),(1,223),(1,224),(1,225),(1,226),(1,227),(1,228),(1,229),(1,230),(1,231),(1,232),(1,233),(1,234),(1,235),(1,236),(1,237),(1,238),(1,239),(1,240),(1,241),(1,242),(1,243),(1,244),(1,245),(1,246),(1,247),(1,248),(1,249),(1,250),(1,251),(1,252),(1,253),(1,254),(1,255),(1,256),(1,257),(1,258),(1,259),(1,260),(1,261),(1,262),(1,263),(1,264),(1,265),(1,266),(1,267),(1,268),(1,269),(1,270),(1,271),(1,272),(1,273),(1,274),(1,275),(1,276),(1,277),(1,278),(1,279),(1,280),(1,281),(1,282),(1,283),(1,284),(1,285),(1,286),(1,287),(1,288),(1,289),(1,290),(1,291),(1,292),(1,293),(1,294),(1,295),(1,296),(1,297),(1,298),(1,299),(1,300),(1,301),(1,302),(1,303),(1,304),(1,305),(1,306),(1,307),(1,308),(1,309),(1,310),(1,311),(1,312),(1,313),(1,314),(1,315),(1,316),(1,317),(1,318),(1,319),(1,320),(1,321),(1,322),(1,323),(1,324),(1,325),(1,326),(1,327),(1,328),(1,329),(1,330),(1,331),(1,332),(1,333),(1,334),(1,335),(1,336),(1,337),(1,338),(1,339),(1,340),(1,341),(1,342),(1,343),(1,344),(1,345),(1,346),(1,347),(1,348),(1,349),(1,350),(1,351),(1,352),(1,353),(1,354),(1,355),(1,356),(1,357),(1,358),(1,359),(1,360),(1,361),(1,362),(1,363),(1,364),(1,365),(1,366),(1,367),(1,368),(1,369),(1,370),(1,371),(1,372),(1,373),(1,374),(1,375),(1,376),(1,377),(1,378),(1,379),(1,380),(1,381),(1,382),(1,383),(1,384),(1,385),(1,386),(1,387),(1,388),(1,389),(1,390),(1,391),(1,392),(1,393),(1,394),(1,395),(1,396),(1,397),(1,398),(1,399),(1,400),(1,401),(1,402),(1,403),(1,404),(1,405),(1,406),(1,407),(1,408),(1,409),(1,410),(1,411),(1,412),(1,413),(1,414),(1,415),(1,416),(1,417),(1,418),(1,419),(1,420),(1,421),(1,422),(1,423),(1,424),(1,425),(1,426),(1,427),(1,428),(1,429),(1,430),(1,431),(1,432),(1,433),(1,434),(1,435),(1,436),(1,437),(1,438),(1,439),(1,440),(1,441),(1,442),(1,443),(1,444),(1,445),(1,446),(1,447),(1,448),(1,449),(1,450),(1,451),(1,452),(1,453),(1,454),(1,455),(1,456),(1,457),(1,458),(1,459),(1,460),(1,461),(1,462),(1,463),(1,464),(1,465),(1,466),(1,467),(1,468),(1,489),(1,490),(1,491),(1,492),(1,577),(1,578),(1,579),(1,580),(1,621),(1,622),(1,623),(1,624),(1,625),(1,626),(1,627),(1,628),(1,629),(1,630),(1,631),(1,632),(1,729),(1,730),(1,731),(1,732),(1,733),(1,734),(1,735),(1,736),(1,745),(1,746),(1,747),(1,748),(1,757),(1,758),(1,759),(1,760),(1,761),(1,762),(1,763),(1,764),(1,769),(1,770),(1,771),(1,772),(1,773),(1,774),(1,775),(1,776),(1,777),(1,778),(1,779),(1,780),(1,781),(1,782),(1,783),(1,784),(1,789),(1,790),(1,791),(1,792),(1,797),(1,798),(1,799),(1,800),(1,805),(1,806),(1,807),(1,808),(1,809),(1,810),(1,811),(1,812),(1,813),(1,814),(1,815),(1,816),(1,817),(1,818),(1,819),(1,820),(1,821),(1,822),(1,823),(1,824),(1,825),(1,826),(1,827),(1,828),(1,829),(1,830),(1,831),(1,832),(1,841),(1,842),(1,843),(1,844),(1,869),(1,870),(1,871),(1,872),(1,873),(1,874),(1,875),(1,876),(1,877),(1,878),(1,879),(1,880),(1,881),(1,882),(1,883),(1,884),(1,901),(1,902),(1,903),(1,904),(1,925),(1,926),(1,927),(1,928),(1,941),(1,942),(1,943),(1,944),(1,945),(1,946),(1,947),(1,948),(1,961),(1,962),(1,963),(1,964),(1,965),(1,966),(1,967),(1,968),(1,969),(1,970),(1,971),(1,972),(1,973),(1,974),(1,975),(1,976),(1,977),(1,978),(1,979),(1,980),(1,981),(1,982),(1,983),(1,984),(1,985),(1,986),(1,987),(1,988),(1,1009),(1,1010),(1,1011),(1,1012),(1,1021),(1,1022),(1,1023),(1,1024),(1,1025),(1,1026),(1,1027),(1,1028),(1,1029),(1,1030),(1,1031),(1,1032),(1,1033),(1,1034),(1,1035),(1,1036),(1,1037),(1,1038),(1,1039),(1,1040),(1,1041),(1,1042),(1,1043),(1,1044),(1,1045),(1,1046),(1,1047),(1,1048),(1,1049),(1,1050),(1,1051),(1,1052),(1,1053),(1,1054),(1,1055),(1,1056);

--
-- Table structure for table `ps_accessory`
--

CREATE TABLE `ps_accessory` (
  `id_product_1` int(10) unsigned NOT NULL,
  `id_product_2` int(10) unsigned NOT NULL,
  KEY `accessory_product` (`id_product_1`,`id_product_2`)
) ENGINE=InnoDB DEFAULT CHARSET=utf8mb4;

--
-- Dumping data for table `ps_accessory`
--


--
-- Table structure for table `ps_address`
--

CREATE TABLE `ps_address` (
  `id_address` int(10) unsigned NOT NULL AUTO_INCREMENT,
  `id_country` int(10) unsigned NOT NULL,
  `id_state` int(10) unsigned DEFAULT NULL,
  `id_customer` int(10) unsigned NOT NULL DEFAULT '0',
  `id_manufacturer` int(10) unsigned NOT NULL DEFAULT '0',
  `id_supplier` int(10) unsigned NOT NULL DEFAULT '0',
  `id_warehouse` int(10) unsigned NOT NULL DEFAULT '0',
  `alias` varchar(32) NOT NULL,
  `company` varchar(255) DEFAULT NULL,
  `lastname` varchar(255) NOT NULL,
  `firstname` varchar(255) NOT NULL,
  `address1` varchar(128) NOT NULL,
  `address2` varchar(128) DEFAULT NULL,
  `postcode` varchar(12) DEFAULT NULL,
  `city` varchar(64) NOT NULL,
  `other` text,
  `phone` varchar(32) DEFAULT NULL,
  `phone_mobile` varchar(32) DEFAULT NULL,
  `vat_number` varchar(32) DEFAULT NULL,
  `dni` varchar(16) DEFAULT NULL,
  `date_add` datetime NOT NULL,
  `date_upd` datetime NOT NULL,
  `active` tinyint(1) unsigned NOT NULL DEFAULT '1',
  `deleted` tinyint(1) unsigned NOT NULL DEFAULT '0',
  PRIMARY KEY (`id_address`),
  KEY `address_customer` (`id_customer`),
  KEY `id_country` (`id_country`),
  KEY `id_state` (`id_state`),
  KEY `id_manufacturer` (`id_manufacturer`),
  KEY `id_supplier` (`id_supplier`),
  KEY `id_warehouse` (`id_warehouse`)
) ENGINE=InnoDB AUTO_INCREMENT=11 DEFAULT CHARSET=utf8mb4;

--
-- Dumping data for table `ps_address`
--

INSERT INTO `ps_address` VALUES (1,172,0,1,0,0,0,'Anonymous','Anonymous','Anonymous','Anonymous','Anonymous','','00000','Anonymous','','0000000000','0000000000','0000','0000','2021-02-01 13:04:43','2021-02-01 13:04:43',1,0),(2,172,0,4,0,0,0,'kelloggs','','Ilustre','Kelloggs','01 Narcissus corner Soliven Alvendia','South Greenheights Village','1772','Muntinlupa City','','09178687650','','','','2021-03-30 22:49:03','2021-03-30 22:49:03',1,0),(3,172,0,5,0,0,0,'Sandra Lee','','Parrilla','Karen Louise','17 Rainbow Village, Kinasang-an ','Pardo','6000','Cebu','','+639178877951','','','','2021-04-01 13:56:59','2021-04-01 14:00:50',1,0),(4,172,0,6,0,0,0,'My Address','','Ballesteros','Iza','1 Germany st. Grand Monaco La Potenza, Brgy. San Miguel Pasig, Metro Manila','','1600','PASIG','','09088851242','','','','2021-04-02 02:56:22','2021-04-02 02:56:22',1,0),(5,172,0,3,0,0,0,'My Address','','Manuel','Joshmi','Pardo city','','6000','Cebu City','','09157585248','','','','2021-04-05 10:47:15','2021-04-05 10:47:15',1,0),(6,172,0,7,0,0,0,'My Address','','Perez','Irell','Emapalico Homes #48 Ruby','Brgy Talon Uno','1740','Las Pinas','','09479981296','','','','2021-04-22 09:35:47','2021-04-22 09:38:54',1,0),(7,172,0,8,0,0,0,'My Address','SCPA','Pacis','Lea','SCPA Compound Bankal Mactan','','6015','Lapu-lapu','','+639178667539','','','','2021-04-22 11:14:59','2021-04-22 11:17:07',1,0),(8,172,0,8,0,0,0,'My Address','','Pacis','Lea','47 Portovenere St Portofino So','Daang Reyna, Bgy Almanza Dos','1750','Las Pinas','','+639178667539','','','','2021-04-22 11:15:19','2021-04-22 11:15:19',1,0),(9,172,0,10,0,0,0,'Gael Client','themes ninja',' Audibert','Gaël','Junob','','6200','Dumaguete','','09770875100','','','','2021-05-11 21:31:10','2021-05-11 21:31:10',1,0),(10,172,0,12,0,0,0,'My Address','','Castillo','Marissa','45 Broadway Avenue New Manila','Unit 115 Mahogany Place Townhomes','1112','Quezon City','','09178610121','','','','2021-05-26 23:17:30','2021-05-26 23:17:30',1,0);

--
-- Table structure for table `ps_address_format`
--

CREATE TABLE `ps_address_format` (
  `id_country` int(10) unsigned NOT NULL,
  `format` varchar(255) NOT NULL DEFAULT '',
  PRIMARY KEY (`id_country`)
) ENGINE=InnoDB DEFAULT CHARSET=utf8mb4;

--
-- Dumping data for table `ps_address_format`
--

INSERT INTO `ps_address_format` VALUES (1,'firstname lastname\ncompany\nvat_number\naddress1\naddress2\npostcode city\nCountry:name\nphone'),(2,'firstname lastname\ncompany\nvat_number\naddress1\naddress2\npostcode city\nCountry:name\nphone'),(3,'firstname lastname\ncompany\nvat_number\naddress1\naddress2\npostcode city\nCountry:name\nphone'),(4,'firstname lastname\ncompany\naddress1\naddress2\ncity State:name postcode\nCountry:name\nphone'),(5,'firstname lastname\ncompany\nvat_number\naddress1\naddress2\npostcode city\nCountry:name\nphone'),(6,'firstname lastname\ncompany\nvat_number\naddress1\naddress2\npostcode city\nCountry:name\nphone'),(7,'firstname lastname\ncompany\nvat_number\naddress1\naddress2\npostcode city\nCountry:name\nphone'),(8,'firstname lastname\ncompany\nvat_number\naddress1\naddress2\npostcode city\nCountry:name\nphone'),(9,'firstname lastname\ncompany\nvat_number\naddress1\naddress2\npostcode city\nCountry:name\nphone'),(10,'firstname lastname\ncompany\nvat_number\naddress1\naddress2\npostcode city\nState:name\nCountry:name\nphone'),(11,'firstname lastname\ncompany\nvat_number\naddress1\naddress2\npostcode city\nState:name\nCountry:name\nphone'),(12,'firstname lastname\ncompany\nvat_number\naddress1\naddress2\npostcode city\nCountry:name\nphone'),(13,'firstname lastname\ncompany\nvat_number\naddress1\naddress2\npostcode city\nCountry:name\nphone'),(14,'firstname lastname\ncompany\nvat_number\naddress1\naddress2\npostcode city\nCountry:name\nphone'),(15,'firstname lastname\ncompany\nvat_number\naddress1\naddress2\npostcode city\nCountry:name\nphone'),(16,'firstname lastname\ncompany\nvat_number\naddress1\naddress2\npostcode city\nCountry:name\nphone'),(17,'firstname lastname\ncompany\nvat_number\naddress1\naddress2\ncity\npostcode\nCountry:name\nphone'),(18,'firstname lastname\ncompany\nvat_number\naddress1\naddress2\npostcode city\nCountry:name\nphone'),(19,'firstname lastname\ncompany\nvat_number\naddress1\naddress2\npostcode city\nCountry:name\nphone'),(20,'firstname lastname\ncompany\nvat_number\naddress1\naddress2\npostcode city\nCountry:name\nphone'),(21,'firstname lastname\ncompany\naddress1 address2\ncity, State:name postcode\nCountry:name\nphone'),(22,'firstname lastname\ncompany\nvat_number\naddress1\naddress2\npostcode city\nCountry:name\nphone'),(23,'firstname lastname\ncompany\nvat_number\naddress1\naddress2\npostcode city\nCountry:name\nphone'),(24,'firstname lastname\ncompany\nvat_number\naddress1\naddress2\ncity State:iso_code postcode\nCountry:name\nphone'),(25,'firstname lastname\ncompany\nvat_number\naddress1\naddress2\npostcode city\nCountry:name\nphone'),(26,'firstname lastname\ncompany\nvat_number\naddress1\naddress2\npostcode city\nCountry:name\nphone'),(27,'firstname lastname\ncompany\nvat_number\naddress1\naddress2\npostcode city\nCountry:name\nphone'),(28,'firstname lastname\ncompany\nvat_number\naddress1\naddress2\npostcode city\nCountry:name\nphone'),(29,'firstname lastname\ncompany\nvat_number\naddress1\naddress2\npostcode city\nCountry:name\nphone'),(30,'firstname lastname\ncompany\nvat_number\naddress1\naddress2\npostcode city\nCountry:name\nphone'),(31,'firstname lastname\ncompany\nvat_number\naddress1\naddress2\npostcode city\nCountry:name\nphone'),(32,'firstname lastname\ncompany\nvat_number\naddress1\naddress2\npostcode city\nCountry:name\nphone'),(33,'firstname lastname\ncompany\nvat_number\naddress1\naddress2\npostcode city\nCountry:name\nphone'),(34,'firstname lastname\ncompany\nvat_number\naddress1\naddress2\npostcode city\nCountry:name\nphone'),(35,'firstname lastname\ncompany\nvat_number\naddress1\naddress2\npostcode city\nCountry:name\nphone'),(36,'firstname lastname\ncompany\nvat_number\naddress1\naddress2\npostcode city\nCountry:name\nphone'),(37,'firstname lastname\ncompany\nvat_number\naddress1\naddress2\npostcode city\nCountry:name\nphone'),(38,'firstname lastname\ncompany\nvat_number\naddress1\naddress2\npostcode city\nCountry:name\nphone'),(39,'firstname lastname\ncompany\nvat_number\naddress1\naddress2\npostcode city\nCountry:name\nphone'),(40,'firstname lastname\ncompany\nvat_number\naddress1\naddress2\npostcode city\nCountry:name\nphone'),(41,'firstname lastname\ncompany\nvat_number\naddress1\naddress2\npostcode city\nCountry:name\nphone'),(42,'firstname lastname\ncompany\nvat_number\naddress1\naddress2\npostcode city\nCountry:name\nphone'),(43,'firstname lastname\ncompany\nvat_number\naddress1\naddress2\npostcode city\nCountry:name\nphone'),(44,'firstname lastname\ncompany\nvat_number\naddress1\naddress2\npostcode city\nState:name\nCountry:name\nphone'),(45,'firstname lastname\ncompany\nvat_number\naddress1\naddress2\npostcode city\nCountry:name\nphone'),(46,'firstname lastname\ncompany\nvat_number\naddress1\naddress2\npostcode city\nCountry:name\nphone'),(47,'firstname lastname\ncompany\nvat_number\naddress1\naddress2\npostcode city\nCountry:name\nphone'),(48,'firstname lastname\ncompany\nvat_number\naddress1\naddress2\npostcode city\nCountry:name\nphone'),(49,'firstname lastname\ncompany\nvat_number\naddress1\naddress2\npostcode city\nCountry:name\nphone'),(50,'firstname lastname\ncompany\nvat_number\naddress1\naddress2\npostcode city\nCountry:name\nphone'),(51,'firstname lastname\ncompany\nvat_number\naddress1\naddress2\npostcode city\nCountry:name\nphone'),(52,'firstname lastname\ncompany\nvat_number\naddress1\naddress2\npostcode city\nCountry:name\nphone'),(53,'firstname lastname\ncompany\nvat_number\naddress1\naddress2\npostcode city\nCountry:name\nphone'),(54,'firstname lastname\ncompany\nvat_number\naddress1\naddress2\npostcode city\nCountry:name\nphone'),(55,'firstname lastname\ncompany\nvat_number\naddress1\naddress2\npostcode city\nCountry:name\nphone'),(56,'firstname lastname\ncompany\nvat_number\naddress1\naddress2\npostcode city\nCountry:name\nphone'),(57,'firstname lastname\ncompany\nvat_number\naddress1\naddress2\npostcode city\nCountry:name\nphone'),(58,'firstname lastname\ncompany\nvat_number\naddress1\naddress2\npostcode city\nCountry:name\nphone'),(59,'firstname lastname\ncompany\nvat_number\naddress1\naddress2\npostcode city\nCountry:name\nphone'),(60,'firstname lastname\ncompany\nvat_number\naddress1\naddress2\npostcode city\nCountry:name\nphone'),(61,'firstname lastname\ncompany\nvat_number\naddress1\naddress2\npostcode city\nCountry:name\nphone'),(62,'firstname lastname\ncompany\nvat_number\naddress1\naddress2\npostcode city\nCountry:name\nphone'),(63,'firstname lastname\ncompany\nvat_number\naddress1\naddress2\npostcode city\nCountry:name\nphone'),(64,'firstname lastname\ncompany\nvat_number\naddress1\naddress2\npostcode city\nCountry:name\nphone'),(65,'firstname lastname\ncompany\nvat_number\naddress1\naddress2\npostcode city\nCountry:name\nphone'),(66,'firstname lastname\ncompany\nvat_number\naddress1\naddress2\npostcode city\nCountry:name\nphone'),(67,'firstname lastname\ncompany\nvat_number\naddress1\naddress2\npostcode city\nCountry:name\nphone'),(68,'firstname lastname\ncompany\nvat_number\naddress1\naddress2\npostcode city\nCountry:name\nphone'),(69,'firstname lastname\ncompany\nvat_number\naddress1\naddress2\npostcode city\nCountry:name\nphone'),(70,'firstname lastname\ncompany\nvat_number\naddress1\naddress2\npostcode city\nCountry:name\nphone'),(71,'firstname lastname\ncompany\nvat_number\naddress1\naddress2\npostcode city\nCountry:name\nphone'),(72,'firstname lastname\ncompany\nvat_number\naddress1\naddress2\npostcode city\nCountry:name\nphone'),(73,'firstname lastname\ncompany\nvat_number\naddress1\naddress2\npostcode city\nCountry:name\nphone'),(74,'firstname lastname\ncompany\nvat_number\naddress1\naddress2\npostcode city\nCountry:name\nphone'),(75,'firstname lastname\ncompany\nvat_number\naddress1\naddress2\npostcode city\nCountry:name\nphone'),(76,'firstname lastname\ncompany\nvat_number\naddress1\naddress2\npostcode city\nCountry:name\nphone'),(77,'firstname lastname\ncompany\nvat_number\naddress1\naddress2\npostcode city\nCountry:name\nphone'),(78,'firstname lastname\ncompany\nvat_number\naddress1\naddress2\npostcode city\nCountry:name\nphone'),(79,'firstname lastname\ncompany\nvat_number\naddress1\naddress2\npostcode city\nCountry:name\nphone'),(80,'firstname lastname\ncompany\nvat_number\naddress1\naddress2\npostcode city\nCountry:name\nphone'),(81,'firstname lastname\ncompany\nvat_number\naddress1\naddress2\npostcode city\nCountry:name\nphone'),(82,'firstname lastname\ncompany\nvat_number\naddress1\naddress2\npostcode city\nCountry:name\nphone'),(83,'firstname lastname\ncompany\nvat_number\naddress1\naddress2\npostcode city\nCountry:name\nphone'),(84,'firstname lastname\ncompany\nvat_number\naddress1\naddress2\npostcode city\nCountry:name\nphone'),(85,'firstname lastname\ncompany\nvat_number\naddress1\naddress2\npostcode city\nCountry:name\nphone'),(86,'firstname lastname\ncompany\nvat_number\naddress1\naddress2\npostcode city\nCountry:name\nphone'),(87,'firstname lastname\ncompany\nvat_number\naddress1\naddress2\npostcode city\nCountry:name\nphone'),(88,'firstname lastname\ncompany\nvat_number\naddress1\naddress2\npostcode city\nCountry:name\nphone'),(89,'firstname lastname\ncompany\nvat_number\naddress1\naddress2\npostcode city\nCountry:name\nphone'),(90,'firstname lastname\ncompany\nvat_number\naddress1\naddress2\npostcode city\nCountry:name\nphone'),(91,'firstname lastname\ncompany\nvat_number\naddress1\naddress2\npostcode city\nCountry:name\nphone'),(92,'firstname lastname\ncompany\nvat_number\naddress1\naddress2\npostcode city\nCountry:name\nphone'),(93,'firstname lastname\ncompany\nvat_number\naddress1\naddress2\npostcode city\nCountry:name\nphone'),(94,'firstname lastname\ncompany\nvat_number\naddress1\naddress2\npostcode city\nCountry:name\nphone'),(95,'firstname lastname\ncompany\nvat_number\naddress1\naddress2\npostcode city\nCountry:name\nphone'),(96,'firstname lastname\ncompany\nvat_number\naddress1\naddress2\npostcode city\nCountry:name\nphone'),(97,'firstname lastname\ncompany\nvat_number\naddress1\naddress2\npostcode city\nCountry:name\nphone'),(98,'firstname lastname\ncompany\nvat_number\naddress1\naddress2\npostcode city\nCountry:name\nphone'),(99,'firstname lastname\ncompany\nvat_number\naddress1\naddress2\npostcode city\nCountry:name\nphone'),(100,'firstname lastname\ncompany\nvat_number\naddress1\naddress2\npostcode city\nCountry:name\nphone'),(101,'firstname lastname\ncompany\nvat_number\naddress1\naddress2\npostcode city\nCountry:name\nphone'),(102,'firstname lastname\ncompany\nvat_number\naddress1\naddress2\npostcode city\nCountry:name\nphone'),(103,'firstname lastname\ncompany\nvat_number\naddress1\naddress2\npostcode city\nCountry:name\nphone'),(104,'firstname lastname\ncompany\nvat_number\naddress1\naddress2\npostcode city\nCountry:name\nphone'),(105,'firstname lastname\ncompany\nvat_number\naddress1\naddress2\npostcode city\nCountry:name\nphone'),(106,'firstname lastname\ncompany\nvat_number\naddress1\naddress2\npostcode city\nCountry:name\nphone'),(107,'firstname lastname\ncompany\nvat_number\naddress1\naddress2\npostcode city\nCountry:name\nphone'),(108,'firstname lastname\ncompany\nvat_number\naddress1\naddress2\npostcode city\nCountry:name\nphone'),(109,'firstname lastname\ncompany\nvat_number\naddress1\naddress2\npostcode city\nCountry:name\nphone'),(110,'firstname lastname\ncompany\nvat_number\naddress1\naddress2\ncity\npostcode\nState:name\nCountry:name\nphone'),(111,'firstname lastname\ncompany\nvat_number\naddress1\naddress2\npostcode city\nState:name\nCountry:name\nphone'),(112,'firstname lastname\ncompany\nvat_number\naddress1\naddress2\npostcode city\nCountry:name\nphone'),(113,'firstname lastname\ncompany\nvat_number\naddress1\naddress2\npostcode city\nCountry:name\nphone'),(114,'firstname lastname\ncompany\nvat_number\naddress1\naddress2\npostcode city\nCountry:name\nphone'),(115,'firstname lastname\ncompany\nvat_number\naddress1\naddress2\npostcode city\nCountry:name\nphone'),(116,'firstname lastname\ncompany\nvat_number\naddress1\naddress2\npostcode city\nCountry:name\nphone'),(117,'firstname lastname\ncompany\nvat_number\naddress1\naddress2\npostcode city\nCountry:name\nphone'),(118,'firstname lastname\ncompany\nvat_number\naddress1\naddress2\npostcode city\nCountry:name\nphone'),(119,'firstname lastname\ncompany\nvat_number\naddress1\naddress2\npostcode city\nCountry:name\nphone'),(120,'firstname lastname\ncompany\nvat_number\naddress1\naddress2\npostcode city\nCountry:name\nphone'),(121,'firstname lastname\ncompany\nvat_number\naddress1\naddress2\npostcode city\nCountry:name\nphone'),(122,'firstname lastname\ncompany\nvat_number\naddress1\naddress2\npostcode city\nCountry:name\nphone'),(123,'firstname lastname\ncompany\nvat_number\naddress1\naddress2\npostcode city\nCountry:name\nphone'),(124,'firstname lastname\ncompany\nvat_number\naddress1\naddress2\npostcode city\nCountry:name\nphone'),(125,'firstname lastname\ncompany\nvat_number\naddress1\naddress2\npostcode city\nCountry:name\nphone'),(126,'firstname lastname\ncompany\nvat_number\naddress1\naddress2\npostcode city\nCountry:name\nphone'),(127,'firstname lastname\ncompany\nvat_number\naddress1\naddress2\npostcode city\nCountry:name\nphone'),(128,'firstname lastname\ncompany\nvat_number\naddress1\naddress2\npostcode city\nCountry:name\nphone'),(129,'firstname lastname\ncompany\nvat_number\naddress1\naddress2\npostcode city\nCountry:name\nphone'),(130,'firstname lastname\ncompany\nvat_number\naddress1\naddress2\npostcode city\nCountry:name\nphone'),(131,'firstname lastname\ncompany\nvat_number\naddress1\naddress2\npostcode city\nCountry:name\nphone'),(132,'firstname lastname\ncompany\nvat_number\naddress1\naddress2\npostcode city\nCountry:name\nphone'),(133,'firstname lastname\ncompany\nvat_number\naddress1\naddress2\npostcode city\nCountry:name\nphone'),(134,'firstname lastname\ncompany\nvat_number\naddress1\naddress2\npostcode city\nCountry:name\nphone'),(135,'firstname lastname\ncompany\nvat_number\naddress1\naddress2\npostcode city\nCountry:name\nphone'),(136,'firstname lastname\ncompany\nvat_number\naddress1\naddress2\npostcode city\nCountry:name\nphone'),(137,'firstname lastname\ncompany\nvat_number\naddress1\naddress2\npostcode city\nCountry:name\nphone'),(138,'firstname lastname\ncompany\nvat_number\naddress1\naddress2\npostcode city\nCountry:name\nphone'),(139,'firstname lastname\ncompany\nvat_number\naddress1\naddress2\npostcode city\nCountry:name\nphone'),(140,'firstname lastname\ncompany\nvat_number\naddress1\naddress2\npostcode city\nCountry:name\nphone'),(141,'firstname lastname\ncompany\nvat_number\naddress1\naddress2\npostcode city\nCountry:name\nphone'),(142,'firstname lastname\ncompany\nvat_number\naddress1\naddress2\npostcode city\nCountry:name\nphone'),(143,'firstname lastname\ncompany\nvat_number\naddress1\naddress2\npostcode city\nCountry:name\nphone'),(144,'firstname lastname\ncompany\nvat_number\naddress1\naddress2\npostcode city\nCountry:name\nphone'),(145,'firstname lastname\ncompany\nvat_number\naddress1\naddress2\npostcode city\nState:name\nCountry:name\nphone'),(146,'firstname lastname\ncompany\nvat_number\naddress1\naddress2\npostcode city\nCountry:name\nphone'),(147,'firstname lastname\ncompany\nvat_number\naddress1\naddress2\npostcode city\nCountry:name\nphone'),(148,'firstname lastname\ncompany\nvat_number\naddress1\naddress2\npostcode city\nCountry:name\nphone'),(149,'firstname lastname\ncompany\nvat_number\naddress1\naddress2\npostcode city\nCountry:name\nphone'),(150,'firstname lastname\ncompany\nvat_number\naddress1\naddress2\npostcode city\nCountry:name\nphone'),(151,'firstname lastname\ncompany\nvat_number\naddress1\naddress2\npostcode city\nCountry:name\nphone'),(152,'firstname lastname\ncompany\nvat_number\naddress1\naddress2\npostcode city\nCountry:name\nphone'),(153,'firstname lastname\ncompany\nvat_number\naddress1\naddress2\npostcode city\nCountry:name\nphone'),(154,'firstname lastname\ncompany\nvat_number\naddress1\naddress2\npostcode city\nCountry:name\nphone'),(155,'firstname lastname\ncompany\nvat_number\naddress1\naddress2\npostcode city\nCountry:name\nphone'),(156,'firstname lastname\ncompany\nvat_number\naddress1\naddress2\npostcode city\nCountry:name\nphone'),(157,'firstname lastname\ncompany\nvat_number\naddress1\naddress2\npostcode city\nCountry:name\nphone'),(158,'firstname lastname\ncompany\nvat_number\naddress1\naddress2\npostcode city\nCountry:name\nphone'),(159,'firstname lastname\ncompany\nvat_number\naddress1\naddress2\npostcode city\nCountry:name\nphone'),(160,'firstname lastname\ncompany\nvat_number\naddress1\naddress2\npostcode city\nCountry:name\nphone'),(161,'firstname lastname\ncompany\nvat_number\naddress1\naddress2\npostcode city\nCountry:name\nphone'),(162,'firstname lastname\ncompany\nvat_number\naddress1\naddress2\npostcode city\nCountry:name\nphone'),(163,'firstname lastname\ncompany\nvat_number\naddress1\naddress2\npostcode city\nCountry:name\nphone'),(164,'firstname lastname\ncompany\nvat_number\naddress1\naddress2\npostcode city\nCountry:name\nphone'),(165,'firstname lastname\ncompany\nvat_number\naddress1\naddress2\npostcode city\nCountry:name\nphone'),(166,'firstname lastname\ncompany\nvat_number\naddress1\naddress2\npostcode city\nCountry:name\nphone'),(167,'firstname lastname\ncompany\nvat_number\naddress1\naddress2\npostcode city\nCountry:name\nphone'),(168,'firstname lastname\ncompany\nvat_number\naddress1\naddress2\npostcode city\nCountry:name\nphone'),(169,'firstname lastname\ncompany\nvat_number\naddress1\naddress2\npostcode city\nCountry:name\nphone'),(170,'firstname lastname\ncompany\nvat_number\naddress1\naddress2\npostcode city\nCountry:name\nphone'),(171,'firstname lastname\ncompany\nvat_number\naddress1\naddress2\npostcode city\nCountry:name\nphone'),(172,'firstname lastname\ncompany\nvat_number\naddress1\naddress2\npostcode city\nCountry:name\nphone'),(173,'firstname lastname\ncompany\nvat_number\naddress1\naddress2\npostcode city\nCountry:name\nphone'),(174,'firstname lastname\ncompany\nvat_number\naddress1\naddress2\npostcode city\nCountry:name\nphone'),(175,'firstname lastname\ncompany\nvat_number\naddress1\naddress2\npostcode city\nCountry:name\nphone'),(176,'firstname lastname\ncompany\nvat_number\naddress1\naddress2\npostcode city\nCountry:name\nphone'),(177,'firstname lastname\ncompany\nvat_number\naddress1\naddress2\npostcode city\nCountry:name\nphone'),(178,'firstname lastname\ncompany\nvat_number\naddress1\naddress2\npostcode city\nCountry:name\nphone'),(179,'firstname lastname\ncompany\nvat_number\naddress1\naddress2\npostcode city\nCountry:name\nphone'),(180,'firstname lastname\ncompany\nvat_number\naddress1\naddress2\npostcode city\nCountry:name\nphone'),(181,'firstname lastname\ncompany\nvat_number\naddress1\naddress2\npostcode city\nCountry:name\nphone'),(182,'firstname lastname\ncompany\nvat_number\naddress1\naddress2\npostcode city\nCountry:name\nphone'),(183,'firstname lastname\ncompany\nvat_number\naddress1\naddress2\npostcode city\nCountry:name\nphone'),(184,'firstname lastname\ncompany\nvat_number\naddress1\naddress2\npostcode city\nCountry:name\nphone'),(185,'firstname lastname\ncompany\nvat_number\naddress1\naddress2\npostcode city\nCountry:name\nphone'),(186,'firstname lastname\ncompany\nvat_number\naddress1\naddress2\npostcode city\nCountry:name\nphone'),(187,'firstname lastname\ncompany\nvat_number\naddress1\naddress2\npostcode city\nCountry:name\nphone'),(188,'firstname lastname\ncompany\nvat_number\naddress1\naddress2\npostcode city\nCountry:name\nphone'),(189,'firstname lastname\ncompany\nvat_number\naddress1\naddress2\npostcode city\nCountry:name\nphone'),(190,'firstname lastname\ncompany\nvat_number\naddress1\naddress2\npostcode city\nCountry:name\nphone'),(191,'firstname lastname\ncompany\nvat_number\naddress1\naddress2\npostcode city\nCountry:name\nphone'),(192,'firstname lastname\ncompany\nvat_number\naddress1\naddress2\npostcode city\nCountry:name\nphone'),(193,'firstname lastname\ncompany\nvat_number\naddress1\naddress2\npostcode city\nCountry:name\nphone'),(194,'firstname lastname\ncompany\nvat_number\naddress1\naddress2\npostcode city\nCountry:name\nphone'),(195,'firstname lastname\ncompany\nvat_number\naddress1\naddress2\npostcode city\nCountry:name\nphone'),(196,'firstname lastname\ncompany\nvat_number\naddress1\naddress2\npostcode city\nCountry:name\nphone'),(197,'firstname lastname\ncompany\nvat_number\naddress1\naddress2\npostcode city\nCountry:name\nphone'),(198,'firstname lastname\ncompany\nvat_number\naddress1\naddress2\npostcode city\nCountry:name\nphone'),(199,'firstname lastname\ncompany\nvat_number\naddress1\naddress2\npostcode city\nCountry:name\nphone'),(200,'firstname lastname\ncompany\nvat_number\naddress1\naddress2\npostcode city\nCountry:name\nphone'),(201,'firstname lastname\ncompany\nvat_number\naddress1\naddress2\npostcode city\nCountry:name\nphone'),(202,'firstname lastname\ncompany\nvat_number\naddress1\naddress2\npostcode city\nCountry:name\nphone'),(203,'firstname lastname\ncompany\nvat_number\naddress1\naddress2\npostcode city\nCountry:name\nphone'),(204,'firstname lastname\ncompany\nvat_number\naddress1\naddress2\npostcode city\nCountry:name\nphone'),(205,'firstname lastname\ncompany\nvat_number\naddress1\naddress2\npostcode city\nCountry:name\nphone'),(206,'firstname lastname\ncompany\nvat_number\naddress1\naddress2\npostcode city\nCountry:name\nphone'),(207,'firstname lastname\ncompany\nvat_number\naddress1\naddress2\npostcode city\nCountry:name\nphone'),(208,'firstname lastname\ncompany\nvat_number\naddress1\naddress2\npostcode city\nCountry:name\nphone'),(209,'firstname lastname\ncompany\nvat_number\naddress1\naddress2\npostcode city\nCountry:name\nphone'),(210,'firstname lastname\ncompany\nvat_number\naddress1\naddress2\npostcode city\nCountry:name\nphone'),(211,'firstname lastname\ncompany\nvat_number\naddress1\naddress2\npostcode city\nCountry:name\nphone'),(212,'firstname lastname\ncompany\nvat_number\naddress1\naddress2\npostcode city\nCountry:name\nphone'),(213,'firstname lastname\ncompany\nvat_number\naddress1\naddress2\npostcode city\nCountry:name\nphone'),(214,'firstname lastname\ncompany\nvat_number\naddress1\naddress2\npostcode city\nCountry:name\nphone'),(215,'firstname lastname\ncompany\nvat_number\naddress1\naddress2\npostcode city\nCountry:name\nphone'),(216,'firstname lastname\ncompany\nvat_number\naddress1\naddress2\npostcode city\nCountry:name\nphone'),(217,'firstname lastname\ncompany\nvat_number\naddress1\naddress2\npostcode city\nCountry:name\nphone'),(218,'firstname lastname\ncompany\nvat_number\naddress1\naddress2\npostcode city\nCountry:name\nphone'),(219,'firstname lastname\ncompany\nvat_number\naddress1\naddress2\npostcode city\nCountry:name\nphone'),(220,'firstname lastname\ncompany\nvat_number\naddress1\naddress2\npostcode city\nCountry:name\nphone'),(221,'firstname lastname\ncompany\nvat_number\naddress1\naddress2\npostcode city\nCountry:name\nphone'),(222,'firstname lastname\ncompany\nvat_number\naddress1\naddress2\npostcode city\nCountry:name\nphone'),(223,'firstname lastname\ncompany\nvat_number\naddress1\naddress2\npostcode city\nCountry:name\nphone'),(224,'firstname lastname\ncompany\nvat_number\naddress1\naddress2\npostcode city\nCountry:name\nphone'),(225,'firstname lastname\ncompany\nvat_number\naddress1\naddress2\npostcode city\nCountry:name\nphone'),(226,'firstname lastname\ncompany\nvat_number\naddress1\naddress2\npostcode city\nCountry:name\nphone'),(227,'firstname lastname\ncompany\nvat_number\naddress1\naddress2\npostcode city\nCountry:name\nphone'),(228,'firstname lastname\ncompany\nvat_number\naddress1\naddress2\npostcode city\nCountry:name\nphone'),(229,'firstname lastname\ncompany\nvat_number\naddress1\naddress2\npostcode city\nCountry:name\nphone'),(230,'firstname lastname\ncompany\nvat_number\naddress1\naddress2\npostcode city\nCountry:name\nphone'),(231,'firstname lastname\ncompany\nvat_number\naddress1\naddress2\npostcode city\nCountry:name\nphone'),(232,'firstname lastname\ncompany\nvat_number\naddress1\naddress2\npostcode city\nCountry:name\nphone'),(233,'firstname lastname\ncompany\nvat_number\naddress1\naddress2\npostcode city\nCountry:name\nphone'),(234,'firstname lastname\ncompany\nvat_number\naddress1\naddress2\npostcode city\nCountry:name\nphone'),(235,'firstname lastname\ncompany\nvat_number\naddress1\naddress2\npostcode city\nCountry:name\nphone'),(236,'firstname lastname\ncompany\nvat_number\naddress1\naddress2\npostcode city\nCountry:name\nphone'),(237,'firstname lastname\ncompany\nvat_number\naddress1\naddress2\npostcode city\nCountry:name\nphone'),(238,'firstname lastname\ncompany\nvat_number\naddress1\naddress2\npostcode city\nCountry:name\nphone'),(239,'firstname lastname\ncompany\nvat_number\naddress1\naddress2\npostcode city\nCountry:name\nphone'),(240,'firstname lastname\ncompany\nvat_number\naddress1\naddress2\npostcode city\nCountry:name\nphone'),(241,'firstname lastname\ncompany\nvat_number\naddress1\naddress2\npostcode city\nCountry:name\nphone'),(242,'firstname lastname\ncompany\nvat_number\naddress1\naddress2\npostcode city\nCountry:name\nphone'),(243,'firstname lastname\ncompany\nvat_number\naddress1\naddress2\npostcode city\nCountry:name\nphone'),(244,'firstname lastname\ncompany\nvat_number\naddress1\naddress2\npostcode city\nCountry:name\nphone');

--
-- Table structure for table `ps_admin_filter`
--

CREATE TABLE `ps_admin_filter` (
  `id` int(11) NOT NULL AUTO_INCREMENT,
  `employee` int(11) NOT NULL,
  `shop` int(11) NOT NULL,
  `controller` varchar(60) COLLATE utf8mb4_unicode_ci NOT NULL,
  `action` varchar(100) COLLATE utf8mb4_unicode_ci NOT NULL,
  `filter` longtext COLLATE utf8mb4_unicode_ci NOT NULL,
  `filter_id` varchar(191) COLLATE utf8mb4_unicode_ci NOT NULL,
  PRIMARY KEY (`id`),
  UNIQUE KEY `admin_filter_search_id_idx` (`employee`,`shop`,`controller`,`action`,`filter_id`)
) ENGINE=InnoDB AUTO_INCREMENT=23 DEFAULT CHARSET=utf8mb4 COLLATE=utf8mb4_unicode_ci;

--
-- Dumping data for table `ps_admin_filter`
--

INSERT INTO `ps_admin_filter` VALUES (1,1,1,'','','{\"orderBy\":\"position\",\"sortOrder\":\"asc\",\"limit\":50,\"filters\":{\"id_category_parent\":\"2\"}}','category'),(2,1,1,'','','{\"limit\":50,\"orderBy\":\"id_lang\",\"sortOrder\":\"ASC\",\"filters\":[]}','language'),(3,1,1,'ProductController','catalogAction','{\"filter_category\":\"\",\"filter_column_id_product\":\"\",\"filter_column_name\":\"\",\"filter_column_reference\":\"\",\"filter_column_name_category\":\"\",\"filter_column_price\":\"\",\"filter_column_sav_quantity\":\"\",\"filter_column_active\":\"\",\"last_offset\":\"0\",\"last_limit\":\"300\",\"last_orderBy\":\"reference\",\"last_sortOrder\":\"asc\"}',''),(4,1,1,'','','{\"orderBy\":\"position\",\"sortOrder\":\"asc\",\"limit\":50,\"filters\":{\"id_cms_category_parent\":1}}','cms_page_category'),(5,1,1,'','','{\"orderBy\":\"position\",\"sortOrder\":\"asc\",\"limit\":50,\"filters\":{\"id_cms_category_parent\":1}}','cms_page'),(6,1,1,'','','{\"limit\":50,\"orderBy\":\"id_currency\",\"sortOrder\":\"asc\",\"filters\":[]}','currency'),(7,1,1,'','','{\"limit\":20,\"orderBy\":\"name\",\"sortOrder\":\"asc\",\"filters\":[]}','empty_category'),(8,1,1,'','','{\"limit\":20,\"orderBy\":\"name\",\"sortOrder\":\"asc\",\"filters\":[]}','no_qty_product_with_combination'),(9,1,1,'','','{\"limit\":20,\"orderBy\":\"name\",\"sortOrder\":\"asc\",\"filters\":[]}','no_qty_product_without_combination'),(10,1,1,'','','{\"limit\":20,\"orderBy\":\"name\",\"sortOrder\":\"asc\",\"filters\":[]}','disabled_product'),(11,1,1,'','','{\"limit\":20,\"orderBy\":\"name\",\"sortOrder\":\"asc\",\"filters\":[]}','product_without_image'),(12,1,1,'','','{\"limit\":20,\"orderBy\":\"name\",\"sortOrder\":\"asc\",\"filters\":[]}','product_without_description'),(13,1,1,'','','{\"limit\":20,\"orderBy\":\"name\",\"sortOrder\":\"asc\",\"filters\":[]}','product_without_price'),(14,1,1,'','','{\"limit\":10,\"orderBy\":\"name\",\"sortOrder\":\"asc\",\"filters\":[]}','manufacturer'),(15,1,1,'','','{\"limit\":10,\"orderBy\":\"id_address\",\"sortOrder\":\"desc\",\"filters\":[]}','manufacturer_address'),(16,1,1,'employee','index','{\"limit\":50,\"orderBy\":\"id_employee\",\"sortOrder\":\"asc\",\"filters\":[]}',''),(17,2,1,'ProductController','catalogAction','{\"filter_category\":\"2\",\"filter_column_id_product\":\"\",\"filter_column_name\":\"\",\"filter_column_reference\":\"\",\"filter_column_name_category\":\"\",\"filter_column_price\":\"\",\"filter_column_sav_quantity\":\"\",\"filter_column_active\":\"\",\"last_offset\":\"0\",\"last_limit\":\"20\",\"last_orderBy\":\"id_product\",\"last_sortOrder\":\"desc\"}',''),(18,2,1,'','','{\"orderBy\":\"position\",\"sortOrder\":\"asc\",\"limit\":50,\"filters\":{\"id_category_parent\":6}}','category'),(19,1,1,'meta','index','{\"limit\":50,\"orderBy\":\"id_meta\",\"sortOrder\":\"asc\",\"filters\":[]}',''),(20,1,1,'contacts','index','{\"limit\":10,\"orderBy\":\"id_contact\",\"sortOrder\":\"asc\",\"filters\":[]}',''),(21,1,1,'','','{\"limit\":50,\"orderBy\":\"date_add\",\"sortOrder\":\"DESC\",\"filters\":[]}','customer'),(22,1,1,'','','{\"limit\":50,\"orderBy\":\"id_order\",\"sortOrder\":\"DESC\",\"filters\":[]}','order');

--
-- Table structure for table `ps_advice`
--

CREATE TABLE `ps_advice` (
  `id_advice` int(11) NOT NULL AUTO_INCREMENT,
  `id_ps_advice` int(11) NOT NULL,
  `id_tab` int(11) NOT NULL,
  `ids_tab` text,
  `validated` tinyint(1) unsigned NOT NULL DEFAULT '0',
  `hide` tinyint(1) NOT NULL DEFAULT '0',
  `location` enum('after','before') NOT NULL,
  `selector` varchar(255) DEFAULT NULL,
  `start_day` int(11) NOT NULL DEFAULT '0',
  `stop_day` int(11) NOT NULL DEFAULT '0',
  `weight` int(11) DEFAULT '1',
  PRIMARY KEY (`id_advice`)
) ENGINE=InnoDB AUTO_INCREMENT=111 DEFAULT CHARSET=utf8;

--
-- Dumping data for table `ps_advice`
--

INSERT INTO `ps_advice` VALUES (1,2147483647,1,NULL,1,0,'after','#dashtrends',0,0,1),(2,2147483647,1,NULL,1,0,'after','#dashtrends',0,0,1),(5,2147483647,1,NULL,1,0,'after','.dash_news',0,0,1),(6,2147483647,1,NULL,1,0,'after','.dash_news',0,0,1),(8,2147483647,1,NULL,1,0,'after','#dashtrends',0,0,1),(9,2147483647,1,NULL,1,0,'after','#dashtrends',0,0,1),(12,2147483647,1,NULL,1,0,'after','.dash_news',0,0,1),(13,2147483647,1,NULL,1,0,'after','.dash_news',0,0,1),(15,2147483647,1,NULL,1,0,'after','#dashtrends',0,0,1),(16,2147483647,1,NULL,1,0,'after','#dashtrends',0,0,1),(19,2147483647,1,NULL,1,0,'after','.dash_news',0,0,1),(20,2147483647,1,NULL,1,0,'after','.dash_news',0,0,1),(22,2147483647,1,NULL,1,0,'after','#dashtrends',0,0,1),(23,2147483647,1,NULL,1,0,'after','#dashtrends',0,0,1),(26,2147483647,1,NULL,0,0,'after','.dash_news',0,0,1),(27,2147483647,1,NULL,0,0,'after','.dash_news',0,0,1),(29,2147483647,1,NULL,0,0,'after','#dashtrends',0,0,1),(30,2147483647,1,NULL,0,0,'after','#dashtrends',0,0,1),(33,2147483647,1,NULL,0,0,'after','.dash_news',0,0,1),(34,2147483647,1,NULL,0,0,'after','.dash_news',0,0,1),(36,2147483647,1,NULL,0,0,'after','#dashtrends',0,0,1),(37,2147483647,1,NULL,0,0,'after','#dashtrends',0,0,1),(40,2147483647,1,NULL,0,0,'after','.dash_news',0,0,1),(41,2147483647,1,NULL,0,0,'after','.dash_news',0,0,1),(43,2147483647,1,NULL,1,0,'after','#dashtrends',0,0,1),(44,2147483647,1,NULL,1,0,'after','#dashtrends',0,0,1),(47,2147483647,1,NULL,1,0,'after','.dash_news',0,0,1),(48,2147483647,1,NULL,1,0,'after','.dash_news',0,0,1),(50,2147483647,1,NULL,1,0,'after','#dashtrends',0,0,1),(51,2147483647,1,NULL,1,0,'after','#dashtrends',0,0,1),(54,2147483647,1,NULL,1,0,'after','.dash_news',0,0,1),(55,2147483647,1,NULL,1,0,'after','.dash_news',0,0,1),(57,2147483647,1,NULL,1,0,'after','#dashtrends',0,0,1),(58,2147483647,1,NULL,1,0,'after','#dashtrends',0,0,1),(61,2147483647,1,NULL,1,0,'after','.dash_news',0,0,1),(62,2147483647,1,NULL,1,0,'after','.dash_news',0,0,1),(64,2147483647,1,NULL,1,0,'after','#dashtrends',0,0,1),(65,2147483647,1,NULL,1,0,'after','#dashtrends',0,0,1),(68,2147483647,1,NULL,1,0,'after','.dash_news',0,0,1),(69,2147483647,1,NULL,1,0,'after','.dash_news',0,0,1),(71,2147483647,1,NULL,1,0,'after','#dashtrends',0,0,1),(72,2147483647,1,NULL,1,0,'after','#dashtrends',0,0,1),(100,87436260,1,NULL,1,0,'after','#dashtrends',0,0,1),(101,64247636,1,NULL,1,0,'after','#dashtrends',0,0,1),(102,24036728,1,NULL,1,0,'after','#dashtrends',0,0,1),(103,853,1,NULL,1,0,'after','#dashtrends',0,0,1),(104,674,1,NULL,1,0,'after','#dashtrends',0,0,1),(105,65723132,1,NULL,1,0,'after','.dash_news',0,0,1),(106,88956154,1,NULL,1,0,'after','.dash_news',0,0,1),(107,99573985,1,NULL,1,0,'after','.dash_news',0,0,1),(108,20531321,1,NULL,1,0,'after','.dash_news',0,0,1),(109,54650729,1,NULL,1,0,'after','.dash_news',0,0,1),(110,97787022,1,NULL,1,0,'after','.dash_news',0,0,1);

--
-- Table structure for table `ps_advice_lang`
--

CREATE TABLE `ps_advice_lang` (
  `id_advice` int(11) NOT NULL,
  `id_lang` int(11) NOT NULL,
  `html` text,
  PRIMARY KEY (`id_advice`,`id_lang`)
) ENGINE=InnoDB DEFAULT CHARSET=utf8;

--
-- Dumping data for table `ps_advice_lang`
--

INSERT INTO `ps_advice_lang` VALUES (1,1,'<div id=\"wrap_id_advice_1587561359950\">\n            <div class=\"col-lg-6\">\n              <section id=\"\" class=\"panel panel-advice\" style=\"position: relative; padding: 10px; min-height: 75px;\">\n                <a href=\"#\" id=\"1587561359950\" class=\"close_link gamification_premium_close\" style=\"display: none; position: absolute; top: 10px; right: 10px;\">\n                  <i class=\"icon-remove\"></i>\n                </a>\n                <span class=\"gamification-close-confirmation hide\">\n                  Are you sure?\n                  <button class=\"btn btn-default btn-sm\" data-advice=\"delete\">\n                    <i class=\"icon-trash\"></i>Delete\n                  </button>\n                  <button class=\"btn btn-default btn-sm\" data-advice=\"cancel\">Cancel</button>\n                </span>\n                <a class=\"preactivationLink row\" rel=\"CM Commerce\" href=\"{link}AdminModules{/link}&install=CM Commerce&module_name=CM Commerce&redirectconfig\" style=\"display: table; margin: 0; text-decoration: none;\">\n                  <img src=\"https://storage.googleapis.com/production-gamification-assets/premium/CM Commerce.png\" class=\"advice-img img-thumbnail\">\n                  <img src=\"https://gamification.prestashop.com/api/getAdviceImg/1587561359950.png\" class=\"hide\">\n                  <p class=\"advice-description\" style=\"padding: 0 20px; display: table-cell; vertical-align: middle;\">Let us help you turn email into the #1 driver of growth for your eCommerce shop.</p>\n                </a>\n              </section>\n            </div>\n            <script>\n              $(document).ready( function () {\n                var link = $(\'#wrap_id_advice_1587561359950 .preactivationLink\')[0].href;\n                link = encodeURIComponent(link);\n                var newUrl = \'https://gamification.prestashop.com/get_advice_link.php?id_advice=1587561359950&url=\'+link;\n                $(\'#wrap_id_advice_1587561359950 .preactivationLink\')[0].href = newUrl;\n              });\n            </script>\n          </div>'),(1,2,'<div id=\"wrap_id_advice_1587561359950\">\n            <div class=\"col-lg-6\">\n              <section id=\"\" class=\"panel panel-advice\" style=\"position: relative; padding: 10px; min-height: 75px;\">\n                <a href=\"#\" id=\"1587561359950\" class=\"close_link gamification_premium_close\" style=\"display: none; position: absolute; top: 10px; right: 10px;\">\n                  <i class=\"icon-remove\"></i>\n                </a>\n                <span class=\"gamification-close-confirmation hide\">\n                  Are you sure?\n                  <button class=\"btn btn-default btn-sm\" data-advice=\"delete\">\n                    <i class=\"icon-trash\"></i>Delete\n                  </button>\n                  <button class=\"btn btn-default btn-sm\" data-advice=\"cancel\">Cancel</button>\n                </span>\n                <a class=\"preactivationLink row\" rel=\"CM Commerce\" href=\"{link}AdminModules{/link}&install=CM Commerce&module_name=CM Commerce&redirectconfig\" style=\"display: table; margin: 0; text-decoration: none;\">\n                  <img src=\"https://storage.googleapis.com/production-gamification-assets/premium/CM Commerce.png\" class=\"advice-img img-thumbnail\">\n                  <img src=\"https://gamification.prestashop.com/api/getAdviceImg/1587561359950.png\" class=\"hide\">\n                  <p class=\"advice-description\" style=\"padding: 0 20px; display: table-cell; vertical-align: middle;\">Let us help you turn email into the #1 driver of growth for your eCommerce shop.</p>\n                </a>\n              </section>\n            </div>\n            <script>\n              $(document).ready( function () {\n                var link = $(\'#wrap_id_advice_1587561359950 .preactivationLink\')[0].href;\n                link = encodeURIComponent(link);\n                var newUrl = \'https://gamification.prestashop.com/get_advice_link.php?id_advice=1587561359950&url=\'+link;\n                $(\'#wrap_id_advice_1587561359950 .preactivationLink\')[0].href = newUrl;\n              });\n            </script>\n          </div>'),(2,1,'<div id=\"wrap_id_advice_1600159903573\">\n            <div class=\"col-lg-6\">\n              <section id=\"\" class=\"panel panel-advice\" style=\"position: relative; padding: 10px; min-height: 75px;\">\n                <a href=\"#\" id=\"1600159903573\" class=\"close_link gamification_premium_close\" style=\"display: none; position: absolute; top: 10px; right: 10px;\">\n                  <i class=\"icon-remove\"></i>\n                </a>\n                <span class=\"gamification-close-confirmation hide\">\n                  Are you sure?\n                  <button class=\"btn btn-default btn-sm\" data-advice=\"delete\">\n                    <i class=\"icon-trash\"></i>Delete\n                  </button>\n                  <button class=\"btn btn-default btn-sm\" data-advice=\"cancel\">Cancel</button>\n                </span>\n                <a class=\"preactivationLink row\" rel=\"ColiBack\" href=\"{link}AdminModules{/link}&install=ColiBack&module_name=ColiBack&redirectconfig\" style=\"display: table; margin: 0; text-decoration: none;\">\n                  <img src=\"https://storage.googleapis.com/production-gamification-assets/premium/ColiBack.png\" class=\"advice-img img-thumbnail\">\n                  <img src=\"https://gamification.prestashop.com/api/getAdviceImg/1600159903573.png\" class=\"hide\">\n                  <p class=\"advice-description\" style=\"padding: 0 20px; display: table-cell; vertical-align: middle;\">Offer your customers a simple and efficient Europe return solution.</p>\n                </a>\n              </section>\n            </div>\n            <script>\n              $(document).ready( function () {\n                var link = $(\'#wrap_id_advice_1600159903573 .preactivationLink\')[0].href;\n                link = encodeURIComponent(link);\n                var newUrl = \'https://gamification.prestashop.com/get_advice_link.php?id_advice=1600159903573&url=\'+link;\n                $(\'#wrap_id_advice_1600159903573 .preactivationLink\')[0].href = newUrl;\n              });\n            </script>\n          </div>'),(2,2,'<div id=\"wrap_id_advice_1600159903573\">\n            <div class=\"col-lg-6\">\n              <section id=\"\" class=\"panel panel-advice\" style=\"position: relative; padding: 10px; min-height: 75px;\">\n                <a href=\"#\" id=\"1600159903573\" class=\"close_link gamification_premium_close\" style=\"display: none; position: absolute; top: 10px; right: 10px;\">\n                  <i class=\"icon-remove\"></i>\n                </a>\n                <span class=\"gamification-close-confirmation hide\">\n                  Are you sure?\n                  <button class=\"btn btn-default btn-sm\" data-advice=\"delete\">\n                    <i class=\"icon-trash\"></i>Delete\n                  </button>\n                  <button class=\"btn btn-default btn-sm\" data-advice=\"cancel\">Cancel</button>\n                </span>\n                <a class=\"preactivationLink row\" rel=\"ColiBack\" href=\"{link}AdminModules{/link}&install=ColiBack&module_name=ColiBack&redirectconfig\" style=\"display: table; margin: 0; text-decoration: none;\">\n                  <img src=\"https://storage.googleapis.com/production-gamification-assets/premium/ColiBack.png\" class=\"advice-img img-thumbnail\">\n                  <img src=\"https://gamification.prestashop.com/api/getAdviceImg/1600159903573.png\" class=\"hide\">\n                  <p class=\"advice-description\" style=\"padding: 0 20px; display: table-cell; vertical-align: middle;\">Offer your customers a simple and efficient Europe return solution.</p>\n                </a>\n              </section>\n            </div>\n            <script>\n              $(document).ready( function () {\n                var link = $(\'#wrap_id_advice_1600159903573 .preactivationLink\')[0].href;\n                link = encodeURIComponent(link);\n                var newUrl = \'https://gamification.prestashop.com/get_advice_link.php?id_advice=1600159903573&url=\'+link;\n                $(\'#wrap_id_advice_1600159903573 .preactivationLink\')[0].href = newUrl;\n              });\n            </script>\n          </div>'),(5,1,' <div id=\"wrap_id_advice_1587565713924\"> <section id=\"0_CM Commerce\" class=\"panel\" style=\"display:none\"> <header class=\"panel-heading\"> <span class=\"icon-lightbulb\"></span> Tips of the day </header> <div class=\"panel-body\" style=\"padding:0\"> <img class=\"img-responsive\" src=\"https://storage.googleapis.com/production-gamification-assets/tips/CM Commerce.png\" style=\"float:right; margin-left: 5px;\"> <img src=\"https://gamification.prestashop.com/api/getAdviceImg/1587565713924.png\"/> <p> <b>Did you know that brands who use product reviews in their abandoned cart emails, experience 5% to 15% increases in their recovery rate?</b> </p> <p> Did you know that brands who use product reviews in their abandoned cart emails, experience 5% to 15% increases in their recovery rate?\n </p> <span class=\"text-right\" style=\"float:right\"> <a class=\"btn btn-default\" target=\"_blank\" href=\"https://gamification.prestashop.com/get_advice_link.php?id_advice=1587565713924&url=https://addons.prestashop.com/en/remarketing-shopping-cart-abandonment/48652-cm-commerce.html%3Futm_source%3Dback-office%26utm_medium%3Dtipoftheday%26utm_campaign%3Dpartenariats%26utm_content%3DCM Commerce\"> More information? </a> </span> </div> </section><script> $(document).ready( function () { $(\'#\'+rand(0)+\'_CM Commerce\').show(); }); function rand(nbr){ return Math.floor(Math.random()*(nbr+1)); } </script> </div>'),(5,2,' <div id=\"wrap_id_advice_1587565713924\"> <section id=\"0_CM Commerce\" class=\"panel\" style=\"display:none\"> <header class=\"panel-heading\"> <span class=\"icon-lightbulb\"></span> Tips of the day </header> <div class=\"panel-body\" style=\"padding:0\"> <img class=\"img-responsive\" src=\"https://storage.googleapis.com/production-gamification-assets/tips/CM Commerce.png\" style=\"float:right; margin-left: 5px;\"> <img src=\"https://gamification.prestashop.com/api/getAdviceImg/1587565713924.png\"/> <p> <b>Did you know that brands who use product reviews in their abandoned cart emails, experience 5% to 15% increases in their recovery rate?</b> </p> <p> Did you know that brands who use product reviews in their abandoned cart emails, experience 5% to 15% increases in their recovery rate?\n </p> <span class=\"text-right\" style=\"float:right\"> <a class=\"btn btn-default\" target=\"_blank\" href=\"https://gamification.prestashop.com/get_advice_link.php?id_advice=1587565713924&url=https://addons.prestashop.com/en/remarketing-shopping-cart-abandonment/48652-cm-commerce.html%3Futm_source%3Dback-office%26utm_medium%3Dtipoftheday%26utm_campaign%3Dpartenariats%26utm_content%3DCM Commerce\"> More information? </a> </span> </div> </section><script> $(document).ready( function () { $(\'#\'+rand(0)+\'_CM Commerce\').show(); }); function rand(nbr){ return Math.floor(Math.random()*(nbr+1)); } </script> </div>'),(6,1,' <div id=\"wrap_id_advice_1600160505890\"> <section id=\"0_ColiBack\" class=\"panel\" style=\"display:none\"> <header class=\"panel-heading\"> <span class=\"icon-lightbulb\"></span> Tips of the day </header> <div class=\"panel-body\" style=\"padding:0\"> <img class=\"img-responsive\" src=\"https://storage.googleapis.com/production-gamification-assets/tips/ColiBack.png\" style=\"float:right; margin-left: 5px;\"> <img src=\"https://gamification.prestashop.com/api/getAdviceImg/1600160505890.png\"/> <p> <b>Offer your customers a simple and efficient Europe return solution.</b> </p> <p> ColiBack, your winning partner for returns management. Offer return label generation in France and Europe. Offer quality service to retain your customers. </p> <span class=\"text-right\" style=\"float:right\"> <a class=\"btn btn-default\" target=\"_blank\" href=\"https://gamification.prestashop.com/get_advice_link.php?id_advice=1600160505890&url=https://addons.prestashop.com/en/customer-service/48369-coliback-the-e-commerce-return-expert.html%3Futm_source%3Dback-office%26utm_medium%3Dtipoftheday%26utm_campaign%3Dpartenariats%26utm_content%3DColiBack\"> Download for free </a> </span> </div> </section><script> $(document).ready( function () { $(\'#\'+rand(0)+\'_ColiBack\').show(); }); function rand(nbr){ return Math.floor(Math.random()*(nbr+1)); } </script> </div>'),(6,2,' <div id=\"wrap_id_advice_1600160505890\"> <section id=\"0_ColiBack\" class=\"panel\" style=\"display:none\"> <header class=\"panel-heading\"> <span class=\"icon-lightbulb\"></span> Tips of the day </header> <div class=\"panel-body\" style=\"padding:0\"> <img class=\"img-responsive\" src=\"https://storage.googleapis.com/production-gamification-assets/tips/ColiBack.png\" style=\"float:right; margin-left: 5px;\"> <img src=\"https://gamification.prestashop.com/api/getAdviceImg/1600160505890.png\"/> <p> <b>Offer your customers a simple and efficient Europe return solution.</b> </p> <p> ColiBack, your winning partner for returns management. Offer return label generation in France and Europe. Offer quality service to retain your customers. </p> <span class=\"text-right\" style=\"float:right\"> <a class=\"btn btn-default\" target=\"_blank\" href=\"https://gamification.prestashop.com/get_advice_link.php?id_advice=1600160505890&url=https://addons.prestashop.com/en/customer-service/48369-coliback-the-e-commerce-return-expert.html%3Futm_source%3Dback-office%26utm_medium%3Dtipoftheday%26utm_campaign%3Dpartenariats%26utm_content%3DColiBack\"> Download for free </a> </span> </div> </section><script> $(document).ready( function () { $(\'#\'+rand(0)+\'_ColiBack\').show(); }); function rand(nbr){ return Math.floor(Math.random()*(nbr+1)); } </script> </div>'),(8,1,'<div id=\"wrap_id_advice_1587561359950\">\n            <div class=\"col-lg-6\">\n              <section id=\"\" class=\"panel panel-advice\" style=\"position: relative; padding: 10px; min-height: 75px;\">\n                <a href=\"#\" id=\"1587561359950\" class=\"close_link gamification_premium_close\" style=\"display: none; position: absolute; top: 10px; right: 10px;\">\n                  <i class=\"icon-remove\"></i>\n                </a>\n                <span class=\"gamification-close-confirmation hide\">\n                  Are you sure?\n                  <button class=\"btn btn-default btn-sm\" data-advice=\"delete\">\n                    <i class=\"icon-trash\"></i>Delete\n                  </button>\n                  <button class=\"btn btn-default btn-sm\" data-advice=\"cancel\">Cancel</button>\n                </span>\n                <a class=\"preactivationLink row\" rel=\"CM Commerce\" href=\"{link}AdminModules{/link}&install=CM Commerce&module_name=CM Commerce&redirectconfig\" style=\"display: table; margin: 0; text-decoration: none;\">\n                  <img src=\"https://storage.googleapis.com/production-gamification-assets/premium/CM Commerce.png\" class=\"advice-img img-thumbnail\">\n                  <img src=\"https://gamification.prestashop.com/api/getAdviceImg/1587561359950.png\" class=\"hide\">\n                  <p class=\"advice-description\" style=\"padding: 0 20px; display: table-cell; vertical-align: middle;\">Let us help you turn email into the #1 driver of growth for your eCommerce shop.</p>\n                </a>\n              </section>\n            </div>\n            <script>\n              $(document).ready( function () {\n                var link = $(\'#wrap_id_advice_1587561359950 .preactivationLink\')[0].href;\n                link = encodeURIComponent(link);\n                var newUrl = \'https://gamification.prestashop.com/get_advice_link.php?id_advice=1587561359950&url=\'+link;\n                $(\'#wrap_id_advice_1587561359950 .preactivationLink\')[0].href = newUrl;\n              });\n            </script>\n          </div>'),(8,2,'<div id=\"wrap_id_advice_1587561359950\">\n            <div class=\"col-lg-6\">\n              <section id=\"\" class=\"panel panel-advice\" style=\"position: relative; padding: 10px; min-height: 75px;\">\n                <a href=\"#\" id=\"1587561359950\" class=\"close_link gamification_premium_close\" style=\"display: none; position: absolute; top: 10px; right: 10px;\">\n                  <i class=\"icon-remove\"></i>\n                </a>\n                <span class=\"gamification-close-confirmation hide\">\n                  Are you sure?\n                  <button class=\"btn btn-default btn-sm\" data-advice=\"delete\">\n                    <i class=\"icon-trash\"></i>Delete\n                  </button>\n                  <button class=\"btn btn-default btn-sm\" data-advice=\"cancel\">Cancel</button>\n                </span>\n                <a class=\"preactivationLink row\" rel=\"CM Commerce\" href=\"{link}AdminModules{/link}&install=CM Commerce&module_name=CM Commerce&redirectconfig\" style=\"display: table; margin: 0; text-decoration: none;\">\n                  <img src=\"https://storage.googleapis.com/production-gamification-assets/premium/CM Commerce.png\" class=\"advice-img img-thumbnail\">\n                  <img src=\"https://gamification.prestashop.com/api/getAdviceImg/1587561359950.png\" class=\"hide\">\n                  <p class=\"advice-description\" style=\"padding: 0 20px; display: table-cell; vertical-align: middle;\">Let us help you turn email into the #1 driver of growth for your eCommerce shop.</p>\n                </a>\n              </section>\n            </div>\n            <script>\n              $(document).ready( function () {\n                var link = $(\'#wrap_id_advice_1587561359950 .preactivationLink\')[0].href;\n                link = encodeURIComponent(link);\n                var newUrl = \'https://gamification.prestashop.com/get_advice_link.php?id_advice=1587561359950&url=\'+link;\n                $(\'#wrap_id_advice_1587561359950 .preactivationLink\')[0].href = newUrl;\n              });\n            </script>\n          </div>'),(9,1,'<div id=\"wrap_id_advice_1600159903573\">\n            <div class=\"col-lg-6\">\n              <section id=\"\" class=\"panel panel-advice\" style=\"position: relative; padding: 10px; min-height: 75px;\">\n                <a href=\"#\" id=\"1600159903573\" class=\"close_link gamification_premium_close\" style=\"display: none; position: absolute; top: 10px; right: 10px;\">\n                  <i class=\"icon-remove\"></i>\n                </a>\n                <span class=\"gamification-close-confirmation hide\">\n                  Are you sure?\n                  <button class=\"btn btn-default btn-sm\" data-advice=\"delete\">\n                    <i class=\"icon-trash\"></i>Delete\n                  </button>\n                  <button class=\"btn btn-default btn-sm\" data-advice=\"cancel\">Cancel</button>\n                </span>\n                <a class=\"preactivationLink row\" rel=\"ColiBack\" href=\"{link}AdminModules{/link}&install=ColiBack&module_name=ColiBack&redirectconfig\" style=\"display: table; margin: 0; text-decoration: none;\">\n                  <img src=\"https://storage.googleapis.com/production-gamification-assets/premium/ColiBack.png\" class=\"advice-img img-thumbnail\">\n                  <img src=\"https://gamification.prestashop.com/api/getAdviceImg/1600159903573.png\" class=\"hide\">\n                  <p class=\"advice-description\" style=\"padding: 0 20px; display: table-cell; vertical-align: middle;\">Offer your customers a simple and efficient Europe return solution.</p>\n                </a>\n              </section>\n            </div>\n            <script>\n              $(document).ready( function () {\n                var link = $(\'#wrap_id_advice_1600159903573 .preactivationLink\')[0].href;\n                link = encodeURIComponent(link);\n                var newUrl = \'https://gamification.prestashop.com/get_advice_link.php?id_advice=1600159903573&url=\'+link;\n                $(\'#wrap_id_advice_1600159903573 .preactivationLink\')[0].href = newUrl;\n              });\n            </script>\n          </div>'),(9,2,'<div id=\"wrap_id_advice_1600159903573\">\n            <div class=\"col-lg-6\">\n              <section id=\"\" class=\"panel panel-advice\" style=\"position: relative; padding: 10px; min-height: 75px;\">\n                <a href=\"#\" id=\"1600159903573\" class=\"close_link gamification_premium_close\" style=\"display: none; position: absolute; top: 10px; right: 10px;\">\n                  <i class=\"icon-remove\"></i>\n                </a>\n                <span class=\"gamification-close-confirmation hide\">\n                  Are you sure?\n                  <button class=\"btn btn-default btn-sm\" data-advice=\"delete\">\n                    <i class=\"icon-trash\"></i>Delete\n                  </button>\n                  <button class=\"btn btn-default btn-sm\" data-advice=\"cancel\">Cancel</button>\n                </span>\n                <a class=\"preactivationLink row\" rel=\"ColiBack\" href=\"{link}AdminModules{/link}&install=ColiBack&module_name=ColiBack&redirectconfig\" style=\"display: table; margin: 0; text-decoration: none;\">\n                  <img src=\"https://storage.googleapis.com/production-gamification-assets/premium/ColiBack.png\" class=\"advice-img img-thumbnail\">\n                  <img src=\"https://gamification.prestashop.com/api/getAdviceImg/1600159903573.png\" class=\"hide\">\n                  <p class=\"advice-description\" style=\"padding: 0 20px; display: table-cell; vertical-align: middle;\">Offer your customers a simple and efficient Europe return solution.</p>\n                </a>\n              </section>\n            </div>\n            <script>\n              $(document).ready( function () {\n                var link = $(\'#wrap_id_advice_1600159903573 .preactivationLink\')[0].href;\n                link = encodeURIComponent(link);\n                var newUrl = \'https://gamification.prestashop.com/get_advice_link.php?id_advice=1600159903573&url=\'+link;\n                $(\'#wrap_id_advice_1600159903573 .preactivationLink\')[0].href = newUrl;\n              });\n            </script>\n          </div>'),(12,1,' <div id=\"wrap_id_advice_1587565713924\"> <section id=\"0_CM Commerce\" class=\"panel\" style=\"display:none\"> <header class=\"panel-heading\"> <span class=\"icon-lightbulb\"></span> Tips of the day </header> <div class=\"panel-body\" style=\"padding:0\"> <img class=\"img-responsive\" src=\"https://storage.googleapis.com/production-gamification-assets/tips/CM Commerce.png\" style=\"float:right; margin-left: 5px;\"> <img src=\"https://gamification.prestashop.com/api/getAdviceImg/1587565713924.png\"/> <p> <b>Did you know that brands who use product reviews in their abandoned cart emails, experience 5% to 15% increases in their recovery rate?</b> </p> <p> Did you know that brands who use product reviews in their abandoned cart emails, experience 5% to 15% increases in their recovery rate?\n </p> <span class=\"text-right\" style=\"float:right\"> <a class=\"btn btn-default\" target=\"_blank\" href=\"https://gamification.prestashop.com/get_advice_link.php?id_advice=1587565713924&url=https://addons.prestashop.com/en/remarketing-shopping-cart-abandonment/48652-cm-commerce.html%3Futm_source%3Dback-office%26utm_medium%3Dtipoftheday%26utm_campaign%3Dpartenariats%26utm_content%3DCM Commerce\"> More information? </a> </span> </div> </section><script> $(document).ready( function () { $(\'#\'+rand(0)+\'_CM Commerce\').show(); }); function rand(nbr){ return Math.floor(Math.random()*(nbr+1)); } </script> </div>'),(12,2,' <div id=\"wrap_id_advice_1587565713924\"> <section id=\"0_CM Commerce\" class=\"panel\" style=\"display:none\"> <header class=\"panel-heading\"> <span class=\"icon-lightbulb\"></span> Tips of the day </header> <div class=\"panel-body\" style=\"padding:0\"> <img class=\"img-responsive\" src=\"https://storage.googleapis.com/production-gamification-assets/tips/CM Commerce.png\" style=\"float:right; margin-left: 5px;\"> <img src=\"https://gamification.prestashop.com/api/getAdviceImg/1587565713924.png\"/> <p> <b>Did you know that brands who use product reviews in their abandoned cart emails, experience 5% to 15% increases in their recovery rate?</b> </p> <p> Did you know that brands who use product reviews in their abandoned cart emails, experience 5% to 15% increases in their recovery rate?\n </p> <span class=\"text-right\" style=\"float:right\"> <a class=\"btn btn-default\" target=\"_blank\" href=\"https://gamification.prestashop.com/get_advice_link.php?id_advice=1587565713924&url=https://addons.prestashop.com/en/remarketing-shopping-cart-abandonment/48652-cm-commerce.html%3Futm_source%3Dback-office%26utm_medium%3Dtipoftheday%26utm_campaign%3Dpartenariats%26utm_content%3DCM Commerce\"> More information? </a> </span> </div> </section><script> $(document).ready( function () { $(\'#\'+rand(0)+\'_CM Commerce\').show(); }); function rand(nbr){ return Math.floor(Math.random()*(nbr+1)); } </script> </div>'),(13,1,' <div id=\"wrap_id_advice_1600160505890\"> <section id=\"0_ColiBack\" class=\"panel\" style=\"display:none\"> <header class=\"panel-heading\"> <span class=\"icon-lightbulb\"></span> Tips of the day </header> <div class=\"panel-body\" style=\"padding:0\"> <img class=\"img-responsive\" src=\"https://storage.googleapis.com/production-gamification-assets/tips/ColiBack.png\" style=\"float:right; margin-left: 5px;\"> <img src=\"https://gamification.prestashop.com/api/getAdviceImg/1600160505890.png\"/> <p> <b>Offer your customers a simple and efficient Europe return solution.</b> </p> <p> ColiBack, your winning partner for returns management. Offer return label generation in France and Europe. Offer quality service to retain your customers. </p> <span class=\"text-right\" style=\"float:right\"> <a class=\"btn btn-default\" target=\"_blank\" href=\"https://gamification.prestashop.com/get_advice_link.php?id_advice=1600160505890&url=https://addons.prestashop.com/en/customer-service/48369-coliback-the-e-commerce-return-expert.html%3Futm_source%3Dback-office%26utm_medium%3Dtipoftheday%26utm_campaign%3Dpartenariats%26utm_content%3DColiBack\"> Download for free </a> </span> </div> </section><script> $(document).ready( function () { $(\'#\'+rand(0)+\'_ColiBack\').show(); }); function rand(nbr){ return Math.floor(Math.random()*(nbr+1)); } </script> </div>'),(13,2,' <div id=\"wrap_id_advice_1600160505890\"> <section id=\"0_ColiBack\" class=\"panel\" style=\"display:none\"> <header class=\"panel-heading\"> <span class=\"icon-lightbulb\"></span> Tips of the day </header> <div class=\"panel-body\" style=\"padding:0\"> <img class=\"img-responsive\" src=\"https://storage.googleapis.com/production-gamification-assets/tips/ColiBack.png\" style=\"float:right; margin-left: 5px;\"> <img src=\"https://gamification.prestashop.com/api/getAdviceImg/1600160505890.png\"/> <p> <b>Offer your customers a simple and efficient Europe return solution.</b> </p> <p> ColiBack, your winning partner for returns management. Offer return label generation in France and Europe. Offer quality service to retain your customers. </p> <span class=\"text-right\" style=\"float:right\"> <a class=\"btn btn-default\" target=\"_blank\" href=\"https://gamification.prestashop.com/get_advice_link.php?id_advice=1600160505890&url=https://addons.prestashop.com/en/customer-service/48369-coliback-the-e-commerce-return-expert.html%3Futm_source%3Dback-office%26utm_medium%3Dtipoftheday%26utm_campaign%3Dpartenariats%26utm_content%3DColiBack\"> Download for free </a> </span> </div> </section><script> $(document).ready( function () { $(\'#\'+rand(0)+\'_ColiBack\').show(); }); function rand(nbr){ return Math.floor(Math.random()*(nbr+1)); } </script> </div>'),(15,1,'<div id=\"wrap_id_advice_1587561359950\">\n            <div class=\"col-lg-6\">\n              <section id=\"\" class=\"panel panel-advice\" style=\"position: relative; padding: 10px; min-height: 75px;\">\n                <a href=\"#\" id=\"1587561359950\" class=\"close_link gamification_premium_close\" style=\"display: none; position: absolute; top: 10px; right: 10px;\">\n                  <i class=\"icon-remove\"></i>\n                </a>\n                <span class=\"gamification-close-confirmation hide\">\n                  Are you sure?\n                  <button class=\"btn btn-default btn-sm\" data-advice=\"delete\">\n                    <i class=\"icon-trash\"></i>Delete\n                  </button>\n                  <button class=\"btn btn-default btn-sm\" data-advice=\"cancel\">Cancel</button>\n                </span>\n                <a class=\"preactivationLink row\" rel=\"CM Commerce\" href=\"{link}AdminModules{/link}&install=CM Commerce&module_name=CM Commerce&redirectconfig\" style=\"display: table; margin: 0; text-decoration: none;\">\n                  <img src=\"https://storage.googleapis.com/production-gamification-assets/premium/CM Commerce.png\" class=\"advice-img img-thumbnail\">\n                  <img src=\"https://gamification.prestashop.com/api/getAdviceImg/1587561359950.png\" class=\"hide\">\n                  <p class=\"advice-description\" style=\"padding: 0 20px; display: table-cell; vertical-align: middle;\">Let us help you turn email into the #1 driver of growth for your eCommerce shop.</p>\n                </a>\n              </section>\n            </div>\n            <script>\n              $(document).ready( function () {\n                var link = $(\'#wrap_id_advice_1587561359950 .preactivationLink\')[0].href;\n                link = encodeURIComponent(link);\n                var newUrl = \'https://gamification.prestashop.com/get_advice_link.php?id_advice=1587561359950&url=\'+link;\n                $(\'#wrap_id_advice_1587561359950 .preactivationLink\')[0].href = newUrl;\n              });\n            </script>\n          </div>'),(15,2,'<div id=\"wrap_id_advice_1587561359950\">\n            <div class=\"col-lg-6\">\n              <section id=\"\" class=\"panel panel-advice\" style=\"position: relative; padding: 10px; min-height: 75px;\">\n                <a href=\"#\" id=\"1587561359950\" class=\"close_link gamification_premium_close\" style=\"display: none; position: absolute; top: 10px; right: 10px;\">\n                  <i class=\"icon-remove\"></i>\n                </a>\n                <span class=\"gamification-close-confirmation hide\">\n                  Are you sure?\n                  <button class=\"btn btn-default btn-sm\" data-advice=\"delete\">\n                    <i class=\"icon-trash\"></i>Delete\n                  </button>\n                  <button class=\"btn btn-default btn-sm\" data-advice=\"cancel\">Cancel</button>\n                </span>\n                <a class=\"preactivationLink row\" rel=\"CM Commerce\" href=\"{link}AdminModules{/link}&install=CM Commerce&module_name=CM Commerce&redirectconfig\" style=\"display: table; margin: 0; text-decoration: none;\">\n                  <img src=\"https://storage.googleapis.com/production-gamification-assets/premium/CM Commerce.png\" class=\"advice-img img-thumbnail\">\n                  <img src=\"https://gamification.prestashop.com/api/getAdviceImg/1587561359950.png\" class=\"hide\">\n                  <p class=\"advice-description\" style=\"padding: 0 20px; display: table-cell; vertical-align: middle;\">Let us help you turn email into the #1 driver of growth for your eCommerce shop.</p>\n                </a>\n              </section>\n            </div>\n            <script>\n              $(document).ready( function () {\n                var link = $(\'#wrap_id_advice_1587561359950 .preactivationLink\')[0].href;\n                link = encodeURIComponent(link);\n                var newUrl = \'https://gamification.prestashop.com/get_advice_link.php?id_advice=1587561359950&url=\'+link;\n                $(\'#wrap_id_advice_1587561359950 .preactivationLink\')[0].href = newUrl;\n              });\n            </script>\n          </div>'),(16,1,'<div id=\"wrap_id_advice_1600159903573\">\n            <div class=\"col-lg-6\">\n              <section id=\"\" class=\"panel panel-advice\" style=\"position: relative; padding: 10px; min-height: 75px;\">\n                <a href=\"#\" id=\"1600159903573\" class=\"close_link gamification_premium_close\" style=\"display: none; position: absolute; top: 10px; right: 10px;\">\n                  <i class=\"icon-remove\"></i>\n                </a>\n                <span class=\"gamification-close-confirmation hide\">\n                  Are you sure?\n                  <button class=\"btn btn-default btn-sm\" data-advice=\"delete\">\n                    <i class=\"icon-trash\"></i>Delete\n                  </button>\n                  <button class=\"btn btn-default btn-sm\" data-advice=\"cancel\">Cancel</button>\n                </span>\n                <a class=\"preactivationLink row\" rel=\"ColiBack\" href=\"{link}AdminModules{/link}&install=ColiBack&module_name=ColiBack&redirectconfig\" style=\"display: table; margin: 0; text-decoration: none;\">\n                  <img src=\"https://storage.googleapis.com/production-gamification-assets/premium/ColiBack.png\" class=\"advice-img img-thumbnail\">\n                  <img src=\"https://gamification.prestashop.com/api/getAdviceImg/1600159903573.png\" class=\"hide\">\n                  <p class=\"advice-description\" style=\"padding: 0 20px; display: table-cell; vertical-align: middle;\">Offer your customers a simple and efficient Europe return solution.</p>\n                </a>\n              </section>\n            </div>\n            <script>\n              $(document).ready( function () {\n                var link = $(\'#wrap_id_advice_1600159903573 .preactivationLink\')[0].href;\n                link = encodeURIComponent(link);\n                var newUrl = \'https://gamification.prestashop.com/get_advice_link.php?id_advice=1600159903573&url=\'+link;\n                $(\'#wrap_id_advice_1600159903573 .preactivationLink\')[0].href = newUrl;\n              });\n            </script>\n          </div>'),(16,2,'<div id=\"wrap_id_advice_1600159903573\">\n            <div class=\"col-lg-6\">\n              <section id=\"\" class=\"panel panel-advice\" style=\"position: relative; padding: 10px; min-height: 75px;\">\n                <a href=\"#\" id=\"1600159903573\" class=\"close_link gamification_premium_close\" style=\"display: none; position: absolute; top: 10px; right: 10px;\">\n                  <i class=\"icon-remove\"></i>\n                </a>\n                <span class=\"gamification-close-confirmation hide\">\n                  Are you sure?\n                  <button class=\"btn btn-default btn-sm\" data-advice=\"delete\">\n                    <i class=\"icon-trash\"></i>Delete\n                  </button>\n                  <button class=\"btn btn-default btn-sm\" data-advice=\"cancel\">Cancel</button>\n                </span>\n                <a class=\"preactivationLink row\" rel=\"ColiBack\" href=\"{link}AdminModules{/link}&install=ColiBack&module_name=ColiBack&redirectconfig\" style=\"display: table; margin: 0; text-decoration: none;\">\n                  <img src=\"https://storage.googleapis.com/production-gamification-assets/premium/ColiBack.png\" class=\"advice-img img-thumbnail\">\n                  <img src=\"https://gamification.prestashop.com/api/getAdviceImg/1600159903573.png\" class=\"hide\">\n                  <p class=\"advice-description\" style=\"padding: 0 20px; display: table-cell; vertical-align: middle;\">Offer your customers a simple and efficient Europe return solution.</p>\n                </a>\n              </section>\n            </div>\n            <script>\n              $(document).ready( function () {\n                var link = $(\'#wrap_id_advice_1600159903573 .preactivationLink\')[0].href;\n                link = encodeURIComponent(link);\n                var newUrl = \'https://gamification.prestashop.com/get_advice_link.php?id_advice=1600159903573&url=\'+link;\n                $(\'#wrap_id_advice_1600159903573 .preactivationLink\')[0].href = newUrl;\n              });\n            </script>\n          </div>'),(19,1,' <div id=\"wrap_id_advice_1587565713924\"> <section id=\"0_CM Commerce\" class=\"panel\" style=\"display:none\"> <header class=\"panel-heading\"> <span class=\"icon-lightbulb\"></span> Tips of the day </header> <div class=\"panel-body\" style=\"padding:0\"> <img class=\"img-responsive\" src=\"https://storage.googleapis.com/production-gamification-assets/tips/CM Commerce.png\" style=\"float:right; margin-left: 5px;\"> <img src=\"https://gamification.prestashop.com/api/getAdviceImg/1587565713924.png\"/> <p> <b>Did you know that brands who use product reviews in their abandoned cart emails, experience 5% to 15% increases in their recovery rate?</b> </p> <p> Did you know that brands who use product reviews in their abandoned cart emails, experience 5% to 15% increases in their recovery rate?\n </p> <span class=\"text-right\" style=\"float:right\"> <a class=\"btn btn-default\" target=\"_blank\" href=\"https://gamification.prestashop.com/get_advice_link.php?id_advice=1587565713924&url=https://addons.prestashop.com/en/remarketing-shopping-cart-abandonment/48652-cm-commerce.html%3Futm_source%3Dback-office%26utm_medium%3Dtipoftheday%26utm_campaign%3Dpartenariats%26utm_content%3DCM Commerce\"> More information? </a> </span> </div> </section><script> $(document).ready( function () { $(\'#\'+rand(0)+\'_CM Commerce\').show(); }); function rand(nbr){ return Math.floor(Math.random()*(nbr+1)); } </script> </div>'),(19,2,' <div id=\"wrap_id_advice_1587565713924\"> <section id=\"0_CM Commerce\" class=\"panel\" style=\"display:none\"> <header class=\"panel-heading\"> <span class=\"icon-lightbulb\"></span> Tips of the day </header> <div class=\"panel-body\" style=\"padding:0\"> <img class=\"img-responsive\" src=\"https://storage.googleapis.com/production-gamification-assets/tips/CM Commerce.png\" style=\"float:right; margin-left: 5px;\"> <img src=\"https://gamification.prestashop.com/api/getAdviceImg/1587565713924.png\"/> <p> <b>Did you know that brands who use product reviews in their abandoned cart emails, experience 5% to 15% increases in their recovery rate?</b> </p> <p> Did you know that brands who use product reviews in their abandoned cart emails, experience 5% to 15% increases in their recovery rate?\n </p> <span class=\"text-right\" style=\"float:right\"> <a class=\"btn btn-default\" target=\"_blank\" href=\"https://gamification.prestashop.com/get_advice_link.php?id_advice=1587565713924&url=https://addons.prestashop.com/en/remarketing-shopping-cart-abandonment/48652-cm-commerce.html%3Futm_source%3Dback-office%26utm_medium%3Dtipoftheday%26utm_campaign%3Dpartenariats%26utm_content%3DCM Commerce\"> More information? </a> </span> </div> </section><script> $(document).ready( function () { $(\'#\'+rand(0)+\'_CM Commerce\').show(); }); function rand(nbr){ return Math.floor(Math.random()*(nbr+1)); } </script> </div>'),(20,1,' <div id=\"wrap_id_advice_1600160505890\"> <section id=\"0_ColiBack\" class=\"panel\" style=\"display:none\"> <header class=\"panel-heading\"> <span class=\"icon-lightbulb\"></span> Tips of the day </header> <div class=\"panel-body\" style=\"padding:0\"> <img class=\"img-responsive\" src=\"https://storage.googleapis.com/production-gamification-assets/tips/ColiBack.png\" style=\"float:right; margin-left: 5px;\"> <img src=\"https://gamification.prestashop.com/api/getAdviceImg/1600160505890.png\"/> <p> <b>Offer your customers a simple and efficient Europe return solution.</b> </p> <p> ColiBack, your winning partner for returns management. Offer return label generation in France and Europe. Offer quality service to retain your customers. </p> <span class=\"text-right\" style=\"float:right\"> <a class=\"btn btn-default\" target=\"_blank\" href=\"https://gamification.prestashop.com/get_advice_link.php?id_advice=1600160505890&url=https://addons.prestashop.com/en/customer-service/48369-coliback-the-e-commerce-return-expert.html%3Futm_source%3Dback-office%26utm_medium%3Dtipoftheday%26utm_campaign%3Dpartenariats%26utm_content%3DColiBack\"> Download for free </a> </span> </div> </section><script> $(document).ready( function () { $(\'#\'+rand(0)+\'_ColiBack\').show(); }); function rand(nbr){ return Math.floor(Math.random()*(nbr+1)); } </script> </div>'),(20,2,' <div id=\"wrap_id_advice_1600160505890\"> <section id=\"0_ColiBack\" class=\"panel\" style=\"display:none\"> <header class=\"panel-heading\"> <span class=\"icon-lightbulb\"></span> Tips of the day </header> <div class=\"panel-body\" style=\"padding:0\"> <img class=\"img-responsive\" src=\"https://storage.googleapis.com/production-gamification-assets/tips/ColiBack.png\" style=\"float:right; margin-left: 5px;\"> <img src=\"https://gamification.prestashop.com/api/getAdviceImg/1600160505890.png\"/> <p> <b>Offer your customers a simple and efficient Europe return solution.</b> </p> <p> ColiBack, your winning partner for returns management. Offer return label generation in France and Europe. Offer quality service to retain your customers. </p> <span class=\"text-right\" style=\"float:right\"> <a class=\"btn btn-default\" target=\"_blank\" href=\"https://gamification.prestashop.com/get_advice_link.php?id_advice=1600160505890&url=https://addons.prestashop.com/en/customer-service/48369-coliback-the-e-commerce-return-expert.html%3Futm_source%3Dback-office%26utm_medium%3Dtipoftheday%26utm_campaign%3Dpartenariats%26utm_content%3DColiBack\"> Download for free </a> </span> </div> </section><script> $(document).ready( function () { $(\'#\'+rand(0)+\'_ColiBack\').show(); }); function rand(nbr){ return Math.floor(Math.random()*(nbr+1)); } </script> </div>'),(22,1,'<div id=\"wrap_id_advice_1587561359950\">\n            <div class=\"col-lg-6\">\n              <section id=\"\" class=\"panel panel-advice\" style=\"position: relative; padding: 10px; min-height: 75px;\">\n                <a href=\"#\" id=\"1587561359950\" class=\"close_link gamification_premium_close\" style=\"display: none; position: absolute; top: 10px; right: 10px;\">\n                  <i class=\"icon-remove\"></i>\n                </a>\n                <span class=\"gamification-close-confirmation hide\">\n                  Are you sure?\n                  <button class=\"btn btn-default btn-sm\" data-advice=\"delete\">\n                    <i class=\"icon-trash\"></i>Delete\n                  </button>\n                  <button class=\"btn btn-default btn-sm\" data-advice=\"cancel\">Cancel</button>\n                </span>\n                <a class=\"preactivationLink row\" rel=\"CM Commerce\" href=\"{link}AdminModules{/link}&install=CM Commerce&module_name=CM Commerce&redirectconfig\" style=\"display: table; margin: 0; text-decoration: none;\">\n                  <img src=\"https://storage.googleapis.com/production-gamification-assets/premium/CM Commerce.png\" class=\"advice-img img-thumbnail\">\n                  <img src=\"https://gamification.prestashop.com/api/getAdviceImg/1587561359950.png\" class=\"hide\">\n                  <p class=\"advice-description\" style=\"padding: 0 20px; display: table-cell; vertical-align: middle;\">Let us help you turn email into the #1 driver of growth for your eCommerce shop.</p>\n                </a>\n              </section>\n            </div>\n            <script>\n              $(document).ready( function () {\n                var link = $(\'#wrap_id_advice_1587561359950 .preactivationLink\')[0].href;\n                link = encodeURIComponent(link);\n                var newUrl = \'https://gamification.prestashop.com/get_advice_link.php?id_advice=1587561359950&url=\'+link;\n                $(\'#wrap_id_advice_1587561359950 .preactivationLink\')[0].href = newUrl;\n              });\n            </script>\n          </div>'),(22,2,'<div id=\"wrap_id_advice_1587561359950\">\n            <div class=\"col-lg-6\">\n              <section id=\"\" class=\"panel panel-advice\" style=\"position: relative; padding: 10px; min-height: 75px;\">\n                <a href=\"#\" id=\"1587561359950\" class=\"close_link gamification_premium_close\" style=\"display: none; position: absolute; top: 10px; right: 10px;\">\n                  <i class=\"icon-remove\"></i>\n                </a>\n                <span class=\"gamification-close-confirmation hide\">\n                  Are you sure?\n                  <button class=\"btn btn-default btn-sm\" data-advice=\"delete\">\n                    <i class=\"icon-trash\"></i>Delete\n                  </button>\n                  <button class=\"btn btn-default btn-sm\" data-advice=\"cancel\">Cancel</button>\n                </span>\n                <a class=\"preactivationLink row\" rel=\"CM Commerce\" href=\"{link}AdminModules{/link}&install=CM Commerce&module_name=CM Commerce&redirectconfig\" style=\"display: table; margin: 0; text-decoration: none;\">\n                  <img src=\"https://storage.googleapis.com/production-gamification-assets/premium/CM Commerce.png\" class=\"advice-img img-thumbnail\">\n                  <img src=\"https://gamification.prestashop.com/api/getAdviceImg/1587561359950.png\" class=\"hide\">\n                  <p class=\"advice-description\" style=\"padding: 0 20px; display: table-cell; vertical-align: middle;\">Let us help you turn email into the #1 driver of growth for your eCommerce shop.</p>\n                </a>\n              </section>\n            </div>\n            <script>\n              $(document).ready( function () {\n                var link = $(\'#wrap_id_advice_1587561359950 .preactivationLink\')[0].href;\n                link = encodeURIComponent(link);\n                var newUrl = \'https://gamification.prestashop.com/get_advice_link.php?id_advice=1587561359950&url=\'+link;\n                $(\'#wrap_id_advice_1587561359950 .preactivationLink\')[0].href = newUrl;\n              });\n            </script>\n          </div>'),(23,1,'<div id=\"wrap_id_advice_1600159903573\">\n            <div class=\"col-lg-6\">\n              <section id=\"\" class=\"panel panel-advice\" style=\"position: relative; padding: 10px; min-height: 75px;\">\n                <a href=\"#\" id=\"1600159903573\" class=\"close_link gamification_premium_close\" style=\"display: none; position: absolute; top: 10px; right: 10px;\">\n                  <i class=\"icon-remove\"></i>\n                </a>\n                <span class=\"gamification-close-confirmation hide\">\n                  Are you sure?\n                  <button class=\"btn btn-default btn-sm\" data-advice=\"delete\">\n                    <i class=\"icon-trash\"></i>Delete\n                  </button>\n                  <button class=\"btn btn-default btn-sm\" data-advice=\"cancel\">Cancel</button>\n                </span>\n                <a class=\"preactivationLink row\" rel=\"ColiBack\" href=\"{link}AdminModules{/link}&install=ColiBack&module_name=ColiBack&redirectconfig\" style=\"display: table; margin: 0; text-decoration: none;\">\n                  <img src=\"https://storage.googleapis.com/production-gamification-assets/premium/ColiBack.png\" class=\"advice-img img-thumbnail\">\n                  <img src=\"https://gamification.prestashop.com/api/getAdviceImg/1600159903573.png\" class=\"hide\">\n                  <p class=\"advice-description\" style=\"padding: 0 20px; display: table-cell; vertical-align: middle;\">Offer your customers a simple and efficient Europe return solution.</p>\n                </a>\n              </section>\n            </div>\n            <script>\n              $(document).ready( function () {\n                var link = $(\'#wrap_id_advice_1600159903573 .preactivationLink\')[0].href;\n                link = encodeURIComponent(link);\n                var newUrl = \'https://gamification.prestashop.com/get_advice_link.php?id_advice=1600159903573&url=\'+link;\n                $(\'#wrap_id_advice_1600159903573 .preactivationLink\')[0].href = newUrl;\n              });\n            </script>\n          </div>'),(23,2,'<div id=\"wrap_id_advice_1600159903573\">\n            <div class=\"col-lg-6\">\n              <section id=\"\" class=\"panel panel-advice\" style=\"position: relative; padding: 10px; min-height: 75px;\">\n                <a href=\"#\" id=\"1600159903573\" class=\"close_link gamification_premium_close\" style=\"display: none; position: absolute; top: 10px; right: 10px;\">\n                  <i class=\"icon-remove\"></i>\n                </a>\n                <span class=\"gamification-close-confirmation hide\">\n                  Are you sure?\n                  <button class=\"btn btn-default btn-sm\" data-advice=\"delete\">\n                    <i class=\"icon-trash\"></i>Delete\n                  </button>\n                  <button class=\"btn btn-default btn-sm\" data-advice=\"cancel\">Cancel</button>\n                </span>\n                <a class=\"preactivationLink row\" rel=\"ColiBack\" href=\"{link}AdminModules{/link}&install=ColiBack&module_name=ColiBack&redirectconfig\" style=\"display: table; margin: 0; text-decoration: none;\">\n                  <img src=\"https://storage.googleapis.com/production-gamification-assets/premium/ColiBack.png\" class=\"advice-img img-thumbnail\">\n                  <img src=\"https://gamification.prestashop.com/api/getAdviceImg/1600159903573.png\" class=\"hide\">\n                  <p class=\"advice-description\" style=\"padding: 0 20px; display: table-cell; vertical-align: middle;\">Offer your customers a simple and efficient Europe return solution.</p>\n                </a>\n              </section>\n            </div>\n            <script>\n              $(document).ready( function () {\n                var link = $(\'#wrap_id_advice_1600159903573 .preactivationLink\')[0].href;\n                link = encodeURIComponent(link);\n                var newUrl = \'https://gamification.prestashop.com/get_advice_link.php?id_advice=1600159903573&url=\'+link;\n                $(\'#wrap_id_advice_1600159903573 .preactivationLink\')[0].href = newUrl;\n              });\n            </script>\n          </div>'),(26,1,' <div id=\"wrap_id_advice_1587565713924\"> <section id=\"0_CM Commerce\" class=\"panel\" style=\"display:none\"> <header class=\"panel-heading\"> <span class=\"icon-lightbulb\"></span> Tips of the day </header> <div class=\"panel-body\" style=\"padding:0\"> <img class=\"img-responsive\" src=\"https://storage.googleapis.com/production-gamification-assets/tips/CM Commerce.png\" style=\"float:right; margin-left: 5px;\"> <img src=\"https://gamification.prestashop.com/api/getAdviceImg/1587565713924.png\"/> <p> <b>Did you know that brands who use product reviews in their abandoned cart emails, experience 5% to 15% increases in their recovery rate?</b> </p> <p> Did you know that brands who use product reviews in their abandoned cart emails, experience 5% to 15% increases in their recovery rate?\n </p> <span class=\"text-right\" style=\"float:right\"> <a class=\"btn btn-default\" target=\"_blank\" href=\"https://gamification.prestashop.com/get_advice_link.php?id_advice=1587565713924&url=https://addons.prestashop.com/en/remarketing-shopping-cart-abandonment/48652-cm-commerce.html%3Futm_source%3Dback-office%26utm_medium%3Dtipoftheday%26utm_campaign%3Dpartenariats%26utm_content%3DCM Commerce\"> More information? </a> </span> </div> </section><script> $(document).ready( function () { $(\'#\'+rand(0)+\'_CM Commerce\').show(); }); function rand(nbr){ return Math.floor(Math.random()*(nbr+1)); } </script> </div>'),(26,2,' <div id=\"wrap_id_advice_1587565713924\"> <section id=\"0_CM Commerce\" class=\"panel\" style=\"display:none\"> <header class=\"panel-heading\"> <span class=\"icon-lightbulb\"></span> Tips of the day </header> <div class=\"panel-body\" style=\"padding:0\"> <img class=\"img-responsive\" src=\"https://storage.googleapis.com/production-gamification-assets/tips/CM Commerce.png\" style=\"float:right; margin-left: 5px;\"> <img src=\"https://gamification.prestashop.com/api/getAdviceImg/1587565713924.png\"/> <p> <b>Did you know that brands who use product reviews in their abandoned cart emails, experience 5% to 15% increases in their recovery rate?</b> </p> <p> Did you know that brands who use product reviews in their abandoned cart emails, experience 5% to 15% increases in their recovery rate?\n </p> <span class=\"text-right\" style=\"float:right\"> <a class=\"btn btn-default\" target=\"_blank\" href=\"https://gamification.prestashop.com/get_advice_link.php?id_advice=1587565713924&url=https://addons.prestashop.com/en/remarketing-shopping-cart-abandonment/48652-cm-commerce.html%3Futm_source%3Dback-office%26utm_medium%3Dtipoftheday%26utm_campaign%3Dpartenariats%26utm_content%3DCM Commerce\"> More information? </a> </span> </div> </section><script> $(document).ready( function () { $(\'#\'+rand(0)+\'_CM Commerce\').show(); }); function rand(nbr){ return Math.floor(Math.random()*(nbr+1)); } </script> </div>'),(27,1,' <div id=\"wrap_id_advice_1600160505890\"> <section id=\"0_ColiBack\" class=\"panel\" style=\"display:none\"> <header class=\"panel-heading\"> <span class=\"icon-lightbulb\"></span> Tips of the day </header> <div class=\"panel-body\" style=\"padding:0\"> <img class=\"img-responsive\" src=\"https://storage.googleapis.com/production-gamification-assets/tips/ColiBack.png\" style=\"float:right; margin-left: 5px;\"> <img src=\"https://gamification.prestashop.com/api/getAdviceImg/1600160505890.png\"/> <p> <b>Offer your customers a simple and efficient Europe return solution.</b> </p> <p> ColiBack, your winning partner for returns management. Offer return label generation in France and Europe. Offer quality service to retain your customers. </p> <span class=\"text-right\" style=\"float:right\"> <a class=\"btn btn-default\" target=\"_blank\" href=\"https://gamification.prestashop.com/get_advice_link.php?id_advice=1600160505890&url=https://addons.prestashop.com/en/customer-service/48369-coliback-the-e-commerce-return-expert.html%3Futm_source%3Dback-office%26utm_medium%3Dtipoftheday%26utm_campaign%3Dpartenariats%26utm_content%3DColiBack\"> Download for free </a> </span> </div> </section><script> $(document).ready( function () { $(\'#\'+rand(0)+\'_ColiBack\').show(); }); function rand(nbr){ return Math.floor(Math.random()*(nbr+1)); } </script> </div>'),(27,2,' <div id=\"wrap_id_advice_1600160505890\"> <section id=\"0_ColiBack\" class=\"panel\" style=\"display:none\"> <header class=\"panel-heading\"> <span class=\"icon-lightbulb\"></span> Tips of the day </header> <div class=\"panel-body\" style=\"padding:0\"> <img class=\"img-responsive\" src=\"https://storage.googleapis.com/production-gamification-assets/tips/ColiBack.png\" style=\"float:right; margin-left: 5px;\"> <img src=\"https://gamification.prestashop.com/api/getAdviceImg/1600160505890.png\"/> <p> <b>Offer your customers a simple and efficient Europe return solution.</b> </p> <p> ColiBack, your winning partner for returns management. Offer return label generation in France and Europe. Offer quality service to retain your customers. </p> <span class=\"text-right\" style=\"float:right\"> <a class=\"btn btn-default\" target=\"_blank\" href=\"https://gamification.prestashop.com/get_advice_link.php?id_advice=1600160505890&url=https://addons.prestashop.com/en/customer-service/48369-coliback-the-e-commerce-return-expert.html%3Futm_source%3Dback-office%26utm_medium%3Dtipoftheday%26utm_campaign%3Dpartenariats%26utm_content%3DColiBack\"> Download for free </a> </span> </div> </section><script> $(document).ready( function () { $(\'#\'+rand(0)+\'_ColiBack\').show(); }); function rand(nbr){ return Math.floor(Math.random()*(nbr+1)); } </script> </div>'),(29,1,'<div id=\"wrap_id_advice_1587561359950\">\n            <div class=\"col-lg-6\">\n              <section id=\"\" class=\"panel panel-advice\" style=\"position: relative; padding: 10px; min-height: 75px;\">\n                <a href=\"#\" id=\"1587561359950\" class=\"close_link gamification_premium_close\" style=\"display: none; position: absolute; top: 10px; right: 10px;\">\n                  <i class=\"icon-remove\"></i>\n                </a>\n                <span class=\"gamification-close-confirmation hide\">\n                  Are you sure?\n                  <button class=\"btn btn-default btn-sm\" data-advice=\"delete\">\n                    <i class=\"icon-trash\"></i>Delete\n                  </button>\n                  <button class=\"btn btn-default btn-sm\" data-advice=\"cancel\">Cancel</button>\n                </span>\n                <a class=\"preactivationLink row\" rel=\"CM Commerce\" href=\"{link}AdminModules{/link}&install=CM Commerce&module_name=CM Commerce&redirectconfig\" style=\"display: table; margin: 0; text-decoration: none;\">\n                  <img src=\"https://storage.googleapis.com/production-gamification-assets/premium/CM Commerce.png\" class=\"advice-img img-thumbnail\">\n                  <img src=\"https://gamification.prestashop.com/api/getAdviceImg/1587561359950.png\" class=\"hide\">\n                  <p class=\"advice-description\" style=\"padding: 0 20px; display: table-cell; vertical-align: middle;\">Let us help you turn email into the #1 driver of growth for your eCommerce shop.</p>\n                </a>\n              </section>\n            </div>\n            <script>\n              $(document).ready( function () {\n                var link = $(\'#wrap_id_advice_1587561359950 .preactivationLink\')[0].href;\n                link = encodeURIComponent(link);\n                var newUrl = \'https://gamification.prestashop.com/get_advice_link.php?id_advice=1587561359950&url=\'+link;\n                $(\'#wrap_id_advice_1587561359950 .preactivationLink\')[0].href = newUrl;\n              });\n            </script>\n          </div>'),(29,2,'<div id=\"wrap_id_advice_1587561359950\">\n            <div class=\"col-lg-6\">\n              <section id=\"\" class=\"panel panel-advice\" style=\"position: relative; padding: 10px; min-height: 75px;\">\n                <a href=\"#\" id=\"1587561359950\" class=\"close_link gamification_premium_close\" style=\"display: none; position: absolute; top: 10px; right: 10px;\">\n                  <i class=\"icon-remove\"></i>\n                </a>\n                <span class=\"gamification-close-confirmation hide\">\n                  Are you sure?\n                  <button class=\"btn btn-default btn-sm\" data-advice=\"delete\">\n                    <i class=\"icon-trash\"></i>Delete\n                  </button>\n                  <button class=\"btn btn-default btn-sm\" data-advice=\"cancel\">Cancel</button>\n                </span>\n                <a class=\"preactivationLink row\" rel=\"CM Commerce\" href=\"{link}AdminModules{/link}&install=CM Commerce&module_name=CM Commerce&redirectconfig\" style=\"display: table; margin: 0; text-decoration: none;\">\n                  <img src=\"https://storage.googleapis.com/production-gamification-assets/premium/CM Commerce.png\" class=\"advice-img img-thumbnail\">\n                  <img src=\"https://gamification.prestashop.com/api/getAdviceImg/1587561359950.png\" class=\"hide\">\n                  <p class=\"advice-description\" style=\"padding: 0 20px; display: table-cell; vertical-align: middle;\">Let us help you turn email into the #1 driver of growth for your eCommerce shop.</p>\n                </a>\n              </section>\n            </div>\n            <script>\n              $(document).ready( function () {\n                var link = $(\'#wrap_id_advice_1587561359950 .preactivationLink\')[0].href;\n                link = encodeURIComponent(link);\n                var newUrl = \'https://gamification.prestashop.com/get_advice_link.php?id_advice=1587561359950&url=\'+link;\n                $(\'#wrap_id_advice_1587561359950 .preactivationLink\')[0].href = newUrl;\n              });\n            </script>\n          </div>'),(30,1,'<div id=\"wrap_id_advice_1600159903573\">\n            <div class=\"col-lg-6\">\n              <section id=\"\" class=\"panel panel-advice\" style=\"position: relative; padding: 10px; min-height: 75px;\">\n                <a href=\"#\" id=\"1600159903573\" class=\"close_link gamification_premium_close\" style=\"display: none; position: absolute; top: 10px; right: 10px;\">\n                  <i class=\"icon-remove\"></i>\n                </a>\n                <span class=\"gamification-close-confirmation hide\">\n                  Are you sure?\n                  <button class=\"btn btn-default btn-sm\" data-advice=\"delete\">\n                    <i class=\"icon-trash\"></i>Delete\n                  </button>\n                  <button class=\"btn btn-default btn-sm\" data-advice=\"cancel\">Cancel</button>\n                </span>\n                <a class=\"preactivationLink row\" rel=\"ColiBack\" href=\"{link}AdminModules{/link}&install=ColiBack&module_name=ColiBack&redirectconfig\" style=\"display: table; margin: 0; text-decoration: none;\">\n                  <img src=\"https://storage.googleapis.com/production-gamification-assets/premium/ColiBack.png\" class=\"advice-img img-thumbnail\">\n                  <img src=\"https://gamification.prestashop.com/api/getAdviceImg/1600159903573.png\" class=\"hide\">\n                  <p class=\"advice-description\" style=\"padding: 0 20px; display: table-cell; vertical-align: middle;\">Offer your customers a simple and efficient Europe return solution.</p>\n                </a>\n              </section>\n            </div>\n            <script>\n              $(document).ready( function () {\n                var link = $(\'#wrap_id_advice_1600159903573 .preactivationLink\')[0].href;\n                link = encodeURIComponent(link);\n                var newUrl = \'https://gamification.prestashop.com/get_advice_link.php?id_advice=1600159903573&url=\'+link;\n                $(\'#wrap_id_advice_1600159903573 .preactivationLink\')[0].href = newUrl;\n              });\n            </script>\n          </div>'),(30,2,'<div id=\"wrap_id_advice_1600159903573\">\n            <div class=\"col-lg-6\">\n              <section id=\"\" class=\"panel panel-advice\" style=\"position: relative; padding: 10px; min-height: 75px;\">\n                <a href=\"#\" id=\"1600159903573\" class=\"close_link gamification_premium_close\" style=\"display: none; position: absolute; top: 10px; right: 10px;\">\n                  <i class=\"icon-remove\"></i>\n                </a>\n                <span class=\"gamification-close-confirmation hide\">\n                  Are you sure?\n                  <button class=\"btn btn-default btn-sm\" data-advice=\"delete\">\n                    <i class=\"icon-trash\"></i>Delete\n                  </button>\n                  <button class=\"btn btn-default btn-sm\" data-advice=\"cancel\">Cancel</button>\n                </span>\n                <a class=\"preactivationLink row\" rel=\"ColiBack\" href=\"{link}AdminModules{/link}&install=ColiBack&module_name=ColiBack&redirectconfig\" style=\"display: table; margin: 0; text-decoration: none;\">\n                  <img src=\"https://storage.googleapis.com/production-gamification-assets/premium/ColiBack.png\" class=\"advice-img img-thumbnail\">\n                  <img src=\"https://gamification.prestashop.com/api/getAdviceImg/1600159903573.png\" class=\"hide\">\n                  <p class=\"advice-description\" style=\"padding: 0 20px; display: table-cell; vertical-align: middle;\">Offer your customers a simple and efficient Europe return solution.</p>\n                </a>\n              </section>\n            </div>\n            <script>\n              $(document).ready( function () {\n                var link = $(\'#wrap_id_advice_1600159903573 .preactivationLink\')[0].href;\n                link = encodeURIComponent(link);\n                var newUrl = \'https://gamification.prestashop.com/get_advice_link.php?id_advice=1600159903573&url=\'+link;\n                $(\'#wrap_id_advice_1600159903573 .preactivationLink\')[0].href = newUrl;\n              });\n            </script>\n          </div>'),(33,1,' <div id=\"wrap_id_advice_1587565713924\"> <section id=\"0_CM Commerce\" class=\"panel\" style=\"display:none\"> <header class=\"panel-heading\"> <span class=\"icon-lightbulb\"></span> Tips of the day </header> <div class=\"panel-body\" style=\"padding:0\"> <img class=\"img-responsive\" src=\"https://storage.googleapis.com/production-gamification-assets/tips/CM Commerce.png\" style=\"float:right; margin-left: 5px;\"> <img src=\"https://gamification.prestashop.com/api/getAdviceImg/1587565713924.png\"/> <p> <b>Did you know that brands who use product reviews in their abandoned cart emails, experience 5% to 15% increases in their recovery rate?</b> </p> <p> Did you know that brands who use product reviews in their abandoned cart emails, experience 5% to 15% increases in their recovery rate?\n </p> <span class=\"text-right\" style=\"float:right\"> <a class=\"btn btn-default\" target=\"_blank\" href=\"https://gamification.prestashop.com/get_advice_link.php?id_advice=1587565713924&url=https://addons.prestashop.com/en/remarketing-shopping-cart-abandonment/48652-cm-commerce.html%3Futm_source%3Dback-office%26utm_medium%3Dtipoftheday%26utm_campaign%3Dpartenariats%26utm_content%3DCM Commerce\"> More information? </a> </span> </div> </section><script> $(document).ready( function () { $(\'#\'+rand(0)+\'_CM Commerce\').show(); }); function rand(nbr){ return Math.floor(Math.random()*(nbr+1)); } </script> </div>'),(33,2,' <div id=\"wrap_id_advice_1587565713924\"> <section id=\"0_CM Commerce\" class=\"panel\" style=\"display:none\"> <header class=\"panel-heading\"> <span class=\"icon-lightbulb\"></span> Tips of the day </header> <div class=\"panel-body\" style=\"padding:0\"> <img class=\"img-responsive\" src=\"https://storage.googleapis.com/production-gamification-assets/tips/CM Commerce.png\" style=\"float:right; margin-left: 5px;\"> <img src=\"https://gamification.prestashop.com/api/getAdviceImg/1587565713924.png\"/> <p> <b>Did you know that brands who use product reviews in their abandoned cart emails, experience 5% to 15% increases in their recovery rate?</b> </p> <p> Did you know that brands who use product reviews in their abandoned cart emails, experience 5% to 15% increases in their recovery rate?\n </p> <span class=\"text-right\" style=\"float:right\"> <a class=\"btn btn-default\" target=\"_blank\" href=\"https://gamification.prestashop.com/get_advice_link.php?id_advice=1587565713924&url=https://addons.prestashop.com/en/remarketing-shopping-cart-abandonment/48652-cm-commerce.html%3Futm_source%3Dback-office%26utm_medium%3Dtipoftheday%26utm_campaign%3Dpartenariats%26utm_content%3DCM Commerce\"> More information? </a> </span> </div> </section><script> $(document).ready( function () { $(\'#\'+rand(0)+\'_CM Commerce\').show(); }); function rand(nbr){ return Math.floor(Math.random()*(nbr+1)); } </script> </div>'),(34,1,' <div id=\"wrap_id_advice_1600160505890\"> <section id=\"0_ColiBack\" class=\"panel\" style=\"display:none\"> <header class=\"panel-heading\"> <span class=\"icon-lightbulb\"></span> Tips of the day </header> <div class=\"panel-body\" style=\"padding:0\"> <img class=\"img-responsive\" src=\"https://storage.googleapis.com/production-gamification-assets/tips/ColiBack.png\" style=\"float:right; margin-left: 5px;\"> <img src=\"https://gamification.prestashop.com/api/getAdviceImg/1600160505890.png\"/> <p> <b>Offer your customers a simple and efficient Europe return solution.</b> </p> <p> ColiBack, your winning partner for returns management. Offer return label generation in France and Europe. Offer quality service to retain your customers. </p> <span class=\"text-right\" style=\"float:right\"> <a class=\"btn btn-default\" target=\"_blank\" href=\"https://gamification.prestashop.com/get_advice_link.php?id_advice=1600160505890&url=https://addons.prestashop.com/en/customer-service/48369-coliback-the-e-commerce-return-expert.html%3Futm_source%3Dback-office%26utm_medium%3Dtipoftheday%26utm_campaign%3Dpartenariats%26utm_content%3DColiBack\"> Download for free </a> </span> </div> </section><script> $(document).ready( function () { $(\'#\'+rand(0)+\'_ColiBack\').show(); }); function rand(nbr){ return Math.floor(Math.random()*(nbr+1)); } </script> </div>'),(34,2,' <div id=\"wrap_id_advice_1600160505890\"> <section id=\"0_ColiBack\" class=\"panel\" style=\"display:none\"> <header class=\"panel-heading\"> <span class=\"icon-lightbulb\"></span> Tips of the day </header> <div class=\"panel-body\" style=\"padding:0\"> <img class=\"img-responsive\" src=\"https://storage.googleapis.com/production-gamification-assets/tips/ColiBack.png\" style=\"float:right; margin-left: 5px;\"> <img src=\"https://gamification.prestashop.com/api/getAdviceImg/1600160505890.png\"/> <p> <b>Offer your customers a simple and efficient Europe return solution.</b> </p> <p> ColiBack, your winning partner for returns management. Offer return label generation in France and Europe. Offer quality service to retain your customers. </p> <span class=\"text-right\" style=\"float:right\"> <a class=\"btn btn-default\" target=\"_blank\" href=\"https://gamification.prestashop.com/get_advice_link.php?id_advice=1600160505890&url=https://addons.prestashop.com/en/customer-service/48369-coliback-the-e-commerce-return-expert.html%3Futm_source%3Dback-office%26utm_medium%3Dtipoftheday%26utm_campaign%3Dpartenariats%26utm_content%3DColiBack\"> Download for free </a> </span> </div> </section><script> $(document).ready( function () { $(\'#\'+rand(0)+\'_ColiBack\').show(); }); function rand(nbr){ return Math.floor(Math.random()*(nbr+1)); } </script> </div>'),(36,1,'<div id=\"wrap_id_advice_1587561359950\">\n            <div class=\"col-lg-6\">\n              <section id=\"\" class=\"panel panel-advice\" style=\"position: relative; padding: 10px; min-height: 75px;\">\n                <a href=\"#\" id=\"1587561359950\" class=\"close_link gamification_premium_close\" style=\"display: none; position: absolute; top: 10px; right: 10px;\">\n                  <i class=\"icon-remove\"></i>\n                </a>\n                <span class=\"gamification-close-confirmation hide\">\n                  Are you sure?\n                  <button class=\"btn btn-default btn-sm\" data-advice=\"delete\">\n                    <i class=\"icon-trash\"></i>Delete\n                  </button>\n                  <button class=\"btn btn-default btn-sm\" data-advice=\"cancel\">Cancel</button>\n                </span>\n                <a class=\"preactivationLink row\" rel=\"CM Commerce\" href=\"{link}AdminModules{/link}&install=CM Commerce&module_name=CM Commerce&redirectconfig\" style=\"display: table; margin: 0; text-decoration: none;\">\n                  <img src=\"https://storage.googleapis.com/production-gamification-assets/premium/CM Commerce.png\" class=\"advice-img img-thumbnail\">\n                  <img src=\"https://gamification.prestashop.com/api/getAdviceImg/1587561359950.png\" class=\"hide\">\n                  <p class=\"advice-description\" style=\"padding: 0 20px; display: table-cell; vertical-align: middle;\">Let us help you turn email into the #1 driver of growth for your eCommerce shop.</p>\n                </a>\n              </section>\n            </div>\n            <script>\n              $(document).ready( function () {\n                var link = $(\'#wrap_id_advice_1587561359950 .preactivationLink\')[0].href;\n                link = encodeURIComponent(link);\n                var newUrl = \'https://gamification.prestashop.com/get_advice_link.php?id_advice=1587561359950&url=\'+link;\n                $(\'#wrap_id_advice_1587561359950 .preactivationLink\')[0].href = newUrl;\n              });\n            </script>\n          </div>'),(36,2,'<div id=\"wrap_id_advice_1587561359950\">\n            <div class=\"col-lg-6\">\n              <section id=\"\" class=\"panel panel-advice\" style=\"position: relative; padding: 10px; min-height: 75px;\">\n                <a href=\"#\" id=\"1587561359950\" class=\"close_link gamification_premium_close\" style=\"display: none; position: absolute; top: 10px; right: 10px;\">\n                  <i class=\"icon-remove\"></i>\n                </a>\n                <span class=\"gamification-close-confirmation hide\">\n                  Are you sure?\n                  <button class=\"btn btn-default btn-sm\" data-advice=\"delete\">\n                    <i class=\"icon-trash\"></i>Delete\n                  </button>\n                  <button class=\"btn btn-default btn-sm\" data-advice=\"cancel\">Cancel</button>\n                </span>\n                <a class=\"preactivationLink row\" rel=\"CM Commerce\" href=\"{link}AdminModules{/link}&install=CM Commerce&module_name=CM Commerce&redirectconfig\" style=\"display: table; margin: 0; text-decoration: none;\">\n                  <img src=\"https://storage.googleapis.com/production-gamification-assets/premium/CM Commerce.png\" class=\"advice-img img-thumbnail\">\n                  <img src=\"https://gamification.prestashop.com/api/getAdviceImg/1587561359950.png\" class=\"hide\">\n                  <p class=\"advice-description\" style=\"padding: 0 20px; display: table-cell; vertical-align: middle;\">Let us help you turn email into the #1 driver of growth for your eCommerce shop.</p>\n                </a>\n              </section>\n            </div>\n            <script>\n              $(document).ready( function () {\n                var link = $(\'#wrap_id_advice_1587561359950 .preactivationLink\')[0].href;\n                link = encodeURIComponent(link);\n                var newUrl = \'https://gamification.prestashop.com/get_advice_link.php?id_advice=1587561359950&url=\'+link;\n                $(\'#wrap_id_advice_1587561359950 .preactivationLink\')[0].href = newUrl;\n              });\n            </script>\n          </div>'),(37,1,'<div id=\"wrap_id_advice_1600159903573\">\n            <div class=\"col-lg-6\">\n              <section id=\"\" class=\"panel panel-advice\" style=\"position: relative; padding: 10px; min-height: 75px;\">\n                <a href=\"#\" id=\"1600159903573\" class=\"close_link gamification_premium_close\" style=\"display: none; position: absolute; top: 10px; right: 10px;\">\n                  <i class=\"icon-remove\"></i>\n                </a>\n                <span class=\"gamification-close-confirmation hide\">\n                  Are you sure?\n                  <button class=\"btn btn-default btn-sm\" data-advice=\"delete\">\n                    <i class=\"icon-trash\"></i>Delete\n                  </button>\n                  <button class=\"btn btn-default btn-sm\" data-advice=\"cancel\">Cancel</button>\n                </span>\n                <a class=\"preactivationLink row\" rel=\"ColiBack\" href=\"{link}AdminModules{/link}&install=ColiBack&module_name=ColiBack&redirectconfig\" style=\"display: table; margin: 0; text-decoration: none;\">\n                  <img src=\"https://storage.googleapis.com/production-gamification-assets/premium/ColiBack.png\" class=\"advice-img img-thumbnail\">\n                  <img src=\"https://gamification.prestashop.com/api/getAdviceImg/1600159903573.png\" class=\"hide\">\n                  <p class=\"advice-description\" style=\"padding: 0 20px; display: table-cell; vertical-align: middle;\">Offer your customers a simple and efficient Europe return solution.</p>\n                </a>\n              </section>\n            </div>\n            <script>\n              $(document).ready( function () {\n                var link = $(\'#wrap_id_advice_1600159903573 .preactivationLink\')[0].href;\n                link = encodeURIComponent(link);\n                var newUrl = \'https://gamification.prestashop.com/get_advice_link.php?id_advice=1600159903573&url=\'+link;\n                $(\'#wrap_id_advice_1600159903573 .preactivationLink\')[0].href = newUrl;\n              });\n            </script>\n          </div>'),(37,2,'<div id=\"wrap_id_advice_1600159903573\">\n            <div class=\"col-lg-6\">\n              <section id=\"\" class=\"panel panel-advice\" style=\"position: relative; padding: 10px; min-height: 75px;\">\n                <a href=\"#\" id=\"1600159903573\" class=\"close_link gamification_premium_close\" style=\"display: none; position: absolute; top: 10px; right: 10px;\">\n                  <i class=\"icon-remove\"></i>\n                </a>\n                <span class=\"gamification-close-confirmation hide\">\n                  Are you sure?\n                  <button class=\"btn btn-default btn-sm\" data-advice=\"delete\">\n                    <i class=\"icon-trash\"></i>Delete\n                  </button>\n                  <button class=\"btn btn-default btn-sm\" data-advice=\"cancel\">Cancel</button>\n                </span>\n                <a class=\"preactivationLink row\" rel=\"ColiBack\" href=\"{link}AdminModules{/link}&install=ColiBack&module_name=ColiBack&redirectconfig\" style=\"display: table; margin: 0; text-decoration: none;\">\n                  <img src=\"https://storage.googleapis.com/production-gamification-assets/premium/ColiBack.png\" class=\"advice-img img-thumbnail\">\n                  <img src=\"https://gamification.prestashop.com/api/getAdviceImg/1600159903573.png\" class=\"hide\">\n                  <p class=\"advice-description\" style=\"padding: 0 20px; display: table-cell; vertical-align: middle;\">Offer your customers a simple and efficient Europe return solution.</p>\n                </a>\n              </section>\n            </div>\n            <script>\n              $(document).ready( function () {\n                var link = $(\'#wrap_id_advice_1600159903573 .preactivationLink\')[0].href;\n                link = encodeURIComponent(link);\n                var newUrl = \'https://gamification.prestashop.com/get_advice_link.php?id_advice=1600159903573&url=\'+link;\n                $(\'#wrap_id_advice_1600159903573 .preactivationLink\')[0].href = newUrl;\n              });\n            </script>\n          </div>'),(40,1,' <div id=\"wrap_id_advice_1587565713924\"> <section id=\"0_CM Commerce\" class=\"panel\" style=\"display:none\"> <header class=\"panel-heading\"> <span class=\"icon-lightbulb\"></span> Tips of the day </header> <div class=\"panel-body\" style=\"padding:0\"> <img class=\"img-responsive\" src=\"https://storage.googleapis.com/production-gamification-assets/tips/CM Commerce.png\" style=\"float:right; margin-left: 5px;\"> <img src=\"https://gamification.prestashop.com/api/getAdviceImg/1587565713924.png\"/> <p> <b>Did you know that brands who use product reviews in their abandoned cart emails, experience 5% to 15% increases in their recovery rate?</b> </p> <p> Did you know that brands who use product reviews in their abandoned cart emails, experience 5% to 15% increases in their recovery rate?\n </p> <span class=\"text-right\" style=\"float:right\"> <a class=\"btn btn-default\" target=\"_blank\" href=\"https://gamification.prestashop.com/get_advice_link.php?id_advice=1587565713924&url=https://addons.prestashop.com/en/remarketing-shopping-cart-abandonment/48652-cm-commerce.html%3Futm_source%3Dback-office%26utm_medium%3Dtipoftheday%26utm_campaign%3Dpartenariats%26utm_content%3DCM Commerce\"> More information? </a> </span> </div> </section><script> $(document).ready( function () { $(\'#\'+rand(0)+\'_CM Commerce\').show(); }); function rand(nbr){ return Math.floor(Math.random()*(nbr+1)); } </script> </div>'),(40,2,' <div id=\"wrap_id_advice_1587565713924\"> <section id=\"0_CM Commerce\" class=\"panel\" style=\"display:none\"> <header class=\"panel-heading\"> <span class=\"icon-lightbulb\"></span> Tips of the day </header> <div class=\"panel-body\" style=\"padding:0\"> <img class=\"img-responsive\" src=\"https://storage.googleapis.com/production-gamification-assets/tips/CM Commerce.png\" style=\"float:right; margin-left: 5px;\"> <img src=\"https://gamification.prestashop.com/api/getAdviceImg/1587565713924.png\"/> <p> <b>Did you know that brands who use product reviews in their abandoned cart emails, experience 5% to 15% increases in their recovery rate?</b> </p> <p> Did you know that brands who use product reviews in their abandoned cart emails, experience 5% to 15% increases in their recovery rate?\n </p> <span class=\"text-right\" style=\"float:right\"> <a class=\"btn btn-default\" target=\"_blank\" href=\"https://gamification.prestashop.com/get_advice_link.php?id_advice=1587565713924&url=https://addons.prestashop.com/en/remarketing-shopping-cart-abandonment/48652-cm-commerce.html%3Futm_source%3Dback-office%26utm_medium%3Dtipoftheday%26utm_campaign%3Dpartenariats%26utm_content%3DCM Commerce\"> More information? </a> </span> </div> </section><script> $(document).ready( function () { $(\'#\'+rand(0)+\'_CM Commerce\').show(); }); function rand(nbr){ return Math.floor(Math.random()*(nbr+1)); } </script> </div>'),(41,1,' <div id=\"wrap_id_advice_1600160505890\"> <section id=\"0_ColiBack\" class=\"panel\" style=\"display:none\"> <header class=\"panel-heading\"> <span class=\"icon-lightbulb\"></span> Tips of the day </header> <div class=\"panel-body\" style=\"padding:0\"> <img class=\"img-responsive\" src=\"https://storage.googleapis.com/production-gamification-assets/tips/ColiBack.png\" style=\"float:right; margin-left: 5px;\"> <img src=\"https://gamification.prestashop.com/api/getAdviceImg/1600160505890.png\"/> <p> <b>Offer your customers a simple and efficient Europe return solution.</b> </p> <p> ColiBack, your winning partner for returns management. Offer return label generation in France and Europe. Offer quality service to retain your customers. </p> <span class=\"text-right\" style=\"float:right\"> <a class=\"btn btn-default\" target=\"_blank\" href=\"https://gamification.prestashop.com/get_advice_link.php?id_advice=1600160505890&url=https://addons.prestashop.com/en/customer-service/48369-coliback-the-e-commerce-return-expert.html%3Futm_source%3Dback-office%26utm_medium%3Dtipoftheday%26utm_campaign%3Dpartenariats%26utm_content%3DColiBack\"> Download for free </a> </span> </div> </section><script> $(document).ready( function () { $(\'#\'+rand(0)+\'_ColiBack\').show(); }); function rand(nbr){ return Math.floor(Math.random()*(nbr+1)); } </script> </div>'),(41,2,' <div id=\"wrap_id_advice_1600160505890\"> <section id=\"0_ColiBack\" class=\"panel\" style=\"display:none\"> <header class=\"panel-heading\"> <span class=\"icon-lightbulb\"></span> Tips of the day </header> <div class=\"panel-body\" style=\"padding:0\"> <img class=\"img-responsive\" src=\"https://storage.googleapis.com/production-gamification-assets/tips/ColiBack.png\" style=\"float:right; margin-left: 5px;\"> <img src=\"https://gamification.prestashop.com/api/getAdviceImg/1600160505890.png\"/> <p> <b>Offer your customers a simple and efficient Europe return solution.</b> </p> <p> ColiBack, your winning partner for returns management. Offer return label generation in France and Europe. Offer quality service to retain your customers. </p> <span class=\"text-right\" style=\"float:right\"> <a class=\"btn btn-default\" target=\"_blank\" href=\"https://gamification.prestashop.com/get_advice_link.php?id_advice=1600160505890&url=https://addons.prestashop.com/en/customer-service/48369-coliback-the-e-commerce-return-expert.html%3Futm_source%3Dback-office%26utm_medium%3Dtipoftheday%26utm_campaign%3Dpartenariats%26utm_content%3DColiBack\"> Download for free </a> </span> </div> </section><script> $(document).ready( function () { $(\'#\'+rand(0)+\'_ColiBack\').show(); }); function rand(nbr){ return Math.floor(Math.random()*(nbr+1)); } </script> </div>'),(43,1,'<div id=\"wrap_id_advice_1587561359950\">\n            <div class=\"col-lg-6\">\n              <section id=\"\" class=\"panel panel-advice\" style=\"position: relative; padding: 10px; min-height: 75px;\">\n                <a href=\"#\" id=\"1587561359950\" class=\"close_link gamification_premium_close\" style=\"display: none; position: absolute; top: 10px; right: 10px;\">\n                  <i class=\"icon-remove\"></i>\n                </a>\n                <span class=\"gamification-close-confirmation hide\">\n                  Are you sure?\n                  <button class=\"btn btn-default btn-sm\" data-advice=\"delete\">\n                    <i class=\"icon-trash\"></i>Delete\n                  </button>\n                  <button class=\"btn btn-default btn-sm\" data-advice=\"cancel\">Cancel</button>\n                </span>\n                <a class=\"preactivationLink row\" rel=\"CM Commerce\" href=\"{link}AdminModules{/link}&install=CM Commerce&module_name=CM Commerce&redirectconfig\" style=\"display: table; margin: 0; text-decoration: none;\">\n                  <img src=\"https://storage.googleapis.com/production-gamification-assets/premium/CM Commerce.png\" class=\"advice-img img-thumbnail\">\n                  <img src=\"https://gamification.prestashop.com/api/getAdviceImg/1587561359950.png\" class=\"hide\">\n                  <p class=\"advice-description\" style=\"padding: 0 20px; display: table-cell; vertical-align: middle;\">Let us help you turn email into the #1 driver of growth for your eCommerce shop.</p>\n                </a>\n              </section>\n            </div>\n            <script>\n              $(document).ready( function () {\n                var link = $(\'#wrap_id_advice_1587561359950 .preactivationLink\')[0].href;\n                link = encodeURIComponent(link);\n                var newUrl = \'https://gamification.prestashop.com/get_advice_link.php?id_advice=1587561359950&url=\'+link;\n                $(\'#wrap_id_advice_1587561359950 .preactivationLink\')[0].href = newUrl;\n              });\n            </script>\n          </div>'),(43,2,'<div id=\"wrap_id_advice_1587561359950\">\n            <div class=\"col-lg-6\">\n              <section id=\"\" class=\"panel panel-advice\" style=\"position: relative; padding: 10px; min-height: 75px;\">\n                <a href=\"#\" id=\"1587561359950\" class=\"close_link gamification_premium_close\" style=\"display: none; position: absolute; top: 10px; right: 10px;\">\n                  <i class=\"icon-remove\"></i>\n                </a>\n                <span class=\"gamification-close-confirmation hide\">\n                  Are you sure?\n                  <button class=\"btn btn-default btn-sm\" data-advice=\"delete\">\n                    <i class=\"icon-trash\"></i>Delete\n                  </button>\n                  <button class=\"btn btn-default btn-sm\" data-advice=\"cancel\">Cancel</button>\n                </span>\n                <a class=\"preactivationLink row\" rel=\"CM Commerce\" href=\"{link}AdminModules{/link}&install=CM Commerce&module_name=CM Commerce&redirectconfig\" style=\"display: table; margin: 0; text-decoration: none;\">\n                  <img src=\"https://storage.googleapis.com/production-gamification-assets/premium/CM Commerce.png\" class=\"advice-img img-thumbnail\">\n                  <img src=\"https://gamification.prestashop.com/api/getAdviceImg/1587561359950.png\" class=\"hide\">\n                  <p class=\"advice-description\" style=\"padding: 0 20px; display: table-cell; vertical-align: middle;\">Let us help you turn email into the #1 driver of growth for your eCommerce shop.</p>\n                </a>\n              </section>\n            </div>\n            <script>\n              $(document).ready( function () {\n                var link = $(\'#wrap_id_advice_1587561359950 .preactivationLink\')[0].href;\n                link = encodeURIComponent(link);\n                var newUrl = \'https://gamification.prestashop.com/get_advice_link.php?id_advice=1587561359950&url=\'+link;\n                $(\'#wrap_id_advice_1587561359950 .preactivationLink\')[0].href = newUrl;\n              });\n            </script>\n          </div>'),(44,1,'<div id=\"wrap_id_advice_1600159903573\">\n            <div class=\"col-lg-6\">\n              <section id=\"\" class=\"panel panel-advice\" style=\"position: relative; padding: 10px; min-height: 75px;\">\n                <a href=\"#\" id=\"1600159903573\" class=\"close_link gamification_premium_close\" style=\"display: none; position: absolute; top: 10px; right: 10px;\">\n                  <i class=\"icon-remove\"></i>\n                </a>\n                <span class=\"gamification-close-confirmation hide\">\n                  Are you sure?\n                  <button class=\"btn btn-default btn-sm\" data-advice=\"delete\">\n                    <i class=\"icon-trash\"></i>Delete\n                  </button>\n                  <button class=\"btn btn-default btn-sm\" data-advice=\"cancel\">Cancel</button>\n                </span>\n                <a class=\"preactivationLink row\" rel=\"ColiBack\" href=\"{link}AdminModules{/link}&install=ColiBack&module_name=ColiBack&redirectconfig\" style=\"display: table; margin: 0; text-decoration: none;\">\n                  <img src=\"https://storage.googleapis.com/production-gamification-assets/premium/ColiBack.png\" class=\"advice-img img-thumbnail\">\n                  <img src=\"https://gamification.prestashop.com/api/getAdviceImg/1600159903573.png\" class=\"hide\">\n                  <p class=\"advice-description\" style=\"padding: 0 20px; display: table-cell; vertical-align: middle;\">Offer your customers a simple and efficient Europe return solution.</p>\n                </a>\n              </section>\n            </div>\n            <script>\n              $(document).ready( function () {\n                var link = $(\'#wrap_id_advice_1600159903573 .preactivationLink\')[0].href;\n                link = encodeURIComponent(link);\n                var newUrl = \'https://gamification.prestashop.com/get_advice_link.php?id_advice=1600159903573&url=\'+link;\n                $(\'#wrap_id_advice_1600159903573 .preactivationLink\')[0].href = newUrl;\n              });\n            </script>\n          </div>'),(44,2,'<div id=\"wrap_id_advice_1600159903573\">\n            <div class=\"col-lg-6\">\n              <section id=\"\" class=\"panel panel-advice\" style=\"position: relative; padding: 10px; min-height: 75px;\">\n                <a href=\"#\" id=\"1600159903573\" class=\"close_link gamification_premium_close\" style=\"display: none; position: absolute; top: 10px; right: 10px;\">\n                  <i class=\"icon-remove\"></i>\n                </a>\n                <span class=\"gamification-close-confirmation hide\">\n                  Are you sure?\n                  <button class=\"btn btn-default btn-sm\" data-advice=\"delete\">\n                    <i class=\"icon-trash\"></i>Delete\n                  </button>\n                  <button class=\"btn btn-default btn-sm\" data-advice=\"cancel\">Cancel</button>\n                </span>\n                <a class=\"preactivationLink row\" rel=\"ColiBack\" href=\"{link}AdminModules{/link}&install=ColiBack&module_name=ColiBack&redirectconfig\" style=\"display: table; margin: 0; text-decoration: none;\">\n                  <img src=\"https://storage.googleapis.com/production-gamification-assets/premium/ColiBack.png\" class=\"advice-img img-thumbnail\">\n                  <img src=\"https://gamification.prestashop.com/api/getAdviceImg/1600159903573.png\" class=\"hide\">\n                  <p class=\"advice-description\" style=\"padding: 0 20px; display: table-cell; vertical-align: middle;\">Offer your customers a simple and efficient Europe return solution.</p>\n                </a>\n              </section>\n            </div>\n            <script>\n              $(document).ready( function () {\n                var link = $(\'#wrap_id_advice_1600159903573 .preactivationLink\')[0].href;\n                link = encodeURIComponent(link);\n                var newUrl = \'https://gamification.prestashop.com/get_advice_link.php?id_advice=1600159903573&url=\'+link;\n                $(\'#wrap_id_advice_1600159903573 .preactivationLink\')[0].href = newUrl;\n              });\n            </script>\n          </div>'),(47,1,' <div id=\"wrap_id_advice_1587565713924\"> <section id=\"0_CM Commerce\" class=\"panel\" style=\"display:none\"> <header class=\"panel-heading\"> <span class=\"icon-lightbulb\"></span> Tips of the day </header> <div class=\"panel-body\" style=\"padding:0\"> <img class=\"img-responsive\" src=\"https://storage.googleapis.com/production-gamification-assets/tips/CM Commerce.png\" style=\"float:right; margin-left: 5px;\"> <img src=\"https://gamification.prestashop.com/api/getAdviceImg/1587565713924.png\"/> <p> <b>Did you know that brands who use product reviews in their abandoned cart emails, experience 5% to 15% increases in their recovery rate?</b> </p> <p> Did you know that brands who use product reviews in their abandoned cart emails, experience 5% to 15% increases in their recovery rate?\n </p> <span class=\"text-right\" style=\"float:right\"> <a class=\"btn btn-default\" target=\"_blank\" href=\"https://gamification.prestashop.com/get_advice_link.php?id_advice=1587565713924&url=https://addons.prestashop.com/en/remarketing-shopping-cart-abandonment/48652-cm-commerce.html%3Futm_source%3Dback-office%26utm_medium%3Dtipoftheday%26utm_campaign%3Dpartenariats%26utm_content%3DCM Commerce\"> More information? </a> </span> </div> </section><script> $(document).ready( function () { $(\'#\'+rand(0)+\'_CM Commerce\').show(); }); function rand(nbr){ return Math.floor(Math.random()*(nbr+1)); } </script> </div>'),(47,2,' <div id=\"wrap_id_advice_1587565713924\"> <section id=\"0_CM Commerce\" class=\"panel\" style=\"display:none\"> <header class=\"panel-heading\"> <span class=\"icon-lightbulb\"></span> Tips of the day </header> <div class=\"panel-body\" style=\"padding:0\"> <img class=\"img-responsive\" src=\"https://storage.googleapis.com/production-gamification-assets/tips/CM Commerce.png\" style=\"float:right; margin-left: 5px;\"> <img src=\"https://gamification.prestashop.com/api/getAdviceImg/1587565713924.png\"/> <p> <b>Did you know that brands who use product reviews in their abandoned cart emails, experience 5% to 15% increases in their recovery rate?</b> </p> <p> Did you know that brands who use product reviews in their abandoned cart emails, experience 5% to 15% increases in their recovery rate?\n </p> <span class=\"text-right\" style=\"float:right\"> <a class=\"btn btn-default\" target=\"_blank\" href=\"https://gamification.prestashop.com/get_advice_link.php?id_advice=1587565713924&url=https://addons.prestashop.com/en/remarketing-shopping-cart-abandonment/48652-cm-commerce.html%3Futm_source%3Dback-office%26utm_medium%3Dtipoftheday%26utm_campaign%3Dpartenariats%26utm_content%3DCM Commerce\"> More information? </a> </span> </div> </section><script> $(document).ready( function () { $(\'#\'+rand(0)+\'_CM Commerce\').show(); }); function rand(nbr){ return Math.floor(Math.random()*(nbr+1)); } </script> </div>'),(48,1,' <div id=\"wrap_id_advice_1600160505890\"> <section id=\"0_ColiBack\" class=\"panel\" style=\"display:none\"> <header class=\"panel-heading\"> <span class=\"icon-lightbulb\"></span> Tips of the day </header> <div class=\"panel-body\" style=\"padding:0\"> <img class=\"img-responsive\" src=\"https://storage.googleapis.com/production-gamification-assets/tips/ColiBack.png\" style=\"float:right; margin-left: 5px;\"> <img src=\"https://gamification.prestashop.com/api/getAdviceImg/1600160505890.png\"/> <p> <b>Offer your customers a simple and efficient Europe return solution.</b> </p> <p> ColiBack, your winning partner for returns management. Offer return label generation in France and Europe. Offer quality service to retain your customers. </p> <span class=\"text-right\" style=\"float:right\"> <a class=\"btn btn-default\" target=\"_blank\" href=\"https://gamification.prestashop.com/get_advice_link.php?id_advice=1600160505890&url=https://addons.prestashop.com/en/customer-service/48369-coliback-the-e-commerce-return-expert.html%3Futm_source%3Dback-office%26utm_medium%3Dtipoftheday%26utm_campaign%3Dpartenariats%26utm_content%3DColiBack\"> Download for free </a> </span> </div> </section><script> $(document).ready( function () { $(\'#\'+rand(0)+\'_ColiBack\').show(); }); function rand(nbr){ return Math.floor(Math.random()*(nbr+1)); } </script> </div>'),(48,2,' <div id=\"wrap_id_advice_1600160505890\"> <section id=\"0_ColiBack\" class=\"panel\" style=\"display:none\"> <header class=\"panel-heading\"> <span class=\"icon-lightbulb\"></span> Tips of the day </header> <div class=\"panel-body\" style=\"padding:0\"> <img class=\"img-responsive\" src=\"https://storage.googleapis.com/production-gamification-assets/tips/ColiBack.png\" style=\"float:right; margin-left: 5px;\"> <img src=\"https://gamification.prestashop.com/api/getAdviceImg/1600160505890.png\"/> <p> <b>Offer your customers a simple and efficient Europe return solution.</b> </p> <p> ColiBack, your winning partner for returns management. Offer return label generation in France and Europe. Offer quality service to retain your customers. </p> <span class=\"text-right\" style=\"float:right\"> <a class=\"btn btn-default\" target=\"_blank\" href=\"https://gamification.prestashop.com/get_advice_link.php?id_advice=1600160505890&url=https://addons.prestashop.com/en/customer-service/48369-coliback-the-e-commerce-return-expert.html%3Futm_source%3Dback-office%26utm_medium%3Dtipoftheday%26utm_campaign%3Dpartenariats%26utm_content%3DColiBack\"> Download for free </a> </span> </div> </section><script> $(document).ready( function () { $(\'#\'+rand(0)+\'_ColiBack\').show(); }); function rand(nbr){ return Math.floor(Math.random()*(nbr+1)); } </script> </div>'),(50,1,'<div id=\"wrap_id_advice_1587561359950\">\n            <div class=\"col-lg-6\">\n              <section id=\"\" class=\"panel panel-advice\" style=\"position: relative; padding: 10px; min-height: 75px;\">\n                <a href=\"#\" id=\"1587561359950\" class=\"close_link gamification_premium_close\" style=\"display: none; position: absolute; top: 10px; right: 10px;\">\n                  <i class=\"icon-remove\"></i>\n                </a>\n                <span class=\"gamification-close-confirmation hide\">\n                  Are you sure?\n                  <button class=\"btn btn-default btn-sm\" data-advice=\"delete\">\n                    <i class=\"icon-trash\"></i>Delete\n                  </button>\n                  <button class=\"btn btn-default btn-sm\" data-advice=\"cancel\">Cancel</button>\n                </span>\n                <a class=\"preactivationLink row\" rel=\"CM Commerce\" href=\"{link}AdminModules{/link}&install=CM Commerce&module_name=CM Commerce&redirectconfig\" style=\"display: table; margin: 0; text-decoration: none;\">\n                  <img src=\"https://storage.googleapis.com/production-gamification-assets/premium/CM Commerce.png\" class=\"advice-img img-thumbnail\">\n                  <img src=\"https://gamification.prestashop.com/api/getAdviceImg/1587561359950.png\" class=\"hide\">\n                  <p class=\"advice-description\" style=\"padding: 0 20px; display: table-cell; vertical-align: middle;\">Let us help you turn email into the #1 driver of growth for your eCommerce shop.</p>\n                </a>\n              </section>\n            </div>\n            <script>\n              $(document).ready( function () {\n                var link = $(\'#wrap_id_advice_1587561359950 .preactivationLink\')[0].href;\n                link = encodeURIComponent(link);\n                var newUrl = \'https://gamification.prestashop.com/get_advice_link.php?id_advice=1587561359950&url=\'+link;\n                $(\'#wrap_id_advice_1587561359950 .preactivationLink\')[0].href = newUrl;\n              });\n            </script>\n          </div>'),(50,2,'<div id=\"wrap_id_advice_1587561359950\">\n            <div class=\"col-lg-6\">\n              <section id=\"\" class=\"panel panel-advice\" style=\"position: relative; padding: 10px; min-height: 75px;\">\n                <a href=\"#\" id=\"1587561359950\" class=\"close_link gamification_premium_close\" style=\"display: none; position: absolute; top: 10px; right: 10px;\">\n                  <i class=\"icon-remove\"></i>\n                </a>\n                <span class=\"gamification-close-confirmation hide\">\n                  Are you sure?\n                  <button class=\"btn btn-default btn-sm\" data-advice=\"delete\">\n                    <i class=\"icon-trash\"></i>Delete\n                  </button>\n                  <button class=\"btn btn-default btn-sm\" data-advice=\"cancel\">Cancel</button>\n                </span>\n                <a class=\"preactivationLink row\" rel=\"CM Commerce\" href=\"{link}AdminModules{/link}&install=CM Commerce&module_name=CM Commerce&redirectconfig\" style=\"display: table; margin: 0; text-decoration: none;\">\n                  <img src=\"https://storage.googleapis.com/production-gamification-assets/premium/CM Commerce.png\" class=\"advice-img img-thumbnail\">\n                  <img src=\"https://gamification.prestashop.com/api/getAdviceImg/1587561359950.png\" class=\"hide\">\n                  <p class=\"advice-description\" style=\"padding: 0 20px; display: table-cell; vertical-align: middle;\">Let us help you turn email into the #1 driver of growth for your eCommerce shop.</p>\n                </a>\n              </section>\n            </div>\n            <script>\n              $(document).ready( function () {\n                var link = $(\'#wrap_id_advice_1587561359950 .preactivationLink\')[0].href;\n                link = encodeURIComponent(link);\n                var newUrl = \'https://gamification.prestashop.com/get_advice_link.php?id_advice=1587561359950&url=\'+link;\n                $(\'#wrap_id_advice_1587561359950 .preactivationLink\')[0].href = newUrl;\n              });\n            </script>\n          </div>'),(51,1,'<div id=\"wrap_id_advice_1600159903573\">\n            <div class=\"col-lg-6\">\n              <section id=\"\" class=\"panel panel-advice\" style=\"position: relative; padding: 10px; min-height: 75px;\">\n                <a href=\"#\" id=\"1600159903573\" class=\"close_link gamification_premium_close\" style=\"display: none; position: absolute; top: 10px; right: 10px;\">\n                  <i class=\"icon-remove\"></i>\n                </a>\n                <span class=\"gamification-close-confirmation hide\">\n                  Are you sure?\n                  <button class=\"btn btn-default btn-sm\" data-advice=\"delete\">\n                    <i class=\"icon-trash\"></i>Delete\n                  </button>\n                  <button class=\"btn btn-default btn-sm\" data-advice=\"cancel\">Cancel</button>\n                </span>\n                <a class=\"preactivationLink row\" rel=\"ColiBack\" href=\"{link}AdminModules{/link}&install=ColiBack&module_name=ColiBack&redirectconfig\" style=\"display: table; margin: 0; text-decoration: none;\">\n                  <img src=\"https://storage.googleapis.com/production-gamification-assets/premium/ColiBack.png\" class=\"advice-img img-thumbnail\">\n                  <img src=\"https://gamification.prestashop.com/api/getAdviceImg/1600159903573.png\" class=\"hide\">\n                  <p class=\"advice-description\" style=\"padding: 0 20px; display: table-cell; vertical-align: middle;\">Offer your customers a simple and efficient Europe return solution.</p>\n                </a>\n              </section>\n            </div>\n            <script>\n              $(document).ready( function () {\n                var link = $(\'#wrap_id_advice_1600159903573 .preactivationLink\')[0].href;\n                link = encodeURIComponent(link);\n                var newUrl = \'https://gamification.prestashop.com/get_advice_link.php?id_advice=1600159903573&url=\'+link;\n                $(\'#wrap_id_advice_1600159903573 .preactivationLink\')[0].href = newUrl;\n              });\n            </script>\n          </div>'),(51,2,'<div id=\"wrap_id_advice_1600159903573\">\n            <div class=\"col-lg-6\">\n              <section id=\"\" class=\"panel panel-advice\" style=\"position: relative; padding: 10px; min-height: 75px;\">\n                <a href=\"#\" id=\"1600159903573\" class=\"close_link gamification_premium_close\" style=\"display: none; position: absolute; top: 10px; right: 10px;\">\n                  <i class=\"icon-remove\"></i>\n                </a>\n                <span class=\"gamification-close-confirmation hide\">\n                  Are you sure?\n                  <button class=\"btn btn-default btn-sm\" data-advice=\"delete\">\n                    <i class=\"icon-trash\"></i>Delete\n                  </button>\n                  <button class=\"btn btn-default btn-sm\" data-advice=\"cancel\">Cancel</button>\n                </span>\n                <a class=\"preactivationLink row\" rel=\"ColiBack\" href=\"{link}AdminModules{/link}&install=ColiBack&module_name=ColiBack&redirectconfig\" style=\"display: table; margin: 0; text-decoration: none;\">\n                  <img src=\"https://storage.googleapis.com/production-gamification-assets/premium/ColiBack.png\" class=\"advice-img img-thumbnail\">\n                  <img src=\"https://gamification.prestashop.com/api/getAdviceImg/1600159903573.png\" class=\"hide\">\n                  <p class=\"advice-description\" style=\"padding: 0 20px; display: table-cell; vertical-align: middle;\">Offer your customers a simple and efficient Europe return solution.</p>\n                </a>\n              </section>\n            </div>\n            <script>\n              $(document).ready( function () {\n                var link = $(\'#wrap_id_advice_1600159903573 .preactivationLink\')[0].href;\n                link = encodeURIComponent(link);\n                var newUrl = \'https://gamification.prestashop.com/get_advice_link.php?id_advice=1600159903573&url=\'+link;\n                $(\'#wrap_id_advice_1600159903573 .preactivationLink\')[0].href = newUrl;\n              });\n            </script>\n          </div>'),(54,1,' <div id=\"wrap_id_advice_1587565713924\"> <section id=\"0_CM Commerce\" class=\"panel\" style=\"display:none\"> <header class=\"panel-heading\"> <span class=\"icon-lightbulb\"></span> Tips of the day </header> <div class=\"panel-body\" style=\"padding:0\"> <img class=\"img-responsive\" src=\"https://storage.googleapis.com/production-gamification-assets/tips/CM Commerce.png\" style=\"float:right; margin-left: 5px;\"> <img src=\"https://gamification.prestashop.com/api/getAdviceImg/1587565713924.png\"/> <p> <b>Did you know that brands who use product reviews in their abandoned cart emails, experience 5% to 15% increases in their recovery rate?</b> </p> <p> Did you know that brands who use product reviews in their abandoned cart emails, experience 5% to 15% increases in their recovery rate?\n </p> <span class=\"text-right\" style=\"float:right\"> <a class=\"btn btn-default\" target=\"_blank\" href=\"https://gamification.prestashop.com/get_advice_link.php?id_advice=1587565713924&url=https://addons.prestashop.com/en/remarketing-shopping-cart-abandonment/48652-cm-commerce.html%3Futm_source%3Dback-office%26utm_medium%3Dtipoftheday%26utm_campaign%3Dpartenariats%26utm_content%3DCM Commerce\"> More information? </a> </span> </div> </section><script> $(document).ready( function () { $(\'#\'+rand(0)+\'_CM Commerce\').show(); }); function rand(nbr){ return Math.floor(Math.random()*(nbr+1)); } </script> </div>'),(54,2,' <div id=\"wrap_id_advice_1587565713924\"> <section id=\"0_CM Commerce\" class=\"panel\" style=\"display:none\"> <header class=\"panel-heading\"> <span class=\"icon-lightbulb\"></span> Tips of the day </header> <div class=\"panel-body\" style=\"padding:0\"> <img class=\"img-responsive\" src=\"https://storage.googleapis.com/production-gamification-assets/tips/CM Commerce.png\" style=\"float:right; margin-left: 5px;\"> <img src=\"https://gamification.prestashop.com/api/getAdviceImg/1587565713924.png\"/> <p> <b>Did you know that brands who use product reviews in their abandoned cart emails, experience 5% to 15% increases in their recovery rate?</b> </p> <p> Did you know that brands who use product reviews in their abandoned cart emails, experience 5% to 15% increases in their recovery rate?\n </p> <span class=\"text-right\" style=\"float:right\"> <a class=\"btn btn-default\" target=\"_blank\" href=\"https://gamification.prestashop.com/get_advice_link.php?id_advice=1587565713924&url=https://addons.prestashop.com/en/remarketing-shopping-cart-abandonment/48652-cm-commerce.html%3Futm_source%3Dback-office%26utm_medium%3Dtipoftheday%26utm_campaign%3Dpartenariats%26utm_content%3DCM Commerce\"> More information? </a> </span> </div> </section><script> $(document).ready( function () { $(\'#\'+rand(0)+\'_CM Commerce\').show(); }); function rand(nbr){ return Math.floor(Math.random()*(nbr+1)); } </script> </div>'),(55,1,' <div id=\"wrap_id_advice_1600160505890\"> <section id=\"0_ColiBack\" class=\"panel\" style=\"display:none\"> <header class=\"panel-heading\"> <span class=\"icon-lightbulb\"></span> Tips of the day </header> <div class=\"panel-body\" style=\"padding:0\"> <img class=\"img-responsive\" src=\"https://storage.googleapis.com/production-gamification-assets/tips/ColiBack.png\" style=\"float:right; margin-left: 5px;\"> <img src=\"https://gamification.prestashop.com/api/getAdviceImg/1600160505890.png\"/> <p> <b>Offer your customers a simple and efficient Europe return solution.</b> </p> <p> ColiBack, your winning partner for returns management. Offer return label generation in France and Europe. Offer quality service to retain your customers. </p> <span class=\"text-right\" style=\"float:right\"> <a class=\"btn btn-default\" target=\"_blank\" href=\"https://gamification.prestashop.com/get_advice_link.php?id_advice=1600160505890&url=https://addons.prestashop.com/en/customer-service/48369-coliback-the-e-commerce-return-expert.html%3Futm_source%3Dback-office%26utm_medium%3Dtipoftheday%26utm_campaign%3Dpartenariats%26utm_content%3DColiBack\"> Download for free </a> </span> </div> </section><script> $(document).ready( function () { $(\'#\'+rand(0)+\'_ColiBack\').show(); }); function rand(nbr){ return Math.floor(Math.random()*(nbr+1)); } </script> </div>'),(55,2,' <div id=\"wrap_id_advice_1600160505890\"> <section id=\"0_ColiBack\" class=\"panel\" style=\"display:none\"> <header class=\"panel-heading\"> <span class=\"icon-lightbulb\"></span> Tips of the day </header> <div class=\"panel-body\" style=\"padding:0\"> <img class=\"img-responsive\" src=\"https://storage.googleapis.com/production-gamification-assets/tips/ColiBack.png\" style=\"float:right; margin-left: 5px;\"> <img src=\"https://gamification.prestashop.com/api/getAdviceImg/1600160505890.png\"/> <p> <b>Offer your customers a simple and efficient Europe return solution.</b> </p> <p> ColiBack, your winning partner for returns management. Offer return label generation in France and Europe. Offer quality service to retain your customers. </p> <span class=\"text-right\" style=\"float:right\"> <a class=\"btn btn-default\" target=\"_blank\" href=\"https://gamification.prestashop.com/get_advice_link.php?id_advice=1600160505890&url=https://addons.prestashop.com/en/customer-service/48369-coliback-the-e-commerce-return-expert.html%3Futm_source%3Dback-office%26utm_medium%3Dtipoftheday%26utm_campaign%3Dpartenariats%26utm_content%3DColiBack\"> Download for free </a> </span> </div> </section><script> $(document).ready( function () { $(\'#\'+rand(0)+\'_ColiBack\').show(); }); function rand(nbr){ return Math.floor(Math.random()*(nbr+1)); } </script> </div>'),(57,1,'<div id=\"wrap_id_advice_1587561359950\">\n            <div class=\"col-lg-6\">\n              <section id=\"\" class=\"panel panel-advice\" style=\"position: relative; padding: 10px; min-height: 75px;\">\n                <a href=\"#\" id=\"1587561359950\" class=\"close_link gamification_premium_close\" style=\"display: none; position: absolute; top: 10px; right: 10px;\">\n                  <i class=\"icon-remove\"></i>\n                </a>\n                <span class=\"gamification-close-confirmation hide\">\n                  Are you sure?\n                  <button class=\"btn btn-default btn-sm\" data-advice=\"delete\">\n                    <i class=\"icon-trash\"></i>Delete\n                  </button>\n                  <button class=\"btn btn-default btn-sm\" data-advice=\"cancel\">Cancel</button>\n                </span>\n                <a class=\"preactivationLink row\" rel=\"CM Commerce\" href=\"{link}AdminModules{/link}&install=CM Commerce&module_name=CM Commerce&redirectconfig\" style=\"display: table; margin: 0; text-decoration: none;\">\n                  <img src=\"https://storage.googleapis.com/production-gamification-assets/premium/CM Commerce.png\" class=\"advice-img img-thumbnail\">\n                  <img src=\"https://gamification.prestashop.com/api/getAdviceImg/1587561359950.png\" class=\"hide\">\n                  <p class=\"advice-description\" style=\"padding: 0 20px; display: table-cell; vertical-align: middle;\">Let us help you turn email into the #1 driver of growth for your eCommerce shop.</p>\n                </a>\n              </section>\n            </div>\n            <script>\n              $(document).ready( function () {\n                var link = $(\'#wrap_id_advice_1587561359950 .preactivationLink\')[0].href;\n                link = encodeURIComponent(link);\n                var newUrl = \'https://gamification.prestashop.com/get_advice_link.php?id_advice=1587561359950&url=\'+link;\n                $(\'#wrap_id_advice_1587561359950 .preactivationLink\')[0].href = newUrl;\n              });\n            </script>\n          </div>'),(57,2,'<div id=\"wrap_id_advice_1587561359950\">\n            <div class=\"col-lg-6\">\n              <section id=\"\" class=\"panel panel-advice\" style=\"position: relative; padding: 10px; min-height: 75px;\">\n                <a href=\"#\" id=\"1587561359950\" class=\"close_link gamification_premium_close\" style=\"display: none; position: absolute; top: 10px; right: 10px;\">\n                  <i class=\"icon-remove\"></i>\n                </a>\n                <span class=\"gamification-close-confirmation hide\">\n                  Are you sure?\n                  <button class=\"btn btn-default btn-sm\" data-advice=\"delete\">\n                    <i class=\"icon-trash\"></i>Delete\n                  </button>\n                  <button class=\"btn btn-default btn-sm\" data-advice=\"cancel\">Cancel</button>\n                </span>\n                <a class=\"preactivationLink row\" rel=\"CM Commerce\" href=\"{link}AdminModules{/link}&install=CM Commerce&module_name=CM Commerce&redirectconfig\" style=\"display: table; margin: 0; text-decoration: none;\">\n                  <img src=\"https://storage.googleapis.com/production-gamification-assets/premium/CM Commerce.png\" class=\"advice-img img-thumbnail\">\n                  <img src=\"https://gamification.prestashop.com/api/getAdviceImg/1587561359950.png\" class=\"hide\">\n                  <p class=\"advice-description\" style=\"padding: 0 20px; display: table-cell; vertical-align: middle;\">Let us help you turn email into the #1 driver of growth for your eCommerce shop.</p>\n                </a>\n              </section>\n            </div>\n            <script>\n              $(document).ready( function () {\n                var link = $(\'#wrap_id_advice_1587561359950 .preactivationLink\')[0].href;\n                link = encodeURIComponent(link);\n                var newUrl = \'https://gamification.prestashop.com/get_advice_link.php?id_advice=1587561359950&url=\'+link;\n                $(\'#wrap_id_advice_1587561359950 .preactivationLink\')[0].href = newUrl;\n              });\n            </script>\n          </div>'),(58,1,'<div id=\"wrap_id_advice_1600159903573\">\n            <div class=\"col-lg-6\">\n              <section id=\"\" class=\"panel panel-advice\" style=\"position: relative; padding: 10px; min-height: 75px;\">\n                <a href=\"#\" id=\"1600159903573\" class=\"close_link gamification_premium_close\" style=\"display: none; position: absolute; top: 10px; right: 10px;\">\n                  <i class=\"icon-remove\"></i>\n                </a>\n                <span class=\"gamification-close-confirmation hide\">\n                  Are you sure?\n                  <button class=\"btn btn-default btn-sm\" data-advice=\"delete\">\n                    <i class=\"icon-trash\"></i>Delete\n                  </button>\n                  <button class=\"btn btn-default btn-sm\" data-advice=\"cancel\">Cancel</button>\n                </span>\n                <a class=\"preactivationLink row\" rel=\"ColiBack\" href=\"{link}AdminModules{/link}&install=ColiBack&module_name=ColiBack&redirectconfig\" style=\"display: table; margin: 0; text-decoration: none;\">\n                  <img src=\"https://storage.googleapis.com/production-gamification-assets/premium/ColiBack.png\" class=\"advice-img img-thumbnail\">\n                  <img src=\"https://gamification.prestashop.com/api/getAdviceImg/1600159903573.png\" class=\"hide\">\n                  <p class=\"advice-description\" style=\"padding: 0 20px; display: table-cell; vertical-align: middle;\">Offer your customers a simple and efficient Europe return solution.</p>\n                </a>\n              </section>\n            </div>\n            <script>\n              $(document).ready( function () {\n                var link = $(\'#wrap_id_advice_1600159903573 .preactivationLink\')[0].href;\n                link = encodeURIComponent(link);\n                var newUrl = \'https://gamification.prestashop.com/get_advice_link.php?id_advice=1600159903573&url=\'+link;\n                $(\'#wrap_id_advice_1600159903573 .preactivationLink\')[0].href = newUrl;\n              });\n            </script>\n          </div>'),(58,2,'<div id=\"wrap_id_advice_1600159903573\">\n            <div class=\"col-lg-6\">\n              <section id=\"\" class=\"panel panel-advice\" style=\"position: relative; padding: 10px; min-height: 75px;\">\n                <a href=\"#\" id=\"1600159903573\" class=\"close_link gamification_premium_close\" style=\"display: none; position: absolute; top: 10px; right: 10px;\">\n                  <i class=\"icon-remove\"></i>\n                </a>\n                <span class=\"gamification-close-confirmation hide\">\n                  Are you sure?\n                  <button class=\"btn btn-default btn-sm\" data-advice=\"delete\">\n                    <i class=\"icon-trash\"></i>Delete\n                  </button>\n                  <button class=\"btn btn-default btn-sm\" data-advice=\"cancel\">Cancel</button>\n                </span>\n                <a class=\"preactivationLink row\" rel=\"ColiBack\" href=\"{link}AdminModules{/link}&install=ColiBack&module_name=ColiBack&redirectconfig\" style=\"display: table; margin: 0; text-decoration: none;\">\n                  <img src=\"https://storage.googleapis.com/production-gamification-assets/premium/ColiBack.png\" class=\"advice-img img-thumbnail\">\n                  <img src=\"https://gamification.prestashop.com/api/getAdviceImg/1600159903573.png\" class=\"hide\">\n                  <p class=\"advice-description\" style=\"padding: 0 20px; display: table-cell; vertical-align: middle;\">Offer your customers a simple and efficient Europe return solution.</p>\n                </a>\n              </section>\n            </div>\n            <script>\n              $(document).ready( function () {\n                var link = $(\'#wrap_id_advice_1600159903573 .preactivationLink\')[0].href;\n                link = encodeURIComponent(link);\n                var newUrl = \'https://gamification.prestashop.com/get_advice_link.php?id_advice=1600159903573&url=\'+link;\n                $(\'#wrap_id_advice_1600159903573 .preactivationLink\')[0].href = newUrl;\n              });\n            </script>\n          </div>'),(61,1,' <div id=\"wrap_id_advice_1587565713924\"> <section id=\"0_CM Commerce\" class=\"panel\" style=\"display:none\"> <header class=\"panel-heading\"> <span class=\"icon-lightbulb\"></span> Tips of the day </header> <div class=\"panel-body\" style=\"padding:0\"> <img class=\"img-responsive\" src=\"https://storage.googleapis.com/production-gamification-assets/tips/CM Commerce.png\" style=\"float:right; margin-left: 5px;\"> <img src=\"https://gamification.prestashop.com/api/getAdviceImg/1587565713924.png\"/> <p> <b>Did you know that brands who use product reviews in their abandoned cart emails, experience 5% to 15% increases in their recovery rate?</b> </p> <p> Did you know that brands who use product reviews in their abandoned cart emails, experience 5% to 15% increases in their recovery rate?\n </p> <span class=\"text-right\" style=\"float:right\"> <a class=\"btn btn-default\" target=\"_blank\" href=\"https://gamification.prestashop.com/get_advice_link.php?id_advice=1587565713924&url=https://addons.prestashop.com/en/remarketing-shopping-cart-abandonment/48652-cm-commerce.html%3Futm_source%3Dback-office%26utm_medium%3Dtipoftheday%26utm_campaign%3Dpartenariats%26utm_content%3DCM Commerce\"> More information? </a> </span> </div> </section><script> $(document).ready( function () { $(\'#\'+rand(0)+\'_CM Commerce\').show(); }); function rand(nbr){ return Math.floor(Math.random()*(nbr+1)); } </script> </div>'),(61,2,' <div id=\"wrap_id_advice_1587565713924\"> <section id=\"0_CM Commerce\" class=\"panel\" style=\"display:none\"> <header class=\"panel-heading\"> <span class=\"icon-lightbulb\"></span> Tips of the day </header> <div class=\"panel-body\" style=\"padding:0\"> <img class=\"img-responsive\" src=\"https://storage.googleapis.com/production-gamification-assets/tips/CM Commerce.png\" style=\"float:right; margin-left: 5px;\"> <img src=\"https://gamification.prestashop.com/api/getAdviceImg/1587565713924.png\"/> <p> <b>Did you know that brands who use product reviews in their abandoned cart emails, experience 5% to 15% increases in their recovery rate?</b> </p> <p> Did you know that brands who use product reviews in their abandoned cart emails, experience 5% to 15% increases in their recovery rate?\n </p> <span class=\"text-right\" style=\"float:right\"> <a class=\"btn btn-default\" target=\"_blank\" href=\"https://gamification.prestashop.com/get_advice_link.php?id_advice=1587565713924&url=https://addons.prestashop.com/en/remarketing-shopping-cart-abandonment/48652-cm-commerce.html%3Futm_source%3Dback-office%26utm_medium%3Dtipoftheday%26utm_campaign%3Dpartenariats%26utm_content%3DCM Commerce\"> More information? </a> </span> </div> </section><script> $(document).ready( function () { $(\'#\'+rand(0)+\'_CM Commerce\').show(); }); function rand(nbr){ return Math.floor(Math.random()*(nbr+1)); } </script> </div>'),(62,1,' <div id=\"wrap_id_advice_1600160505890\"> <section id=\"0_ColiBack\" class=\"panel\" style=\"display:none\"> <header class=\"panel-heading\"> <span class=\"icon-lightbulb\"></span> Tips of the day </header> <div class=\"panel-body\" style=\"padding:0\"> <img class=\"img-responsive\" src=\"https://storage.googleapis.com/production-gamification-assets/tips/ColiBack.png\" style=\"float:right; margin-left: 5px;\"> <img src=\"https://gamification.prestashop.com/api/getAdviceImg/1600160505890.png\"/> <p> <b>Offer your customers a simple and efficient Europe return solution.</b> </p> <p> ColiBack, your winning partner for returns management. Offer return label generation in France and Europe. Offer quality service to retain your customers. </p> <span class=\"text-right\" style=\"float:right\"> <a class=\"btn btn-default\" target=\"_blank\" href=\"https://gamification.prestashop.com/get_advice_link.php?id_advice=1600160505890&url=https://addons.prestashop.com/en/customer-service/48369-coliback-the-e-commerce-return-expert.html%3Futm_source%3Dback-office%26utm_medium%3Dtipoftheday%26utm_campaign%3Dpartenariats%26utm_content%3DColiBack\"> Download for free </a> </span> </div> </section><script> $(document).ready( function () { $(\'#\'+rand(0)+\'_ColiBack\').show(); }); function rand(nbr){ return Math.floor(Math.random()*(nbr+1)); } </script> </div>'),(62,2,' <div id=\"wrap_id_advice_1600160505890\"> <section id=\"0_ColiBack\" class=\"panel\" style=\"display:none\"> <header class=\"panel-heading\"> <span class=\"icon-lightbulb\"></span> Tips of the day </header> <div class=\"panel-body\" style=\"padding:0\"> <img class=\"img-responsive\" src=\"https://storage.googleapis.com/production-gamification-assets/tips/ColiBack.png\" style=\"float:right; margin-left: 5px;\"> <img src=\"https://gamification.prestashop.com/api/getAdviceImg/1600160505890.png\"/> <p> <b>Offer your customers a simple and efficient Europe return solution.</b> </p> <p> ColiBack, your winning partner for returns management. Offer return label generation in France and Europe. Offer quality service to retain your customers. </p> <span class=\"text-right\" style=\"float:right\"> <a class=\"btn btn-default\" target=\"_blank\" href=\"https://gamification.prestashop.com/get_advice_link.php?id_advice=1600160505890&url=https://addons.prestashop.com/en/customer-service/48369-coliback-the-e-commerce-return-expert.html%3Futm_source%3Dback-office%26utm_medium%3Dtipoftheday%26utm_campaign%3Dpartenariats%26utm_content%3DColiBack\"> Download for free </a> </span> </div> </section><script> $(document).ready( function () { $(\'#\'+rand(0)+\'_ColiBack\').show(); }); function rand(nbr){ return Math.floor(Math.random()*(nbr+1)); } </script> </div>'),(64,1,'<div id=\"wrap_id_advice_1587561359950\">\n            <div class=\"col-lg-6\">\n              <section id=\"\" class=\"panel panel-advice\" style=\"position: relative; padding: 10px; min-height: 75px;\">\n                <a href=\"#\" id=\"1587561359950\" class=\"close_link gamification_premium_close\" style=\"display: none; position: absolute; top: 10px; right: 10px;\">\n                  <i class=\"icon-remove\"></i>\n                </a>\n                <span class=\"gamification-close-confirmation hide\">\n                  Are you sure?\n                  <button class=\"btn btn-default btn-sm\" data-advice=\"delete\">\n                    <i class=\"icon-trash\"></i>Delete\n                  </button>\n                  <button class=\"btn btn-default btn-sm\" data-advice=\"cancel\">Cancel</button>\n                </span>\n                <a class=\"preactivationLink row\" rel=\"CM Commerce\" href=\"{link}AdminModules{/link}&install=CM Commerce&module_name=CM Commerce&redirectconfig\" style=\"display: table; margin: 0; text-decoration: none;\">\n                  <img src=\"https://storage.googleapis.com/production-gamification-assets/premium/CM Commerce.png\" class=\"advice-img img-thumbnail\">\n                  <img src=\"https://gamification.prestashop.com/api/getAdviceImg/1587561359950.png\" class=\"hide\">\n                  <p class=\"advice-description\" style=\"padding: 0 20px; display: table-cell; vertical-align: middle;\">Let us help you turn email into the #1 driver of growth for your eCommerce shop.</p>\n                </a>\n              </section>\n            </div>\n            <script>\n              $(document).ready( function () {\n                var link = $(\'#wrap_id_advice_1587561359950 .preactivationLink\')[0].href;\n                link = encodeURIComponent(link);\n                var newUrl = \'https://gamification.prestashop.com/get_advice_link.php?id_advice=1587561359950&url=\'+link;\n                $(\'#wrap_id_advice_1587561359950 .preactivationLink\')[0].href = newUrl;\n              });\n            </script>\n          </div>'),(64,2,'<div id=\"wrap_id_advice_1587561359950\">\n            <div class=\"col-lg-6\">\n              <section id=\"\" class=\"panel panel-advice\" style=\"position: relative; padding: 10px; min-height: 75px;\">\n                <a href=\"#\" id=\"1587561359950\" class=\"close_link gamification_premium_close\" style=\"display: none; position: absolute; top: 10px; right: 10px;\">\n                  <i class=\"icon-remove\"></i>\n                </a>\n                <span class=\"gamification-close-confirmation hide\">\n                  Are you sure?\n                  <button class=\"btn btn-default btn-sm\" data-advice=\"delete\">\n                    <i class=\"icon-trash\"></i>Delete\n                  </button>\n                  <button class=\"btn btn-default btn-sm\" data-advice=\"cancel\">Cancel</button>\n                </span>\n                <a class=\"preactivationLink row\" rel=\"CM Commerce\" href=\"{link}AdminModules{/link}&install=CM Commerce&module_name=CM Commerce&redirectconfig\" style=\"display: table; margin: 0; text-decoration: none;\">\n                  <img src=\"https://storage.googleapis.com/production-gamification-assets/premium/CM Commerce.png\" class=\"advice-img img-thumbnail\">\n                  <img src=\"https://gamification.prestashop.com/api/getAdviceImg/1587561359950.png\" class=\"hide\">\n                  <p class=\"advice-description\" style=\"padding: 0 20px; display: table-cell; vertical-align: middle;\">Let us help you turn email into the #1 driver of growth for your eCommerce shop.</p>\n                </a>\n              </section>\n            </div>\n            <script>\n              $(document).ready( function () {\n                var link = $(\'#wrap_id_advice_1587561359950 .preactivationLink\')[0].href;\n                link = encodeURIComponent(link);\n                var newUrl = \'https://gamification.prestashop.com/get_advice_link.php?id_advice=1587561359950&url=\'+link;\n                $(\'#wrap_id_advice_1587561359950 .preactivationLink\')[0].href = newUrl;\n              });\n            </script>\n          </div>'),(65,1,'<div id=\"wrap_id_advice_1600159903573\">\n            <div class=\"col-lg-6\">\n              <section id=\"\" class=\"panel panel-advice\" style=\"position: relative; padding: 10px; min-height: 75px;\">\n                <a href=\"#\" id=\"1600159903573\" class=\"close_link gamification_premium_close\" style=\"display: none; position: absolute; top: 10px; right: 10px;\">\n                  <i class=\"icon-remove\"></i>\n                </a>\n                <span class=\"gamification-close-confirmation hide\">\n                  Are you sure?\n                  <button class=\"btn btn-default btn-sm\" data-advice=\"delete\">\n                    <i class=\"icon-trash\"></i>Delete\n                  </button>\n                  <button class=\"btn btn-default btn-sm\" data-advice=\"cancel\">Cancel</button>\n                </span>\n                <a class=\"preactivationLink row\" rel=\"ColiBack\" href=\"{link}AdminModules{/link}&install=ColiBack&module_name=ColiBack&redirectconfig\" style=\"display: table; margin: 0; text-decoration: none;\">\n                  <img src=\"https://storage.googleapis.com/production-gamification-assets/premium/ColiBack.png\" class=\"advice-img img-thumbnail\">\n                  <img src=\"https://gamification.prestashop.com/api/getAdviceImg/1600159903573.png\" class=\"hide\">\n                  <p class=\"advice-description\" style=\"padding: 0 20px; display: table-cell; vertical-align: middle;\">Offer your customers a simple and efficient Europe return solution.</p>\n                </a>\n              </section>\n            </div>\n            <script>\n              $(document).ready( function () {\n                var link = $(\'#wrap_id_advice_1600159903573 .preactivationLink\')[0].href;\n                link = encodeURIComponent(link);\n                var newUrl = \'https://gamification.prestashop.com/get_advice_link.php?id_advice=1600159903573&url=\'+link;\n                $(\'#wrap_id_advice_1600159903573 .preactivationLink\')[0].href = newUrl;\n              });\n            </script>\n          </div>'),(65,2,'<div id=\"wrap_id_advice_1600159903573\">\n            <div class=\"col-lg-6\">\n              <section id=\"\" class=\"panel panel-advice\" style=\"position: relative; padding: 10px; min-height: 75px;\">\n                <a href=\"#\" id=\"1600159903573\" class=\"close_link gamification_premium_close\" style=\"display: none; position: absolute; top: 10px; right: 10px;\">\n                  <i class=\"icon-remove\"></i>\n                </a>\n                <span class=\"gamification-close-confirmation hide\">\n                  Are you sure?\n                  <button class=\"btn btn-default btn-sm\" data-advice=\"delete\">\n                    <i class=\"icon-trash\"></i>Delete\n                  </button>\n                  <button class=\"btn btn-default btn-sm\" data-advice=\"cancel\">Cancel</button>\n                </span>\n                <a class=\"preactivationLink row\" rel=\"ColiBack\" href=\"{link}AdminModules{/link}&install=ColiBack&module_name=ColiBack&redirectconfig\" style=\"display: table; margin: 0; text-decoration: none;\">\n                  <img src=\"https://storage.googleapis.com/production-gamification-assets/premium/ColiBack.png\" class=\"advice-img img-thumbnail\">\n                  <img src=\"https://gamification.prestashop.com/api/getAdviceImg/1600159903573.png\" class=\"hide\">\n                  <p class=\"advice-description\" style=\"padding: 0 20px; display: table-cell; vertical-align: middle;\">Offer your customers a simple and efficient Europe return solution.</p>\n                </a>\n              </section>\n            </div>\n            <script>\n              $(document).ready( function () {\n                var link = $(\'#wrap_id_advice_1600159903573 .preactivationLink\')[0].href;\n                link = encodeURIComponent(link);\n                var newUrl = \'https://gamification.prestashop.com/get_advice_link.php?id_advice=1600159903573&url=\'+link;\n                $(\'#wrap_id_advice_1600159903573 .preactivationLink\')[0].href = newUrl;\n              });\n            </script>\n          </div>'),(68,1,' <div id=\"wrap_id_advice_1587565713924\"> <section id=\"0_CM Commerce\" class=\"panel\" style=\"display:none\"> <header class=\"panel-heading\"> <span class=\"icon-lightbulb\"></span> Tips of the day </header> <div class=\"panel-body\" style=\"padding:0\"> <img class=\"img-responsive\" src=\"https://storage.googleapis.com/production-gamification-assets/tips/CM Commerce.png\" style=\"float:right; margin-left: 5px;\"> <img src=\"https://gamification.prestashop.com/api/getAdviceImg/1587565713924.png\"/> <p> <b>Did you know that brands who use product reviews in their abandoned cart emails, experience 5% to 15% increases in their recovery rate?</b> </p> <p> Did you know that brands who use product reviews in their abandoned cart emails, experience 5% to 15% increases in their recovery rate?\n </p> <span class=\"text-right\" style=\"float:right\"> <a class=\"btn btn-default\" target=\"_blank\" href=\"https://gamification.prestashop.com/get_advice_link.php?id_advice=1587565713924&url=https://addons.prestashop.com/en/remarketing-shopping-cart-abandonment/48652-cm-commerce.html%3Futm_source%3Dback-office%26utm_medium%3Dtipoftheday%26utm_campaign%3Dpartenariats%26utm_content%3DCM Commerce\"> More information? </a> </span> </div> </section><script> $(document).ready( function () { $(\'#\'+rand(0)+\'_CM Commerce\').show(); }); function rand(nbr){ return Math.floor(Math.random()*(nbr+1)); } </script> </div>'),(68,2,' <div id=\"wrap_id_advice_1587565713924\"> <section id=\"0_CM Commerce\" class=\"panel\" style=\"display:none\"> <header class=\"panel-heading\"> <span class=\"icon-lightbulb\"></span> Tips of the day </header> <div class=\"panel-body\" style=\"padding:0\"> <img class=\"img-responsive\" src=\"https://storage.googleapis.com/production-gamification-assets/tips/CM Commerce.png\" style=\"float:right; margin-left: 5px;\"> <img src=\"https://gamification.prestashop.com/api/getAdviceImg/1587565713924.png\"/> <p> <b>Did you know that brands who use product reviews in their abandoned cart emails, experience 5% to 15% increases in their recovery rate?</b> </p> <p> Did you know that brands who use product reviews in their abandoned cart emails, experience 5% to 15% increases in their recovery rate?\n </p> <span class=\"text-right\" style=\"float:right\"> <a class=\"btn btn-default\" target=\"_blank\" href=\"https://gamification.prestashop.com/get_advice_link.php?id_advice=1587565713924&url=https://addons.prestashop.com/en/remarketing-shopping-cart-abandonment/48652-cm-commerce.html%3Futm_source%3Dback-office%26utm_medium%3Dtipoftheday%26utm_campaign%3Dpartenariats%26utm_content%3DCM Commerce\"> More information? </a> </span> </div> </section><script> $(document).ready( function () { $(\'#\'+rand(0)+\'_CM Commerce\').show(); }); function rand(nbr){ return Math.floor(Math.random()*(nbr+1)); } </script> </div>'),(69,1,' <div id=\"wrap_id_advice_1600160505890\"> <section id=\"0_ColiBack\" class=\"panel\" style=\"display:none\"> <header class=\"panel-heading\"> <span class=\"icon-lightbulb\"></span> Tips of the day </header> <div class=\"panel-body\" style=\"padding:0\"> <img class=\"img-responsive\" src=\"https://storage.googleapis.com/production-gamification-assets/tips/ColiBack.png\" style=\"float:right; margin-left: 5px;\"> <img src=\"https://gamification.prestashop.com/api/getAdviceImg/1600160505890.png\"/> <p> <b>Offer your customers a simple and efficient Europe return solution.</b> </p> <p> ColiBack, your winning partner for returns management. Offer return label generation in France and Europe. Offer quality service to retain your customers. </p> <span class=\"text-right\" style=\"float:right\"> <a class=\"btn btn-default\" target=\"_blank\" href=\"https://gamification.prestashop.com/get_advice_link.php?id_advice=1600160505890&url=https://addons.prestashop.com/en/customer-service/48369-coliback-the-e-commerce-return-expert.html%3Futm_source%3Dback-office%26utm_medium%3Dtipoftheday%26utm_campaign%3Dpartenariats%26utm_content%3DColiBack\"> Download for free </a> </span> </div> </section><script> $(document).ready( function () { $(\'#\'+rand(0)+\'_ColiBack\').show(); }); function rand(nbr){ return Math.floor(Math.random()*(nbr+1)); } </script> </div>'),(69,2,' <div id=\"wrap_id_advice_1600160505890\"> <section id=\"0_ColiBack\" class=\"panel\" style=\"display:none\"> <header class=\"panel-heading\"> <span class=\"icon-lightbulb\"></span> Tips of the day </header> <div class=\"panel-body\" style=\"padding:0\"> <img class=\"img-responsive\" src=\"https://storage.googleapis.com/production-gamification-assets/tips/ColiBack.png\" style=\"float:right; margin-left: 5px;\"> <img src=\"https://gamification.prestashop.com/api/getAdviceImg/1600160505890.png\"/> <p> <b>Offer your customers a simple and efficient Europe return solution.</b> </p> <p> ColiBack, your winning partner for returns management. Offer return label generation in France and Europe. Offer quality service to retain your customers. </p> <span class=\"text-right\" style=\"float:right\"> <a class=\"btn btn-default\" target=\"_blank\" href=\"https://gamification.prestashop.com/get_advice_link.php?id_advice=1600160505890&url=https://addons.prestashop.com/en/customer-service/48369-coliback-the-e-commerce-return-expert.html%3Futm_source%3Dback-office%26utm_medium%3Dtipoftheday%26utm_campaign%3Dpartenariats%26utm_content%3DColiBack\"> Download for free </a> </span> </div> </section><script> $(document).ready( function () { $(\'#\'+rand(0)+\'_ColiBack\').show(); }); function rand(nbr){ return Math.floor(Math.random()*(nbr+1)); } </script> </div>'),(71,1,'<div id=\"wrap_id_advice_1587561359950\">\n            <div class=\"col-lg-6\">\n              <section id=\"\" class=\"panel panel-advice\" style=\"position: relative; padding: 10px; min-height: 75px;\">\n                <a href=\"#\" id=\"1587561359950\" class=\"close_link gamification_premium_close\" style=\"display: none; position: absolute; top: 10px; right: 10px;\">\n                  <i class=\"icon-remove\"></i>\n                </a>\n                <span class=\"gamification-close-confirmation hide\">\n                  Are you sure?\n                  <button class=\"btn btn-default btn-sm\" data-advice=\"delete\">\n                    <i class=\"icon-trash\"></i>Delete\n                  </button>\n                  <button class=\"btn btn-default btn-sm\" data-advice=\"cancel\">Cancel</button>\n                </span>\n                <a class=\"preactivationLink row\" rel=\"CM Commerce\" href=\"{link}AdminModules{/link}&install=CM Commerce&module_name=CM Commerce&redirectconfig\" style=\"display: table; margin: 0; text-decoration: none;\">\n                  <img src=\"https://storage.googleapis.com/production-gamification-assets/premium/CM Commerce.png\" class=\"advice-img img-thumbnail\">\n                  <img src=\"https://gamification.prestashop.com/api/getAdviceImg/1587561359950.png\" class=\"hide\">\n                  <p class=\"advice-description\" style=\"padding: 0 20px; display: table-cell; vertical-align: middle;\">Let us help you turn email into the #1 driver of growth for your eCommerce shop.</p>\n                </a>\n              </section>\n            </div>\n            <script>\n              $(document).ready( function () {\n                var link = $(\'#wrap_id_advice_1587561359950 .preactivationLink\')[0].href;\n                link = encodeURIComponent(link);\n                var newUrl = \'https://gamification.prestashop.com/get_advice_link.php?id_advice=1587561359950&url=\'+link;\n                $(\'#wrap_id_advice_1587561359950 .preactivationLink\')[0].href = newUrl;\n              });\n            </script>\n          </div>'),(71,2,'<div id=\"wrap_id_advice_1587561359950\">\n            <div class=\"col-lg-6\">\n              <section id=\"\" class=\"panel panel-advice\" style=\"position: relative; padding: 10px; min-height: 75px;\">\n                <a href=\"#\" id=\"1587561359950\" class=\"close_link gamification_premium_close\" style=\"display: none; position: absolute; top: 10px; right: 10px;\">\n                  <i class=\"icon-remove\"></i>\n                </a>\n                <span class=\"gamification-close-confirmation hide\">\n                  Are you sure?\n                  <button class=\"btn btn-default btn-sm\" data-advice=\"delete\">\n                    <i class=\"icon-trash\"></i>Delete\n                  </button>\n                  <button class=\"btn btn-default btn-sm\" data-advice=\"cancel\">Cancel</button>\n                </span>\n                <a class=\"preactivationLink row\" rel=\"CM Commerce\" href=\"{link}AdminModules{/link}&install=CM Commerce&module_name=CM Commerce&redirectconfig\" style=\"display: table; margin: 0; text-decoration: none;\">\n                  <img src=\"https://storage.googleapis.com/production-gamification-assets/premium/CM Commerce.png\" class=\"advice-img img-thumbnail\">\n                  <img src=\"https://gamification.prestashop.com/api/getAdviceImg/1587561359950.png\" class=\"hide\">\n                  <p class=\"advice-description\" style=\"padding: 0 20px; display: table-cell; vertical-align: middle;\">Let us help you turn email into the #1 driver of growth for your eCommerce shop.</p>\n                </a>\n              </section>\n            </div>\n            <script>\n              $(document).ready( function () {\n                var link = $(\'#wrap_id_advice_1587561359950 .preactivationLink\')[0].href;\n                link = encodeURIComponent(link);\n                var newUrl = \'https://gamification.prestashop.com/get_advice_link.php?id_advice=1587561359950&url=\'+link;\n                $(\'#wrap_id_advice_1587561359950 .preactivationLink\')[0].href = newUrl;\n              });\n            </script>\n          </div>'),(72,1,'<div id=\"wrap_id_advice_1600159903573\">\n            <div class=\"col-lg-6\">\n              <section id=\"\" class=\"panel panel-advice\" style=\"position: relative; padding: 10px; min-height: 75px;\">\n                <a href=\"#\" id=\"1600159903573\" class=\"close_link gamification_premium_close\" style=\"display: none; position: absolute; top: 10px; right: 10px;\">\n                  <i class=\"icon-remove\"></i>\n                </a>\n                <span class=\"gamification-close-confirmation hide\">\n                  Are you sure?\n                  <button class=\"btn btn-default btn-sm\" data-advice=\"delete\">\n                    <i class=\"icon-trash\"></i>Delete\n                  </button>\n                  <button class=\"btn btn-default btn-sm\" data-advice=\"cancel\">Cancel</button>\n                </span>\n                <a class=\"preactivationLink row\" rel=\"ColiBack\" href=\"{link}AdminModules{/link}&install=ColiBack&module_name=ColiBack&redirectconfig\" style=\"display: table; margin: 0; text-decoration: none;\">\n                  <img src=\"https://storage.googleapis.com/production-gamification-assets/premium/ColiBack.png\" class=\"advice-img img-thumbnail\">\n                  <img src=\"https://gamification.prestashop.com/api/getAdviceImg/1600159903573.png\" class=\"hide\">\n                  <p class=\"advice-description\" style=\"padding: 0 20px; display: table-cell; vertical-align: middle;\">Offer your customers a simple and efficient Europe return solution.</p>\n                </a>\n              </section>\n            </div>\n            <script>\n              $(document).ready( function () {\n                var link = $(\'#wrap_id_advice_1600159903573 .preactivationLink\')[0].href;\n                link = encodeURIComponent(link);\n                var newUrl = \'https://gamification.prestashop.com/get_advice_link.php?id_advice=1600159903573&url=\'+link;\n                $(\'#wrap_id_advice_1600159903573 .preactivationLink\')[0].href = newUrl;\n              });\n            </script>\n          </div>'),(72,2,'<div id=\"wrap_id_advice_1600159903573\">\n            <div class=\"col-lg-6\">\n              <section id=\"\" class=\"panel panel-advice\" style=\"position: relative; padding: 10px; min-height: 75px;\">\n                <a href=\"#\" id=\"1600159903573\" class=\"close_link gamification_premium_close\" style=\"display: none; position: absolute; top: 10px; right: 10px;\">\n                  <i class=\"icon-remove\"></i>\n                </a>\n                <span class=\"gamification-close-confirmation hide\">\n                  Are you sure?\n                  <button class=\"btn btn-default btn-sm\" data-advice=\"delete\">\n                    <i class=\"icon-trash\"></i>Delete\n                  </button>\n                  <button class=\"btn btn-default btn-sm\" data-advice=\"cancel\">Cancel</button>\n                </span>\n                <a class=\"preactivationLink row\" rel=\"ColiBack\" href=\"{link}AdminModules{/link}&install=ColiBack&module_name=ColiBack&redirectconfig\" style=\"display: table; margin: 0; text-decoration: none;\">\n                  <img src=\"https://storage.googleapis.com/production-gamification-assets/premium/ColiBack.png\" class=\"advice-img img-thumbnail\">\n                  <img src=\"https://gamification.prestashop.com/api/getAdviceImg/1600159903573.png\" class=\"hide\">\n                  <p class=\"advice-description\" style=\"padding: 0 20px; display: table-cell; vertical-align: middle;\">Offer your customers a simple and efficient Europe return solution.</p>\n                </a>\n              </section>\n            </div>\n            <script>\n              $(document).ready( function () {\n                var link = $(\'#wrap_id_advice_1600159903573 .preactivationLink\')[0].href;\n                link = encodeURIComponent(link);\n                var newUrl = \'https://gamification.prestashop.com/get_advice_link.php?id_advice=1600159903573&url=\'+link;\n                $(\'#wrap_id_advice_1600159903573 .preactivationLink\')[0].href = newUrl;\n              });\n            </script>\n          </div>'),(100,1,'<div id=\"wrap_id_advice_87436260\">\n            <div class=\"col-lg-6\">\n              <section id=\"\" class=\"panel panel-advice\" style=\"position: relative; padding: 10px; min-height: 75px;\">\n                <a href=\"#\" id=\"87436260\" class=\"close_link gamification_premium_close\" style=\"display: none; position: absolute; top: 10px; right: 10px;\">\n                  <i class=\"icon-remove\"></i>\n                </a>\n                <span class=\"gamification-close-confirmation hide\">\n                  Are you sure?\n                  <button class=\"btn btn-default btn-sm\" data-advice=\"delete\">\n                    <i class=\"icon-trash\"></i>Delete\n                  </button>\n                  <button class=\"btn btn-default btn-sm\" data-advice=\"cancel\">Cancel</button>\n                </span>\n                <a class=\"preactivationLink row\" rel=\"CM Commerce\" href=\"{link}AdminModules{/link}&install=CM Commerce&module_name=CM Commerce&redirectconfig\" style=\"display: table; margin: 0; text-decoration: none;\">\n                  <img src=\"https://storage.googleapis.com/production-gamification-assets/premium/CM Commerce.png\" class=\"advice-img img-thumbnail\">\n                  <img src=\"https://gamification.prestashop.com/api/getAdviceImg/87436260.png\" class=\"hide\">\n                  <p class=\"advice-description\" style=\"padding: 0 20px; display: table-cell; vertical-align: middle;\">Let us help you turn email into the #1 driver of growth for your eCommerce shop.</p>\n                </a>\n              </section>\n            </div>\n            <script>\n              $(document).ready( function () {\n                var link = $(\'#wrap_id_advice_87436260 .preactivationLink\')[0].href;\n                link = encodeURIComponent(link);\n                var newUrl = \'https://gamification.prestashop.com/get_advice_link.php?id_advice=87436260&url=\'+link;\n                $(\'#wrap_id_advice_87436260 .preactivationLink\')[0].href = newUrl;\n              });\n            </script>\n          </div>'),(100,2,'<div id=\"wrap_id_advice_87436260\">\n            <div class=\"col-lg-6\">\n              <section id=\"\" class=\"panel panel-advice\" style=\"position: relative; padding: 10px; min-height: 75px;\">\n                <a href=\"#\" id=\"87436260\" class=\"close_link gamification_premium_close\" style=\"display: none; position: absolute; top: 10px; right: 10px;\">\n                  <i class=\"icon-remove\"></i>\n                </a>\n                <span class=\"gamification-close-confirmation hide\">\n                  Are you sure?\n                  <button class=\"btn btn-default btn-sm\" data-advice=\"delete\">\n                    <i class=\"icon-trash\"></i>Delete\n                  </button>\n                  <button class=\"btn btn-default btn-sm\" data-advice=\"cancel\">Cancel</button>\n                </span>\n                <a class=\"preactivationLink row\" rel=\"CM Commerce\" href=\"{link}AdminModules{/link}&install=CM Commerce&module_name=CM Commerce&redirectconfig\" style=\"display: table; margin: 0; text-decoration: none;\">\n                  <img src=\"https://storage.googleapis.com/production-gamification-assets/premium/CM Commerce.png\" class=\"advice-img img-thumbnail\">\n                  <img src=\"https://gamification.prestashop.com/api/getAdviceImg/87436260.png\" class=\"hide\">\n                  <p class=\"advice-description\" style=\"padding: 0 20px; display: table-cell; vertical-align: middle;\">Let us help you turn email into the #1 driver of growth for your eCommerce shop.</p>\n                </a>\n              </section>\n            </div>\n            <script>\n              $(document).ready( function () {\n                var link = $(\'#wrap_id_advice_87436260 .preactivationLink\')[0].href;\n                link = encodeURIComponent(link);\n                var newUrl = \'https://gamification.prestashop.com/get_advice_link.php?id_advice=87436260&url=\'+link;\n                $(\'#wrap_id_advice_87436260 .preactivationLink\')[0].href = newUrl;\n              });\n            </script>\n          </div>'),(101,1,'<div id=\"wrap_id_advice_64247636\">\n            <div class=\"col-lg-6\">\n              <section id=\"\" class=\"panel panel-advice\" style=\"position: relative; padding: 10px; min-height: 75px;\">\n                <a href=\"#\" id=\"64247636\" class=\"close_link gamification_premium_close\" style=\"display: none; position: absolute; top: 10px; right: 10px;\">\n                  <i class=\"icon-remove\"></i>\n                </a>\n                <span class=\"gamification-close-confirmation hide\">\n                  Are you sure?\n                  <button class=\"btn btn-default btn-sm\" data-advice=\"delete\">\n                    <i class=\"icon-trash\"></i>Delete\n                  </button>\n                  <button class=\"btn btn-default btn-sm\" data-advice=\"cancel\">Cancel</button>\n                </span>\n                <a class=\"preactivationLink row\" rel=\"ColiBack\" href=\"{link}AdminModules{/link}&install=ColiBack&module_name=ColiBack&redirectconfig\" style=\"display: table; margin: 0; text-decoration: none;\">\n                  <img src=\"https://storage.googleapis.com/production-gamification-assets/premium/ColiBack.png\" class=\"advice-img img-thumbnail\">\n                  <img src=\"https://gamification.prestashop.com/api/getAdviceImg/64247636.png\" class=\"hide\">\n                  <p class=\"advice-description\" style=\"padding: 0 20px; display: table-cell; vertical-align: middle;\">Offer your customers a simple and efficient Europe return solution.</p>\n                </a>\n              </section>\n            </div>\n            <script>\n              $(document).ready( function () {\n                var link = $(\'#wrap_id_advice_64247636 .preactivationLink\')[0].href;\n                link = encodeURIComponent(link);\n                var newUrl = \'https://gamification.prestashop.com/get_advice_link.php?id_advice=64247636&url=\'+link;\n                $(\'#wrap_id_advice_64247636 .preactivationLink\')[0].href = newUrl;\n              });\n            </script>\n          </div>'),(101,2,'<div id=\"wrap_id_advice_64247636\">\n            <div class=\"col-lg-6\">\n              <section id=\"\" class=\"panel panel-advice\" style=\"position: relative; padding: 10px; min-height: 75px;\">\n                <a href=\"#\" id=\"64247636\" class=\"close_link gamification_premium_close\" style=\"display: none; position: absolute; top: 10px; right: 10px;\">\n                  <i class=\"icon-remove\"></i>\n                </a>\n                <span class=\"gamification-close-confirmation hide\">\n                  Are you sure?\n                  <button class=\"btn btn-default btn-sm\" data-advice=\"delete\">\n                    <i class=\"icon-trash\"></i>Delete\n                  </button>\n                  <button class=\"btn btn-default btn-sm\" data-advice=\"cancel\">Cancel</button>\n                </span>\n                <a class=\"preactivationLink row\" rel=\"ColiBack\" href=\"{link}AdminModules{/link}&install=ColiBack&module_name=ColiBack&redirectconfig\" style=\"display: table; margin: 0; text-decoration: none;\">\n                  <img src=\"https://storage.googleapis.com/production-gamification-assets/premium/ColiBack.png\" class=\"advice-img img-thumbnail\">\n                  <img src=\"https://gamification.prestashop.com/api/getAdviceImg/64247636.png\" class=\"hide\">\n                  <p class=\"advice-description\" style=\"padding: 0 20px; display: table-cell; vertical-align: middle;\">Offer your customers a simple and efficient Europe return solution.</p>\n                </a>\n              </section>\n            </div>\n            <script>\n              $(document).ready( function () {\n                var link = $(\'#wrap_id_advice_64247636 .preactivationLink\')[0].href;\n                link = encodeURIComponent(link);\n                var newUrl = \'https://gamification.prestashop.com/get_advice_link.php?id_advice=64247636&url=\'+link;\n                $(\'#wrap_id_advice_64247636 .preactivationLink\')[0].href = newUrl;\n              });\n            </script>\n          </div>'),(102,1,'<div id=\"wrap_id_advice_24036728\">\n            <div class=\"col-lg-6\">\n              <section id=\"\" class=\"panel panel-advice\" style=\"position: relative; padding: 10px; min-height: 75px;\">\n                <a href=\"#\" id=\"24036728\" class=\"close_link gamification_premium_close\" style=\"display: none; position: absolute; top: 10px; right: 10px;\">\n                  <i class=\"icon-remove\"></i>\n                </a>\n                <span class=\"gamification-close-confirmation hide\">\n                  Are you sure?\n                  <button class=\"btn btn-default btn-sm\" data-advice=\"delete\">\n                    <i class=\"icon-trash\"></i>Delete\n                  </button>\n                  <button class=\"btn btn-default btn-sm\" data-advice=\"cancel\">Cancel</button>\n                </span>\n                <a class=\"preactivationLink row\" rel=\"cleverecommerce\" href=\"{link}AdminModules{/link}&install=cleverecommerce&module_name=cleverecommerce&redirectconfig\" style=\"display: table; margin: 0; text-decoration: none;\">\n                  <img src=\"https://storage.googleapis.com/production-gamification-assets/premium/cleverecommerce.png\" class=\"advice-img img-thumbnail\">\n                  <img src=\"https://gamification.prestashop.com/api/getAdviceImg/24036728.png\" class=\"hide\">\n                  <p class=\"advice-description\" style=\"padding: 0 20px; display: table-cell; vertical-align: middle;\">Get your Google Ads campaigns created. Promote your store on Google now!</p>\n                </a>\n              </section>\n            </div>\n            <script>\n              $(document).ready( function () {\n                var link = $(\'#wrap_id_advice_24036728 .preactivationLink\')[0].href;\n                link = encodeURIComponent(link);\n                var newUrl = \'https://gamification.prestashop.com/get_advice_link.php?id_advice=24036728&url=\'+link;\n                $(\'#wrap_id_advice_24036728 .preactivationLink\')[0].href = newUrl;\n              });\n            </script>\n          </div>'),(102,2,'<div id=\"wrap_id_advice_24036728\">\n            <div class=\"col-lg-6\">\n              <section id=\"\" class=\"panel panel-advice\" style=\"position: relative; padding: 10px; min-height: 75px;\">\n                <a href=\"#\" id=\"24036728\" class=\"close_link gamification_premium_close\" style=\"display: none; position: absolute; top: 10px; right: 10px;\">\n                  <i class=\"icon-remove\"></i>\n                </a>\n                <span class=\"gamification-close-confirmation hide\">\n                  Are you sure?\n                  <button class=\"btn btn-default btn-sm\" data-advice=\"delete\">\n                    <i class=\"icon-trash\"></i>Delete\n                  </button>\n                  <button class=\"btn btn-default btn-sm\" data-advice=\"cancel\">Cancel</button>\n                </span>\n                <a class=\"preactivationLink row\" rel=\"cleverecommerce\" href=\"{link}AdminModules{/link}&install=cleverecommerce&module_name=cleverecommerce&redirectconfig\" style=\"display: table; margin: 0; text-decoration: none;\">\n                  <img src=\"https://storage.googleapis.com/production-gamification-assets/premium/cleverecommerce.png\" class=\"advice-img img-thumbnail\">\n                  <img src=\"https://gamification.prestashop.com/api/getAdviceImg/24036728.png\" class=\"hide\">\n                  <p class=\"advice-description\" style=\"padding: 0 20px; display: table-cell; vertical-align: middle;\">Get your Google Ads campaigns created. Promote your store on Google now!</p>\n                </a>\n              </section>\n            </div>\n            <script>\n              $(document).ready( function () {\n                var link = $(\'#wrap_id_advice_24036728 .preactivationLink\')[0].href;\n                link = encodeURIComponent(link);\n                var newUrl = \'https://gamification.prestashop.com/get_advice_link.php?id_advice=24036728&url=\'+link;\n                $(\'#wrap_id_advice_24036728 .preactivationLink\')[0].href = newUrl;\n              });\n            </script>\n          </div>'),(103,1,'<div id=\"wrap_id_advice_853\">\n            <div class=\"col-lg-6\">\n              <section id=\"\" class=\"panel panel-advice\" style=\"position: relative; padding: 10px; min-height: 75px;\">\n                <a href=\"#\" id=\"853\" class=\"close_link gamification_premium_close\" style=\"display: none; position: absolute; top: 10px; right: 10px;\">\n                  <i class=\"icon-remove\"></i>\n                </a>\n                <span class=\"gamification-close-confirmation hide\">\n                  Are you sure?\n                  <button class=\"btn btn-default btn-sm\" data-advice=\"delete\">\n                    <i class=\"icon-trash\"></i>Delete\n                  </button>\n                  <button class=\"btn btn-default btn-sm\" data-advice=\"cancel\">Cancel</button>\n                </span>\n                <a class=\"preactivationLink row\" rel=\"mailchimp\" href=\"{link}AdminModules{/link}&install=mailchimp&module_name=mailchimp&redirectconfig\" style=\"display: table; margin: 0; text-decoration: none;\">\n                  <img src=\"https://storage.googleapis.com/production-gamification-assets/premium/mailchimp.png\" class=\"advice-img img-thumbnail\">\n                  <img src=\"https://gamification.prestashop.com/api/getAdviceImg/853.png\" class=\"hide\">\n                  <p class=\"advice-description\" style=\"padding: 0 20px; display: table-cell; vertical-align: middle;\">Bolster sales and connect with your customers using MailChimp’s powerful tools. Configura ahora<br/></p>\n                </a>\n              </section>\n            </div>\n            <script>\n              $(document).ready( function () {\n                var link = $(\'#wrap_id_advice_853 .preactivationLink\')[0].href;\n                link = encodeURIComponent(link);\n                var newUrl = \'https://gamification.prestashop.com/get_advice_link.php?id_advice=853&url=\'+link;\n                $(\'#wrap_id_advice_853 .preactivationLink\')[0].href = newUrl;\n              });\n            </script>\n          </div>'),(103,2,'<div id=\"wrap_id_advice_853\">\n            <div class=\"col-lg-6\">\n              <section id=\"\" class=\"panel panel-advice\" style=\"position: relative; padding: 10px; min-height: 75px;\">\n                <a href=\"#\" id=\"853\" class=\"close_link gamification_premium_close\" style=\"display: none; position: absolute; top: 10px; right: 10px;\">\n                  <i class=\"icon-remove\"></i>\n                </a>\n                <span class=\"gamification-close-confirmation hide\">\n                  Are you sure?\n                  <button class=\"btn btn-default btn-sm\" data-advice=\"delete\">\n                    <i class=\"icon-trash\"></i>Delete\n                  </button>\n                  <button class=\"btn btn-default btn-sm\" data-advice=\"cancel\">Cancel</button>\n                </span>\n                <a class=\"preactivationLink row\" rel=\"mailchimp\" href=\"{link}AdminModules{/link}&install=mailchimp&module_name=mailchimp&redirectconfig\" style=\"display: table; margin: 0; text-decoration: none;\">\n                  <img src=\"https://storage.googleapis.com/production-gamification-assets/premium/mailchimp.png\" class=\"advice-img img-thumbnail\">\n                  <img src=\"https://gamification.prestashop.com/api/getAdviceImg/853.png\" class=\"hide\">\n                  <p class=\"advice-description\" style=\"padding: 0 20px; display: table-cell; vertical-align: middle;\">Bolster sales and connect with your customers using MailChimp’s powerful tools. Configura ahora<br/></p>\n                </a>\n              </section>\n            </div>\n            <script>\n              $(document).ready( function () {\n                var link = $(\'#wrap_id_advice_853 .preactivationLink\')[0].href;\n                link = encodeURIComponent(link);\n                var newUrl = \'https://gamification.prestashop.com/get_advice_link.php?id_advice=853&url=\'+link;\n                $(\'#wrap_id_advice_853 .preactivationLink\')[0].href = newUrl;\n              });\n            </script>\n          </div>'),(104,1,'<div id=\"wrap_id_advice_674\">\n            <div class=\"col-lg-6\">\n              <section id=\"\" class=\"panel panel-advice\" style=\"position: relative; padding: 10px; min-height: 75px;\">\n                <a href=\"#\" id=\"674\" class=\"close_link gamification_premium_close\" style=\"display: none; position: absolute; top: 10px; right: 10px;\">\n                  <i class=\"icon-remove\"></i>\n                </a>\n                <span class=\"gamification-close-confirmation hide\">\n                  Are you sure?\n                  <button class=\"btn btn-default btn-sm\" data-advice=\"delete\">\n                    <i class=\"icon-trash\"></i>Delete\n                  </button>\n                  <button class=\"btn btn-default btn-sm\" data-advice=\"cancel\">Cancel</button>\n                </span>\n                <a class=\"preactivationLink row\" rel=\"sendinblue\" href=\"{link}AdminModules{/link}&install=sendinblue&module_name=sendinblue&redirectconfig\" style=\"display: table; margin: 0; text-decoration: none;\">\n                  <img src=\"https://storage.googleapis.com/production-gamification-assets/premium/sendinblue.png\" class=\"advice-img img-thumbnail\">\n                  <img src=\"https://gamification.prestashop.com/api/getAdviceImg/674.png\" class=\"hide\">\n                  <p class=\"advice-description\" style=\"padding: 0 20px; display: table-cell; vertical-align: middle;\">Easily manage your email, newsletter and SMS campaigns with one single interface<br/></p>\n                </a>\n              </section>\n            </div>\n            <script>\n              $(document).ready( function () {\n                var link = $(\'#wrap_id_advice_674 .preactivationLink\')[0].href;\n                link = encodeURIComponent(link);\n                var newUrl = \'https://gamification.prestashop.com/get_advice_link.php?id_advice=674&url=\'+link;\n                $(\'#wrap_id_advice_674 .preactivationLink\')[0].href = newUrl;\n              });\n            </script>\n          </div>'),(104,2,'<div id=\"wrap_id_advice_674\">\n            <div class=\"col-lg-6\">\n              <section id=\"\" class=\"panel panel-advice\" style=\"position: relative; padding: 10px; min-height: 75px;\">\n                <a href=\"#\" id=\"674\" class=\"close_link gamification_premium_close\" style=\"display: none; position: absolute; top: 10px; right: 10px;\">\n                  <i class=\"icon-remove\"></i>\n                </a>\n                <span class=\"gamification-close-confirmation hide\">\n                  Are you sure?\n                  <button class=\"btn btn-default btn-sm\" data-advice=\"delete\">\n                    <i class=\"icon-trash\"></i>Delete\n                  </button>\n                  <button class=\"btn btn-default btn-sm\" data-advice=\"cancel\">Cancel</button>\n                </span>\n                <a class=\"preactivationLink row\" rel=\"sendinblue\" href=\"{link}AdminModules{/link}&install=sendinblue&module_name=sendinblue&redirectconfig\" style=\"display: table; margin: 0; text-decoration: none;\">\n                  <img src=\"https://storage.googleapis.com/production-gamification-assets/premium/sendinblue.png\" class=\"advice-img img-thumbnail\">\n                  <img src=\"https://gamification.prestashop.com/api/getAdviceImg/674.png\" class=\"hide\">\n                  <p class=\"advice-description\" style=\"padding: 0 20px; display: table-cell; vertical-align: middle;\">Easily manage your email, newsletter and SMS campaigns with one single interface<br/></p>\n                </a>\n              </section>\n            </div>\n            <script>\n              $(document).ready( function () {\n                var link = $(\'#wrap_id_advice_674 .preactivationLink\')[0].href;\n                link = encodeURIComponent(link);\n                var newUrl = \'https://gamification.prestashop.com/get_advice_link.php?id_advice=674&url=\'+link;\n                $(\'#wrap_id_advice_674 .preactivationLink\')[0].href = newUrl;\n              });\n            </script>\n          </div>'),(105,1,' <div id=\"wrap_id_advice_65723132\"> <section id=\"0_CM Commerce\" class=\"panel\" style=\"display:none\"> <header class=\"panel-heading\"> <span class=\"icon-lightbulb\"></span> Tips of the day </header> <div class=\"panel-body\" style=\"padding:0\"> <img class=\"img-responsive\" src=\"https://storage.googleapis.com/production-gamification-assets/tips/CM Commerce.png\" style=\"float:right; margin-left: 5px;\"> <img src=\"https://gamification.prestashop.com/api/getAdviceImg/65723132.png\"/> <p> <b>Did you know that brands who use product reviews in their abandoned cart emails, experience 5% to 15% increases in their recovery rate?</b> </p> <p> Did you know that brands who use product reviews in their abandoned cart emails, experience 5% to 15% increases in their recovery rate?\n </p> <span class=\"text-right\" style=\"float:right\"> <a class=\"btn btn-default\" target=\"_blank\" href=\"https://gamification.prestashop.com/get_advice_link.php?id_advice=65723132&url=https://addons.prestashop.com/en/remarketing-shopping-cart-abandonment/48652-cm-commerce.html%3Futm_source%3Dback-office%26utm_medium%3Dtipoftheday%26utm_campaign%3Dpartenariats%26utm_content%3DCM Commerce\"> More information? </a> </span> </div> </section><script> $(document).ready( function () { $(\'#\'+rand(0)+\'_CM Commerce\').show(); }); function rand(nbr){ return Math.floor(Math.random()*(nbr+1)); } </script> </div>'),(105,2,' <div id=\"wrap_id_advice_65723132\"> <section id=\"0_CM Commerce\" class=\"panel\" style=\"display:none\"> <header class=\"panel-heading\"> <span class=\"icon-lightbulb\"></span> Tips of the day </header> <div class=\"panel-body\" style=\"padding:0\"> <img class=\"img-responsive\" src=\"https://storage.googleapis.com/production-gamification-assets/tips/CM Commerce.png\" style=\"float:right; margin-left: 5px;\"> <img src=\"https://gamification.prestashop.com/api/getAdviceImg/65723132.png\"/> <p> <b>Did you know that brands who use product reviews in their abandoned cart emails, experience 5% to 15% increases in their recovery rate?</b> </p> <p> Did you know that brands who use product reviews in their abandoned cart emails, experience 5% to 15% increases in their recovery rate?\n </p> <span class=\"text-right\" style=\"float:right\"> <a class=\"btn btn-default\" target=\"_blank\" href=\"https://gamification.prestashop.com/get_advice_link.php?id_advice=65723132&url=https://addons.prestashop.com/en/remarketing-shopping-cart-abandonment/48652-cm-commerce.html%3Futm_source%3Dback-office%26utm_medium%3Dtipoftheday%26utm_campaign%3Dpartenariats%26utm_content%3DCM Commerce\"> More information? </a> </span> </div> </section><script> $(document).ready( function () { $(\'#\'+rand(0)+\'_CM Commerce\').show(); }); function rand(nbr){ return Math.floor(Math.random()*(nbr+1)); } </script> </div>'),(106,1,' <div id=\"wrap_id_advice_88956154\"> <section id=\"0_Clever ecommerce\" class=\"panel\" style=\"display:none\"> <header class=\"panel-heading\"> <span class=\"icon-lightbulb\"></span> Tips of the day </header> <div class=\"panel-body\" style=\"padding:0\"> <img class=\"img-responsive\" src=\"https://storage.googleapis.com/production-gamification-assets/tips/Clever ecommerce.png\" style=\"float:right; margin-left: 5px;\"> <img src=\"https://gamification.prestashop.com/api/getAdviceImg/88956154.png\"/> <p> <b>Google Ads & Google Shopping campaigns created by a Premier Google Partner.</b> </p> <p> Get now your Google Ads & Shopping campaigns and start promoting your store all over Google\'s huge network. Show your ads in the very moment that the customer is looking for them on Google! </p> <span class=\"text-right\" style=\"float:right\"> <a class=\"btn btn-default\" target=\"_blank\" href=\"https://gamification.prestashop.com/get_advice_link.php?id_advice=88956154&url=https://addons.prestashop.com/en/sea-paid-advertising-affiliation-platforms/31956-ce-for-google-shopping.html%3Futm_source%3Dback-office%26utm_medium%3Dtipoftheday%26utm_campaign%3Dpartenariats%26utm_content%3DClever ecommerce\"> Get module now </a> </span> </div> </section><script> $(document).ready( function () { $(\'#\'+rand(0)+\'_Clever ecommerce\').show(); }); function rand(nbr){ return Math.floor(Math.random()*(nbr+1)); } </script> </div>'),(106,2,' <div id=\"wrap_id_advice_88956154\"> <section id=\"0_Clever ecommerce\" class=\"panel\" style=\"display:none\"> <header class=\"panel-heading\"> <span class=\"icon-lightbulb\"></span> Tips of the day </header> <div class=\"panel-body\" style=\"padding:0\"> <img class=\"img-responsive\" src=\"https://storage.googleapis.com/production-gamification-assets/tips/Clever ecommerce.png\" style=\"float:right; margin-left: 5px;\"> <img src=\"https://gamification.prestashop.com/api/getAdviceImg/88956154.png\"/> <p> <b>Google Ads & Google Shopping campaigns created by a Premier Google Partner.</b> </p> <p> Get now your Google Ads & Shopping campaigns and start promoting your store all over Google\'s huge network. Show your ads in the very moment that the customer is looking for them on Google! </p> <span class=\"text-right\" style=\"float:right\"> <a class=\"btn btn-default\" target=\"_blank\" href=\"https://gamification.prestashop.com/get_advice_link.php?id_advice=88956154&url=https://addons.prestashop.com/en/sea-paid-advertising-affiliation-platforms/31956-ce-for-google-shopping.html%3Futm_source%3Dback-office%26utm_medium%3Dtipoftheday%26utm_campaign%3Dpartenariats%26utm_content%3DClever ecommerce\"> Get module now </a> </span> </div> </section><script> $(document).ready( function () { $(\'#\'+rand(0)+\'_Clever ecommerce\').show(); }); function rand(nbr){ return Math.floor(Math.random()*(nbr+1)); } </script> </div>'),(107,1,' <div id=\"wrap_id_advice_99573985\"> <section id=\"0_ColiBack\" class=\"panel\" style=\"display:none\"> <header class=\"panel-heading\"> <span class=\"icon-lightbulb\"></span> Tips of the day </header> <div class=\"panel-body\" style=\"padding:0\"> <img class=\"img-responsive\" src=\"https://storage.googleapis.com/production-gamification-assets/tips/ColiBack.png\" style=\"float:right; margin-left: 5px;\"> <img src=\"https://gamification.prestashop.com/api/getAdviceImg/99573985.png\"/> <p> <b>Offer your customers a simple and efficient Europe return solution.</b> </p> <p> ColiBack, your winning partner for returns management. Offer return label generation in France and Europe. Offer quality service to retain your customers. </p> <span class=\"text-right\" style=\"float:right\"> <a class=\"btn btn-default\" target=\"_blank\" href=\"https://gamification.prestashop.com/get_advice_link.php?id_advice=99573985&url=https://addons.prestashop.com/en/customer-service/48369-coliback-the-e-commerce-return-expert.html%3Futm_source%3Dback-office%26utm_medium%3Dtipoftheday%26utm_campaign%3Dpartenariats%26utm_content%3DColiBack\"> Download for free </a> </span> </div> </section><script> $(document).ready( function () { $(\'#\'+rand(0)+\'_ColiBack\').show(); }); function rand(nbr){ return Math.floor(Math.random()*(nbr+1)); } </script> </div>'),(107,2,' <div id=\"wrap_id_advice_99573985\"> <section id=\"0_ColiBack\" class=\"panel\" style=\"display:none\"> <header class=\"panel-heading\"> <span class=\"icon-lightbulb\"></span> Tips of the day </header> <div class=\"panel-body\" style=\"padding:0\"> <img class=\"img-responsive\" src=\"https://storage.googleapis.com/production-gamification-assets/tips/ColiBack.png\" style=\"float:right; margin-left: 5px;\"> <img src=\"https://gamification.prestashop.com/api/getAdviceImg/99573985.png\"/> <p> <b>Offer your customers a simple and efficient Europe return solution.</b> </p> <p> ColiBack, your winning partner for returns management. Offer return label generation in France and Europe. Offer quality service to retain your customers. </p> <span class=\"text-right\" style=\"float:right\"> <a class=\"btn btn-default\" target=\"_blank\" href=\"https://gamification.prestashop.com/get_advice_link.php?id_advice=99573985&url=https://addons.prestashop.com/en/customer-service/48369-coliback-the-e-commerce-return-expert.html%3Futm_source%3Dback-office%26utm_medium%3Dtipoftheday%26utm_campaign%3Dpartenariats%26utm_content%3DColiBack\"> Download for free </a> </span> </div> </section><script> $(document).ready( function () { $(\'#\'+rand(0)+\'_ColiBack\').show(); }); function rand(nbr){ return Math.floor(Math.random()*(nbr+1)); } </script> </div>'),(108,1,' <div id=\"wrap_id_advice_20531321\"> <section id=\"0_Cybersource\" class=\"panel\" style=\"display:none\"> <header class=\"panel-heading\"> <span class=\"icon-lightbulb\"></span> Tips of the day </header> <div class=\"panel-body\" style=\"padding:0\"> <img class=\"img-responsive\" src=\"https://storage.googleapis.com/production-gamification-assets/tips/Cybersource.png\" style=\"float:right; margin-left: 5px;\"> <img src=\"https://gamification.prestashop.com/api/getAdviceImg/20531321.png\"/> <p> <b>Cybersource- Flexible, creative, global commerce solutions for everyday life.</b> </p> <p> CyberSource is a global, modular payment management platform built on secure Visa infrastructure helping businesses grow by enhancing customer experience, increasing revenues, and mitigating risk. </p> <span class=\"text-right\" style=\"float:right\"> <a class=\"btn btn-default\" target=\"_blank\" href=\"https://gamification.prestashop.com/get_advice_link.php?id_advice=20531321&url=https://addons.prestashop.com/en/other-payment-methods/49944-cybersource-official.html%3Futm_source%3Dback-office%26utm_medium%3Dtipoftheday%26utm_campaign%3Dpartenariats%26utm_content%3DCybersource\"> Learn more now </a> </span> </div> </section><script> $(document).ready( function () { $(\'#\'+rand(0)+\'_Cybersource\').show(); }); function rand(nbr){ return Math.floor(Math.random()*(nbr+1)); } </script> </div>'),(108,2,' <div id=\"wrap_id_advice_20531321\"> <section id=\"0_Cybersource\" class=\"panel\" style=\"display:none\"> <header class=\"panel-heading\"> <span class=\"icon-lightbulb\"></span> Tips of the day </header> <div class=\"panel-body\" style=\"padding:0\"> <img class=\"img-responsive\" src=\"https://storage.googleapis.com/production-gamification-assets/tips/Cybersource.png\" style=\"float:right; margin-left: 5px;\"> <img src=\"https://gamification.prestashop.com/api/getAdviceImg/20531321.png\"/> <p> <b>Cybersource- Flexible, creative, global commerce solutions for everyday life.</b> </p> <p> CyberSource is a global, modular payment management platform built on secure Visa infrastructure helping businesses grow by enhancing customer experience, increasing revenues, and mitigating risk. </p> <span class=\"text-right\" style=\"float:right\"> <a class=\"btn btn-default\" target=\"_blank\" href=\"https://gamification.prestashop.com/get_advice_link.php?id_advice=20531321&url=https://addons.prestashop.com/en/other-payment-methods/49944-cybersource-official.html%3Futm_source%3Dback-office%26utm_medium%3Dtipoftheday%26utm_campaign%3Dpartenariats%26utm_content%3DCybersource\"> Learn more now </a> </span> </div> </section><script> $(document).ready( function () { $(\'#\'+rand(0)+\'_Cybersource\').show(); }); function rand(nbr){ return Math.floor(Math.random()*(nbr+1)); } </script> </div>'),(109,1,' <div id=\"wrap_id_advice_54650729\"> <section id=\"0_Mailchimp\" class=\"panel\" style=\"display:none\"> <header class=\"panel-heading\"> <span class=\"icon-lightbulb\"></span> Tips of the day </header> <div class=\"panel-body\" style=\"padding:0\"> <img class=\"img-responsive\" src=\"https://storage.googleapis.com/production-gamification-assets/tips/Mailchimp.png\" style=\"float:right; margin-left: 5px;\"> <img src=\"https://gamification.prestashop.com/api/getAdviceImg/54650729.png\"/> <p> <b>Boost engagement and revenue by learning more about your audience</b> </p> <p> Create personalized, relevant emails that target your audience based on demographic data like gender and age. </p> <span class=\"text-right\" style=\"float:right\"> <a class=\"btn btn-default\" target=\"_blank\" href=\"https://gamification.prestashop.com/get_advice_link.php?id_advice=54650729&url=https://addons.prestashop.com/en/newsletter-sms/26957-mailchimp.html%3Futm_source%3Dback-office%26utm_medium%3Dtipoftheday%26utm_campaign%3Dpartenariats%26utm_content%3DMailchimp\"> See How MailChimp Can Help </a> </span> </div> </section><section id=\"1_Mailchimp\" class=\"panel\" style=\"display:none\"> <header class=\"panel-heading\"> <span class=\"icon-lightbulb\"></span> Tips of the day </header> <div class=\"panel-body\" style=\"padding:0\"> <img class=\"img-responsive\" src=\"https://storage.googleapis.com/production-gamification-assets/tips/Mailchimp.png\" style=\"float:right; margin-left: 5px;\"> <img src=\"https://gamification.prestashop.com/api/getAdviceImg/54650729.png\"/> <p> <b>Sell more stuff by rewarding loyal customers</b> </p> <p> Reward your best customers with an automated email series containing special coupons or other exclusive offers, and get almost 5x more orders per recipient than regular bulk email.  </p> <span class=\"text-right\" style=\"float:right\"> <a class=\"btn btn-default\" target=\"_blank\" href=\"https://gamification.prestashop.com/get_advice_link.php?id_advice=54650729&url=https://addons.prestashop.com/en/newsletter-sms/26957-mailchimp.html%3Futm_source%3Dback-office%26utm_medium%3Dtipoftheday%26utm_campaign%3Dpartenariats%26utm_content%3DMailchimp\"> Start Thanking Your Customers </a> </span> </div> </section><section id=\"2_Mailchimp\" class=\"panel\" style=\"display:none\"> <header class=\"panel-heading\"> <span class=\"icon-lightbulb\"></span> Tips of the day </header> <div class=\"panel-body\" style=\"padding:0\"> <img class=\"img-responsive\" src=\"https://storage.googleapis.com/production-gamification-assets/tips/Mailchimp.png\" style=\"float:right; margin-left: 5px;\"> <img src=\"https://gamification.prestashop.com/api/getAdviceImg/54650729.png\"/> <p> <b>Boost sales by reminding customers about items they’ve left behind</b> </p> <p> 67% of online shopping carts are abandoned before checkout. Abandoned cart emails help you follow up with people who navigate away from their cart and convince them to finish their purchase. </p> <span class=\"text-right\" style=\"float:right\"> <a class=\"btn btn-default\" target=\"_blank\" href=\"https://gamification.prestashop.com/get_advice_link.php?id_advice=54650729&url=https://addons.prestashop.com/en/newsletter-sms/26957-mailchimp.html%3Futm_source%3Dback-office%26utm_medium%3Dtipoftheday%26utm_campaign%3Dpartenariats%26utm_content%3DMailchimp\"> Start Recapturing Lost Sales </a> </span> </div> </section><script> $(document).ready( function () { $(\'#\'+rand(2)+\'_Mailchimp\').show(); }); function rand(nbr){ return Math.floor(Math.random()*(nbr+1)); } </script> </div>'),(109,2,' <div id=\"wrap_id_advice_54650729\"> <section id=\"0_Mailchimp\" class=\"panel\" style=\"display:none\"> <header class=\"panel-heading\"> <span class=\"icon-lightbulb\"></span> Tips of the day </header> <div class=\"panel-body\" style=\"padding:0\"> <img class=\"img-responsive\" src=\"https://storage.googleapis.com/production-gamification-assets/tips/Mailchimp.png\" style=\"float:right; margin-left: 5px;\"> <img src=\"https://gamification.prestashop.com/api/getAdviceImg/54650729.png\"/> <p> <b>Boost engagement and revenue by learning more about your audience</b> </p> <p> Create personalized, relevant emails that target your audience based on demographic data like gender and age. </p> <span class=\"text-right\" style=\"float:right\"> <a class=\"btn btn-default\" target=\"_blank\" href=\"https://gamification.prestashop.com/get_advice_link.php?id_advice=54650729&url=https://addons.prestashop.com/en/newsletter-sms/26957-mailchimp.html%3Futm_source%3Dback-office%26utm_medium%3Dtipoftheday%26utm_campaign%3Dpartenariats%26utm_content%3DMailchimp\"> See How MailChimp Can Help </a> </span> </div> </section><section id=\"1_Mailchimp\" class=\"panel\" style=\"display:none\"> <header class=\"panel-heading\"> <span class=\"icon-lightbulb\"></span> Tips of the day </header> <div class=\"panel-body\" style=\"padding:0\"> <img class=\"img-responsive\" src=\"https://storage.googleapis.com/production-gamification-assets/tips/Mailchimp.png\" style=\"float:right; margin-left: 5px;\"> <img src=\"https://gamification.prestashop.com/api/getAdviceImg/54650729.png\"/> <p> <b>Sell more stuff by rewarding loyal customers</b> </p> <p> Reward your best customers with an automated email series containing special coupons or other exclusive offers, and get almost 5x more orders per recipient than regular bulk email.  </p> <span class=\"text-right\" style=\"float:right\"> <a class=\"btn btn-default\" target=\"_blank\" href=\"https://gamification.prestashop.com/get_advice_link.php?id_advice=54650729&url=https://addons.prestashop.com/en/newsletter-sms/26957-mailchimp.html%3Futm_source%3Dback-office%26utm_medium%3Dtipoftheday%26utm_campaign%3Dpartenariats%26utm_content%3DMailchimp\"> Start Thanking Your Customers </a> </span> </div> </section><section id=\"2_Mailchimp\" class=\"panel\" style=\"display:none\"> <header class=\"panel-heading\"> <span class=\"icon-lightbulb\"></span> Tips of the day </header> <div class=\"panel-body\" style=\"padding:0\"> <img class=\"img-responsive\" src=\"https://storage.googleapis.com/production-gamification-assets/tips/Mailchimp.png\" style=\"float:right; margin-left: 5px;\"> <img src=\"https://gamification.prestashop.com/api/getAdviceImg/54650729.png\"/> <p> <b>Boost sales by reminding customers about items they’ve left behind</b> </p> <p> 67% of online shopping carts are abandoned before checkout. Abandoned cart emails help you follow up with people who navigate away from their cart and convince them to finish their purchase. </p> <span class=\"text-right\" style=\"float:right\"> <a class=\"btn btn-default\" target=\"_blank\" href=\"https://gamification.prestashop.com/get_advice_link.php?id_advice=54650729&url=https://addons.prestashop.com/en/newsletter-sms/26957-mailchimp.html%3Futm_source%3Dback-office%26utm_medium%3Dtipoftheday%26utm_campaign%3Dpartenariats%26utm_content%3DMailchimp\"> Start Recapturing Lost Sales </a> </span> </div> </section><script> $(document).ready( function () { $(\'#\'+rand(2)+\'_Mailchimp\').show(); }); function rand(nbr){ return Math.floor(Math.random()*(nbr+1)); } </script> </div>'),(110,1,' <div id=\"wrap_id_advice_97787022\"> <section id=\"0_Wish\" class=\"panel\" style=\"display:none\"> <header class=\"panel-heading\"> <span class=\"icon-lightbulb\"></span> Tips of the day </header> <div class=\"panel-body\" style=\"padding:0\"> <img class=\"img-responsive\" src=\"https://storage.googleapis.com/production-gamification-assets/tips/Wish.png\" style=\"float:right; margin-left: 5px;\"> <img src=\"https://gamification.prestashop.com/api/getAdviceImg/97787022.png\"/> <p> <b> Exciting news: the Wish module is now available to download within Prestashop!</b> </p> <p> Grow your business with the Prestashop Wish module! Take advantage of instant access to 100 million global customers in 100 countries worldwide. 1.8 million items are sold on Wish every day </p> <span class=\"text-right\" style=\"float:right\"> <a class=\"btn btn-default\" target=\"_blank\" href=\"https://gamification.prestashop.com/get_advice_link.php?id_advice=97787022&url=%3Futm_source%3Dback-office%26utm_medium%3Dtipoftheday%26utm_campaign%3Dpartenariats%26utm_content%3DWish\"> Get Wish Now </a> </span> </div> </section><script> $(document).ready( function () { $(\'#\'+rand(0)+\'_Wish\').show(); }); function rand(nbr){ return Math.floor(Math.random()*(nbr+1)); } </script> </div>'),(110,2,' <div id=\"wrap_id_advice_97787022\"> <section id=\"0_Wish\" class=\"panel\" style=\"display:none\"> <header class=\"panel-heading\"> <span class=\"icon-lightbulb\"></span> Tips of the day </header> <div class=\"panel-body\" style=\"padding:0\"> <img class=\"img-responsive\" src=\"https://storage.googleapis.com/production-gamification-assets/tips/Wish.png\" style=\"float:right; margin-left: 5px;\"> <img src=\"https://gamification.prestashop.com/api/getAdviceImg/97787022.png\"/> <p> <b> Exciting news: the Wish module is now available to download within Prestashop!</b> </p> <p> Grow your business with the Prestashop Wish module! Take advantage of instant access to 100 million global customers in 100 countries worldwide. 1.8 million items are sold on Wish every day </p> <span class=\"text-right\" style=\"float:right\"> <a class=\"btn btn-default\" target=\"_blank\" href=\"https://gamification.prestashop.com/get_advice_link.php?id_advice=97787022&url=%3Futm_source%3Dback-office%26utm_medium%3Dtipoftheday%26utm_campaign%3Dpartenariats%26utm_content%3DWish\"> Get Wish Now </a> </span> </div> </section><script> $(document).ready( function () { $(\'#\'+rand(0)+\'_Wish\').show(); }); function rand(nbr){ return Math.floor(Math.random()*(nbr+1)); } </script> </div>');

--
-- Table structure for table `ps_alias`
--

CREATE TABLE `ps_alias` (
  `id_alias` int(10) unsigned NOT NULL AUTO_INCREMENT,
  `alias` varchar(191) NOT NULL,
  `search` varchar(255) NOT NULL,
  `active` tinyint(1) NOT NULL DEFAULT '1',
  PRIMARY KEY (`id_alias`),
  UNIQUE KEY `alias` (`alias`)
) ENGINE=InnoDB AUTO_INCREMENT=3 DEFAULT CHARSET=utf8mb4;

--
-- Dumping data for table `ps_alias`
--

INSERT INTO `ps_alias` VALUES (1,'bloose','blouse',1),(2,'blues','blouse',1);

--
-- Table structure for table `ps_attachment`
--

CREATE TABLE `ps_attachment` (
  `id_attachment` int(10) unsigned NOT NULL AUTO_INCREMENT,
  `file` varchar(40) NOT NULL,
  `file_name` varchar(128) NOT NULL,
  `file_size` bigint(10) unsigned NOT NULL DEFAULT '0',
  `mime` varchar(128) NOT NULL,
  PRIMARY KEY (`id_attachment`)
) ENGINE=InnoDB DEFAULT CHARSET=utf8mb4;

--
-- Dumping data for table `ps_attachment`
--


--
-- Table structure for table `ps_attachment_lang`
--

CREATE TABLE `ps_attachment_lang` (
  `id_attachment` int(10) unsigned NOT NULL AUTO_INCREMENT,
  `id_lang` int(10) unsigned NOT NULL,
  `name` varchar(32) DEFAULT NULL,
  `description` text,
  PRIMARY KEY (`id_attachment`,`id_lang`)
) ENGINE=InnoDB DEFAULT CHARSET=utf8mb4;

--
-- Dumping data for table `ps_attachment_lang`
--


--
-- Table structure for table `ps_attribute`
--

CREATE TABLE `ps_attribute` (
  `id_attribute` int(11) NOT NULL AUTO_INCREMENT,
  `id_attribute_group` int(11) NOT NULL,
  `color` varchar(32) COLLATE utf8mb4_unicode_ci NOT NULL,
  `position` int(11) NOT NULL,
  PRIMARY KEY (`id_attribute`),
  KEY `attribute_group` (`id_attribute_group`)
) ENGINE=InnoDB AUTO_INCREMENT=60 DEFAULT CHARSET=utf8mb4 COLLATE=utf8mb4_unicode_ci;

--
-- Dumping data for table `ps_attribute`
--

INSERT INTO `ps_attribute` VALUES (1,1,'',1),(2,1,'',2),(3,1,'',3),(4,1,'',4),(5,2,'#AAB2BD',0),(6,2,'#CFC4A6',1),(7,2,'#f5f5dc',2),(8,2,'#ffffff',3),(9,2,'#faebd7',4),(10,2,'#E84C3D',5),(11,2,'#434A54',6),(12,2,'#C19A6B',7),(13,2,'#F39C11',8),(14,2,'#5D9CEC',9),(15,2,'#A0D468',10),(16,2,'#F1C40F',11),(17,2,'#964B00',12),(18,2,'#FCCACD',13),(19,3,'',0),(20,3,'',1),(21,3,'',2),(22,4,'',0),(23,4,'',1),(24,4,'',2),(25,4,'',3),(26,1,'',5),(27,1,'',0),(28,5,'',0),(29,5,'',1),(30,5,'',2),(31,5,'',3),(32,5,'',4),(33,5,'',5),(34,5,'',6),(35,5,'',7),(36,5,'',8),(37,5,'',9),(38,5,'',10),(39,5,'',11),(40,6,'',0),(41,6,'',1),(42,7,'',0),(43,7,'',1),(44,8,'',0),(45,8,'',1),(46,9,'',0),(47,9,'',1),(48,9,'',2),(49,9,'',3),(50,9,'',4),(51,9,'',5),(52,9,'',6),(53,9,'',7),(54,9,'',8),(55,9,'',9),(56,9,'',10),(57,9,'',11),(58,10,'',0),(59,10,'',1);

--
-- Table structure for table `ps_attribute_group`
--

CREATE TABLE `ps_attribute_group` (
  `id_attribute_group` int(11) NOT NULL AUTO_INCREMENT,
  `is_color_group` tinyint(1) NOT NULL,
  `group_type` varchar(255) COLLATE utf8mb4_unicode_ci NOT NULL,
  `position` int(11) NOT NULL,
  PRIMARY KEY (`id_attribute_group`)
) ENGINE=InnoDB AUTO_INCREMENT=11 DEFAULT CHARSET=utf8mb4 COLLATE=utf8mb4_unicode_ci;

--
-- Dumping data for table `ps_attribute_group`
--

INSERT INTO `ps_attribute_group` VALUES (1,0,'select',0),(2,1,'color',1),(3,0,'select',2),(4,0,'select',3),(5,0,'select',4),(6,0,'radio',5),(7,0,'radio',6),(8,0,'radio',7),(9,0,'select',8),(10,0,'radio',9);

--
-- Table structure for table `ps_attribute_group_lang`
--

CREATE TABLE `ps_attribute_group_lang` (
  `id_attribute_group` int(11) NOT NULL,
  `id_lang` int(11) NOT NULL,
  `name` varchar(128) COLLATE utf8mb4_unicode_ci NOT NULL,
  `public_name` varchar(64) COLLATE utf8mb4_unicode_ci NOT NULL,
  PRIMARY KEY (`id_attribute_group`,`id_lang`),
  KEY `IDX_4653726C67A664FB` (`id_attribute_group`),
  KEY `IDX_4653726CBA299860` (`id_lang`)
) ENGINE=InnoDB DEFAULT CHARSET=utf8mb4 COLLATE=utf8mb4_unicode_ci;

--
-- Dumping data for table `ps_attribute_group_lang`
--

INSERT INTO `ps_attribute_group_lang` VALUES (1,1,'Size','Size'),(1,2,'Size','Size'),(2,1,'Color','Color'),(2,2,'Color','Color'),(3,1,'Dimension','Dimension'),(3,2,'Dimension','Dimension'),(4,1,'Paper Type','Paper Type'),(4,2,'Paper Type','Paper Type'),(5,1,'Zone/Region','Zone/Region'),(5,2,'Zone/Region','Zone/Region'),(6,1,'Labeled','Labeled'),(6,2,'Labeled','Labeled'),(7,1,'Typo','Typo'),(7,2,'Typo','Typo'),(8,1,'Letters','Letters'),(8,2,'Letters','Letters'),(9,1,'Maps','maps'),(9,2,'Maps','maps'),(10,1,'Labeled','labeled'),(10,2,'Labeled','labeled');

--
-- Table structure for table `ps_attribute_group_shop`
--

CREATE TABLE `ps_attribute_group_shop` (
  `id_attribute_group` int(11) NOT NULL,
  `id_shop` int(11) NOT NULL,
  PRIMARY KEY (`id_attribute_group`,`id_shop`),
  KEY `IDX_DB30BAAC67A664FB` (`id_attribute_group`),
  KEY `IDX_DB30BAAC274A50A0` (`id_shop`)
) ENGINE=InnoDB DEFAULT CHARSET=utf8mb4 COLLATE=utf8mb4_unicode_ci;

--
-- Dumping data for table `ps_attribute_group_shop`
--

INSERT INTO `ps_attribute_group_shop` VALUES (1,1),(2,1),(3,1),(4,1),(5,1),(6,1),(7,1),(8,1),(9,1),(10,1);

--
-- Table structure for table `ps_attribute_impact`
--

CREATE TABLE `ps_attribute_impact` (
  `id_attribute_impact` int(10) unsigned NOT NULL AUTO_INCREMENT,
  `id_product` int(11) unsigned NOT NULL,
  `id_attribute` int(11) unsigned NOT NULL,
  `weight` decimal(20,6) NOT NULL,
  `price` decimal(20,6) NOT NULL,
  PRIMARY KEY (`id_attribute_impact`),
  UNIQUE KEY `id_product` (`id_product`,`id_attribute`)
) ENGINE=InnoDB DEFAULT CHARSET=utf8mb4;

--
-- Dumping data for table `ps_attribute_impact`
--


--
-- Table structure for table `ps_attribute_lang`
--

CREATE TABLE `ps_attribute_lang` (
  `id_attribute` int(11) NOT NULL,
  `id_lang` int(11) NOT NULL,
  `name` varchar(128) COLLATE utf8mb4_unicode_ci NOT NULL,
  PRIMARY KEY (`id_attribute`,`id_lang`),
  KEY `IDX_3ABE46A77A4F53DC` (`id_attribute`),
  KEY `IDX_3ABE46A7BA299860` (`id_lang`)
) ENGINE=InnoDB DEFAULT CHARSET=utf8mb4 COLLATE=utf8mb4_unicode_ci;

--
-- Dumping data for table `ps_attribute_lang`
--

INSERT INTO `ps_attribute_lang` VALUES (1,1,'S'),(1,2,'S'),(2,1,'M'),(2,2,'M'),(3,1,'L'),(3,2,'L'),(4,1,'XL'),(4,2,'XL'),(5,1,'Grey'),(5,2,'Grey'),(6,1,'Taupe'),(6,2,'Taupe'),(7,1,'Beige'),(7,2,'Beige'),(8,1,'White'),(8,2,'White'),(9,1,'Off White'),(9,2,'Off White'),(10,1,'Red'),(10,2,'Red'),(11,1,'Black'),(11,2,'Black'),(12,1,'Camel'),(12,2,'Camel'),(13,1,'Orange'),(13,2,'Orange'),(14,1,'Blue'),(14,2,'Blue'),(15,1,'Green'),(15,2,'Green'),(16,1,'Yellow'),(16,2,'Yellow'),(17,1,'Brown'),(17,2,'Brown'),(18,1,'Pink'),(18,2,'Pink'),(19,1,'40x60cm'),(19,2,'40x60cm'),(20,1,'60x90cm'),(20,2,'60x90cm'),(21,1,'80x120cm'),(21,2,'80x120cm'),(22,1,'Ruled'),(22,2,'Ruled'),(23,1,'Plain'),(23,2,'Plain'),(24,1,'Squarred'),(24,2,'Squarred'),(25,1,'Doted'),(25,2,'Doted'),(26,1,'XXL'),(26,2,'XXL'),(27,1,'XS'),(27,2,'XS'),(28,1,'Africa'),(28,2,'Africa'),(29,1,'Asia'),(29,2,'Asia'),(30,1,'Australia'),(30,2,'Australia'),(31,1,'Canada'),(31,2,'Canada'),(32,1,'Europe'),(32,2,'Europe'),(33,1,'North America'),(33,2,'North America'),(34,1,'South America'),(34,2,'South America'),(35,1,'USA'),(35,2,'USA'),(36,1,'World'),(36,2,'World'),(37,1,'Philippines'),(37,2,'Philippines'),(38,1,'Philippines Visayas'),(38,2,'Philippines 7 Region'),(39,1,'Philippines 17 Regions'),(39,2,'Philippines 17 Regions'),(40,1,'With label'),(40,2,'With label'),(41,1,'Without label'),(41,2,'Without label'),(42,1,'Cursive'),(42,2,'Cursive'),(43,1,'Print'),(43,2,'Print'),(44,1,'Capital'),(44,2,'Capital'),(45,1,'Lowercase'),(45,2,'Lowercase'),(46,1,'Africa'),(46,2,'Africa'),(47,1,'Asia'),(47,2,'Asia'),(48,1,'Australia'),(48,2,'Australia'),(49,1,'Canada'),(49,2,'Canada'),(50,1,'Europe'),(50,2,'Europe'),(51,1,'North America'),(51,2,'North America'),(52,1,'South America'),(52,2,'South America'),(53,1,'USA'),(53,2,'USA'),(54,1,'World'),(54,2,'World'),(55,1,'Philippines'),(55,2,'Philippines'),(56,1,'Philippines Visayas'),(56,2,'Philippines Visayas'),(57,1,'Philippines 17 regions'),(57,2,'Philippines 17 regions'),(58,1,'Yes'),(58,2,'Yes'),(59,1,'No'),(59,2,'No');

--
-- Table structure for table `ps_attribute_shop`
--

CREATE TABLE `ps_attribute_shop` (
  `id_attribute` int(11) NOT NULL,
  `id_shop` int(11) NOT NULL,
  PRIMARY KEY (`id_attribute`,`id_shop`),
  KEY `IDX_A7DD8E677A4F53DC` (`id_attribute`),
  KEY `IDX_A7DD8E67274A50A0` (`id_shop`)
) ENGINE=InnoDB DEFAULT CHARSET=utf8mb4 COLLATE=utf8mb4_unicode_ci;

--
-- Dumping data for table `ps_attribute_shop`
--

INSERT INTO `ps_attribute_shop` VALUES (1,1),(2,1),(3,1),(4,1),(5,1),(6,1),(7,1),(8,1),(9,1),(10,1),(11,1),(12,1),(13,1),(14,1),(15,1),(16,1),(17,1),(18,1),(19,1),(20,1),(21,1),(22,1),(23,1),(24,1),(25,1),(26,1),(27,1),(28,1),(29,1),(30,1),(31,1),(32,1),(33,1),(34,1),(35,1),(36,1),(37,1),(38,1),(39,1),(40,1),(41,1),(42,1),(43,1),(44,1),(45,1),(46,1),(47,1),(48,1),(49,1),(50,1),(51,1),(52,1),(53,1),(54,1),(55,1),(56,1),(57,1),(58,1),(59,1);

--
-- Table structure for table `ps_authorization_role`
--

CREATE TABLE `ps_authorization_role` (
  `id_authorization_role` int(10) unsigned NOT NULL AUTO_INCREMENT,
  `slug` varchar(191) NOT NULL,
  PRIMARY KEY (`id_authorization_role`),
  UNIQUE KEY `slug` (`slug`)
) ENGINE=InnoDB AUTO_INCREMENT=1061 DEFAULT CHARSET=utf8mb4;

--
-- Dumping data for table `ps_authorization_role`
--

INSERT INTO `ps_authorization_role` VALUES (793,'ROLE_MOD_MODULE_BLOCKREASSURANCE_CREATE'),(796,'ROLE_MOD_MODULE_BLOCKREASSURANCE_DELETE'),(794,'ROLE_MOD_MODULE_BLOCKREASSURANCE_READ'),(795,'ROLE_MOD_MODULE_BLOCKREASSURANCE_UPDATE'),(481,'ROLE_MOD_MODULE_CONTACTFORM_CREATE'),(484,'ROLE_MOD_MODULE_CONTACTFORM_DELETE'),(482,'ROLE_MOD_MODULE_CONTACTFORM_READ'),(483,'ROLE_MOD_MODULE_CONTACTFORM_UPDATE'),(1005,'ROLE_MOD_MODULE_CUSTOMERGROUPS_CREATE'),(1008,'ROLE_MOD_MODULE_CUSTOMERGROUPS_DELETE'),(1006,'ROLE_MOD_MODULE_CUSTOMERGROUPS_READ'),(1007,'ROLE_MOD_MODULE_CUSTOMERGROUPS_UPDATE'),(485,'ROLE_MOD_MODULE_DASHACTIVITY_CREATE'),(488,'ROLE_MOD_MODULE_DASHACTIVITY_DELETE'),(486,'ROLE_MOD_MODULE_DASHACTIVITY_READ'),(487,'ROLE_MOD_MODULE_DASHACTIVITY_UPDATE'),(493,'ROLE_MOD_MODULE_DASHGOALS_CREATE'),(496,'ROLE_MOD_MODULE_DASHGOALS_DELETE'),(494,'ROLE_MOD_MODULE_DASHGOALS_READ'),(495,'ROLE_MOD_MODULE_DASHGOALS_UPDATE'),(497,'ROLE_MOD_MODULE_DASHPRODUCTS_CREATE'),(500,'ROLE_MOD_MODULE_DASHPRODUCTS_DELETE'),(498,'ROLE_MOD_MODULE_DASHPRODUCTS_READ'),(499,'ROLE_MOD_MODULE_DASHPRODUCTS_UPDATE'),(501,'ROLE_MOD_MODULE_DASHTRENDS_CREATE'),(504,'ROLE_MOD_MODULE_DASHTRENDS_DELETE'),(502,'ROLE_MOD_MODULE_DASHTRENDS_READ'),(503,'ROLE_MOD_MODULE_DASHTRENDS_UPDATE'),(741,'ROLE_MOD_MODULE_EMARKETING_CREATE'),(744,'ROLE_MOD_MODULE_EMARKETING_DELETE'),(742,'ROLE_MOD_MODULE_EMARKETING_READ'),(743,'ROLE_MOD_MODULE_EMARKETING_UPDATE'),(737,'ROLE_MOD_MODULE_GAMIFICATION_CREATE'),(740,'ROLE_MOD_MODULE_GAMIFICATION_DELETE'),(738,'ROLE_MOD_MODULE_GAMIFICATION_READ'),(739,'ROLE_MOD_MODULE_GAMIFICATION_UPDATE'),(505,'ROLE_MOD_MODULE_GRAPHNVD3_CREATE'),(508,'ROLE_MOD_MODULE_GRAPHNVD3_DELETE'),(506,'ROLE_MOD_MODULE_GRAPHNVD3_READ'),(507,'ROLE_MOD_MODULE_GRAPHNVD3_UPDATE'),(509,'ROLE_MOD_MODULE_GRIDHTML_CREATE'),(512,'ROLE_MOD_MODULE_GRIDHTML_DELETE'),(510,'ROLE_MOD_MODULE_GRIDHTML_READ'),(511,'ROLE_MOD_MODULE_GRIDHTML_UPDATE'),(513,'ROLE_MOD_MODULE_GSITEMAP_CREATE'),(516,'ROLE_MOD_MODULE_GSITEMAP_DELETE'),(514,'ROLE_MOD_MODULE_GSITEMAP_READ'),(515,'ROLE_MOD_MODULE_GSITEMAP_UPDATE'),(833,'ROLE_MOD_MODULE_IQITADDITIONALTABS_CREATE'),(836,'ROLE_MOD_MODULE_IQITADDITIONALTABS_DELETE'),(834,'ROLE_MOD_MODULE_IQITADDITIONALTABS_READ'),(835,'ROLE_MOD_MODULE_IQITADDITIONALTABS_UPDATE'),(889,'ROLE_MOD_MODULE_IQITADDTHISPLUGIN_CREATE'),(892,'ROLE_MOD_MODULE_IQITADDTHISPLUGIN_DELETE'),(890,'ROLE_MOD_MODULE_IQITADDTHISPLUGIN_READ'),(891,'ROLE_MOD_MODULE_IQITADDTHISPLUGIN_UPDATE'),(845,'ROLE_MOD_MODULE_IQITCOMPARE_CREATE'),(848,'ROLE_MOD_MODULE_IQITCOMPARE_DELETE'),(846,'ROLE_MOD_MODULE_IQITCOMPARE_READ'),(847,'ROLE_MOD_MODULE_IQITCOMPARE_UPDATE'),(849,'ROLE_MOD_MODULE_IQITCONTACTPAGE_CREATE'),(852,'ROLE_MOD_MODULE_IQITCONTACTPAGE_DELETE'),(850,'ROLE_MOD_MODULE_IQITCONTACTPAGE_READ'),(851,'ROLE_MOD_MODULE_IQITCONTACTPAGE_UPDATE'),(853,'ROLE_MOD_MODULE_IQITCOOKIELAW_CREATE'),(856,'ROLE_MOD_MODULE_IQITCOOKIELAW_DELETE'),(854,'ROLE_MOD_MODULE_IQITCOOKIELAW_READ'),(855,'ROLE_MOD_MODULE_IQITCOOKIELAW_UPDATE'),(861,'ROLE_MOD_MODULE_IQITCOUNTDOWN_CREATE'),(864,'ROLE_MOD_MODULE_IQITCOUNTDOWN_DELETE'),(862,'ROLE_MOD_MODULE_IQITCOUNTDOWN_READ'),(863,'ROLE_MOD_MODULE_IQITCOUNTDOWN_UPDATE'),(857,'ROLE_MOD_MODULE_IQITCROSSSELLING_CREATE'),(860,'ROLE_MOD_MODULE_IQITCROSSSELLING_DELETE'),(858,'ROLE_MOD_MODULE_IQITCROSSSELLING_READ'),(859,'ROLE_MOD_MODULE_IQITCROSSSELLING_UPDATE'),(997,'ROLE_MOD_MODULE_IQITDASHBOARDNEWS_CREATE'),(1000,'ROLE_MOD_MODULE_IQITDASHBOARDNEWS_DELETE'),(998,'ROLE_MOD_MODULE_IQITDASHBOARDNEWS_READ'),(999,'ROLE_MOD_MODULE_IQITDASHBOARDNEWS_UPDATE'),(865,'ROLE_MOD_MODULE_IQITELEMENTOR_CREATE'),(868,'ROLE_MOD_MODULE_IQITELEMENTOR_DELETE'),(866,'ROLE_MOD_MODULE_IQITELEMENTOR_READ'),(867,'ROLE_MOD_MODULE_IQITELEMENTOR_UPDATE'),(885,'ROLE_MOD_MODULE_IQITEMAILSUBSCRIPTIONCONF_CREATE'),(888,'ROLE_MOD_MODULE_IQITEMAILSUBSCRIPTIONCONF_DELETE'),(886,'ROLE_MOD_MODULE_IQITEMAILSUBSCRIPTIONCONF_READ'),(887,'ROLE_MOD_MODULE_IQITEMAILSUBSCRIPTIONCONF_UPDATE'),(953,'ROLE_MOD_MODULE_IQITEXTENDEDPRODUCT_CREATE'),(956,'ROLE_MOD_MODULE_IQITEXTENDEDPRODUCT_DELETE'),(954,'ROLE_MOD_MODULE_IQITEXTENDEDPRODUCT_READ'),(955,'ROLE_MOD_MODULE_IQITEXTENDEDPRODUCT_UPDATE'),(893,'ROLE_MOD_MODULE_IQITFREEDELIVERYCOUNT_CREATE'),(896,'ROLE_MOD_MODULE_IQITFREEDELIVERYCOUNT_DELETE'),(894,'ROLE_MOD_MODULE_IQITFREEDELIVERYCOUNT_READ'),(895,'ROLE_MOD_MODULE_IQITFREEDELIVERYCOUNT_UPDATE'),(837,'ROLE_MOD_MODULE_IQITHTMLANDBANNERS_CREATE'),(840,'ROLE_MOD_MODULE_IQITHTMLANDBANNERS_DELETE'),(838,'ROLE_MOD_MODULE_IQITHTMLANDBANNERS_READ'),(839,'ROLE_MOD_MODULE_IQITHTMLANDBANNERS_UPDATE'),(897,'ROLE_MOD_MODULE_IQITLINKSMANAGER_CREATE'),(900,'ROLE_MOD_MODULE_IQITLINKSMANAGER_DELETE'),(898,'ROLE_MOD_MODULE_IQITLINKSMANAGER_READ'),(899,'ROLE_MOD_MODULE_IQITLINKSMANAGER_UPDATE'),(905,'ROLE_MOD_MODULE_IQITMEGAMENU_CREATE'),(908,'ROLE_MOD_MODULE_IQITMEGAMENU_DELETE'),(906,'ROLE_MOD_MODULE_IQITMEGAMENU_READ'),(907,'ROLE_MOD_MODULE_IQITMEGAMENU_UPDATE'),(909,'ROLE_MOD_MODULE_IQITPOPUP_CREATE'),(912,'ROLE_MOD_MODULE_IQITPOPUP_DELETE'),(910,'ROLE_MOD_MODULE_IQITPOPUP_READ'),(911,'ROLE_MOD_MODULE_IQITPOPUP_UPDATE'),(913,'ROLE_MOD_MODULE_IQITPRODUCTSNAV_CREATE'),(916,'ROLE_MOD_MODULE_IQITPRODUCTSNAV_DELETE'),(914,'ROLE_MOD_MODULE_IQITPRODUCTSNAV_READ'),(915,'ROLE_MOD_MODULE_IQITPRODUCTSNAV_UPDATE'),(917,'ROLE_MOD_MODULE_IQITPRODUCTTAGS_CREATE'),(920,'ROLE_MOD_MODULE_IQITPRODUCTTAGS_DELETE'),(918,'ROLE_MOD_MODULE_IQITPRODUCTTAGS_READ'),(919,'ROLE_MOD_MODULE_IQITPRODUCTTAGS_UPDATE'),(921,'ROLE_MOD_MODULE_IQITREVIEWS_CREATE'),(924,'ROLE_MOD_MODULE_IQITREVIEWS_DELETE'),(922,'ROLE_MOD_MODULE_IQITREVIEWS_READ'),(923,'ROLE_MOD_MODULE_IQITREVIEWS_UPDATE'),(929,'ROLE_MOD_MODULE_IQITSEARCH_CREATE'),(932,'ROLE_MOD_MODULE_IQITSEARCH_DELETE'),(930,'ROLE_MOD_MODULE_IQITSEARCH_READ'),(931,'ROLE_MOD_MODULE_IQITSEARCH_UPDATE'),(933,'ROLE_MOD_MODULE_IQITSIZECHARTS_CREATE'),(936,'ROLE_MOD_MODULE_IQITSIZECHARTS_DELETE'),(934,'ROLE_MOD_MODULE_IQITSIZECHARTS_READ'),(935,'ROLE_MOD_MODULE_IQITSIZECHARTS_UPDATE'),(1001,'ROLE_MOD_MODULE_IQITSOCIALLOGIN_CREATE'),(1004,'ROLE_MOD_MODULE_IQITSOCIALLOGIN_DELETE'),(1002,'ROLE_MOD_MODULE_IQITSOCIALLOGIN_READ'),(1003,'ROLE_MOD_MODULE_IQITSOCIALLOGIN_UPDATE'),(937,'ROLE_MOD_MODULE_IQITTHEMEEDITOR_CREATE'),(940,'ROLE_MOD_MODULE_IQITTHEMEEDITOR_DELETE'),(938,'ROLE_MOD_MODULE_IQITTHEMEEDITOR_READ'),(939,'ROLE_MOD_MODULE_IQITTHEMEEDITOR_UPDATE'),(949,'ROLE_MOD_MODULE_IQITWISHLIST_CREATE'),(952,'ROLE_MOD_MODULE_IQITWISHLIST_DELETE'),(950,'ROLE_MOD_MODULE_IQITWISHLIST_READ'),(951,'ROLE_MOD_MODULE_IQITWISHLIST_UPDATE'),(517,'ROLE_MOD_MODULE_PAGESNOTFOUND_CREATE'),(520,'ROLE_MOD_MODULE_PAGESNOTFOUND_DELETE'),(518,'ROLE_MOD_MODULE_PAGESNOTFOUND_READ'),(519,'ROLE_MOD_MODULE_PAGESNOTFOUND_UPDATE'),(1017,'ROLE_MOD_MODULE_PAYPAL_CREATE'),(1020,'ROLE_MOD_MODULE_PAYPAL_DELETE'),(1018,'ROLE_MOD_MODULE_PAYPAL_READ'),(1019,'ROLE_MOD_MODULE_PAYPAL_UPDATE'),(989,'ROLE_MOD_MODULE_PH_BLOG_COLUMN_CUSTOM_CREATE'),(992,'ROLE_MOD_MODULE_PH_BLOG_COLUMN_CUSTOM_DELETE'),(990,'ROLE_MOD_MODULE_PH_BLOG_COLUMN_CUSTOM_READ'),(991,'ROLE_MOD_MODULE_PH_BLOG_COLUMN_CUSTOM_UPDATE'),(993,'ROLE_MOD_MODULE_PH_RELATEDPOSTS_CREATE'),(996,'ROLE_MOD_MODULE_PH_RELATEDPOSTS_DELETE'),(994,'ROLE_MOD_MODULE_PH_RELATEDPOSTS_READ'),(995,'ROLE_MOD_MODULE_PH_RELATEDPOSTS_UPDATE'),(957,'ROLE_MOD_MODULE_PH_SIMPLEBLOG_CREATE'),(960,'ROLE_MOD_MODULE_PH_SIMPLEBLOG_DELETE'),(958,'ROLE_MOD_MODULE_PH_SIMPLEBLOG_READ'),(959,'ROLE_MOD_MODULE_PH_SIMPLEBLOG_UPDATE'),(521,'ROLE_MOD_MODULE_PRODUCTCOMMENTS_CREATE'),(524,'ROLE_MOD_MODULE_PRODUCTCOMMENTS_DELETE'),(522,'ROLE_MOD_MODULE_PRODUCTCOMMENTS_READ'),(523,'ROLE_MOD_MODULE_PRODUCTCOMMENTS_UPDATE'),(749,'ROLE_MOD_MODULE_PSADDONSCONNECT_CREATE'),(752,'ROLE_MOD_MODULE_PSADDONSCONNECT_DELETE'),(750,'ROLE_MOD_MODULE_PSADDONSCONNECT_READ'),(751,'ROLE_MOD_MODULE_PSADDONSCONNECT_UPDATE'),(753,'ROLE_MOD_MODULE_PSGDPR_CREATE'),(756,'ROLE_MOD_MODULE_PSGDPR_DELETE'),(754,'ROLE_MOD_MODULE_PSGDPR_READ'),(755,'ROLE_MOD_MODULE_PSGDPR_UPDATE'),(525,'ROLE_MOD_MODULE_PS_BANNER_CREATE'),(528,'ROLE_MOD_MODULE_PS_BANNER_DELETE'),(526,'ROLE_MOD_MODULE_PS_BANNER_READ'),(527,'ROLE_MOD_MODULE_PS_BANNER_UPDATE'),(785,'ROLE_MOD_MODULE_PS_BUYBUTTONLITE_CREATE'),(788,'ROLE_MOD_MODULE_PS_BUYBUTTONLITE_DELETE'),(786,'ROLE_MOD_MODULE_PS_BUYBUTTONLITE_READ'),(787,'ROLE_MOD_MODULE_PS_BUYBUTTONLITE_UPDATE'),(1057,'ROLE_MOD_MODULE_PS_CASHONDELIVERY_CREATE'),(1060,'ROLE_MOD_MODULE_PS_CASHONDELIVERY_DELETE'),(1058,'ROLE_MOD_MODULE_PS_CASHONDELIVERY_READ'),(1059,'ROLE_MOD_MODULE_PS_CASHONDELIVERY_UPDATE'),(529,'ROLE_MOD_MODULE_PS_CATEGORYTREE_CREATE'),(532,'ROLE_MOD_MODULE_PS_CATEGORYTREE_DELETE'),(530,'ROLE_MOD_MODULE_PS_CATEGORYTREE_READ'),(531,'ROLE_MOD_MODULE_PS_CATEGORYTREE_UPDATE'),(533,'ROLE_MOD_MODULE_PS_CHECKPAYMENT_CREATE'),(536,'ROLE_MOD_MODULE_PS_CHECKPAYMENT_DELETE'),(534,'ROLE_MOD_MODULE_PS_CHECKPAYMENT_READ'),(535,'ROLE_MOD_MODULE_PS_CHECKPAYMENT_UPDATE'),(537,'ROLE_MOD_MODULE_PS_CONTACTINFO_CREATE'),(540,'ROLE_MOD_MODULE_PS_CONTACTINFO_DELETE'),(538,'ROLE_MOD_MODULE_PS_CONTACTINFO_READ'),(539,'ROLE_MOD_MODULE_PS_CONTACTINFO_UPDATE'),(541,'ROLE_MOD_MODULE_PS_CROSSSELLING_CREATE'),(544,'ROLE_MOD_MODULE_PS_CROSSSELLING_DELETE'),(542,'ROLE_MOD_MODULE_PS_CROSSSELLING_READ'),(543,'ROLE_MOD_MODULE_PS_CROSSSELLING_UPDATE'),(545,'ROLE_MOD_MODULE_PS_CURRENCYSELECTOR_CREATE'),(548,'ROLE_MOD_MODULE_PS_CURRENCYSELECTOR_DELETE'),(546,'ROLE_MOD_MODULE_PS_CURRENCYSELECTOR_READ'),(547,'ROLE_MOD_MODULE_PS_CURRENCYSELECTOR_UPDATE'),(549,'ROLE_MOD_MODULE_PS_CUSTOMERACCOUNTLINKS_CREATE'),(552,'ROLE_MOD_MODULE_PS_CUSTOMERACCOUNTLINKS_DELETE'),(550,'ROLE_MOD_MODULE_PS_CUSTOMERACCOUNTLINKS_READ'),(551,'ROLE_MOD_MODULE_PS_CUSTOMERACCOUNTLINKS_UPDATE'),(553,'ROLE_MOD_MODULE_PS_CUSTOMERSIGNIN_CREATE'),(556,'ROLE_MOD_MODULE_PS_CUSTOMERSIGNIN_DELETE'),(554,'ROLE_MOD_MODULE_PS_CUSTOMERSIGNIN_READ'),(555,'ROLE_MOD_MODULE_PS_CUSTOMERSIGNIN_UPDATE'),(557,'ROLE_MOD_MODULE_PS_CUSTOMTEXT_CREATE'),(560,'ROLE_MOD_MODULE_PS_CUSTOMTEXT_DELETE'),(558,'ROLE_MOD_MODULE_PS_CUSTOMTEXT_READ'),(559,'ROLE_MOD_MODULE_PS_CUSTOMTEXT_UPDATE'),(561,'ROLE_MOD_MODULE_PS_DATAPRIVACY_CREATE'),(564,'ROLE_MOD_MODULE_PS_DATAPRIVACY_DELETE'),(562,'ROLE_MOD_MODULE_PS_DATAPRIVACY_READ'),(563,'ROLE_MOD_MODULE_PS_DATAPRIVACY_UPDATE'),(565,'ROLE_MOD_MODULE_PS_EMAILSUBSCRIPTION_CREATE'),(568,'ROLE_MOD_MODULE_PS_EMAILSUBSCRIPTION_DELETE'),(566,'ROLE_MOD_MODULE_PS_EMAILSUBSCRIPTION_READ'),(567,'ROLE_MOD_MODULE_PS_EMAILSUBSCRIPTION_UPDATE'),(569,'ROLE_MOD_MODULE_PS_FACETEDSEARCH_CREATE'),(572,'ROLE_MOD_MODULE_PS_FACETEDSEARCH_DELETE'),(570,'ROLE_MOD_MODULE_PS_FACETEDSEARCH_READ'),(571,'ROLE_MOD_MODULE_PS_FACETEDSEARCH_UPDATE'),(573,'ROLE_MOD_MODULE_PS_FAVICONNOTIFICATIONBO_CREATE'),(576,'ROLE_MOD_MODULE_PS_FAVICONNOTIFICATIONBO_DELETE'),(574,'ROLE_MOD_MODULE_PS_FAVICONNOTIFICATIONBO_READ'),(575,'ROLE_MOD_MODULE_PS_FAVICONNOTIFICATIONBO_UPDATE'),(581,'ROLE_MOD_MODULE_PS_FEATUREDPRODUCTS_CREATE'),(584,'ROLE_MOD_MODULE_PS_FEATUREDPRODUCTS_DELETE'),(582,'ROLE_MOD_MODULE_PS_FEATUREDPRODUCTS_READ'),(583,'ROLE_MOD_MODULE_PS_FEATUREDPRODUCTS_UPDATE'),(585,'ROLE_MOD_MODULE_PS_IMAGESLIDER_CREATE'),(588,'ROLE_MOD_MODULE_PS_IMAGESLIDER_DELETE'),(586,'ROLE_MOD_MODULE_PS_IMAGESLIDER_READ'),(587,'ROLE_MOD_MODULE_PS_IMAGESLIDER_UPDATE'),(589,'ROLE_MOD_MODULE_PS_LANGUAGESELECTOR_CREATE'),(592,'ROLE_MOD_MODULE_PS_LANGUAGESELECTOR_DELETE'),(590,'ROLE_MOD_MODULE_PS_LANGUAGESELECTOR_READ'),(591,'ROLE_MOD_MODULE_PS_LANGUAGESELECTOR_UPDATE'),(593,'ROLE_MOD_MODULE_PS_LINKLIST_CREATE'),(596,'ROLE_MOD_MODULE_PS_LINKLIST_DELETE'),(594,'ROLE_MOD_MODULE_PS_LINKLIST_READ'),(595,'ROLE_MOD_MODULE_PS_LINKLIST_UPDATE'),(597,'ROLE_MOD_MODULE_PS_MAINMENU_CREATE'),(600,'ROLE_MOD_MODULE_PS_MAINMENU_DELETE'),(598,'ROLE_MOD_MODULE_PS_MAINMENU_READ'),(599,'ROLE_MOD_MODULE_PS_MAINMENU_UPDATE'),(765,'ROLE_MOD_MODULE_PS_MBO_CREATE'),(768,'ROLE_MOD_MODULE_PS_MBO_DELETE'),(766,'ROLE_MOD_MODULE_PS_MBO_READ'),(767,'ROLE_MOD_MODULE_PS_MBO_UPDATE'),(601,'ROLE_MOD_MODULE_PS_SEARCHBAR_CREATE'),(604,'ROLE_MOD_MODULE_PS_SEARCHBAR_DELETE'),(602,'ROLE_MOD_MODULE_PS_SEARCHBAR_READ'),(603,'ROLE_MOD_MODULE_PS_SEARCHBAR_UPDATE'),(605,'ROLE_MOD_MODULE_PS_SHAREBUTTONS_CREATE'),(608,'ROLE_MOD_MODULE_PS_SHAREBUTTONS_DELETE'),(606,'ROLE_MOD_MODULE_PS_SHAREBUTTONS_READ'),(607,'ROLE_MOD_MODULE_PS_SHAREBUTTONS_UPDATE'),(609,'ROLE_MOD_MODULE_PS_SHOPPINGCART_CREATE'),(612,'ROLE_MOD_MODULE_PS_SHOPPINGCART_DELETE'),(610,'ROLE_MOD_MODULE_PS_SHOPPINGCART_READ'),(611,'ROLE_MOD_MODULE_PS_SHOPPINGCART_UPDATE'),(613,'ROLE_MOD_MODULE_PS_SOCIALFOLLOW_CREATE'),(616,'ROLE_MOD_MODULE_PS_SOCIALFOLLOW_DELETE'),(614,'ROLE_MOD_MODULE_PS_SOCIALFOLLOW_READ'),(615,'ROLE_MOD_MODULE_PS_SOCIALFOLLOW_UPDATE'),(617,'ROLE_MOD_MODULE_PS_THEMECUSTO_CREATE'),(620,'ROLE_MOD_MODULE_PS_THEMECUSTO_DELETE'),(618,'ROLE_MOD_MODULE_PS_THEMECUSTO_READ'),(619,'ROLE_MOD_MODULE_PS_THEMECUSTO_UPDATE'),(633,'ROLE_MOD_MODULE_PS_WIREPAYMENT_CREATE'),(636,'ROLE_MOD_MODULE_PS_WIREPAYMENT_DELETE'),(634,'ROLE_MOD_MODULE_PS_WIREPAYMENT_READ'),(635,'ROLE_MOD_MODULE_PS_WIREPAYMENT_UPDATE'),(801,'ROLE_MOD_MODULE_REVSLIDERPRESTASHOP_CREATE'),(804,'ROLE_MOD_MODULE_REVSLIDERPRESTASHOP_DELETE'),(802,'ROLE_MOD_MODULE_REVSLIDERPRESTASHOP_READ'),(803,'ROLE_MOD_MODULE_REVSLIDERPRESTASHOP_UPDATE'),(637,'ROLE_MOD_MODULE_SEKEYWORDS_CREATE'),(640,'ROLE_MOD_MODULE_SEKEYWORDS_DELETE'),(638,'ROLE_MOD_MODULE_SEKEYWORDS_READ'),(639,'ROLE_MOD_MODULE_SEKEYWORDS_UPDATE'),(1013,'ROLE_MOD_MODULE_SMART2PAY_CREATE'),(1016,'ROLE_MOD_MODULE_SMART2PAY_DELETE'),(1014,'ROLE_MOD_MODULE_SMART2PAY_READ'),(1015,'ROLE_MOD_MODULE_SMART2PAY_UPDATE'),(641,'ROLE_MOD_MODULE_STATSBESTCATEGORIES_CREATE'),(644,'ROLE_MOD_MODULE_STATSBESTCATEGORIES_DELETE'),(642,'ROLE_MOD_MODULE_STATSBESTCATEGORIES_READ'),(643,'ROLE_MOD_MODULE_STATSBESTCATEGORIES_UPDATE'),(645,'ROLE_MOD_MODULE_STATSBESTCUSTOMERS_CREATE'),(648,'ROLE_MOD_MODULE_STATSBESTCUSTOMERS_DELETE'),(646,'ROLE_MOD_MODULE_STATSBESTCUSTOMERS_READ'),(647,'ROLE_MOD_MODULE_STATSBESTCUSTOMERS_UPDATE'),(649,'ROLE_MOD_MODULE_STATSBESTPRODUCTS_CREATE'),(652,'ROLE_MOD_MODULE_STATSBESTPRODUCTS_DELETE'),(650,'ROLE_MOD_MODULE_STATSBESTPRODUCTS_READ'),(651,'ROLE_MOD_MODULE_STATSBESTPRODUCTS_UPDATE'),(653,'ROLE_MOD_MODULE_STATSBESTSUPPLIERS_CREATE'),(656,'ROLE_MOD_MODULE_STATSBESTSUPPLIERS_DELETE'),(654,'ROLE_MOD_MODULE_STATSBESTSUPPLIERS_READ'),(655,'ROLE_MOD_MODULE_STATSBESTSUPPLIERS_UPDATE'),(657,'ROLE_MOD_MODULE_STATSBESTVOUCHERS_CREATE'),(660,'ROLE_MOD_MODULE_STATSBESTVOUCHERS_DELETE'),(658,'ROLE_MOD_MODULE_STATSBESTVOUCHERS_READ'),(659,'ROLE_MOD_MODULE_STATSBESTVOUCHERS_UPDATE'),(661,'ROLE_MOD_MODULE_STATSCARRIER_CREATE'),(664,'ROLE_MOD_MODULE_STATSCARRIER_DELETE'),(662,'ROLE_MOD_MODULE_STATSCARRIER_READ'),(663,'ROLE_MOD_MODULE_STATSCARRIER_UPDATE'),(665,'ROLE_MOD_MODULE_STATSCATALOG_CREATE'),(668,'ROLE_MOD_MODULE_STATSCATALOG_DELETE'),(666,'ROLE_MOD_MODULE_STATSCATALOG_READ'),(667,'ROLE_MOD_MODULE_STATSCATALOG_UPDATE'),(669,'ROLE_MOD_MODULE_STATSCHECKUP_CREATE'),(672,'ROLE_MOD_MODULE_STATSCHECKUP_DELETE'),(670,'ROLE_MOD_MODULE_STATSCHECKUP_READ'),(671,'ROLE_MOD_MODULE_STATSCHECKUP_UPDATE'),(673,'ROLE_MOD_MODULE_STATSDATA_CREATE'),(676,'ROLE_MOD_MODULE_STATSDATA_DELETE'),(674,'ROLE_MOD_MODULE_STATSDATA_READ'),(675,'ROLE_MOD_MODULE_STATSDATA_UPDATE'),(677,'ROLE_MOD_MODULE_STATSEQUIPMENT_CREATE'),(680,'ROLE_MOD_MODULE_STATSEQUIPMENT_DELETE'),(678,'ROLE_MOD_MODULE_STATSEQUIPMENT_READ'),(679,'ROLE_MOD_MODULE_STATSEQUIPMENT_UPDATE'),(681,'ROLE_MOD_MODULE_STATSFORECAST_CREATE'),(684,'ROLE_MOD_MODULE_STATSFORECAST_DELETE'),(682,'ROLE_MOD_MODULE_STATSFORECAST_READ'),(683,'ROLE_MOD_MODULE_STATSFORECAST_UPDATE'),(685,'ROLE_MOD_MODULE_STATSLIVE_CREATE'),(688,'ROLE_MOD_MODULE_STATSLIVE_DELETE'),(686,'ROLE_MOD_MODULE_STATSLIVE_READ'),(687,'ROLE_MOD_MODULE_STATSLIVE_UPDATE'),(689,'ROLE_MOD_MODULE_STATSNEWSLETTER_CREATE'),(692,'ROLE_MOD_MODULE_STATSNEWSLETTER_DELETE'),(690,'ROLE_MOD_MODULE_STATSNEWSLETTER_READ'),(691,'ROLE_MOD_MODULE_STATSNEWSLETTER_UPDATE'),(693,'ROLE_MOD_MODULE_STATSORIGIN_CREATE'),(696,'ROLE_MOD_MODULE_STATSORIGIN_DELETE'),(694,'ROLE_MOD_MODULE_STATSORIGIN_READ'),(695,'ROLE_MOD_MODULE_STATSORIGIN_UPDATE'),(697,'ROLE_MOD_MODULE_STATSPERSONALINFOS_CREATE'),(700,'ROLE_MOD_MODULE_STATSPERSONALINFOS_DELETE'),(698,'ROLE_MOD_MODULE_STATSPERSONALINFOS_READ'),(699,'ROLE_MOD_MODULE_STATSPERSONALINFOS_UPDATE'),(701,'ROLE_MOD_MODULE_STATSPRODUCT_CREATE'),(704,'ROLE_MOD_MODULE_STATSPRODUCT_DELETE'),(702,'ROLE_MOD_MODULE_STATSPRODUCT_READ'),(703,'ROLE_MOD_MODULE_STATSPRODUCT_UPDATE'),(705,'ROLE_MOD_MODULE_STATSREGISTRATIONS_CREATE'),(708,'ROLE_MOD_MODULE_STATSREGISTRATIONS_DELETE'),(706,'ROLE_MOD_MODULE_STATSREGISTRATIONS_READ'),(707,'ROLE_MOD_MODULE_STATSREGISTRATIONS_UPDATE'),(709,'ROLE_MOD_MODULE_STATSSALES_CREATE'),(712,'ROLE_MOD_MODULE_STATSSALES_DELETE'),(710,'ROLE_MOD_MODULE_STATSSALES_READ'),(711,'ROLE_MOD_MODULE_STATSSALES_UPDATE'),(713,'ROLE_MOD_MODULE_STATSSEARCH_CREATE'),(716,'ROLE_MOD_MODULE_STATSSEARCH_DELETE'),(714,'ROLE_MOD_MODULE_STATSSEARCH_READ'),(715,'ROLE_MOD_MODULE_STATSSEARCH_UPDATE'),(717,'ROLE_MOD_MODULE_STATSSTOCK_CREATE'),(720,'ROLE_MOD_MODULE_STATSSTOCK_DELETE'),(718,'ROLE_MOD_MODULE_STATSSTOCK_READ'),(719,'ROLE_MOD_MODULE_STATSSTOCK_UPDATE'),(721,'ROLE_MOD_MODULE_STATSVISITS_CREATE'),(724,'ROLE_MOD_MODULE_STATSVISITS_DELETE'),(722,'ROLE_MOD_MODULE_STATSVISITS_READ'),(723,'ROLE_MOD_MODULE_STATSVISITS_UPDATE'),(725,'ROLE_MOD_MODULE_WELCOME_CREATE'),(728,'ROLE_MOD_MODULE_WELCOME_DELETE'),(726,'ROLE_MOD_MODULE_WELCOME_READ'),(727,'ROLE_MOD_MODULE_WELCOME_UPDATE'),(1,'ROLE_MOD_TAB_ADMINACCESS_CREATE'),(4,'ROLE_MOD_TAB_ADMINACCESS_DELETE'),(2,'ROLE_MOD_TAB_ADMINACCESS_READ'),(3,'ROLE_MOD_TAB_ADMINACCESS_UPDATE'),(5,'ROLE_MOD_TAB_ADMINADDONSCATALOG_CREATE'),(8,'ROLE_MOD_TAB_ADMINADDONSCATALOG_DELETE'),(6,'ROLE_MOD_TAB_ADMINADDONSCATALOG_READ'),(7,'ROLE_MOD_TAB_ADMINADDONSCATALOG_UPDATE'),(9,'ROLE_MOD_TAB_ADMINADDRESSES_CREATE'),(12,'ROLE_MOD_TAB_ADMINADDRESSES_DELETE'),(10,'ROLE_MOD_TAB_ADMINADDRESSES_READ'),(11,'ROLE_MOD_TAB_ADMINADDRESSES_UPDATE'),(13,'ROLE_MOD_TAB_ADMINADMINPREFERENCES_CREATE'),(16,'ROLE_MOD_TAB_ADMINADMINPREFERENCES_DELETE'),(14,'ROLE_MOD_TAB_ADMINADMINPREFERENCES_READ'),(15,'ROLE_MOD_TAB_ADMINADMINPREFERENCES_UPDATE'),(17,'ROLE_MOD_TAB_ADMINADVANCEDPARAMETERS_CREATE'),(20,'ROLE_MOD_TAB_ADMINADVANCEDPARAMETERS_DELETE'),(18,'ROLE_MOD_TAB_ADMINADVANCEDPARAMETERS_READ'),(19,'ROLE_MOD_TAB_ADMINADVANCEDPARAMETERS_UPDATE'),(757,'ROLE_MOD_TAB_ADMINAJAXPSGDPR_CREATE'),(760,'ROLE_MOD_TAB_ADMINAJAXPSGDPR_DELETE'),(758,'ROLE_MOD_TAB_ADMINAJAXPSGDPR_READ'),(759,'ROLE_MOD_TAB_ADMINAJAXPSGDPR_UPDATE'),(789,'ROLE_MOD_TAB_ADMINAJAXPS_BUYBUTTONLITE_CREATE'),(792,'ROLE_MOD_TAB_ADMINAJAXPS_BUYBUTTONLITE_DELETE'),(790,'ROLE_MOD_TAB_ADMINAJAXPS_BUYBUTTONLITE_READ'),(791,'ROLE_MOD_TAB_ADMINAJAXPS_BUYBUTTONLITE_UPDATE'),(21,'ROLE_MOD_TAB_ADMINATTACHMENTS_CREATE'),(24,'ROLE_MOD_TAB_ADMINATTACHMENTS_DELETE'),(22,'ROLE_MOD_TAB_ADMINATTACHMENTS_READ'),(23,'ROLE_MOD_TAB_ADMINATTACHMENTS_UPDATE'),(25,'ROLE_MOD_TAB_ADMINATTRIBUTESGROUPS_CREATE'),(28,'ROLE_MOD_TAB_ADMINATTRIBUTESGROUPS_DELETE'),(26,'ROLE_MOD_TAB_ADMINATTRIBUTESGROUPS_READ'),(27,'ROLE_MOD_TAB_ADMINATTRIBUTESGROUPS_UPDATE'),(29,'ROLE_MOD_TAB_ADMINBACKUP_CREATE'),(32,'ROLE_MOD_TAB_ADMINBACKUP_DELETE'),(30,'ROLE_MOD_TAB_ADMINBACKUP_READ'),(31,'ROLE_MOD_TAB_ADMINBACKUP_UPDATE'),(797,'ROLE_MOD_TAB_ADMINBLOCKLISTING_CREATE'),(800,'ROLE_MOD_TAB_ADMINBLOCKLISTING_DELETE'),(798,'ROLE_MOD_TAB_ADMINBLOCKLISTING_READ'),(799,'ROLE_MOD_TAB_ADMINBLOCKLISTING_UPDATE'),(961,'ROLE_MOD_TAB_ADMINBLOGFORPRESTASHOP_CREATE'),(964,'ROLE_MOD_TAB_ADMINBLOGFORPRESTASHOP_DELETE'),(962,'ROLE_MOD_TAB_ADMINBLOGFORPRESTASHOP_READ'),(963,'ROLE_MOD_TAB_ADMINBLOGFORPRESTASHOP_UPDATE'),(33,'ROLE_MOD_TAB_ADMINCARRIERS_CREATE'),(36,'ROLE_MOD_TAB_ADMINCARRIERS_DELETE'),(34,'ROLE_MOD_TAB_ADMINCARRIERS_READ'),(35,'ROLE_MOD_TAB_ADMINCARRIERS_UPDATE'),(37,'ROLE_MOD_TAB_ADMINCARTRULES_CREATE'),(40,'ROLE_MOD_TAB_ADMINCARTRULES_DELETE'),(38,'ROLE_MOD_TAB_ADMINCARTRULES_READ'),(39,'ROLE_MOD_TAB_ADMINCARTRULES_UPDATE'),(41,'ROLE_MOD_TAB_ADMINCARTS_CREATE'),(44,'ROLE_MOD_TAB_ADMINCARTS_DELETE'),(42,'ROLE_MOD_TAB_ADMINCARTS_READ'),(43,'ROLE_MOD_TAB_ADMINCARTS_UPDATE'),(45,'ROLE_MOD_TAB_ADMINCATALOG_CREATE'),(48,'ROLE_MOD_TAB_ADMINCATALOG_DELETE'),(46,'ROLE_MOD_TAB_ADMINCATALOG_READ'),(47,'ROLE_MOD_TAB_ADMINCATALOG_UPDATE'),(49,'ROLE_MOD_TAB_ADMINCATEGORIES_CREATE'),(52,'ROLE_MOD_TAB_ADMINCATEGORIES_DELETE'),(50,'ROLE_MOD_TAB_ADMINCATEGORIES_READ'),(51,'ROLE_MOD_TAB_ADMINCATEGORIES_UPDATE'),(53,'ROLE_MOD_TAB_ADMINCMSCONTENT_CREATE'),(56,'ROLE_MOD_TAB_ADMINCMSCONTENT_DELETE'),(54,'ROLE_MOD_TAB_ADMINCMSCONTENT_READ'),(55,'ROLE_MOD_TAB_ADMINCMSCONTENT_UPDATE'),(577,'ROLE_MOD_TAB_ADMINCONFIGUREFAVICONBO_CREATE'),(580,'ROLE_MOD_TAB_ADMINCONFIGUREFAVICONBO_DELETE'),(578,'ROLE_MOD_TAB_ADMINCONFIGUREFAVICONBO_READ'),(579,'ROLE_MOD_TAB_ADMINCONFIGUREFAVICONBO_UPDATE'),(57,'ROLE_MOD_TAB_ADMINCONTACTS_CREATE'),(60,'ROLE_MOD_TAB_ADMINCONTACTS_DELETE'),(58,'ROLE_MOD_TAB_ADMINCONTACTS_READ'),(59,'ROLE_MOD_TAB_ADMINCONTACTS_UPDATE'),(61,'ROLE_MOD_TAB_ADMINCOUNTRIES_CREATE'),(64,'ROLE_MOD_TAB_ADMINCOUNTRIES_DELETE'),(62,'ROLE_MOD_TAB_ADMINCOUNTRIES_READ'),(63,'ROLE_MOD_TAB_ADMINCOUNTRIES_UPDATE'),(65,'ROLE_MOD_TAB_ADMINCURRENCIES_CREATE'),(68,'ROLE_MOD_TAB_ADMINCURRENCIES_DELETE'),(66,'ROLE_MOD_TAB_ADMINCURRENCIES_READ'),(67,'ROLE_MOD_TAB_ADMINCURRENCIES_UPDATE'),(69,'ROLE_MOD_TAB_ADMINCUSTOMERPREFERENCES_CREATE'),(72,'ROLE_MOD_TAB_ADMINCUSTOMERPREFERENCES_DELETE'),(70,'ROLE_MOD_TAB_ADMINCUSTOMERPREFERENCES_READ'),(71,'ROLE_MOD_TAB_ADMINCUSTOMERPREFERENCES_UPDATE'),(73,'ROLE_MOD_TAB_ADMINCUSTOMERS_CREATE'),(76,'ROLE_MOD_TAB_ADMINCUSTOMERS_DELETE'),(74,'ROLE_MOD_TAB_ADMINCUSTOMERS_READ'),(75,'ROLE_MOD_TAB_ADMINCUSTOMERS_UPDATE'),(77,'ROLE_MOD_TAB_ADMINCUSTOMERTHREADS_CREATE'),(80,'ROLE_MOD_TAB_ADMINCUSTOMERTHREADS_DELETE'),(78,'ROLE_MOD_TAB_ADMINCUSTOMERTHREADS_READ'),(79,'ROLE_MOD_TAB_ADMINCUSTOMERTHREADS_UPDATE'),(81,'ROLE_MOD_TAB_ADMINDASHBOARD_CREATE'),(84,'ROLE_MOD_TAB_ADMINDASHBOARD_DELETE'),(82,'ROLE_MOD_TAB_ADMINDASHBOARD_READ'),(83,'ROLE_MOD_TAB_ADMINDASHBOARD_UPDATE'),(489,'ROLE_MOD_TAB_ADMINDASHGOALS_CREATE'),(492,'ROLE_MOD_TAB_ADMINDASHGOALS_DELETE'),(490,'ROLE_MOD_TAB_ADMINDASHGOALS_READ'),(491,'ROLE_MOD_TAB_ADMINDASHGOALS_UPDATE'),(85,'ROLE_MOD_TAB_ADMINDELIVERYSLIP_CREATE'),(88,'ROLE_MOD_TAB_ADMINDELIVERYSLIP_DELETE'),(86,'ROLE_MOD_TAB_ADMINDELIVERYSLIP_READ'),(87,'ROLE_MOD_TAB_ADMINDELIVERYSLIP_UPDATE'),(761,'ROLE_MOD_TAB_ADMINDOWNLOADINVOICESPSGDPR_CREATE'),(764,'ROLE_MOD_TAB_ADMINDOWNLOADINVOICESPSGDPR_DELETE'),(762,'ROLE_MOD_TAB_ADMINDOWNLOADINVOICESPSGDPR_READ'),(763,'ROLE_MOD_TAB_ADMINDOWNLOADINVOICESPSGDPR_UPDATE'),(89,'ROLE_MOD_TAB_ADMINEMAILS_CREATE'),(92,'ROLE_MOD_TAB_ADMINEMAILS_DELETE'),(90,'ROLE_MOD_TAB_ADMINEMAILS_READ'),(91,'ROLE_MOD_TAB_ADMINEMAILS_UPDATE'),(745,'ROLE_MOD_TAB_ADMINEMARKETING_CREATE'),(748,'ROLE_MOD_TAB_ADMINEMARKETING_DELETE'),(746,'ROLE_MOD_TAB_ADMINEMARKETING_READ'),(747,'ROLE_MOD_TAB_ADMINEMARKETING_UPDATE'),(93,'ROLE_MOD_TAB_ADMINEMPLOYEES_CREATE'),(96,'ROLE_MOD_TAB_ADMINEMPLOYEES_DELETE'),(94,'ROLE_MOD_TAB_ADMINEMPLOYEES_READ'),(95,'ROLE_MOD_TAB_ADMINEMPLOYEES_UPDATE'),(97,'ROLE_MOD_TAB_ADMINFEATURES_CREATE'),(100,'ROLE_MOD_TAB_ADMINFEATURES_DELETE'),(98,'ROLE_MOD_TAB_ADMINFEATURES_READ'),(99,'ROLE_MOD_TAB_ADMINFEATURES_UPDATE'),(733,'ROLE_MOD_TAB_ADMINGAMIFICATION_CREATE'),(736,'ROLE_MOD_TAB_ADMINGAMIFICATION_DELETE'),(734,'ROLE_MOD_TAB_ADMINGAMIFICATION_READ'),(735,'ROLE_MOD_TAB_ADMINGAMIFICATION_UPDATE'),(101,'ROLE_MOD_TAB_ADMINGENDERS_CREATE'),(104,'ROLE_MOD_TAB_ADMINGENDERS_DELETE'),(102,'ROLE_MOD_TAB_ADMINGENDERS_READ'),(103,'ROLE_MOD_TAB_ADMINGENDERS_UPDATE'),(105,'ROLE_MOD_TAB_ADMINGEOLOCATION_CREATE'),(108,'ROLE_MOD_TAB_ADMINGEOLOCATION_DELETE'),(106,'ROLE_MOD_TAB_ADMINGEOLOCATION_READ'),(107,'ROLE_MOD_TAB_ADMINGEOLOCATION_UPDATE'),(109,'ROLE_MOD_TAB_ADMINGROUPS_CREATE'),(112,'ROLE_MOD_TAB_ADMINGROUPS_DELETE'),(110,'ROLE_MOD_TAB_ADMINGROUPS_READ'),(111,'ROLE_MOD_TAB_ADMINGROUPS_UPDATE'),(113,'ROLE_MOD_TAB_ADMINIMAGES_CREATE'),(116,'ROLE_MOD_TAB_ADMINIMAGES_DELETE'),(114,'ROLE_MOD_TAB_ADMINIMAGES_READ'),(115,'ROLE_MOD_TAB_ADMINIMAGES_UPDATE'),(117,'ROLE_MOD_TAB_ADMINIMPORT_CREATE'),(120,'ROLE_MOD_TAB_ADMINIMPORT_DELETE'),(118,'ROLE_MOD_TAB_ADMINIMPORT_READ'),(119,'ROLE_MOD_TAB_ADMINIMPORT_UPDATE'),(121,'ROLE_MOD_TAB_ADMININFORMATION_CREATE'),(124,'ROLE_MOD_TAB_ADMININFORMATION_DELETE'),(122,'ROLE_MOD_TAB_ADMININFORMATION_READ'),(123,'ROLE_MOD_TAB_ADMININFORMATION_UPDATE'),(125,'ROLE_MOD_TAB_ADMININTERNATIONAL_CREATE'),(128,'ROLE_MOD_TAB_ADMININTERNATIONAL_DELETE'),(126,'ROLE_MOD_TAB_ADMININTERNATIONAL_READ'),(127,'ROLE_MOD_TAB_ADMININTERNATIONAL_UPDATE'),(129,'ROLE_MOD_TAB_ADMININVOICES_CREATE'),(132,'ROLE_MOD_TAB_ADMININVOICES_DELETE'),(130,'ROLE_MOD_TAB_ADMININVOICES_READ'),(131,'ROLE_MOD_TAB_ADMININVOICES_UPDATE'),(881,'ROLE_MOD_TAB_ADMINIQITELEMENTORCONTENT_CREATE'),(884,'ROLE_MOD_TAB_ADMINIQITELEMENTORCONTENT_DELETE'),(882,'ROLE_MOD_TAB_ADMINIQITELEMENTORCONTENT_READ'),(883,'ROLE_MOD_TAB_ADMINIQITELEMENTORCONTENT_UPDATE'),(877,'ROLE_MOD_TAB_ADMINIQITELEMENTOR_CREATE'),(880,'ROLE_MOD_TAB_ADMINIQITELEMENTOR_DELETE'),(878,'ROLE_MOD_TAB_ADMINIQITELEMENTOR_READ'),(879,'ROLE_MOD_TAB_ADMINIQITELEMENTOR_UPDATE'),(841,'ROLE_MOD_TAB_ADMINIQITHTMLBANNERWIDGET_CREATE'),(844,'ROLE_MOD_TAB_ADMINIQITHTMLBANNERWIDGET_DELETE'),(842,'ROLE_MOD_TAB_ADMINIQITHTMLBANNERWIDGET_READ'),(843,'ROLE_MOD_TAB_ADMINIQITHTMLBANNERWIDGET_UPDATE'),(901,'ROLE_MOD_TAB_ADMINIQITLINKWIDGET_CREATE'),(904,'ROLE_MOD_TAB_ADMINIQITLINKWIDGET_DELETE'),(902,'ROLE_MOD_TAB_ADMINIQITLINKWIDGET_READ'),(903,'ROLE_MOD_TAB_ADMINIQITLINKWIDGET_UPDATE'),(925,'ROLE_MOD_TAB_ADMINIQITREVIEWS_CREATE'),(928,'ROLE_MOD_TAB_ADMINIQITREVIEWS_DELETE'),(926,'ROLE_MOD_TAB_ADMINIQITREVIEWS_READ'),(927,'ROLE_MOD_TAB_ADMINIQITREVIEWS_UPDATE'),(945,'ROLE_MOD_TAB_ADMINIQITTHEMEEDITOR_CREATE'),(948,'ROLE_MOD_TAB_ADMINIQITTHEMEEDITOR_DELETE'),(946,'ROLE_MOD_TAB_ADMINIQITTHEMEEDITOR_READ'),(947,'ROLE_MOD_TAB_ADMINIQITTHEMEEDITOR_UPDATE'),(133,'ROLE_MOD_TAB_ADMINLANGUAGES_CREATE'),(136,'ROLE_MOD_TAB_ADMINLANGUAGES_DELETE'),(134,'ROLE_MOD_TAB_ADMINLANGUAGES_READ'),(135,'ROLE_MOD_TAB_ADMINLANGUAGES_UPDATE'),(137,'ROLE_MOD_TAB_ADMINLINKWIDGET_CREATE'),(140,'ROLE_MOD_TAB_ADMINLINKWIDGET_DELETE'),(138,'ROLE_MOD_TAB_ADMINLINKWIDGET_READ'),(139,'ROLE_MOD_TAB_ADMINLINKWIDGET_UPDATE'),(141,'ROLE_MOD_TAB_ADMINLOCALIZATION_CREATE'),(144,'ROLE_MOD_TAB_ADMINLOCALIZATION_DELETE'),(142,'ROLE_MOD_TAB_ADMINLOCALIZATION_READ'),(143,'ROLE_MOD_TAB_ADMINLOCALIZATION_UPDATE'),(145,'ROLE_MOD_TAB_ADMINLOGS_CREATE'),(148,'ROLE_MOD_TAB_ADMINLOGS_DELETE'),(146,'ROLE_MOD_TAB_ADMINLOGS_READ'),(147,'ROLE_MOD_TAB_ADMINLOGS_UPDATE'),(465,'ROLE_MOD_TAB_ADMINMAILTHEME_CREATE'),(468,'ROLE_MOD_TAB_ADMINMAILTHEME_DELETE'),(466,'ROLE_MOD_TAB_ADMINMAILTHEME_READ'),(467,'ROLE_MOD_TAB_ADMINMAILTHEME_UPDATE'),(149,'ROLE_MOD_TAB_ADMINMAINTENANCE_CREATE'),(152,'ROLE_MOD_TAB_ADMINMAINTENANCE_DELETE'),(150,'ROLE_MOD_TAB_ADMINMAINTENANCE_READ'),(151,'ROLE_MOD_TAB_ADMINMAINTENANCE_UPDATE'),(153,'ROLE_MOD_TAB_ADMINMANUFACTURERS_CREATE'),(156,'ROLE_MOD_TAB_ADMINMANUFACTURERS_DELETE'),(154,'ROLE_MOD_TAB_ADMINMANUFACTURERS_READ'),(155,'ROLE_MOD_TAB_ADMINMANUFACTURERS_UPDATE'),(157,'ROLE_MOD_TAB_ADMINMETA_CREATE'),(160,'ROLE_MOD_TAB_ADMINMETA_DELETE'),(158,'ROLE_MOD_TAB_ADMINMETA_READ'),(159,'ROLE_MOD_TAB_ADMINMETA_UPDATE'),(473,'ROLE_MOD_TAB_ADMINMODULESCATALOG_CREATE'),(476,'ROLE_MOD_TAB_ADMINMODULESCATALOG_DELETE'),(474,'ROLE_MOD_TAB_ADMINMODULESCATALOG_READ'),(475,'ROLE_MOD_TAB_ADMINMODULESCATALOG_UPDATE'),(469,'ROLE_MOD_TAB_ADMINMODULESMANAGE_CREATE'),(472,'ROLE_MOD_TAB_ADMINMODULESMANAGE_DELETE'),(470,'ROLE_MOD_TAB_ADMINMODULESMANAGE_READ'),(471,'ROLE_MOD_TAB_ADMINMODULESMANAGE_UPDATE'),(173,'ROLE_MOD_TAB_ADMINMODULESNOTIFICATIONS_CREATE'),(176,'ROLE_MOD_TAB_ADMINMODULESNOTIFICATIONS_DELETE'),(174,'ROLE_MOD_TAB_ADMINMODULESNOTIFICATIONS_READ'),(175,'ROLE_MOD_TAB_ADMINMODULESNOTIFICATIONS_UPDATE'),(165,'ROLE_MOD_TAB_ADMINMODULESPOSITIONS_CREATE'),(168,'ROLE_MOD_TAB_ADMINMODULESPOSITIONS_DELETE'),(166,'ROLE_MOD_TAB_ADMINMODULESPOSITIONS_READ'),(167,'ROLE_MOD_TAB_ADMINMODULESPOSITIONS_UPDATE'),(177,'ROLE_MOD_TAB_ADMINMODULESSF_CREATE'),(180,'ROLE_MOD_TAB_ADMINMODULESSF_DELETE'),(178,'ROLE_MOD_TAB_ADMINMODULESSF_READ'),(179,'ROLE_MOD_TAB_ADMINMODULESSF_UPDATE'),(169,'ROLE_MOD_TAB_ADMINMODULESUPDATES_CREATE'),(172,'ROLE_MOD_TAB_ADMINMODULESUPDATES_DELETE'),(170,'ROLE_MOD_TAB_ADMINMODULESUPDATES_READ'),(171,'ROLE_MOD_TAB_ADMINMODULESUPDATES_UPDATE'),(161,'ROLE_MOD_TAB_ADMINMODULES_CREATE'),(164,'ROLE_MOD_TAB_ADMINMODULES_DELETE'),(162,'ROLE_MOD_TAB_ADMINMODULES_READ'),(163,'ROLE_MOD_TAB_ADMINMODULES_UPDATE'),(181,'ROLE_MOD_TAB_ADMINORDERMESSAGE_CREATE'),(184,'ROLE_MOD_TAB_ADMINORDERMESSAGE_DELETE'),(182,'ROLE_MOD_TAB_ADMINORDERMESSAGE_READ'),(183,'ROLE_MOD_TAB_ADMINORDERMESSAGE_UPDATE'),(185,'ROLE_MOD_TAB_ADMINORDERPREFERENCES_CREATE'),(188,'ROLE_MOD_TAB_ADMINORDERPREFERENCES_DELETE'),(186,'ROLE_MOD_TAB_ADMINORDERPREFERENCES_READ'),(187,'ROLE_MOD_TAB_ADMINORDERPREFERENCES_UPDATE'),(189,'ROLE_MOD_TAB_ADMINORDERS_CREATE'),(192,'ROLE_MOD_TAB_ADMINORDERS_DELETE'),(190,'ROLE_MOD_TAB_ADMINORDERS_READ'),(191,'ROLE_MOD_TAB_ADMINORDERS_UPDATE'),(193,'ROLE_MOD_TAB_ADMINOUTSTANDING_CREATE'),(196,'ROLE_MOD_TAB_ADMINOUTSTANDING_DELETE'),(194,'ROLE_MOD_TAB_ADMINOUTSTANDING_READ'),(195,'ROLE_MOD_TAB_ADMINOUTSTANDING_UPDATE'),(197,'ROLE_MOD_TAB_ADMINPARENTATTRIBUTESGROUPS_CREATE'),(200,'ROLE_MOD_TAB_ADMINPARENTATTRIBUTESGROUPS_DELETE'),(198,'ROLE_MOD_TAB_ADMINPARENTATTRIBUTESGROUPS_READ'),(199,'ROLE_MOD_TAB_ADMINPARENTATTRIBUTESGROUPS_UPDATE'),(201,'ROLE_MOD_TAB_ADMINPARENTCARTRULES_CREATE'),(204,'ROLE_MOD_TAB_ADMINPARENTCARTRULES_DELETE'),(202,'ROLE_MOD_TAB_ADMINPARENTCARTRULES_READ'),(203,'ROLE_MOD_TAB_ADMINPARENTCARTRULES_UPDATE'),(205,'ROLE_MOD_TAB_ADMINPARENTCOUNTRIES_CREATE'),(208,'ROLE_MOD_TAB_ADMINPARENTCOUNTRIES_DELETE'),(206,'ROLE_MOD_TAB_ADMINPARENTCOUNTRIES_READ'),(207,'ROLE_MOD_TAB_ADMINPARENTCOUNTRIES_UPDATE'),(213,'ROLE_MOD_TAB_ADMINPARENTCUSTOMERPREFERENCES_CREATE'),(216,'ROLE_MOD_TAB_ADMINPARENTCUSTOMERPREFERENCES_DELETE'),(214,'ROLE_MOD_TAB_ADMINPARENTCUSTOMERPREFERENCES_READ'),(215,'ROLE_MOD_TAB_ADMINPARENTCUSTOMERPREFERENCES_UPDATE'),(217,'ROLE_MOD_TAB_ADMINPARENTCUSTOMERTHREADS_CREATE'),(220,'ROLE_MOD_TAB_ADMINPARENTCUSTOMERTHREADS_DELETE'),(218,'ROLE_MOD_TAB_ADMINPARENTCUSTOMERTHREADS_READ'),(219,'ROLE_MOD_TAB_ADMINPARENTCUSTOMERTHREADS_UPDATE'),(209,'ROLE_MOD_TAB_ADMINPARENTCUSTOMER_CREATE'),(212,'ROLE_MOD_TAB_ADMINPARENTCUSTOMER_DELETE'),(210,'ROLE_MOD_TAB_ADMINPARENTCUSTOMER_READ'),(211,'ROLE_MOD_TAB_ADMINPARENTCUSTOMER_UPDATE'),(221,'ROLE_MOD_TAB_ADMINPARENTEMPLOYEES_CREATE'),(224,'ROLE_MOD_TAB_ADMINPARENTEMPLOYEES_DELETE'),(222,'ROLE_MOD_TAB_ADMINPARENTEMPLOYEES_READ'),(223,'ROLE_MOD_TAB_ADMINPARENTEMPLOYEES_UPDATE'),(873,'ROLE_MOD_TAB_ADMINPARENTIQITELEMENTOR_CREATE'),(876,'ROLE_MOD_TAB_ADMINPARENTIQITELEMENTOR_DELETE'),(874,'ROLE_MOD_TAB_ADMINPARENTIQITELEMENTOR_READ'),(875,'ROLE_MOD_TAB_ADMINPARENTIQITELEMENTOR_UPDATE'),(225,'ROLE_MOD_TAB_ADMINPARENTLOCALIZATION_CREATE'),(228,'ROLE_MOD_TAB_ADMINPARENTLOCALIZATION_DELETE'),(226,'ROLE_MOD_TAB_ADMINPARENTLOCALIZATION_READ'),(227,'ROLE_MOD_TAB_ADMINPARENTLOCALIZATION_UPDATE'),(461,'ROLE_MOD_TAB_ADMINPARENTMAILTHEME_CREATE'),(464,'ROLE_MOD_TAB_ADMINPARENTMAILTHEME_DELETE'),(462,'ROLE_MOD_TAB_ADMINPARENTMAILTHEME_READ'),(463,'ROLE_MOD_TAB_ADMINPARENTMAILTHEME_UPDATE'),(229,'ROLE_MOD_TAB_ADMINPARENTMANUFACTURERS_CREATE'),(232,'ROLE_MOD_TAB_ADMINPARENTMANUFACTURERS_DELETE'),(230,'ROLE_MOD_TAB_ADMINPARENTMANUFACTURERS_READ'),(231,'ROLE_MOD_TAB_ADMINPARENTMANUFACTURERS_UPDATE'),(237,'ROLE_MOD_TAB_ADMINPARENTMETA_CREATE'),(240,'ROLE_MOD_TAB_ADMINPARENTMETA_DELETE'),(238,'ROLE_MOD_TAB_ADMINPARENTMETA_READ'),(239,'ROLE_MOD_TAB_ADMINPARENTMETA_UPDATE'),(477,'ROLE_MOD_TAB_ADMINPARENTMODULESCATALOG_CREATE'),(480,'ROLE_MOD_TAB_ADMINPARENTMODULESCATALOG_DELETE'),(478,'ROLE_MOD_TAB_ADMINPARENTMODULESCATALOG_READ'),(479,'ROLE_MOD_TAB_ADMINPARENTMODULESCATALOG_UPDATE'),(233,'ROLE_MOD_TAB_ADMINPARENTMODULESSF_CREATE'),(236,'ROLE_MOD_TAB_ADMINPARENTMODULESSF_DELETE'),(234,'ROLE_MOD_TAB_ADMINPARENTMODULESSF_READ'),(235,'ROLE_MOD_TAB_ADMINPARENTMODULESSF_UPDATE'),(241,'ROLE_MOD_TAB_ADMINPARENTMODULES_CREATE'),(244,'ROLE_MOD_TAB_ADMINPARENTMODULES_DELETE'),(242,'ROLE_MOD_TAB_ADMINPARENTMODULES_READ'),(243,'ROLE_MOD_TAB_ADMINPARENTMODULES_UPDATE'),(245,'ROLE_MOD_TAB_ADMINPARENTORDERPREFERENCES_CREATE'),(248,'ROLE_MOD_TAB_ADMINPARENTORDERPREFERENCES_DELETE'),(246,'ROLE_MOD_TAB_ADMINPARENTORDERPREFERENCES_READ'),(247,'ROLE_MOD_TAB_ADMINPARENTORDERPREFERENCES_UPDATE'),(249,'ROLE_MOD_TAB_ADMINPARENTORDERS_CREATE'),(252,'ROLE_MOD_TAB_ADMINPARENTORDERS_DELETE'),(250,'ROLE_MOD_TAB_ADMINPARENTORDERS_READ'),(251,'ROLE_MOD_TAB_ADMINPARENTORDERS_UPDATE'),(253,'ROLE_MOD_TAB_ADMINPARENTPAYMENT_CREATE'),(256,'ROLE_MOD_TAB_ADMINPARENTPAYMENT_DELETE'),(254,'ROLE_MOD_TAB_ADMINPARENTPAYMENT_READ'),(255,'ROLE_MOD_TAB_ADMINPARENTPAYMENT_UPDATE'),(1021,'ROLE_MOD_TAB_ADMINPARENTPAYPALCONFIGURATION_CREATE'),(1024,'ROLE_MOD_TAB_ADMINPARENTPAYPALCONFIGURATION_DELETE'),(1022,'ROLE_MOD_TAB_ADMINPARENTPAYPALCONFIGURATION_READ'),(1023,'ROLE_MOD_TAB_ADMINPARENTPAYPALCONFIGURATION_UPDATE'),(257,'ROLE_MOD_TAB_ADMINPARENTPREFERENCES_CREATE'),(260,'ROLE_MOD_TAB_ADMINPARENTPREFERENCES_DELETE'),(258,'ROLE_MOD_TAB_ADMINPARENTPREFERENCES_READ'),(259,'ROLE_MOD_TAB_ADMINPARENTPREFERENCES_UPDATE'),(261,'ROLE_MOD_TAB_ADMINPARENTREQUESTSQL_CREATE'),(264,'ROLE_MOD_TAB_ADMINPARENTREQUESTSQL_DELETE'),(262,'ROLE_MOD_TAB_ADMINPARENTREQUESTSQL_READ'),(263,'ROLE_MOD_TAB_ADMINPARENTREQUESTSQL_UPDATE'),(265,'ROLE_MOD_TAB_ADMINPARENTSEARCHCONF_CREATE'),(268,'ROLE_MOD_TAB_ADMINPARENTSEARCHCONF_DELETE'),(266,'ROLE_MOD_TAB_ADMINPARENTSEARCHCONF_READ'),(267,'ROLE_MOD_TAB_ADMINPARENTSEARCHCONF_UPDATE'),(269,'ROLE_MOD_TAB_ADMINPARENTSHIPPING_CREATE'),(272,'ROLE_MOD_TAB_ADMINPARENTSHIPPING_DELETE'),(270,'ROLE_MOD_TAB_ADMINPARENTSHIPPING_READ'),(271,'ROLE_MOD_TAB_ADMINPARENTSHIPPING_UPDATE'),(273,'ROLE_MOD_TAB_ADMINPARENTSTOCKMANAGEMENT_CREATE'),(276,'ROLE_MOD_TAB_ADMINPARENTSTOCKMANAGEMENT_DELETE'),(274,'ROLE_MOD_TAB_ADMINPARENTSTOCKMANAGEMENT_READ'),(275,'ROLE_MOD_TAB_ADMINPARENTSTOCKMANAGEMENT_UPDATE'),(277,'ROLE_MOD_TAB_ADMINPARENTSTORES_CREATE'),(280,'ROLE_MOD_TAB_ADMINPARENTSTORES_DELETE'),(278,'ROLE_MOD_TAB_ADMINPARENTSTORES_READ'),(279,'ROLE_MOD_TAB_ADMINPARENTSTORES_UPDATE'),(281,'ROLE_MOD_TAB_ADMINPARENTTAXES_CREATE'),(284,'ROLE_MOD_TAB_ADMINPARENTTAXES_DELETE'),(282,'ROLE_MOD_TAB_ADMINPARENTTAXES_READ'),(283,'ROLE_MOD_TAB_ADMINPARENTTAXES_UPDATE'),(285,'ROLE_MOD_TAB_ADMINPARENTTHEMES_CREATE'),(288,'ROLE_MOD_TAB_ADMINPARENTTHEMES_DELETE'),(286,'ROLE_MOD_TAB_ADMINPARENTTHEMES_READ'),(287,'ROLE_MOD_TAB_ADMINPARENTTHEMES_UPDATE'),(293,'ROLE_MOD_TAB_ADMINPAYMENTPREFERENCES_CREATE'),(296,'ROLE_MOD_TAB_ADMINPAYMENTPREFERENCES_DELETE'),(294,'ROLE_MOD_TAB_ADMINPAYMENTPREFERENCES_READ'),(295,'ROLE_MOD_TAB_ADMINPAYMENTPREFERENCES_UPDATE'),(289,'ROLE_MOD_TAB_ADMINPAYMENT_CREATE'),(292,'ROLE_MOD_TAB_ADMINPAYMENT_DELETE'),(290,'ROLE_MOD_TAB_ADMINPAYMENT_READ'),(291,'ROLE_MOD_TAB_ADMINPAYMENT_UPDATE'),(1025,'ROLE_MOD_TAB_ADMINPAYPALCONFIGURATION_CREATE'),(1028,'ROLE_MOD_TAB_ADMINPAYPALCONFIGURATION_DELETE'),(1026,'ROLE_MOD_TAB_ADMINPAYPALCONFIGURATION_READ'),(1027,'ROLE_MOD_TAB_ADMINPAYPALCONFIGURATION_UPDATE'),(1033,'ROLE_MOD_TAB_ADMINPAYPALCUSTOMIZECHECKOUT_CREATE'),(1036,'ROLE_MOD_TAB_ADMINPAYPALCUSTOMIZECHECKOUT_DELETE'),(1034,'ROLE_MOD_TAB_ADMINPAYPALCUSTOMIZECHECKOUT_READ'),(1035,'ROLE_MOD_TAB_ADMINPAYPALCUSTOMIZECHECKOUT_UPDATE'),(1049,'ROLE_MOD_TAB_ADMINPAYPALGETCREDENTIALS_CREATE'),(1052,'ROLE_MOD_TAB_ADMINPAYPALGETCREDENTIALS_DELETE'),(1050,'ROLE_MOD_TAB_ADMINPAYPALGETCREDENTIALS_READ'),(1051,'ROLE_MOD_TAB_ADMINPAYPALGETCREDENTIALS_UPDATE'),(1041,'ROLE_MOD_TAB_ADMINPAYPALHELP_CREATE'),(1044,'ROLE_MOD_TAB_ADMINPAYPALHELP_DELETE'),(1042,'ROLE_MOD_TAB_ADMINPAYPALHELP_READ'),(1043,'ROLE_MOD_TAB_ADMINPAYPALHELP_UPDATE'),(1037,'ROLE_MOD_TAB_ADMINPAYPALINSTALLMENT_CREATE'),(1040,'ROLE_MOD_TAB_ADMINPAYPALINSTALLMENT_DELETE'),(1038,'ROLE_MOD_TAB_ADMINPAYPALINSTALLMENT_READ'),(1039,'ROLE_MOD_TAB_ADMINPAYPALINSTALLMENT_UPDATE'),(1045,'ROLE_MOD_TAB_ADMINPAYPALLOGS_CREATE'),(1048,'ROLE_MOD_TAB_ADMINPAYPALLOGS_DELETE'),(1046,'ROLE_MOD_TAB_ADMINPAYPALLOGS_READ'),(1047,'ROLE_MOD_TAB_ADMINPAYPALLOGS_UPDATE'),(1053,'ROLE_MOD_TAB_ADMINPAYPALPROCESSLOGGER_CREATE'),(1056,'ROLE_MOD_TAB_ADMINPAYPALPROCESSLOGGER_DELETE'),(1054,'ROLE_MOD_TAB_ADMINPAYPALPROCESSLOGGER_READ'),(1055,'ROLE_MOD_TAB_ADMINPAYPALPROCESSLOGGER_UPDATE'),(1029,'ROLE_MOD_TAB_ADMINPAYPALSETUP_CREATE'),(1032,'ROLE_MOD_TAB_ADMINPAYPALSETUP_DELETE'),(1030,'ROLE_MOD_TAB_ADMINPAYPALSETUP_READ'),(1031,'ROLE_MOD_TAB_ADMINPAYPALSETUP_UPDATE'),(297,'ROLE_MOD_TAB_ADMINPERFORMANCE_CREATE'),(300,'ROLE_MOD_TAB_ADMINPERFORMANCE_DELETE'),(298,'ROLE_MOD_TAB_ADMINPERFORMANCE_READ'),(299,'ROLE_MOD_TAB_ADMINPERFORMANCE_UPDATE'),(301,'ROLE_MOD_TAB_ADMINPPREFERENCES_CREATE'),(304,'ROLE_MOD_TAB_ADMINPPREFERENCES_DELETE'),(302,'ROLE_MOD_TAB_ADMINPPREFERENCES_READ'),(303,'ROLE_MOD_TAB_ADMINPPREFERENCES_UPDATE'),(305,'ROLE_MOD_TAB_ADMINPREFERENCES_CREATE'),(308,'ROLE_MOD_TAB_ADMINPREFERENCES_DELETE'),(306,'ROLE_MOD_TAB_ADMINPREFERENCES_READ'),(307,'ROLE_MOD_TAB_ADMINPREFERENCES_UPDATE'),(309,'ROLE_MOD_TAB_ADMINPRODUCTS_CREATE'),(312,'ROLE_MOD_TAB_ADMINPRODUCTS_DELETE'),(310,'ROLE_MOD_TAB_ADMINPRODUCTS_READ'),(311,'ROLE_MOD_TAB_ADMINPRODUCTS_UPDATE'),(313,'ROLE_MOD_TAB_ADMINPROFILES_CREATE'),(316,'ROLE_MOD_TAB_ADMINPROFILES_DELETE'),(314,'ROLE_MOD_TAB_ADMINPROFILES_READ'),(315,'ROLE_MOD_TAB_ADMINPROFILES_UPDATE'),(773,'ROLE_MOD_TAB_ADMINPSMBOADDONS_CREATE'),(776,'ROLE_MOD_TAB_ADMINPSMBOADDONS_DELETE'),(774,'ROLE_MOD_TAB_ADMINPSMBOADDONS_READ'),(775,'ROLE_MOD_TAB_ADMINPSMBOADDONS_UPDATE'),(769,'ROLE_MOD_TAB_ADMINPSMBOMODULE_CREATE'),(772,'ROLE_MOD_TAB_ADMINPSMBOMODULE_DELETE'),(770,'ROLE_MOD_TAB_ADMINPSMBOMODULE_READ'),(771,'ROLE_MOD_TAB_ADMINPSMBOMODULE_UPDATE'),(777,'ROLE_MOD_TAB_ADMINPSMBORECOMMENDED_CREATE'),(780,'ROLE_MOD_TAB_ADMINPSMBORECOMMENDED_DELETE'),(778,'ROLE_MOD_TAB_ADMINPSMBORECOMMENDED_READ'),(779,'ROLE_MOD_TAB_ADMINPSMBORECOMMENDED_UPDATE'),(781,'ROLE_MOD_TAB_ADMINPSMBOTHEME_CREATE'),(784,'ROLE_MOD_TAB_ADMINPSMBOTHEME_DELETE'),(782,'ROLE_MOD_TAB_ADMINPSMBOTHEME_READ'),(783,'ROLE_MOD_TAB_ADMINPSMBOTHEME_UPDATE'),(629,'ROLE_MOD_TAB_ADMINPSTHEMECUSTOADVANCED_CREATE'),(632,'ROLE_MOD_TAB_ADMINPSTHEMECUSTOADVANCED_DELETE'),(630,'ROLE_MOD_TAB_ADMINPSTHEMECUSTOADVANCED_READ'),(631,'ROLE_MOD_TAB_ADMINPSTHEMECUSTOADVANCED_UPDATE'),(625,'ROLE_MOD_TAB_ADMINPSTHEMECUSTOCONFIGURATION_CREATE'),(628,'ROLE_MOD_TAB_ADMINPSTHEMECUSTOCONFIGURATION_DELETE'),(626,'ROLE_MOD_TAB_ADMINPSTHEMECUSTOCONFIGURATION_READ'),(627,'ROLE_MOD_TAB_ADMINPSTHEMECUSTOCONFIGURATION_UPDATE'),(317,'ROLE_MOD_TAB_ADMINREFERRERS_CREATE'),(320,'ROLE_MOD_TAB_ADMINREFERRERS_DELETE'),(318,'ROLE_MOD_TAB_ADMINREFERRERS_READ'),(319,'ROLE_MOD_TAB_ADMINREFERRERS_UPDATE'),(1009,'ROLE_MOD_TAB_ADMINREQUESTGROUPS_CREATE'),(1012,'ROLE_MOD_TAB_ADMINREQUESTGROUPS_DELETE'),(1010,'ROLE_MOD_TAB_ADMINREQUESTGROUPS_READ'),(1011,'ROLE_MOD_TAB_ADMINREQUESTGROUPS_UPDATE'),(321,'ROLE_MOD_TAB_ADMINREQUESTSQL_CREATE'),(324,'ROLE_MOD_TAB_ADMINREQUESTSQL_DELETE'),(322,'ROLE_MOD_TAB_ADMINREQUESTSQL_READ'),(323,'ROLE_MOD_TAB_ADMINREQUESTSQL_UPDATE'),(325,'ROLE_MOD_TAB_ADMINRETURN_CREATE'),(328,'ROLE_MOD_TAB_ADMINRETURN_DELETE'),(326,'ROLE_MOD_TAB_ADMINRETURN_READ'),(327,'ROLE_MOD_TAB_ADMINRETURN_UPDATE'),(817,'ROLE_MOD_TAB_ADMINREVOLUTIONSLIDERADDONS_CREATE'),(820,'ROLE_MOD_TAB_ADMINREVOLUTIONSLIDERADDONS_DELETE'),(818,'ROLE_MOD_TAB_ADMINREVOLUTIONSLIDERADDONS_READ'),(819,'ROLE_MOD_TAB_ADMINREVOLUTIONSLIDERADDONS_UPDATE'),(825,'ROLE_MOD_TAB_ADMINREVOLUTIONSLIDERAJAX_CREATE'),(828,'ROLE_MOD_TAB_ADMINREVOLUTIONSLIDERAJAX_DELETE'),(826,'ROLE_MOD_TAB_ADMINREVOLUTIONSLIDERAJAX_READ'),(827,'ROLE_MOD_TAB_ADMINREVOLUTIONSLIDERAJAX_UPDATE'),(829,'ROLE_MOD_TAB_ADMINREVOLUTIONSLIDERFMANAGER_CREATE'),(832,'ROLE_MOD_TAB_ADMINREVOLUTIONSLIDERFMANAGER_DELETE'),(830,'ROLE_MOD_TAB_ADMINREVOLUTIONSLIDERFMANAGER_READ'),(831,'ROLE_MOD_TAB_ADMINREVOLUTIONSLIDERFMANAGER_UPDATE'),(813,'ROLE_MOD_TAB_ADMINREVOLUTIONSLIDERGLOBALSETTINGS_CREATE'),(816,'ROLE_MOD_TAB_ADMINREVOLUTIONSLIDERGLOBALSETTINGS_DELETE'),(814,'ROLE_MOD_TAB_ADMINREVOLUTIONSLIDERGLOBALSETTINGS_READ'),(815,'ROLE_MOD_TAB_ADMINREVOLUTIONSLIDERGLOBALSETTINGS_UPDATE'),(821,'ROLE_MOD_TAB_ADMINREVOLUTIONSLIDERNAVIGATION_CREATE'),(824,'ROLE_MOD_TAB_ADMINREVOLUTIONSLIDERNAVIGATION_DELETE'),(822,'ROLE_MOD_TAB_ADMINREVOLUTIONSLIDERNAVIGATION_READ'),(823,'ROLE_MOD_TAB_ADMINREVOLUTIONSLIDERNAVIGATION_UPDATE'),(809,'ROLE_MOD_TAB_ADMINREVSLIDERSLIDERS_CREATE'),(812,'ROLE_MOD_TAB_ADMINREVSLIDERSLIDERS_DELETE'),(810,'ROLE_MOD_TAB_ADMINREVSLIDERSLIDERS_READ'),(811,'ROLE_MOD_TAB_ADMINREVSLIDERSLIDERS_UPDATE'),(805,'ROLE_MOD_TAB_ADMINREVSLIDER_CREATE'),(808,'ROLE_MOD_TAB_ADMINREVSLIDER_DELETE'),(806,'ROLE_MOD_TAB_ADMINREVSLIDER_READ'),(807,'ROLE_MOD_TAB_ADMINREVSLIDER_UPDATE'),(329,'ROLE_MOD_TAB_ADMINSEARCHCONF_CREATE'),(332,'ROLE_MOD_TAB_ADMINSEARCHCONF_DELETE'),(330,'ROLE_MOD_TAB_ADMINSEARCHCONF_READ'),(331,'ROLE_MOD_TAB_ADMINSEARCHCONF_UPDATE'),(333,'ROLE_MOD_TAB_ADMINSEARCHENGINES_CREATE'),(336,'ROLE_MOD_TAB_ADMINSEARCHENGINES_DELETE'),(334,'ROLE_MOD_TAB_ADMINSEARCHENGINES_READ'),(335,'ROLE_MOD_TAB_ADMINSEARCHENGINES_UPDATE'),(337,'ROLE_MOD_TAB_ADMINSHIPPING_CREATE'),(340,'ROLE_MOD_TAB_ADMINSHIPPING_DELETE'),(338,'ROLE_MOD_TAB_ADMINSHIPPING_READ'),(339,'ROLE_MOD_TAB_ADMINSHIPPING_UPDATE'),(341,'ROLE_MOD_TAB_ADMINSHOPGROUP_CREATE'),(344,'ROLE_MOD_TAB_ADMINSHOPGROUP_DELETE'),(342,'ROLE_MOD_TAB_ADMINSHOPGROUP_READ'),(343,'ROLE_MOD_TAB_ADMINSHOPGROUP_UPDATE'),(345,'ROLE_MOD_TAB_ADMINSHOPURL_CREATE'),(348,'ROLE_MOD_TAB_ADMINSHOPURL_DELETE'),(346,'ROLE_MOD_TAB_ADMINSHOPURL_READ'),(347,'ROLE_MOD_TAB_ADMINSHOPURL_UPDATE'),(981,'ROLE_MOD_TAB_ADMINSIMPLEBLOGAUTHORS_CREATE'),(984,'ROLE_MOD_TAB_ADMINSIMPLEBLOGAUTHORS_DELETE'),(982,'ROLE_MOD_TAB_ADMINSIMPLEBLOGAUTHORS_READ'),(983,'ROLE_MOD_TAB_ADMINSIMPLEBLOGAUTHORS_UPDATE'),(969,'ROLE_MOD_TAB_ADMINSIMPLEBLOGCATEGORIES_CREATE'),(972,'ROLE_MOD_TAB_ADMINSIMPLEBLOGCATEGORIES_DELETE'),(970,'ROLE_MOD_TAB_ADMINSIMPLEBLOGCATEGORIES_READ'),(971,'ROLE_MOD_TAB_ADMINSIMPLEBLOGCATEGORIES_UPDATE'),(973,'ROLE_MOD_TAB_ADMINSIMPLEBLOGCOMMENTS_CREATE'),(976,'ROLE_MOD_TAB_ADMINSIMPLEBLOGCOMMENTS_DELETE'),(974,'ROLE_MOD_TAB_ADMINSIMPLEBLOGCOMMENTS_READ'),(975,'ROLE_MOD_TAB_ADMINSIMPLEBLOGCOMMENTS_UPDATE'),(965,'ROLE_MOD_TAB_ADMINSIMPLEBLOGPOSTS_CREATE'),(968,'ROLE_MOD_TAB_ADMINSIMPLEBLOGPOSTS_DELETE'),(966,'ROLE_MOD_TAB_ADMINSIMPLEBLOGPOSTS_READ'),(967,'ROLE_MOD_TAB_ADMINSIMPLEBLOGPOSTS_UPDATE'),(985,'ROLE_MOD_TAB_ADMINSIMPLEBLOGSETTINGS_CREATE'),(988,'ROLE_MOD_TAB_ADMINSIMPLEBLOGSETTINGS_DELETE'),(986,'ROLE_MOD_TAB_ADMINSIMPLEBLOGSETTINGS_READ'),(987,'ROLE_MOD_TAB_ADMINSIMPLEBLOGSETTINGS_UPDATE'),(977,'ROLE_MOD_TAB_ADMINSIMPLEBLOGTAGS_CREATE'),(980,'ROLE_MOD_TAB_ADMINSIMPLEBLOGTAGS_DELETE'),(978,'ROLE_MOD_TAB_ADMINSIMPLEBLOGTAGS_READ'),(979,'ROLE_MOD_TAB_ADMINSIMPLEBLOGTAGS_UPDATE'),(349,'ROLE_MOD_TAB_ADMINSLIP_CREATE'),(352,'ROLE_MOD_TAB_ADMINSLIP_DELETE'),(350,'ROLE_MOD_TAB_ADMINSLIP_READ'),(351,'ROLE_MOD_TAB_ADMINSLIP_UPDATE'),(353,'ROLE_MOD_TAB_ADMINSPECIFICPRICERULE_CREATE'),(356,'ROLE_MOD_TAB_ADMINSPECIFICPRICERULE_DELETE'),(354,'ROLE_MOD_TAB_ADMINSPECIFICPRICERULE_READ'),(355,'ROLE_MOD_TAB_ADMINSPECIFICPRICERULE_UPDATE'),(357,'ROLE_MOD_TAB_ADMINSTATES_CREATE'),(360,'ROLE_MOD_TAB_ADMINSTATES_DELETE'),(358,'ROLE_MOD_TAB_ADMINSTATES_READ'),(359,'ROLE_MOD_TAB_ADMINSTATES_UPDATE'),(361,'ROLE_MOD_TAB_ADMINSTATS_CREATE'),(364,'ROLE_MOD_TAB_ADMINSTATS_DELETE'),(362,'ROLE_MOD_TAB_ADMINSTATS_READ'),(363,'ROLE_MOD_TAB_ADMINSTATS_UPDATE'),(365,'ROLE_MOD_TAB_ADMINSTATUSES_CREATE'),(368,'ROLE_MOD_TAB_ADMINSTATUSES_DELETE'),(366,'ROLE_MOD_TAB_ADMINSTATUSES_READ'),(367,'ROLE_MOD_TAB_ADMINSTATUSES_UPDATE'),(373,'ROLE_MOD_TAB_ADMINSTOCKCONFIGURATION_CREATE'),(376,'ROLE_MOD_TAB_ADMINSTOCKCONFIGURATION_DELETE'),(374,'ROLE_MOD_TAB_ADMINSTOCKCONFIGURATION_READ'),(375,'ROLE_MOD_TAB_ADMINSTOCKCONFIGURATION_UPDATE'),(377,'ROLE_MOD_TAB_ADMINSTOCKCOVER_CREATE'),(380,'ROLE_MOD_TAB_ADMINSTOCKCOVER_DELETE'),(378,'ROLE_MOD_TAB_ADMINSTOCKCOVER_READ'),(379,'ROLE_MOD_TAB_ADMINSTOCKCOVER_UPDATE'),(381,'ROLE_MOD_TAB_ADMINSTOCKINSTANTSTATE_CREATE'),(384,'ROLE_MOD_TAB_ADMINSTOCKINSTANTSTATE_DELETE'),(382,'ROLE_MOD_TAB_ADMINSTOCKINSTANTSTATE_READ'),(383,'ROLE_MOD_TAB_ADMINSTOCKINSTANTSTATE_UPDATE'),(385,'ROLE_MOD_TAB_ADMINSTOCKMANAGEMENT_CREATE'),(388,'ROLE_MOD_TAB_ADMINSTOCKMANAGEMENT_DELETE'),(386,'ROLE_MOD_TAB_ADMINSTOCKMANAGEMENT_READ'),(387,'ROLE_MOD_TAB_ADMINSTOCKMANAGEMENT_UPDATE'),(389,'ROLE_MOD_TAB_ADMINSTOCKMVT_CREATE'),(392,'ROLE_MOD_TAB_ADMINSTOCKMVT_DELETE'),(390,'ROLE_MOD_TAB_ADMINSTOCKMVT_READ'),(391,'ROLE_MOD_TAB_ADMINSTOCKMVT_UPDATE'),(369,'ROLE_MOD_TAB_ADMINSTOCK_CREATE'),(372,'ROLE_MOD_TAB_ADMINSTOCK_DELETE'),(370,'ROLE_MOD_TAB_ADMINSTOCK_READ'),(371,'ROLE_MOD_TAB_ADMINSTOCK_UPDATE'),(393,'ROLE_MOD_TAB_ADMINSTORES_CREATE'),(396,'ROLE_MOD_TAB_ADMINSTORES_DELETE'),(394,'ROLE_MOD_TAB_ADMINSTORES_READ'),(395,'ROLE_MOD_TAB_ADMINSTORES_UPDATE'),(397,'ROLE_MOD_TAB_ADMINSUPPLIERS_CREATE'),(400,'ROLE_MOD_TAB_ADMINSUPPLIERS_DELETE'),(398,'ROLE_MOD_TAB_ADMINSUPPLIERS_READ'),(399,'ROLE_MOD_TAB_ADMINSUPPLIERS_UPDATE'),(401,'ROLE_MOD_TAB_ADMINSUPPLYORDERS_CREATE'),(404,'ROLE_MOD_TAB_ADMINSUPPLYORDERS_DELETE'),(402,'ROLE_MOD_TAB_ADMINSUPPLYORDERS_READ'),(403,'ROLE_MOD_TAB_ADMINSUPPLYORDERS_UPDATE'),(405,'ROLE_MOD_TAB_ADMINTAGS_CREATE'),(408,'ROLE_MOD_TAB_ADMINTAGS_DELETE'),(406,'ROLE_MOD_TAB_ADMINTAGS_READ'),(407,'ROLE_MOD_TAB_ADMINTAGS_UPDATE'),(409,'ROLE_MOD_TAB_ADMINTAXES_CREATE'),(412,'ROLE_MOD_TAB_ADMINTAXES_DELETE'),(410,'ROLE_MOD_TAB_ADMINTAXES_READ'),(411,'ROLE_MOD_TAB_ADMINTAXES_UPDATE'),(413,'ROLE_MOD_TAB_ADMINTAXRULESGROUP_CREATE'),(416,'ROLE_MOD_TAB_ADMINTAXRULESGROUP_DELETE'),(414,'ROLE_MOD_TAB_ADMINTAXRULESGROUP_READ'),(415,'ROLE_MOD_TAB_ADMINTAXRULESGROUP_UPDATE'),(421,'ROLE_MOD_TAB_ADMINTHEMESCATALOG_CREATE'),(424,'ROLE_MOD_TAB_ADMINTHEMESCATALOG_DELETE'),(422,'ROLE_MOD_TAB_ADMINTHEMESCATALOG_READ'),(423,'ROLE_MOD_TAB_ADMINTHEMESCATALOG_UPDATE'),(621,'ROLE_MOD_TAB_ADMINTHEMESPARENT_CREATE'),(624,'ROLE_MOD_TAB_ADMINTHEMESPARENT_DELETE'),(622,'ROLE_MOD_TAB_ADMINTHEMESPARENT_READ'),(623,'ROLE_MOD_TAB_ADMINTHEMESPARENT_UPDATE'),(417,'ROLE_MOD_TAB_ADMINTHEMES_CREATE'),(420,'ROLE_MOD_TAB_ADMINTHEMES_DELETE'),(418,'ROLE_MOD_TAB_ADMINTHEMES_READ'),(419,'ROLE_MOD_TAB_ADMINTHEMES_UPDATE'),(425,'ROLE_MOD_TAB_ADMINTRACKING_CREATE'),(428,'ROLE_MOD_TAB_ADMINTRACKING_DELETE'),(426,'ROLE_MOD_TAB_ADMINTRACKING_READ'),(427,'ROLE_MOD_TAB_ADMINTRACKING_UPDATE'),(429,'ROLE_MOD_TAB_ADMINTRANSLATIONS_CREATE'),(432,'ROLE_MOD_TAB_ADMINTRANSLATIONS_DELETE'),(430,'ROLE_MOD_TAB_ADMINTRANSLATIONS_READ'),(431,'ROLE_MOD_TAB_ADMINTRANSLATIONS_UPDATE'),(433,'ROLE_MOD_TAB_ADMINWAREHOUSES_CREATE'),(436,'ROLE_MOD_TAB_ADMINWAREHOUSES_DELETE'),(434,'ROLE_MOD_TAB_ADMINWAREHOUSES_READ'),(435,'ROLE_MOD_TAB_ADMINWAREHOUSES_UPDATE'),(437,'ROLE_MOD_TAB_ADMINWEBSERVICE_CREATE'),(440,'ROLE_MOD_TAB_ADMINWEBSERVICE_DELETE'),(438,'ROLE_MOD_TAB_ADMINWEBSERVICE_READ'),(439,'ROLE_MOD_TAB_ADMINWEBSERVICE_UPDATE'),(729,'ROLE_MOD_TAB_ADMINWELCOME_CREATE'),(732,'ROLE_MOD_TAB_ADMINWELCOME_DELETE'),(730,'ROLE_MOD_TAB_ADMINWELCOME_READ'),(731,'ROLE_MOD_TAB_ADMINWELCOME_UPDATE'),(441,'ROLE_MOD_TAB_ADMINZONES_CREATE'),(444,'ROLE_MOD_TAB_ADMINZONES_DELETE'),(442,'ROLE_MOD_TAB_ADMINZONES_READ'),(443,'ROLE_MOD_TAB_ADMINZONES_UPDATE'),(445,'ROLE_MOD_TAB_CONFIGURE_CREATE'),(448,'ROLE_MOD_TAB_CONFIGURE_DELETE'),(446,'ROLE_MOD_TAB_CONFIGURE_READ'),(447,'ROLE_MOD_TAB_CONFIGURE_UPDATE'),(449,'ROLE_MOD_TAB_IMPROVE_CREATE'),(452,'ROLE_MOD_TAB_IMPROVE_DELETE'),(450,'ROLE_MOD_TAB_IMPROVE_READ'),(451,'ROLE_MOD_TAB_IMPROVE_UPDATE'),(869,'ROLE_MOD_TAB_IQITELEMENTOREDITOR_CREATE'),(872,'ROLE_MOD_TAB_IQITELEMENTOREDITOR_DELETE'),(870,'ROLE_MOD_TAB_IQITELEMENTOREDITOR_READ'),(871,'ROLE_MOD_TAB_IQITELEMENTOREDITOR_UPDATE'),(941,'ROLE_MOD_TAB_IQITFRONTTHEMEEDITOR_CREATE'),(944,'ROLE_MOD_TAB_IQITFRONTTHEMEEDITOR_DELETE'),(942,'ROLE_MOD_TAB_IQITFRONTTHEMEEDITOR_READ'),(943,'ROLE_MOD_TAB_IQITFRONTTHEMEEDITOR_UPDATE'),(453,'ROLE_MOD_TAB_SELL_CREATE'),(456,'ROLE_MOD_TAB_SELL_DELETE'),(454,'ROLE_MOD_TAB_SELL_READ'),(455,'ROLE_MOD_TAB_SELL_UPDATE'),(457,'ROLE_MOD_TAB_SHOPPARAMETERS_CREATE'),(460,'ROLE_MOD_TAB_SHOPPARAMETERS_DELETE'),(458,'ROLE_MOD_TAB_SHOPPARAMETERS_READ'),(459,'ROLE_MOD_TAB_SHOPPARAMETERS_UPDATE');

--
