-- Table structure for table `ps_iqit_elementor_product`
--

CREATE TABLE `ps_iqit_elementor_product` (
  `id_elementor` int(10) unsigned NOT NULL AUTO_INCREMENT,
  `id_product` int(10) unsigned NOT NULL,
  PRIMARY KEY (`id_elementor`,`id_product`)
) ENGINE=InnoDB DEFAULT CHARSET=utf8;

--
-- Dumping data for table `ps_iqit_elementor_product`
--


--
-- Table structure for table `ps_iqit_elementor_product_lang`
--

CREATE TABLE `ps_iqit_elementor_product_lang` (
  `id_elementor` int(10) unsigned NOT NULL,
  `id_lang` int(10) unsigned NOT NULL,
  `id_shop` int(10) unsigned NOT NULL,
  `data` longtext,
  PRIMARY KEY (`id_elementor`,`id_lang`,`id_shop`)
) ENGINE=InnoDB DEFAULT CHARSET=utf8;

--
-- Dumping data for table `ps_iqit_elementor_product_lang`
--


--
-- Table structure for table `ps_iqit_elementor_product_shop`
--

CREATE TABLE `ps_iqit_elementor_product_shop` (
  `id_elementor` int(10) unsigned NOT NULL AUTO_INCREMENT,
  `id_shop` int(10) unsigned NOT NULL,
  PRIMARY KEY (`id_elementor`,`id_shop`)
) ENGINE=InnoDB DEFAULT CHARSET=utf8;

--
-- Dumping data for table `ps_iqit_elementor_product_shop`
--


--
-- Table structure for table `ps_iqit_elementor_template`
--

CREATE TABLE `ps_iqit_elementor_template` (
  `id_template` int(10) unsigned NOT NULL AUTO_INCREMENT,
  `title` varchar(255) NOT NULL,
  `data` longtext,
  PRIMARY KEY (`id_template`)
) ENGINE=InnoDB DEFAULT CHARSET=utf8;

--
-- Dumping data for table `ps_iqit_elementor_template`
--


--
-- Table structure for table `ps_iqit_htmlandbanner`
--

CREATE TABLE `ps_iqit_htmlandbanner` (
  `id_iqit_htmlandbanner` int(10) unsigned NOT NULL AUTO_INCREMENT,
  `id_hook` int(1) unsigned DEFAULT NULL,
  `width` int(1) unsigned DEFAULT NULL,
  `type` int(10) unsigned NOT NULL,
  `position` int(10) unsigned NOT NULL DEFAULT '0',
  `content` text,
  PRIMARY KEY (`id_iqit_htmlandbanner`)
) ENGINE=InnoDB AUTO_INCREMENT=2 DEFAULT CHARSET=utf8;

--
-- Dumping data for table `ps_iqit_htmlandbanner`
--

INSERT INTO `ps_iqit_htmlandbanner` VALUES (1,23,0,1,2,'');

--
-- Table structure for table `ps_iqit_htmlandbanner_lang`
--

CREATE TABLE `ps_iqit_htmlandbanner_lang` (
  `id_iqit_htmlandbanner` int(10) unsigned NOT NULL,
  `id_lang` int(10) unsigned NOT NULL,
  `name` varchar(40) NOT NULL DEFAULT '',
  `description` text,
  PRIMARY KEY (`id_iqit_htmlandbanner`,`id_lang`)
) ENGINE=InnoDB DEFAULT CHARSET=utf8;

--
-- Dumping data for table `ps_iqit_htmlandbanner_lang`
--

INSERT INTO `ps_iqit_htmlandbanner_lang` VALUES (1,1,'custom html','you can configure this block in <strong>iqithtmlbanners</strong> module. It is hooked in displayRightColumnProduct hook. <br><br>\r\n                 To disable entire area go to iqitthemeeditor module > Content/Pages > Product page and set hidden for Right sidebar option'),(1,2,'custom html','you can configure this block in <strong>iqithtmlbanners</strong> module. It is hooked in displayRightColumnProduct hook. <br><br>\r\n                 To disable entire area go to iqitthemeeditor module > Content/Pages > Product page and set hidden for Right sidebar option');

--
-- Table structure for table `ps_iqit_htmlandbanner_shop`
--

CREATE TABLE `ps_iqit_htmlandbanner_shop` (
  `id_iqit_htmlandbanner` int(10) unsigned NOT NULL AUTO_INCREMENT,
  `id_shop` int(10) unsigned NOT NULL,
  PRIMARY KEY (`id_iqit_htmlandbanner`,`id_shop`)
) ENGINE=InnoDB AUTO_INCREMENT=2 DEFAULT CHARSET=utf8;

--
-- Dumping data for table `ps_iqit_htmlandbanner_shop`
--

INSERT INTO `ps_iqit_htmlandbanner_shop` VALUES (1,1);

--
-- Table structure for table `ps_iqit_link_block`
--

CREATE TABLE `ps_iqit_link_block` (
  `id_iqit_link_block` int(10) unsigned NOT NULL AUTO_INCREMENT,
  `id_hook` int(1) unsigned DEFAULT NULL,
  `position` int(10) unsigned NOT NULL DEFAULT '0',
  `content` text,
  PRIMARY KEY (`id_iqit_link_block`)
) ENGINE=InnoDB AUTO_INCREMENT=3 DEFAULT CHARSET=utf8;

--
-- Dumping data for table `ps_iqit_link_block`
--

INSERT INTO `ps_iqit_link_block` VALUES (1,35,2,'[{\"type\":\"cms_page\",\"id\":1},{\"type\":\"cms_page\",\"id\":2},{\"type\":\"cms_category\",\"id\":1}]'),(2,543,2,'[{\"type\":\"cms_page\",\"id\":1},{\"type\":\"cms_page\",\"id\":2},{\"type\":\"cms_category\",\"id\":1}]');

--
-- Table structure for table `ps_iqit_link_block_lang`
--

CREATE TABLE `ps_iqit_link_block_lang` (
  `id_iqit_link_block` int(10) unsigned NOT NULL,
  `id_lang` int(10) unsigned NOT NULL,
  `name` varchar(40) NOT NULL DEFAULT '',
  PRIMARY KEY (`id_iqit_link_block`,`id_lang`)
) ENGINE=InnoDB DEFAULT CHARSET=utf8;

--
-- Dumping data for table `ps_iqit_link_block_lang`
--

INSERT INTO `ps_iqit_link_block_lang` VALUES (1,1,'iqitlinksmanager module'),(1,2,'iqitlinksmanager module'),(2,1,'iqitlinksmanager module'),(2,2,'iqitlinksmanager module');

--
-- Table structure for table `ps_iqit_link_block_shop`
--

CREATE TABLE `ps_iqit_link_block_shop` (
  `id_iqit_link_block` int(10) unsigned NOT NULL AUTO_INCREMENT,
  `id_shop` int(10) unsigned NOT NULL,
  PRIMARY KEY (`id_iqit_link_block`,`id_shop`)
) ENGINE=InnoDB AUTO_INCREMENT=3 DEFAULT CHARSET=utf8;

--
-- Dumping data for table `ps_iqit_link_block_shop`
--

INSERT INTO `ps_iqit_link_block_shop` VALUES (1,1),(2,1);

--
-- Table structure for table `ps_iqit_productvideo`
--

CREATE TABLE `ps_iqit_productvideo` (
  `id_productvideo` int(10) unsigned NOT NULL AUTO_INCREMENT,
  `id_product` int(10) unsigned NOT NULL,
  `content` text,
  PRIMARY KEY (`id_productvideo`)
) ENGINE=InnoDB DEFAULT CHARSET=utf8;

--
-- Dumping data for table `ps_iqit_productvideo`
--


--
-- Table structure for table `ps_iqit_threesixty`
--

CREATE TABLE `ps_iqit_threesixty` (
  `id_threesixty` int(10) unsigned NOT NULL AUTO_INCREMENT,
  `id_product` int(10) unsigned NOT NULL,
  `content` text,
  PRIMARY KEY (`id_threesixty`)
) ENGINE=InnoDB DEFAULT CHARSET=utf8;

--
-- Dumping data for table `ps_iqit_threesixty`
--


--
-- Table structure for table `ps_iqitadditionaltab`
--

CREATE TABLE `ps_iqitadditionaltab` (
  `id_iqitadditionaltab` int(10) unsigned NOT NULL AUTO_INCREMENT,
  `id_product` int(10) unsigned NOT NULL,
  `position` int(10) unsigned NOT NULL,
  `active` tinyint(1) unsigned NOT NULL,
  PRIMARY KEY (`id_iqitadditionaltab`)
) ENGINE=InnoDB DEFAULT CHARSET=utf8;

--
-- Dumping data for table `ps_iqitadditionaltab`
--


--
-- Table structure for table `ps_iqitadditionaltab_lang`
--

CREATE TABLE `ps_iqitadditionaltab_lang` (
  `id_iqitadditionaltab` int(10) unsigned NOT NULL AUTO_INCREMENT,
  `id_lang` int(10) unsigned NOT NULL,
  `title` varchar(255) NOT NULL,
  `description` text NOT NULL,
  PRIMARY KEY (`id_iqitadditionaltab`,`id_lang`)
) ENGINE=InnoDB DEFAULT CHARSET=utf8;

--
-- Dumping data for table `ps_iqitadditionaltab_lang`
--


--
-- Table structure for table `ps_iqitadditionaltab_shop`
--

CREATE TABLE `ps_iqitadditionaltab_shop` (
  `id_iqitadditionaltab` int(10) unsigned NOT NULL AUTO_INCREMENT,
  `id_shop` int(10) unsigned NOT NULL,
  PRIMARY KEY (`id_iqitadditionaltab`,`id_shop`)
) ENGINE=InnoDB DEFAULT CHARSET=utf8;

--
-- Dumping data for table `ps_iqitadditionaltab_shop`
--


--
-- Table structure for table `ps_iqitmegamenu_html`
--

CREATE TABLE `ps_iqitmegamenu_html` (
  `id_html` int(10) unsigned NOT NULL AUTO_INCREMENT,
  `id_shop` int(11) unsigned NOT NULL,
  PRIMARY KEY (`id_html`),
  KEY `id_html` (`id_html`,`id_shop`)
) ENGINE=InnoDB DEFAULT CHARSET=utf8;

--
-- Dumping data for table `ps_iqitmegamenu_html`
--


--
-- Table structure for table `ps_iqitmegamenu_htmlc`
--

CREATE TABLE `ps_iqitmegamenu_htmlc` (
  `id_html` int(10) unsigned NOT NULL AUTO_INCREMENT,
  `title` varchar(255) NOT NULL,
  PRIMARY KEY (`id_html`)
) ENGINE=InnoDB DEFAULT CHARSET=utf8;

--
-- Dumping data for table `ps_iqitmegamenu_htmlc`
--


--
-- Table structure for table `ps_iqitmegamenu_htmlc_lang`
--

CREATE TABLE `ps_iqitmegamenu_htmlc_lang` (
  `id_html` int(11) unsigned NOT NULL,
  `id_lang` int(11) unsigned NOT NULL,
  `id_shop` int(11) unsigned NOT NULL,
  `html` text,
  KEY `id_html` (`id_html`,`id_lang`,`id_shop`)
) ENGINE=InnoDB DEFAULT CHARSET=utf8;

--
-- Dumping data for table `ps_iqitmegamenu_htmlc_lang`
--


--
-- Table structure for table `ps_iqitmegamenu_tabs`
--

CREATE TABLE `ps_iqitmegamenu_tabs` (
  `id_tab` int(10) unsigned NOT NULL AUTO_INCREMENT,
  `menu_type` tinyint(1) unsigned NOT NULL DEFAULT '0',
  `active` tinyint(1) unsigned NOT NULL DEFAULT '0',
  `active_label` tinyint(1) unsigned NOT NULL DEFAULT '0',
  `position` int(10) unsigned NOT NULL DEFAULT '0',
  `url_type` tinyint(1) unsigned NOT NULL DEFAULT '0',
  `id_url` varchar(64) DEFAULT NULL,
  `icon_type` tinyint(1) unsigned NOT NULL DEFAULT '0',
  `icon_class` varchar(64) DEFAULT NULL,
  `icon` varchar(255) DEFAULT NULL,
  `legend_icon` varchar(64) DEFAULT NULL,
  `new_window` tinyint(1) unsigned NOT NULL DEFAULT '0',
  `float` tinyint(1) unsigned NOT NULL DEFAULT '0',
  `bg_color` varchar(64) DEFAULT NULL,
  `txt_color` varchar(64) DEFAULT NULL,
  `h_bg_color` varchar(64) DEFAULT NULL,
  `h_txt_color` varchar(64) DEFAULT NULL,
  `labelbg_color` varchar(64) DEFAULT NULL,
  `labeltxt_color` varchar(64) DEFAULT NULL,
  `submenu_content` text,
  `submenu_type` tinyint(1) unsigned NOT NULL DEFAULT '0',
  `submenu_width` tinyint(1) unsigned NOT NULL DEFAULT '0',
  `submenu_bg_color` varchar(64) DEFAULT NULL,
  `submenu_image` varchar(255) DEFAULT NULL,
  `submenu_repeat` tinyint(1) unsigned DEFAULT '0',
  `submenu_bg_position` tinyint(1) unsigned DEFAULT '0',
  `submenu_link_color` varchar(64) DEFAULT NULL,
  `submenu_hover_color` varchar(64) DEFAULT NULL,
  `submenu_title_color` varchar(64) DEFAULT NULL,
  `submenu_title_colorh` varchar(64) DEFAULT NULL,
  `submenu_titleb_color` varchar(64) DEFAULT NULL,
  `submenu_border_t` varchar(64) DEFAULT NULL,
  `submenu_border_r` varchar(64) DEFAULT NULL,
  `submenu_border_b` varchar(64) DEFAULT NULL,
  `submenu_border_l` varchar(64) DEFAULT NULL,
  `submenu_border_i` varchar(64) DEFAULT NULL,
  `group_access` text NOT NULL,
  PRIMARY KEY (`id_tab`)
) ENGINE=InnoDB AUTO_INCREMENT=14 DEFAULT CHARSET=utf8;

--
-- Dumping data for table `ps_iqitmegamenu_tabs`
--

INSERT INTO `ps_iqitmegamenu_tabs` VALUES (1,1,1,1,1,0,'HOME0',1,'fa-home','','',0,0,'','','','','','','',0,12,'','',0,0,'','','','','','','','','','','a:4:{i:1;b:1;i:2;b:1;i:3;b:1;i:4;b:1;}'),(2,1,1,0,2,2,'',1,'','','',0,0,'','','','','','','',0,12,'','',0,0,'','','','','','','','','','','a:4:{i:1;b:1;i:2;b:1;i:3;b:1;i:4;b:1;}'),(3,2,1,0,1,0,'HOME0',1,'fa-home','','',0,0,'','','','','','','',0,12,'','',0,0,'','','','','','','','','','','a:4:{i:1;b:1;i:2;b:1;i:3;b:1;i:4;b:1;}'),(4,2,1,0,2,0,'CAT4',1,'fa-caret-right','','',0,0,'','','','','','','',0,12,'','',0,0,'','','','','','','','','','','a:4:{i:1;b:1;i:2;b:1;i:3;b:1;i:4;b:1;}'),(5,2,1,0,3,0,'CAT5',1,'fa-caret-right','','',0,0,'','','','','','','',0,12,'','',0,0,'','','','','','','','','','','a:4:{i:1;b:1;i:2;b:1;i:3;b:1;i:4;b:1;}'),(6,2,1,0,4,0,'CAT6',1,'fa-caret-right','','',0,0,'','','','','','','',0,12,'','',0,0,'','','','','','','','','','','a:4:{i:1;b:1;i:2;b:1;i:3;b:1;i:4;b:1;}'),(7,2,1,0,5,0,'CAT7',1,'fa-caret-right','','',0,0,'','','','','','','',0,12,'','',0,0,'','','','','','','','','','','a:4:{i:1;b:1;i:2;b:1;i:3;b:1;i:4;b:1;}'),(8,2,1,0,6,0,'CAT8',1,'fa-caret-right','','',0,0,'','','','','','','',0,12,'','',0,0,'','','','','','','','','','','a:4:{i:1;b:1;i:2;b:1;i:3;b:1;i:4;b:1;}'),(9,2,1,0,7,0,'CAT9',1,'fa-caret-right','','',0,0,'','','','','','','',0,12,'','',0,0,'','','','','','','','','','','a:4:{i:1;b:1;i:2;b:1;i:3;b:1;i:4;b:1;}'),(10,2,1,0,8,0,'CAT10',1,'fa-caret-right','','',0,0,'','','','','','','',0,12,'','',0,0,'','','','','','','','','','','a:4:{i:1;b:1;i:2;b:1;i:3;b:1;i:4;b:1;}'),(11,2,1,0,9,0,'CAT11',1,'fa-caret-right','','',0,0,'','','','','','','',0,12,'','',0,0,'','','','','','','','','','','a:4:{i:1;b:1;i:2;b:1;i:3;b:1;i:4;b:1;}'),(12,2,1,0,10,0,'CAT12',1,'fa-caret-right','','',0,0,'','','','','','','',0,12,'','',0,0,'','','','','','','','','','','a:4:{i:1;b:1;i:2;b:1;i:3;b:1;i:4;b:1;}'),(13,2,1,0,11,0,'CAT13',1,'fa-caret-right','','',0,0,'','','','','','','',0,12,'','',0,0,'','','','','','','','','','','a:4:{i:1;b:1;i:2;b:1;i:3;b:1;i:4;b:1;}');

--
-- Table structure for table `ps_iqitmegamenu_tabs_lang`
--

CREATE TABLE `ps_iqitmegamenu_tabs_lang` (
  `id_tab` int(10) unsigned NOT NULL,
  `id_lang` int(10) unsigned NOT NULL,
  `title` varchar(255) NOT NULL,
  `label` varchar(255) DEFAULT NULL,
  `url` varchar(255) DEFAULT NULL,
  PRIMARY KEY (`id_tab`,`id_lang`)
) ENGINE=InnoDB DEFAULT CHARSET=utf8;

--
-- Dumping data for table `ps_iqitmegamenu_tabs_lang`
--

INSERT INTO `ps_iqitmegamenu_tabs_lang` VALUES (1,1,'Home','',''),(1,2,'Home','',''),(2,1,'Sample tab','',''),(2,2,'Sample tab','',''),(3,1,'Home','',''),(3,2,'Home','',''),(4,1,'Infant & Toddler','',''),(4,2,'Infant & Toddler','',''),(5,1,'Practical life','',''),(5,2,'Practical life','',''),(6,1,'Mathematics','',''),(6,2,'Mathematics','',''),(7,1,'Sensorial','',''),(7,2,'Sensorial','',''),(8,1,'Geography','',''),(8,2,'Geography','',''),(9,1,'Language','',''),(9,2,'Language','',''),(10,1,'Botany','',''),(10,2,'Botany','',''),(11,1,'Zoology','',''),(11,2,'Zoology','',''),(12,1,'Extension materials','',''),(12,2,'Extension materials','',''),(13,1,'Cabinet & Tray','',''),(13,2,'Cabinet & Tray','','');

--
-- Table structure for table `ps_iqitmegamenu_tabs_shop`
--

CREATE TABLE `ps_iqitmegamenu_tabs_shop` (
  `id_tab` int(10) unsigned NOT NULL AUTO_INCREMENT,
  `id_shop` int(10) unsigned NOT NULL,
  PRIMARY KEY (`id_tab`,`id_shop`)
) ENGINE=InnoDB AUTO_INCREMENT=14 DEFAULT CHARSET=utf8;

--
-- Dumping data for table `ps_iqitmegamenu_tabs_shop`
--

INSERT INTO `ps_iqitmegamenu_tabs_shop` VALUES (1,1),(2,1),(3,1),(4,1),(5,1),(6,1),(7,1),(8,1),(9,1),(10,1),(11,1),(12,1),(13,1);

--
-- Table structure for table `ps_iqitmenulinks`
--

CREATE TABLE `ps_iqitmenulinks` (
  `id_iqitmenulinks` int(10) unsigned NOT NULL AUTO_INCREMENT,
  `id_shop` int(11) unsigned NOT NULL,
  `new_window` tinyint(1) NOT NULL,
  PRIMARY KEY (`id_iqitmenulinks`),
  KEY `id_shop` (`id_shop`)
) ENGINE=InnoDB DEFAULT CHARSET=utf8;

--
-- Dumping data for table `ps_iqitmenulinks`
--


--
-- Table structure for table `ps_iqitmenulinks_lang`
--

CREATE TABLE `ps_iqitmenulinks_lang` (
  `id_iqitmenulinks` int(11) unsigned NOT NULL,
  `id_lang` int(11) unsigned NOT NULL,
  `id_shop` int(11) unsigned NOT NULL,
  `label` varchar(128) NOT NULL,
  `link` varchar(128) NOT NULL,
  KEY `id_iqitmenulinks` (`id_iqitmenulinks`,`id_lang`,`id_shop`)
) ENGINE=InnoDB DEFAULT CHARSET=utf8;

--
-- Dumping data for table `ps_iqitmenulinks_lang`
--


--
-- Table structure for table `ps_iqitreviews_products`
--

CREATE TABLE `ps_iqitreviews_products` (
  `id_iqitreviews_products` int(10) NOT NULL AUTO_INCREMENT,
  `id_product` int(10) unsigned NOT NULL,
  `id_customer` int(10) unsigned DEFAULT NULL,
  `id_guest` int(10) unsigned DEFAULT NULL,
  `customer_name` varchar(64) DEFAULT NULL,
  `title` varchar(64) DEFAULT NULL,
  `comment` text NOT NULL,
  `rating` float unsigned DEFAULT NULL,
  `status` tinyint(1) NOT NULL,
  `date_add` datetime NOT NULL,
  PRIMARY KEY (`id_iqitreviews_products`),
  KEY `id_product` (`id_product`),
  KEY `id_customer` (`id_customer`),
  KEY `id_guest` (`id_guest`)
) ENGINE=InnoDB DEFAULT CHARSET=utf8;

--
-- Dumping data for table `ps_iqitreviews_products`
--


--
-- Table structure for table `ps_iqitsizechart`
--

CREATE TABLE `ps_iqitsizechart` (
  `id_iqitsizechart` int(10) unsigned NOT NULL AUTO_INCREMENT,
  `active` tinyint(1) unsigned NOT NULL,
  PRIMARY KEY (`id_iqitsizechart`)
) ENGINE=InnoDB DEFAULT CHARSET=utf8;

--
-- Dumping data for table `ps_iqitsizechart`
--


--
-- Table structure for table `ps_iqitsizechart_brand`
--

CREATE TABLE `ps_iqitsizechart_brand` (
  `id_iqitsizechart` int(10) unsigned NOT NULL,
  `id_manufacturer` int(10) unsigned NOT NULL,
  PRIMARY KEY (`id_iqitsizechart`,`id_manufacturer`)
) ENGINE=InnoDB DEFAULT CHARSET=utf8;

--
-- Dumping data for table `ps_iqitsizechart_brand`
--


--
-- Table structure for table `ps_iqitsizechart_category`
--

CREATE TABLE `ps_iqitsizechart_category` (
  `id_iqitsizechart` int(10) unsigned NOT NULL,
  `id_category` int(10) unsigned NOT NULL,
  PRIMARY KEY (`id_iqitsizechart`,`id_category`)
) ENGINE=InnoDB DEFAULT CHARSET=utf8;

--
-- Dumping data for table `ps_iqitsizechart_category`
--


--
-- Table structure for table `ps_iqitsizechart_lang`
--

CREATE TABLE `ps_iqitsizechart_lang` (
  `id_iqitsizechart` int(10) unsigned NOT NULL AUTO_INCREMENT,
  `id_lang` int(10) unsigned NOT NULL,
  `title` varchar(255) NOT NULL,
  `description` text NOT NULL,
  PRIMARY KEY (`id_iqitsizechart`,`id_lang`)
) ENGINE=InnoDB DEFAULT CHARSET=utf8;

--
-- Dumping data for table `ps_iqitsizechart_lang`
--


--
-- Table structure for table `ps_iqitsizechart_product`
--

CREATE TABLE `ps_iqitsizechart_product` (
  `id_iqitsizechart` int(10) unsigned NOT NULL,
  `id_product` int(10) unsigned NOT NULL,
  PRIMARY KEY (`id_iqitsizechart`,`id_product`)
) ENGINE=InnoDB DEFAULT CHARSET=utf8;

--
-- Dumping data for table `ps_iqitsizechart_product`
--


--
-- Table structure for table `ps_iqitsizechart_shop`
--

CREATE TABLE `ps_iqitsizechart_shop` (
  `id_iqitsizechart` int(10) unsigned NOT NULL AUTO_INCREMENT,
  `id_shop` int(10) unsigned NOT NULL,
  PRIMARY KEY (`id_iqitsizechart`,`id_shop`)
) ENGINE=InnoDB DEFAULT CHARSET=utf8;

--
-- Dumping data for table `ps_iqitsizechart_shop`
--


--
-- Table structure for table `ps_iqitwishlist_product`
--

CREATE TABLE `ps_iqitwishlist_product` (
  `id_iqitwishlist_product` int(10) NOT NULL AUTO_INCREMENT,
  `id_product` int(10) unsigned NOT NULL,
  `id_product_attribute` int(10) unsigned NOT NULL,
  `id_customer` int(10) unsigned NOT NULL,
  `id_shop` int(10) unsigned NOT NULL,
  PRIMARY KEY (`id_iqitwishlist_product`,`id_product`,`id_product_attribute`,`id_customer`,`id_shop`)
) ENGINE=InnoDB AUTO_INCREMENT=2 DEFAULT CHARSET=utf8;

--
-- Dumping data for table `ps_iqitwishlist_product`
--

INSERT INTO `ps_iqitwishlist_product` VALUES (1,2,0,3,1);

--
-- Table structure for table `ps_lang`
--

CREATE TABLE `ps_lang` (
  `id_lang` int(11) NOT NULL AUTO_INCREMENT,
  `name` varchar(32) COLLATE utf8mb4_unicode_ci NOT NULL,
  `active` tinyint(1) NOT NULL,
  `iso_code` varchar(2) COLLATE utf8mb4_unicode_ci NOT NULL,
  `language_code` varchar(5) COLLATE utf8mb4_unicode_ci NOT NULL,
  `locale` varchar(5) COLLATE utf8mb4_unicode_ci NOT NULL,
  `date_format_lite` varchar(32) COLLATE utf8mb4_unicode_ci NOT NULL,
  `date_format_full` varchar(32) COLLATE utf8mb4_unicode_ci NOT NULL,
  `is_rtl` tinyint(1) NOT NULL,
  PRIMARY KEY (`id_lang`)
) ENGINE=InnoDB AUTO_INCREMENT=3 DEFAULT CHARSET=utf8mb4 COLLATE=utf8mb4_unicode_ci;

--
-- Dumping data for table `ps_lang`
--

INSERT INTO `ps_lang` VALUES (1,'English (English)',1,'en','en-us','en-US','m/d/Y','m/d/Y H:i:s',0),(2,'Wikang Tagalog (Filipino)',1,'tl','tl-ph','tl-PH','Y-d-m','Y-d-m H:i:s',0);

--
-- Table structure for table `ps_lang_shop`
--

CREATE TABLE `ps_lang_shop` (
  `id_lang` int(11) NOT NULL,
  `id_shop` int(11) NOT NULL,
  PRIMARY KEY (`id_lang`,`id_shop`),
  KEY `IDX_2F43BFC7BA299860` (`id_lang`),
  KEY `IDX_2F43BFC7274A50A0` (`id_shop`)
) ENGINE=InnoDB DEFAULT CHARSET=utf8mb4 COLLATE=utf8mb4_unicode_ci;

--
-- Dumping data for table `ps_lang_shop`
--

INSERT INTO `ps_lang_shop` VALUES (1,1),(2,1);

--
-- Table structure for table `ps_layered_category`
--

CREATE TABLE `ps_layered_category` (
  `id_layered_category` int(10) unsigned NOT NULL AUTO_INCREMENT,
  `id_shop` int(11) unsigned NOT NULL,
  `id_category` int(10) unsigned NOT NULL,
  `id_value` int(10) unsigned DEFAULT '0',
  `type` enum('category','id_feature','id_attribute_group','quantity','condition','manufacturer','weight','price') NOT NULL,
  `position` int(10) unsigned NOT NULL,
  `filter_type` int(10) unsigned NOT NULL DEFAULT '0',
  `filter_show_limit` int(10) unsigned NOT NULL DEFAULT '0',
  PRIMARY KEY (`id_layered_category`),
  KEY `id_category_shop` (`id_category`,`id_shop`,`type`,`id_value`,`position`),
  KEY `id_category` (`id_category`,`type`)
) ENGINE=InnoDB DEFAULT CHARSET=utf8;

--
-- Dumping data for table `ps_layered_category`
--


--
-- Table structure for table `ps_layered_filter`
--

CREATE TABLE `ps_layered_filter` (
  `id_layered_filter` int(10) unsigned NOT NULL AUTO_INCREMENT,
  `name` varchar(64) NOT NULL,
  `filters` longtext,
  `n_categories` int(10) unsigned NOT NULL,
  `date_add` datetime NOT NULL,
  PRIMARY KEY (`id_layered_filter`)
) ENGINE=InnoDB DEFAULT CHARSET=utf8;

--
-- Dumping data for table `ps_layered_filter`
--


--
-- Table structure for table `ps_layered_filter_block`
--

CREATE TABLE `ps_layered_filter_block` (
  `hash` char(32) NOT NULL DEFAULT '',
  `data` text,
  PRIMARY KEY (`hash`)
) ENGINE=InnoDB DEFAULT CHARSET=utf8;

--
-- Dumping data for table `ps_layered_filter_block`
--

INSERT INTO `ps_layered_filter_block` VALUES ('070229f7a6963733482dd4b3ff56e716','a:1:{s:7:\"filters\";a:0:{}}'),('0beffb82e5df97e8263bc6655934399e','a:1:{s:7:\"filters\";a:0:{}}'),('19b570dbda6917c0495528ae04fc239f','a:1:{s:7:\"filters\";a:0:{}}'),('1ae6e5bebc6a22c36a606ce2e7d8ecb1','a:1:{s:7:\"filters\";a:0:{}}'),('4bef3b4c1cf74e4433f7b369295172be','a:1:{s:7:\"filters\";a:0:{}}'),('5a2f63b8abc5d25715eb962f696cc64f','a:1:{s:7:\"filters\";a:0:{}}'),('5d6ea6321a0b0b7aff8cf2822d472958','a:1:{s:7:\"filters\";a:0:{}}'),('67073b3ab38d74b310c5a44d0ee51895','a:1:{s:7:\"filters\";a:0:{}}'),('7bd8c35e271698176d933bf796c6ea65','a:1:{s:7:\"filters\";a:0:{}}'),('836c854a59bfe3a42b7325bf06e208f7','a:1:{s:7:\"filters\";a:0:{}}'),('88a70508bfa8037262bde47b67a28730','a:1:{s:7:\"filters\";a:0:{}}'),('923e3044b5e23ed82baf162a8763ac6a','a:1:{s:7:\"filters\";a:0:{}}'),('935b68c124e552da39cc994e2649db39','a:1:{s:7:\"filters\";a:0:{}}'),('9dfe7f8843155be529a2a71588657aef','a:1:{s:7:\"filters\";a:0:{}}'),('a630c203beee3d6aff2c038bb7dd22dd','a:1:{s:7:\"filters\";a:0:{}}'),('b1cfac4410a9d802a1c44353bf9886c6','a:1:{s:7:\"filters\";a:0:{}}'),('b2bb56d76d7f18b951125cbea3b018d6','a:1:{s:7:\"filters\";a:0:{}}'),('b3f2e208e26dcbb7d9b8e4925e881801','a:1:{s:7:\"filters\";a:0:{}}'),('b674ad191245fea47d62075633e3afa2','a:1:{s:7:\"filters\";a:0:{}}'),('bc9cf0fb5ccbaccc59b8915f73995af4','a:1:{s:7:\"filters\";a:0:{}}'),('d2f81e685605a423c3fc5de08224be97','a:1:{s:7:\"filters\";a:0:{}}');

--
-- Table structure for table `ps_layered_filter_shop`
--

CREATE TABLE `ps_layered_filter_shop` (
  `id_layered_filter` int(10) unsigned NOT NULL,
  `id_shop` int(11) unsigned NOT NULL,
  PRIMARY KEY (`id_layered_filter`,`id_shop`),
  KEY `id_shop` (`id_shop`)
) ENGINE=InnoDB DEFAULT CHARSET=utf8;

--
-- Dumping data for table `ps_layered_filter_shop`
--


--
-- Table structure for table `ps_layered_indexable_attribute_group`
--

CREATE TABLE `ps_layered_indexable_attribute_group` (
  `id_attribute_group` int(11) NOT NULL,
  `indexable` tinyint(1) NOT NULL DEFAULT '0',
  PRIMARY KEY (`id_attribute_group`)
) ENGINE=InnoDB DEFAULT CHARSET=utf8;

--
-- Dumping data for table `ps_layered_indexable_attribute_group`
--


--
-- Table structure for table `ps_layered_indexable_attribute_group_lang_value`
--

CREATE TABLE `ps_layered_indexable_attribute_group_lang_value` (
  `id_attribute_group` int(11) NOT NULL,
  `id_lang` int(11) NOT NULL,
  `url_name` varchar(128) DEFAULT NULL,
  `meta_title` varchar(128) DEFAULT NULL,
  PRIMARY KEY (`id_attribute_group`,`id_lang`)
) ENGINE=InnoDB DEFAULT CHARSET=utf8;

--
-- Dumping data for table `ps_layered_indexable_attribute_group_lang_value`
--


--
-- Table structure for table `ps_layered_indexable_attribute_lang_value`
--

CREATE TABLE `ps_layered_indexable_attribute_lang_value` (
  `id_attribute` int(11) NOT NULL,
  `id_lang` int(11) NOT NULL,
  `url_name` varchar(128) DEFAULT NULL,
  `meta_title` varchar(128) DEFAULT NULL,
  PRIMARY KEY (`id_attribute`,`id_lang`)
) ENGINE=InnoDB DEFAULT CHARSET=utf8;

--
-- Dumping data for table `ps_layered_indexable_attribute_lang_value`
--


--
-- Table structure for table `ps_layered_indexable_feature`
--

CREATE TABLE `ps_layered_indexable_feature` (
  `id_feature` int(11) NOT NULL,
  `indexable` tinyint(1) NOT NULL DEFAULT '0',
  PRIMARY KEY (`id_feature`)
) ENGINE=InnoDB DEFAULT CHARSET=utf8;

--
-- Dumping data for table `ps_layered_indexable_feature`
--


--
-- Table structure for table `ps_layered_indexable_feature_lang_value`
--

CREATE TABLE `ps_layered_indexable_feature_lang_value` (
  `id_feature` int(11) NOT NULL,
  `id_lang` int(11) NOT NULL,
  `url_name` varchar(128) NOT NULL,
  `meta_title` varchar(128) DEFAULT NULL,
  PRIMARY KEY (`id_feature`,`id_lang`)
) ENGINE=InnoDB DEFAULT CHARSET=utf8;

--
-- Dumping data for table `ps_layered_indexable_feature_lang_value`
--


--
-- Table structure for table `ps_layered_indexable_feature_value_lang_value`
--

CREATE TABLE `ps_layered_indexable_feature_value_lang_value` (
  `id_feature_value` int(11) NOT NULL,
  `id_lang` int(11) NOT NULL,
  `url_name` varchar(128) DEFAULT NULL,
  `meta_title` varchar(128) DEFAULT NULL,
  PRIMARY KEY (`id_feature_value`,`id_lang`)
) ENGINE=InnoDB DEFAULT CHARSET=utf8;

--
-- Dumping data for table `ps_layered_indexable_feature_value_lang_value`
--


--
-- Table structure for table `ps_layered_price_index`
--

CREATE TABLE `ps_layered_price_index` (
  `id_product` int(11) NOT NULL,
  `id_currency` int(11) NOT NULL,
  `id_shop` int(11) NOT NULL,
  `price_min` decimal(11,5) NOT NULL,
  `price_max` decimal(11,5) NOT NULL,
  `id_country` int(11) NOT NULL,
  PRIMARY KEY (`id_product`,`id_currency`,`id_shop`,`id_country`),
  KEY `id_currency` (`id_currency`),
  KEY `price_min` (`price_min`),
  KEY `price_max` (`price_max`)
) ENGINE=InnoDB DEFAULT CHARSET=utf8;

--
-- Dumping data for table `ps_layered_price_index`
--

INSERT INTO `ps_layered_price_index` VALUES (1,1,1,515.00000,515.00000,172),(2,1,1,420.00000,420.00000,172),(3,1,1,535.00000,535.00000,172),(4,1,1,385.00000,385.00000,172),(5,1,1,0.00000,0.00000,172),(6,1,1,1150.00000,1150.00000,172),(7,1,1,1150.00000,1150.00000,172),(8,1,1,1230.00000,1230.00000,172),(9,1,1,420.00000,420.00000,172),(10,1,1,520.00000,520.00000,172),(11,1,1,1330.00000,1330.00000,172),(12,1,1,1330.00000,1330.00000,172),(13,1,1,420.00000,420.00000,172),(14,1,1,625.00000,625.00000,172),(15,1,1,385.00000,385.00000,172),(16,1,1,420.00000,420.00000,172),(17,1,1,535.00000,535.00000,172),(18,1,1,0.00000,0.00000,172),(19,1,1,1150.00000,1150.00000,172),(20,1,1,1150.00000,1150.00000,172),(21,1,1,1235.00000,1235.00000,172),(22,1,1,2910.00000,2910.00000,172),(23,1,1,1675.00000,1675.00000,172),(24,1,1,2230.00000,2230.00000,172),(25,1,1,1830.00000,1830.00000,172),(26,1,1,1830.00000,1830.00000,172),(27,1,1,1020.00000,1020.00000,172),(28,1,1,1130.00000,1130.00000,172),(29,1,1,1980.00000,1980.00000,172),(30,1,1,780.00000,780.00000,172),(31,1,1,780.00000,780.00000,172),(32,1,1,870.00000,870.00000,172),(33,1,1,810.00000,810.00000,172),(34,1,1,1215.00000,1215.00000,172),(35,1,1,840.00000,840.00000,172),(36,1,1,940.00000,940.00000,172),(37,1,1,900.00000,900.00000,172),(38,1,1,280.00000,280.00000,172),(39,1,1,640.00000,640.00000,172),(40,1,1,710.00000,710.00000,172),(41,1,1,0.00000,0.00000,172),(42,1,1,6125.00000,6125.00000,172),(43,1,1,1475.00000,1475.00000,172),(44,1,1,1670.00000,1670.00000,172),(45,1,1,3815.00000,3815.00000,172),(46,1,1,970.00000,970.00000,172),(47,1,1,2855.00000,2855.00000,172),(48,1,1,3575.00000,3575.00000,172),(49,1,1,1670.00000,1670.00000,172),(50,1,1,4285.00000,4285.00000,172),(51,1,1,1765.00000,1765.00000,172),(52,1,1,1410.00000,1410.00000,172),(53,1,1,2845.00000,2845.00000,172),(54,1,1,4355.00000,4355.00000,172),(55,1,1,1760.00000,1760.00000,172),(56,1,1,1920.00000,1920.00000,172),(57,1,1,780.00000,780.00000,172),(58,1,1,665.00000,665.00000,172),(59,1,1,3455.00000,3455.00000,172),(60,1,1,9380.00000,9380.00000,172),(61,1,1,350.00000,350.00000,172),(62,1,1,575.00000,575.00000,172),(63,1,1,1820.00000,1820.00000,172),(64,1,1,1385.00000,1385.00000,172),(65,1,1,2005.00000,2005.00000,172),(66,1,1,4355.00000,4355.00000,172),(67,1,1,275.00000,275.00000,172),(68,1,1,1400.00000,1400.00000,172),(69,1,1,5360.00000,5360.00000,172),(70,1,1,2170.00000,2170.00000,172),(71,1,1,3515.00000,3515.00000,172),(72,1,1,3445.00000,3445.00000,172),(73,1,1,1385.00000,1385.00000,172),(74,1,1,970.00000,970.00000,172),(75,1,1,1770.00000,1770.00000,172),(76,1,1,7150.00000,7150.00000,172),(77,1,1,1350.00000,1350.00000,172),(78,1,1,205.00000,205.00000,172),(79,1,1,5740.00000,5740.00000,172),(80,1,1,125.00000,125.00000,172),(81,1,1,26580.00000,26580.00000,172),(82,1,1,175.00000,175.00000,172),(83,1,1,175.00000,175.00000,172),(84,1,1,1735.00000,1735.00000,172),(85,1,1,16730.00000,16730.00000,172),(86,1,1,1045.00000,1045.00000,172),(87,1,1,2875.00000,2875.00000,172),(88,1,1,1045.00000,1045.00000,172),(89,1,1,2015.00000,2015.00000,172),(90,1,1,5885.00000,5885.00000,172),(91,1,1,13240.00000,13240.00000,172),(92,1,1,1410.00000,1410.00000,172),(93,1,1,0.00000,0.00000,172),(94,1,1,3430.00000,3430.00000,172),(95,1,1,2860.00000,2860.00000,172),(96,1,1,1500.00000,1500.00000,172),(97,1,1,460.00000,460.00000,172),(98,1,1,5590.00000,5590.00000,172),(99,1,1,1870.00000,1870.00000,172),(100,1,1,2720.00000,2720.00000,172),(101,1,1,1975.00000,1975.00000,172),(102,1,1,875.00000,875.00000,172),(103,1,1,3730.00000,3730.00000,172),(104,1,1,1920.00000,1920.00000,172),(105,1,1,6240.00000,6240.00000,172),(106,1,1,1385.00000,1385.00000,172),(107,1,1,2160.00000,2160.00000,172),(108,1,1,3270.00000,3270.00000,172),(109,1,1,790.00000,790.00000,172),(110,1,1,5905.00000,5905.00000,172),(111,1,1,2420.00000,2420.00000,172),(112,1,1,3530.00000,3530.00000,172),(113,1,1,2325.00000,2325.00000,172),(114,1,1,1850.00000,1850.00000,172),(115,1,1,1785.00000,1785.00000,172),(116,1,1,7790.00000,7790.00000,172),(117,1,1,6690.00000,6690.00000,172),(118,1,1,2860.00000,2860.00000,172),(119,1,1,3575.00000,3575.00000,172),(120,1,1,5640.00000,5640.00000,172),(121,1,1,190.00000,190.00000,172),(122,1,1,1580.00000,1580.00000,172),(123,1,1,660.00000,660.00000,172),(124,1,1,1970.00000,1970.00000,172),(125,1,1,1495.00000,1495.00000,172),(126,1,1,4820.00000,4820.00000,172),(127,1,1,5525.00000,5525.00000,172),(128,1,1,0.00000,0.00000,172),(129,1,1,2190.00000,2190.00000,172),(130,1,1,1385.00000,1385.00000,172),(131,1,1,18100.00000,18100.00000,172),(132,1,1,1710.00000,1710.00000,172),(133,1,1,4195.00000,4195.00000,172),(134,1,1,1475.00000,1475.00000,172),(135,1,1,2005.00000,2005.00000,172),(136,1,1,1650.00000,1650.00000,172),(137,1,1,1560.00000,1560.00000,172),(138,1,1,1315.00000,1315.00000,172),(139,1,1,2920.00000,2920.00000,172),(140,1,1,1895.00000,1895.00000,172),(141,1,1,915.00000,915.00000,172),(142,1,1,2725.00000,2725.00000,172),(143,1,1,3215.00000,3215.00000,172),(144,1,1,3565.00000,3565.00000,172),(145,1,1,2040.00000,2040.00000,172),(146,1,1,2570.00000,2570.00000,172),(147,1,1,3260.00000,3260.00000,172),(148,1,1,4090.00000,4090.00000,172),(149,1,1,460.00000,460.00000,172),(150,1,1,660.00000,660.00000,172),(151,1,1,900.00000,900.00000,172),(152,1,1,605.00000,605.00000,172),(153,1,1,665.00000,665.00000,172),(154,1,1,3030.00000,3030.00000,172),(155,1,1,2285.00000,2285.00000,172),(156,1,1,2720.00000,2720.00000,172),(157,1,1,14315.00000,14315.00000,172),(158,1,1,6655.00000,6655.00000,172),(159,1,1,205.00000,205.00000,172),(160,1,1,11225.00000,11225.00000,172),(161,1,1,730.00000,730.00000,172),(162,1,1,1260.00000,1260.00000,172),(163,1,1,2915.00000,2915.00000,172),(164,1,1,6030.00000,6030.00000,172),(165,1,1,515.00000,515.00000,172),(166,1,1,1745.00000,1745.00000,172),(167,1,1,3035.00000,3035.00000,172),(168,1,1,3035.00000,3035.00000,172),(169,1,1,2200.00000,2200.00000,172),(170,1,1,10320.00000,10320.00000,172),(171,1,1,2850.00000,2850.00000,172),(172,1,1,5875.00000,5875.00000,172),(173,1,1,10140.00000,10140.00000,172),(174,1,1,1410.00000,1410.00000,172),(175,1,1,3760.00000,3760.00000,172),(176,1,1,2820.00000,2820.00000,172),(177,1,1,3515.00000,3515.00000,172),(178,1,1,820.00000,820.00000,172),(179,1,1,2280.00000,2280.00000,172),(180,1,1,95.00000,95.00000,172),(181,1,1,1445.00000,1445.00000,172),(182,1,1,1490.00000,1490.00000,172),(183,1,1,0.00000,0.00000,172),(184,1,1,14990.00000,14990.00000,172),(185,1,1,1445.00000,1445.00000,172),(186,1,1,1610.00000,1610.00000,172),(187,1,1,1525.00000,1525.00000,172),(188,1,1,5125.00000,5125.00000,172),(189,1,1,2195.00000,2195.00000,172),(190,1,1,600.00000,600.00000,172),(191,1,1,5360.00000,5360.00000,172),(192,1,1,550.00000,550.00000,172),(193,1,1,1190.00000,1190.00000,172),(194,1,1,2785.00000,2785.00000,172),(195,1,1,8480.00000,8480.00000,172),(196,1,1,0.00000,0.00000,172),(197,1,1,1295.00000,1295.00000,172),(198,1,1,745.00000,745.00000,172),(199,1,1,9655.00000,9655.00000,172),(200,1,1,2750.00000,2750.00000,172),(201,1,1,9095.00000,9095.00000,172),(202,1,1,6960.00000,6960.00000,172),(203,1,1,3155.00000,3155.00000,172),(204,1,1,3385.00000,3385.00000,172),(205,1,1,2640.00000,2640.00000,172),(206,1,1,2480.00000,2480.00000,172),(207,1,1,1830.00000,1830.00000,172),(208,1,1,1440.00000,1440.00000,172),(209,1,1,2875.00000,2875.00000,172),(210,1,1,1560.00000,1560.00000,172),(211,1,1,2320.00000,2320.00000,172),(212,1,1,2040.00000,2040.00000,172),(213,1,1,560.00000,560.00000,172),(214,1,1,1300.00000,1300.00000,172),(215,1,1,1410.00000,1410.00000,172),(216,1,1,2140.00000,2140.00000,172),(217,1,1,2220.00000,2220.00000,172),(218,1,1,1176.00000,1176.00000,172),(219,1,1,590.00000,590.00000,172),(220,1,1,300.00000,300.00000,172),(221,1,1,2630.00000,2630.00000,172),(222,1,1,0.00000,0.00000,172),(223,1,1,0.00000,0.00000,172),(224,1,1,1080.00000,1080.00000,172),(225,1,1,1080.00000,1080.00000,172),(226,1,1,1080.00000,1080.00000,172),(227,1,1,2830.00000,2830.00000,172),(228,1,1,410.00000,410.00000,172),(229,1,1,1630.00000,1630.00000,172),(230,1,1,410.00000,410.00000,172),(231,1,1,410.00000,410.00000,172),(232,1,1,410.00000,410.00000,172),(233,1,1,410.00000,410.00000,172),(234,1,1,8540.00000,8540.00000,172),(235,1,1,1090.00000,1090.00000,172),(236,1,1,640.00000,640.00000,172),(237,1,1,600.00000,600.00000,172),(238,1,1,885.00000,885.00000,172),(239,1,1,3110.00000,3110.00000,172),(240,1,1,410.00000,410.00000,172),(241,1,1,730.00000,730.00000,172),(242,1,1,410.00000,410.00000,172),(243,1,1,410.00000,410.00000,172),(244,1,1,410.00000,410.00000,172),(245,1,1,410.00000,410.00000,172),(246,1,1,730.00000,730.00000,172),(247,1,1,410.00000,410.00000,172),(248,1,1,410.00000,410.00000,172),(249,1,1,730.00000,730.00000,172),(250,1,1,410.00000,410.00000,172),(251,1,1,730.00000,730.00000,172),(252,1,1,410.00000,410.00000,172),(253,1,1,410.00000,410.00000,172),(254,1,1,410.00000,410.00000,172),(255,1,1,410.00000,410.00000,172),(256,1,1,410.00000,410.00000,172),(257,1,1,730.00000,730.00000,172),(258,1,1,410.00000,410.00000,172),(259,1,1,885.00000,885.00000,172),(260,1,1,885.00000,885.00000,172),(261,1,1,885.00000,885.00000,172),(262,1,1,885.00000,885.00000,172),(263,1,1,980.00000,980.00000,172),(264,1,1,2005.00000,2005.00000,172),(265,1,1,3115.00000,3115.00000,172),(266,1,1,1330.00000,1330.00000,172),(267,1,1,2045.00000,2045.00000,172),(268,1,1,1020.00000,1020.00000,172),(269,1,1,420.00000,420.00000,172),(270,1,1,540.00000,540.00000,172),(271,1,1,540.00000,540.00000,172),(272,1,1,720.00000,720.00000,172),(273,1,1,540.00000,540.00000,172),(274,1,1,1465.00000,1465.00000,172),(275,1,1,1085.00000,1085.00000,172),(276,1,1,0.00000,0.00000,172),(277,1,1,965.00000,965.00000,172),(278,1,1,1610.00000,1610.00000,172),(279,1,1,3120.00000,3120.00000,172),(280,1,1,3900.00000,3900.00000,172),(281,1,1,3840.00000,3840.00000,172),(282,1,1,4440.00000,4440.00000,172),(283,1,1,0.00000,0.00000,172),(284,1,1,0.00000,0.00000,172),(285,1,1,1615.00000,1615.00000,172),(286,1,1,2410.00000,2410.00000,172),(287,1,1,1800.00000,1800.00000,172),(288,1,1,1970.00000,1970.00000,172),(289,1,1,2110.00000,2110.00000,172),(290,1,1,6635.00000,6635.00000,172),(291,1,1,295.00000,295.00000,172),(292,1,1,5945.00000,5945.00000,172),(293,1,1,6550.00000,6550.00000,172),(294,1,1,1585.00000,1585.00000,172),(295,1,1,6205.00000,6205.00000,172),(296,1,1,1040.00000,1040.00000,172),(297,1,1,2850.00000,2850.00000,172),(298,1,1,3205.00000,3205.00000,172),(299,1,1,3205.00000,3205.00000,172),(300,1,1,1375.00000,1375.00000,172),(301,1,1,2560.00000,2560.00000,172),(302,1,1,2425.00000,2425.00000,172),(303,1,1,2575.00000,2575.00000,172),(304,1,1,3960.00000,3960.00000,172),(305,1,1,3155.00000,3155.00000,172),(306,1,1,2675.00000,2675.00000,172),(307,1,1,2675.00000,2675.00000,172),(308,1,1,2675.00000,2675.00000,172),(309,1,1,4830.00000,4830.00000,172),(310,1,1,3155.00000,3155.00000,172),(311,1,1,5135.00000,5135.00000,172),(312,1,1,2690.00000,2690.00000,172),(313,1,1,2245.00000,2245.00000,172),(314,1,1,8660.00000,8660.00000,172),(315,1,1,1155.00000,1155.00000,172),(316,1,1,7240.00000,7240.00000,172),(317,1,1,1705.00000,1705.00000,172),(318,1,1,580.00000,580.00000,172),(319,1,1,2510.00000,2510.00000,172),(320,1,1,3120.00000,3120.00000,172),(321,1,1,1440.00000,1440.00000,172),(322,1,1,7080.00000,7080.00000,172),(323,1,1,0.00000,0.00000,172),(324,1,1,1115.00000,1115.00000,172),(325,1,1,505.00000,505.00000,172),(326,1,1,925.00000,925.00000,172),(327,1,1,505.00000,505.00000,172),(328,1,1,925.00000,925.00000,172),(329,1,1,505.00000,505.00000,172),(330,1,1,925.00000,925.00000,172),(331,1,1,505.00000,505.00000,172),(332,1,1,925.00000,925.00000,172),(333,1,1,505.00000,505.00000,172),(334,1,1,925.00000,925.00000,172),(335,1,1,505.00000,505.00000,172),(336,1,1,925.00000,925.00000,172),(337,1,1,1115.00000,1115.00000,172),(338,1,1,505.00000,505.00000,172),(339,1,1,925.00000,925.00000,172),(340,1,1,925.00000,925.00000,172),(341,1,1,505.00000,505.00000,172),(342,1,1,925.00000,925.00000,172),(343,1,1,505.00000,505.00000,172),(344,1,1,925.00000,925.00000,172),(345,1,1,505.00000,505.00000,172),(346,1,1,505.00000,505.00000,172),(347,1,1,505.00000,505.00000,172),(348,1,1,925.00000,925.00000,172),(349,1,1,505.00000,505.00000,172),(350,1,1,0.00000,0.00000,172),(351,1,1,0.00000,0.00000,172),(352,1,1,0.00000,0.00000,172),(353,1,1,2015.00000,2015.00000,172),(354,1,1,0.00000,0.00000,172),(355,1,1,310.00000,310.00000,172),(356,1,1,9865.00000,9865.00000,172),(357,1,1,0.00000,0.00000,172),(358,1,1,2265.00000,2265.00000,172),(359,1,1,3670.00000,3670.00000,172),(360,1,1,2470.00000,2470.00000,172),(361,1,1,2470.00000,2470.00000,172),(362,1,1,2005.00000,2005.00000,172),(363,1,1,9470.00000,9470.00000,172),(364,1,1,9240.00000,9240.00000,172),(365,1,1,3540.00000,3540.00000,172),(366,1,1,1440.00000,1440.00000,172),(367,1,1,500.00000,500.00000,172);

--
-- Table structure for table `ps_layered_product_attribute`
--

CREATE TABLE `ps_layered_product_attribute` (
  `id_attribute` int(10) unsigned NOT NULL,
  `id_product` int(10) unsigned NOT NULL,
  `id_attribute_group` int(10) unsigned NOT NULL DEFAULT '0',
  `id_shop` int(10) unsigned NOT NULL DEFAULT '1',
  PRIMARY KEY (`id_attribute`,`id_product`,`id_shop`),
  UNIQUE KEY `id_attribute_group` (`id_attribute_group`,`id_attribute`,`id_product`,`id_shop`)
) ENGINE=InnoDB DEFAULT CHARSET=utf8;

--
-- Dumping data for table `ps_layered_product_attribute`
--

INSERT INTO `ps_layered_product_attribute` VALUES (46,353,9,1),(46,355,9,1),(47,353,9,1),(47,355,9,1),(48,353,9,1),(48,355,9,1),(49,353,9,1),(49,355,9,1),(50,353,9,1),(50,355,9,1),(51,353,9,1),(51,355,9,1),(52,353,9,1),(52,355,9,1),(53,353,9,1),(53,355,9,1),(54,353,9,1),(54,355,9,1),(55,353,9,1),(55,355,9,1),(56,353,9,1),(56,355,9,1),(57,353,9,1),(57,355,9,1),(58,355,10,1),(59,355,10,1);

--
-- Table structure for table `ps_link_block`
--

CREATE TABLE `ps_link_block` (
  `id_link_block` int(10) unsigned NOT NULL AUTO_INCREMENT,
  `id_hook` int(1) unsigned DEFAULT NULL,
  `position` int(10) unsigned NOT NULL DEFAULT '0',
  `content` text,
  PRIMARY KEY (`id_link_block`)
) ENGINE=InnoDB AUTO_INCREMENT=3 DEFAULT CHARSET=utf8;

--
-- Dumping data for table `ps_link_block`
--

INSERT INTO `ps_link_block` VALUES (1,35,0,'{\"cms\":[false],\"product\":[\"prices-drop\",\"new-products\",\"best-sales\"],\"static\":[false]}'),(2,35,1,'{\"cms\":[\"1\",\"2\",\"3\",\"4\",\"5\"],\"product\":[false],\"static\":[\"contact\",\"sitemap\",\"stores\"]}');

--
-- Table structure for table `ps_link_block_lang`
--

CREATE TABLE `ps_link_block_lang` (
  `id_link_block` int(10) unsigned NOT NULL,
  `id_lang` int(10) unsigned NOT NULL,
  `name` varchar(40) NOT NULL DEFAULT '',
  `custom_content` text,
  PRIMARY KEY (`id_link_block`,`id_lang`)
) ENGINE=InnoDB DEFAULT CHARSET=utf8;

--
-- Dumping data for table `ps_link_block_lang`
--

INSERT INTO `ps_link_block_lang` VALUES (1,1,'Products',NULL),(1,2,'Mga produkto',NULL),(2,1,'Our company',NULL),(2,2,'Our company',NULL);

--
-- Table structure for table `ps_link_block_shop`
--

CREATE TABLE `ps_link_block_shop` (
  `id_link_block` int(10) unsigned NOT NULL AUTO_INCREMENT,
  `id_shop` int(10) unsigned NOT NULL,
  PRIMARY KEY (`id_link_block`,`id_shop`)
) ENGINE=InnoDB DEFAULT CHARSET=utf8;

--
-- Dumping data for table `ps_link_block_shop`
--


--
-- Table structure for table `ps_linksmenutop`
--

CREATE TABLE `ps_linksmenutop` (
  `id_linksmenutop` int(10) unsigned NOT NULL AUTO_INCREMENT,
  `id_shop` int(11) unsigned NOT NULL,
  `new_window` tinyint(1) NOT NULL,
  PRIMARY KEY (`id_linksmenutop`),
  KEY `id_shop` (`id_shop`)
) ENGINE=InnoDB DEFAULT CHARSET=utf8;

--
-- Dumping data for table `ps_linksmenutop`
--


--
-- Table structure for table `ps_linksmenutop_lang`
--

CREATE TABLE `ps_linksmenutop_lang` (
  `id_linksmenutop` int(11) unsigned NOT NULL,
  `id_lang` int(11) unsigned NOT NULL,
  `id_shop` int(11) unsigned NOT NULL,
  `label` varchar(128) NOT NULL,
  `link` varchar(128) NOT NULL,
  KEY `id_linksmenutop` (`id_linksmenutop`,`id_lang`,`id_shop`)
) ENGINE=InnoDB DEFAULT CHARSET=utf8;

--
-- Dumping data for table `ps_linksmenutop_lang`
--


--
-- Table structure for table `ps_log`
--

CREATE TABLE `ps_log` (
  `id_log` int(10) unsigned NOT NULL AUTO_INCREMENT,
  `severity` tinyint(1) NOT NULL,
  `error_code` int(11) DEFAULT NULL,
  `message` text NOT NULL,
  `object_type` varchar(32) DEFAULT NULL,
  `object_id` int(10) unsigned DEFAULT NULL,
  `id_employee` int(10) unsigned DEFAULT NULL,
  `date_add` datetime NOT NULL,
  `date_upd` datetime NOT NULL,
  PRIMARY KEY (`id_log`)
) ENGINE=InnoDB AUTO_INCREMENT=1306 DEFAULT CHARSET=utf8mb4;

--
-- Dumping data for table `ps_log`
--

INSERT INTO `ps_log` VALUES (1,1,0,'Exporting mail with theme modern for language English (English)','',0,0,'2021-02-01 13:04:22','2021-02-01 13:04:22'),(2,1,0,'Core output folder: /var/www/html/mails','',0,0,'2021-02-01 13:04:22','2021-02-01 13:04:22'),(3,1,0,'Modules output folder: /var/www/html/modules/','',0,0,'2021-02-01 13:04:22','2021-02-01 13:04:22'),(4,1,0,'Generate html template account at /var/www/html/mails/en/account.html','',0,0,'2021-02-01 13:04:22','2021-02-01 13:04:22'),(5,1,0,'Generate txt template account at /var/www/html/mails/en/account.txt','',0,0,'2021-02-01 13:04:22','2021-02-01 13:04:22'),(6,1,0,'Generate html template backoffice_order at /var/www/html/mails/en/backoffice_order.html','',0,0,'2021-02-01 13:04:22','2021-02-01 13:04:22'),(7,1,0,'Generate txt template backoffice_order at /var/www/html/mails/en/backoffice_order.txt','',0,0,'2021-02-01 13:04:22','2021-02-01 13:04:22'),(8,1,0,'Generate html template bankwire at /var/www/html/mails/en/bankwire.html','',0,0,'2021-02-01 13:04:22','2021-02-01 13:04:22'),(9,1,0,'Generate txt template bankwire at /var/www/html/mails/en/bankwire.txt','',0,0,'2021-02-01 13:04:22','2021-02-01 13:04:22'),(10,1,0,'Generate html template cheque at /var/www/html/mails/en/cheque.html','',0,0,'2021-02-01 13:04:22','2021-02-01 13:04:22'),(11,1,0,'Generate txt template cheque at /var/www/html/mails/en/cheque.txt','',0,0,'2021-02-01 13:04:22','2021-02-01 13:04:22'),(12,1,0,'Generate html template contact at /var/www/html/mails/en/contact.html','',0,0,'2021-02-01 13:04:22','2021-02-01 13:04:22'),(13,1,0,'Generate txt template contact at /var/www/html/mails/en/contact.txt','',0,0,'2021-02-01 13:04:22','2021-02-01 13:04:22'),(14,1,0,'Generate html template contact_form at /var/www/html/mails/en/contact_form.html','',0,0,'2021-02-01 13:04:22','2021-02-01 13:04:22'),(15,1,0,'Generate txt template contact_form at /var/www/html/mails/en/contact_form.txt','',0,0,'2021-02-01 13:04:22','2021-02-01 13:04:22'),(16,1,0,'Generate html template credit_slip at /var/www/html/mails/en/credit_slip.html','',0,0,'2021-02-01 13:04:22','2021-02-01 13:04:22'),(17,1,0,'Generate txt template credit_slip at /var/www/html/mails/en/credit_slip.txt','',0,0,'2021-02-01 13:04:22','2021-02-01 13:04:22'),(18,1,0,'Generate html template download_product at /var/www/html/mails/en/download_product.html','',0,0,'2021-02-01 13:04:22','2021-02-01 13:04:22'),(19,1,0,'Generate txt template download_product at /var/www/html/mails/en/download_product.txt','',0,0,'2021-02-01 13:04:22','2021-02-01 13:04:22'),(20,1,0,'Generate html template employee_password at /var/www/html/mails/en/employee_password.html','',0,0,'2021-02-01 13:04:22','2021-02-01 13:04:22'),(21,1,0,'Generate txt template employee_password at /var/www/html/mails/en/employee_password.txt','',0,0,'2021-02-01 13:04:22','2021-02-01 13:04:22'),(22,1,0,'Generate html template forward_msg at /var/www/html/mails/en/forward_msg.html','',0,0,'2021-02-01 13:04:22','2021-02-01 13:04:22'),(23,1,0,'Generate txt template forward_msg at /var/www/html/mails/en/forward_msg.txt','',0,0,'2021-02-01 13:04:22','2021-02-01 13:04:22'),(24,1,0,'Generate html template guest_to_customer at /var/www/html/mails/en/guest_to_customer.html','',0,0,'2021-02-01 13:04:22','2021-02-01 13:04:22'),(25,1,0,'Generate txt template guest_to_customer at /var/www/html/mails/en/guest_to_customer.txt','',0,0,'2021-02-01 13:04:22','2021-02-01 13:04:22'),(26,1,0,'Generate html template import at /var/www/html/mails/en/import.html','',0,0,'2021-02-01 13:04:22','2021-02-01 13:04:22'),(27,1,0,'Generate txt template import at /var/www/html/mails/en/import.txt','',0,0,'2021-02-01 13:04:22','2021-02-01 13:04:22'),(28,1,0,'Generate html template in_transit at /var/www/html/mails/en/in_transit.html','',0,0,'2021-02-01 13:04:22','2021-02-01 13:04:22'),(29,1,0,'Generate txt template in_transit at /var/www/html/mails/en/in_transit.txt','',0,0,'2021-02-01 13:04:22','2021-02-01 13:04:22'),(30,1,0,'Generate html template log_alert at /var/www/html/mails/en/log_alert.html','',0,0,'2021-02-01 13:04:22','2021-02-01 13:04:22'),(31,1,0,'Generate txt template log_alert at /var/www/html/mails/en/log_alert.txt','',0,0,'2021-02-01 13:04:23','2021-02-01 13:04:23'),(32,1,0,'Generate html template newsletter at /var/www/html/mails/en/newsletter.html','',0,0,'2021-02-01 13:04:23','2021-02-01 13:04:23'),(33,1,0,'Generate txt template newsletter at /var/www/html/mails/en/newsletter.txt','',0,0,'2021-02-01 13:04:23','2021-02-01 13:04:23'),(34,1,0,'Generate html template order_canceled at /var/www/html/mails/en/order_canceled.html','',0,0,'2021-02-01 13:04:23','2021-02-01 13:04:23'),(35,1,0,'Generate txt template order_canceled at /var/www/html/mails/en/order_canceled.txt','',0,0,'2021-02-01 13:04:23','2021-02-01 13:04:23'),(36,1,0,'Generate html template order_changed at /var/www/html/mails/en/order_changed.html','',0,0,'2021-02-01 13:04:23','2021-02-01 13:04:23'),(37,1,0,'Generate txt template order_changed at /var/www/html/mails/en/order_changed.txt','',0,0,'2021-02-01 13:04:23','2021-02-01 13:04:23'),(38,1,0,'Generate html template order_conf at /var/www/html/mails/en/order_conf.html','',0,0,'2021-02-01 13:04:23','2021-02-01 13:04:23'),(39,1,0,'Generate txt template order_conf at /var/www/html/mails/en/order_conf.txt','',0,0,'2021-02-01 13:04:23','2021-02-01 13:04:23'),(40,1,0,'Generate html template order_customer_comment at /var/www/html/mails/en/order_customer_comment.html','',0,0,'2021-02-01 13:04:23','2021-02-01 13:04:23'),(41,1,0,'Generate txt template order_customer_comment at /var/www/html/mails/en/order_customer_comment.txt','',0,0,'2021-02-01 13:04:23','2021-02-01 13:04:23'),(42,1,0,'Generate html template order_merchant_comment at /var/www/html/mails/en/order_merchant_comment.html','',0,0,'2021-02-01 13:04:23','2021-02-01 13:04:23'),(43,1,0,'Generate txt template order_merchant_comment at /var/www/html/mails/en/order_merchant_comment.txt','',0,0,'2021-02-01 13:04:23','2021-02-01 13:04:23'),(44,1,0,'Generate html template order_return_state at /var/www/html/mails/en/order_return_state.html','',0,0,'2021-02-01 13:04:23','2021-02-01 13:04:23'),(45,1,0,'Generate txt template order_return_state at /var/www/html/mails/en/order_return_state.txt','',0,0,'2021-02-01 13:04:23','2021-02-01 13:04:23'),(46,1,0,'Generate html template outofstock at /var/www/html/mails/en/outofstock.html','',0,0,'2021-02-01 13:04:23','2021-02-01 13:04:23'),(47,1,0,'Generate txt template outofstock at /var/www/html/mails/en/outofstock.txt','',0,0,'2021-02-01 13:04:23','2021-02-01 13:04:23'),(48,1,0,'Generate html template password at /var/www/html/mails/en/password.html','',0,0,'2021-02-01 13:04:23','2021-02-01 13:04:23'),(49,1,0,'Generate txt template password at /var/www/html/mails/en/password.txt','',0,0,'2021-02-01 13:04:23','2021-02-01 13:04:23'),(50,1,0,'Generate html template password_query at /var/www/html/mails/en/password_query.html','',0,0,'2021-02-01 13:04:23','2021-02-01 13:04:23'),(51,1,0,'Generate txt template password_query at /var/www/html/mails/en/password_query.txt','',0,0,'2021-02-01 13:04:23','2021-02-01 13:04:23'),(52,1,0,'Generate html template payment at /var/www/html/mails/en/payment.html','',0,0,'2021-02-01 13:04:23','2021-02-01 13:04:23'),(53,1,0,'Generate txt template payment at /var/www/html/mails/en/payment.txt','',0,0,'2021-02-01 13:04:23','2021-02-01 13:04:23'),(54,1,0,'Generate html template payment_error at /var/www/html/mails/en/payment_error.html','',0,0,'2021-02-01 13:04:23','2021-02-01 13:04:23'),(55,1,0,'Generate txt template payment_error at /var/www/html/mails/en/payment_error.txt','',0,0,'2021-02-01 13:04:23','2021-02-01 13:04:23'),(56,1,0,'Generate html template preparation at /var/www/html/mails/en/preparation.html','',0,0,'2021-02-01 13:04:23','2021-02-01 13:04:23'),(57,1,0,'Generate txt template preparation at /var/www/html/mails/en/preparation.txt','',0,0,'2021-02-01 13:04:23','2021-02-01 13:04:23'),(58,1,0,'Generate html template productoutofstock at /var/www/html/mails/en/productoutofstock.html','',0,0,'2021-02-01 13:04:23','2021-02-01 13:04:23'),(59,1,0,'Generate txt template productoutofstock at /var/www/html/mails/en/productoutofstock.txt','',0,0,'2021-02-01 13:04:23','2021-02-01 13:04:23'),(60,1,0,'Generate html template refund at /var/www/html/mails/en/refund.html','',0,0,'2021-02-01 13:04:23','2021-02-01 13:04:23'),(61,1,0,'Generate txt template refund at /var/www/html/mails/en/refund.txt','',0,0,'2021-02-01 13:04:23','2021-02-01 13:04:23'),(62,1,0,'Generate html template reply_msg at /var/www/html/mails/en/reply_msg.html','',0,0,'2021-02-01 13:04:23','2021-02-01 13:04:23'),(63,1,0,'Generate txt template reply_msg at /var/www/html/mails/en/reply_msg.txt','',0,0,'2021-02-01 13:04:23','2021-02-01 13:04:23'),(64,1,0,'Generate html template shipped at /var/www/html/mails/en/shipped.html','',0,0,'2021-02-01 13:04:23','2021-02-01 13:04:23'),(65,1,0,'Generate txt template shipped at /var/www/html/mails/en/shipped.txt','',0,0,'2021-02-01 13:04:23','2021-02-01 13:04:23'),(66,1,0,'Generate html template test at /var/www/html/mails/en/test.html','',0,0,'2021-02-01 13:04:23','2021-02-01 13:04:23'),(67,1,0,'Generate txt template test at /var/www/html/mails/en/test.txt','',0,0,'2021-02-01 13:04:23','2021-02-01 13:04:23'),(68,1,0,'Generate html template voucher at /var/www/html/mails/en/voucher.html','',0,0,'2021-02-01 13:04:23','2021-02-01 13:04:23'),(69,1,0,'Generate txt template voucher at /var/www/html/mails/en/voucher.txt','',0,0,'2021-02-01 13:04:23','2021-02-01 13:04:23'),(70,1,0,'Generate html template voucher_new at /var/www/html/mails/en/voucher_new.html','',0,0,'2021-02-01 13:04:23','2021-02-01 13:04:23'),(71,1,0,'Generate txt template voucher_new at /var/www/html/mails/en/voucher_new.txt','',0,0,'2021-02-01 13:04:23','2021-02-01 13:04:23'),(72,1,0,'Generate html template newsletter_conf at /var/www/html/modules//ps_emailsubscription/mails/en/newsletter_conf.html','',0,0,'2021-02-01 13:04:23','2021-02-01 13:04:23'),(73,1,0,'Generate txt template newsletter_conf at /var/www/html/modules//ps_emailsubscription/mails/en/newsletter_conf.txt','',0,0,'2021-02-01 13:04:23','2021-02-01 13:04:23'),(74,1,0,'Generate html template newsletter_verif at /var/www/html/modules//ps_emailsubscription/mails/en/newsletter_verif.html','',0,0,'2021-02-01 13:04:23','2021-02-01 13:04:23'),(75,1,0,'Generate txt template newsletter_verif at /var/www/html/modules//ps_emailsubscription/mails/en/newsletter_verif.txt','',0,0,'2021-02-01 13:04:23','2021-02-01 13:04:23'),(76,1,0,'Generate html template newsletter_voucher at /var/www/html/modules//ps_emailsubscription/mails/en/newsletter_voucher.html','',0,0,'2021-02-01 13:04:23','2021-02-01 13:04:23'),(77,1,0,'Generate txt template newsletter_voucher at /var/www/html/modules//ps_emailsubscription/mails/en/newsletter_voucher.txt','',0,0,'2021-02-01 13:04:23','2021-02-01 13:04:23'),(78,1,0,'Generate html template customer_qty at /var/www/html/modules//ps_emailalerts/mails/en/customer_qty.html','',0,0,'2021-02-01 13:04:23','2021-02-01 13:04:23'),(79,1,0,'Generate txt template customer_qty at /var/www/html/modules//ps_emailalerts/mails/en/customer_qty.txt','',0,0,'2021-02-01 13:04:23','2021-02-01 13:04:23'),(80,1,0,'Generate html template new_order at /var/www/html/modules//ps_emailalerts/mails/en/new_order.html','',0,0,'2021-02-01 13:04:23','2021-02-01 13:04:23'),(81,1,0,'Generate txt template new_order at /var/www/html/modules//ps_emailalerts/mails/en/new_order.txt','',0,0,'2021-02-01 13:04:23','2021-02-01 13:04:23'),(82,1,0,'Generate html template order_changed at /var/www/html/modules//ps_emailalerts/mails/en/order_changed.html','',0,0,'2021-02-01 13:04:23','2021-02-01 13:04:23'),(83,1,0,'Generate txt template order_changed at /var/www/html/modules//ps_emailalerts/mails/en/order_changed.txt','',0,0,'2021-02-01 13:04:23','2021-02-01 13:04:23'),(84,1,0,'Generate html template productcoverage at /var/www/html/modules//ps_emailalerts/mails/en/productcoverage.html','',0,0,'2021-02-01 13:04:23','2021-02-01 13:04:23'),(85,1,0,'Generate txt template productcoverage at /var/www/html/modules//ps_emailalerts/mails/en/productcoverage.txt','',0,0,'2021-02-01 13:04:23','2021-02-01 13:04:23'),(86,1,0,'Generate html template productoutofstock at /var/www/html/modules//ps_emailalerts/mails/en/productoutofstock.html','',0,0,'2021-02-01 13:04:23','2021-02-01 13:04:23'),(87,1,0,'Generate txt template productoutofstock at /var/www/html/modules//ps_emailalerts/mails/en/productoutofstock.txt','',0,0,'2021-02-01 13:04:23','2021-02-01 13:04:23'),(88,1,0,'Generate html template return_slip at /var/www/html/modules//ps_emailalerts/mails/en/return_slip.html','',0,0,'2021-02-01 13:04:23','2021-02-01 13:04:23'),(89,1,0,'Generate txt template return_slip at /var/www/html/modules//ps_emailalerts/mails/en/return_slip.txt','',0,0,'2021-02-01 13:04:23','2021-02-01 13:04:23'),(90,1,0,'Generate html template followup_1 at /var/www/html/modules//followup/mails/en/followup_1.html','',0,0,'2021-02-01 13:04:23','2021-02-01 13:04:23'),(91,1,0,'Generate txt template followup_1 at /var/www/html/modules//followup/mails/en/followup_1.txt','',0,0,'2021-02-01 13:04:23','2021-02-01 13:04:23'),(92,1,0,'Generate html template followup_2 at /var/www/html/modules//followup/mails/en/followup_2.html','',0,0,'2021-02-01 13:04:23','2021-02-01 13:04:23'),(93,1,0,'Generate txt template followup_2 at /var/www/html/modules//followup/mails/en/followup_2.txt','',0,0,'2021-02-01 13:04:23','2021-02-01 13:04:23'),(94,1,0,'Generate html template followup_3 at /var/www/html/modules//followup/mails/en/followup_3.html','',0,0,'2021-02-01 13:04:23','2021-02-01 13:04:23'),(95,1,0,'Generate txt template followup_3 at /var/www/html/modules//followup/mails/en/followup_3.txt','',0,0,'2021-02-01 13:04:23','2021-02-01 13:04:23'),(96,1,0,'Generate html template followup_4 at /var/www/html/modules//followup/mails/en/followup_4.html','',0,0,'2021-02-01 13:04:23','2021-02-01 13:04:23'),(97,1,0,'Generate txt template followup_4 at /var/www/html/modules//followup/mails/en/followup_4.txt','',0,0,'2021-02-01 13:04:23','2021-02-01 13:04:23'),(98,1,0,'Generate html template referralprogram-congratulations at /var/www/html/modules//referralprogram/mails/en/referralprogram-congratulations.html','',0,0,'2021-02-01 13:04:23','2021-02-01 13:04:23'),(99,1,0,'Generate txt template referralprogram-congratulations at /var/www/html/modules//referralprogram/mails/en/referralprogram-congratulations.txt','',0,0,'2021-02-01 13:04:23','2021-02-01 13:04:23'),(100,1,0,'Generate html template referralprogram-invitation at /var/www/html/modules//referralprogram/mails/en/referralprogram-invitation.html','',0,0,'2021-02-01 13:04:24','2021-02-01 13:04:24'),(101,1,0,'Generate txt template referralprogram-invitation at /var/www/html/modules//referralprogram/mails/en/referralprogram-invitation.txt','',0,0,'2021-02-01 13:04:24','2021-02-01 13:04:24'),(102,1,0,'Generate html template referralprogram-voucher at /var/www/html/modules//referralprogram/mails/en/referralprogram-voucher.html','',0,0,'2021-02-01 13:04:24','2021-02-01 13:04:24'),(103,1,0,'Generate txt template referralprogram-voucher at /var/www/html/modules//referralprogram/mails/en/referralprogram-voucher.txt','',0,0,'2021-02-01 13:04:24','2021-02-01 13:04:24'),(104,1,0,'Exporting mail with theme modern for language Wikang Tagalog (Filipino)','',0,0,'2021-02-01 13:04:25','2021-02-01 13:04:25'),(105,1,0,'Generate html template account at /var/www/html/mails/tl/account.html','',0,0,'2021-02-01 13:04:25','2021-02-01 13:04:25'),(106,1,0,'Generate txt template account at /var/www/html/mails/tl/account.txt','',0,0,'2021-02-01 13:04:25','2021-02-01 13:04:25'),(107,1,0,'Generate html template backoffice_order at /var/www/html/mails/tl/backoffice_order.html','',0,0,'2021-02-01 13:04:25','2021-02-01 13:04:25'),(108,1,0,'Generate txt template backoffice_order at /var/www/html/mails/tl/backoffice_order.txt','',0,0,'2021-02-01 13:04:25','2021-02-01 13:04:25'),(109,1,0,'Generate html template bankwire at /var/www/html/mails/tl/bankwire.html','',0,0,'2021-02-01 13:04:25','2021-02-01 13:04:25'),(110,1,0,'Generate txt template bankwire at /var/www/html/mails/tl/bankwire.txt','',0,0,'2021-02-01 13:04:25','2021-02-01 13:04:25'),(111,1,0,'Generate html template cheque at /var/www/html/mails/tl/cheque.html','',0,0,'2021-02-01 13:04:25','2021-02-01 13:04:25'),(112,1,0,'Generate txt template cheque at /var/www/html/mails/tl/cheque.txt','',0,0,'2021-02-01 13:04:25','2021-02-01 13:04:25'),(113,1,0,'Generate html template contact at /var/www/html/mails/tl/contact.html','',0,0,'2021-02-01 13:04:25','2021-02-01 13:04:25'),(114,1,0,'Generate txt template contact at /var/www/html/mails/tl/contact.txt','',0,0,'2021-02-01 13:04:25','2021-02-01 13:04:25'),(115,1,0,'Generate html template contact_form at /var/www/html/mails/tl/contact_form.html','',0,0,'2021-02-01 13:04:25','2021-02-01 13:04:25'),(116,1,0,'Generate txt template contact_form at /var/www/html/mails/tl/contact_form.txt','',0,0,'2021-02-01 13:04:25','2021-02-01 13:04:25'),(117,1,0,'Generate html template credit_slip at /var/www/html/mails/tl/credit_slip.html','',0,0,'2021-02-01 13:04:25','2021-02-01 13:04:25'),(118,1,0,'Generate txt template credit_slip at /var/www/html/mails/tl/credit_slip.txt','',0,0,'2021-02-01 13:04:25','2021-02-01 13:04:25'),(119,1,0,'Generate html template download_product at /var/www/html/mails/tl/download_product.html','',0,0,'2021-02-01 13:04:25','2021-02-01 13:04:25'),(120,1,0,'Generate txt template download_product at /var/www/html/mails/tl/download_product.txt','',0,0,'2021-02-01 13:04:25','2021-02-01 13:04:25'),(121,1,0,'Generate html template employee_password at /var/www/html/mails/tl/employee_password.html','',0,0,'2021-02-01 13:04:25','2021-02-01 13:04:25'),(122,1,0,'Generate txt template employee_password at /var/www/html/mails/tl/employee_password.txt','',0,0,'2021-02-01 13:04:25','2021-02-01 13:04:25'),(123,1,0,'Generate html template forward_msg at /var/www/html/mails/tl/forward_msg.html','',0,0,'2021-02-01 13:04:25','2021-02-01 13:04:25'),(124,1,0,'Generate txt template forward_msg at /var/www/html/mails/tl/forward_msg.txt','',0,0,'2021-02-01 13:04:25','2021-02-01 13:04:25'),(125,1,0,'Generate html template guest_to_customer at /var/www/html/mails/tl/guest_to_customer.html','',0,0,'2021-02-01 13:04:25','2021-02-01 13:04:25'),(126,1,0,'Generate txt template guest_to_customer at /var/www/html/mails/tl/guest_to_customer.txt','',0,0,'2021-02-01 13:04:25','2021-02-01 13:04:25'),(127,1,0,'Generate html template import at /var/www/html/mails/tl/import.html','',0,0,'2021-02-01 13:04:25','2021-02-01 13:04:25'),(128,1,0,'Generate txt template import at /var/www/html/mails/tl/import.txt','',0,0,'2021-02-01 13:04:25','2021-02-01 13:04:25'),(129,1,0,'Generate html template in_transit at /var/www/html/mails/tl/in_transit.html','',0,0,'2021-02-01 13:04:25','2021-02-01 13:04:25'),(130,1,0,'Generate txt template in_transit at /var/www/html/mails/tl/in_transit.txt','',0,0,'2021-02-01 13:04:25','2021-02-01 13:04:25'),(131,1,0,'Generate html template log_alert at /var/www/html/mails/tl/log_alert.html','',0,0,'2021-02-01 13:04:25','2021-02-01 13:04:25'),(132,1,0,'Generate txt template log_alert at /var/www/html/mails/tl/log_alert.txt','',0,0,'2021-02-01 13:04:25','2021-02-01 13:04:25'),(133,1,0,'Generate html template newsletter at /var/www/html/mails/tl/newsletter.html','',0,0,'2021-02-01 13:04:25','2021-02-01 13:04:25'),(134,1,0,'Generate txt template newsletter at /var/www/html/mails/tl/newsletter.txt','',0,0,'2021-02-01 13:04:25','2021-02-01 13:04:25'),(135,1,0,'Generate html template order_canceled at /var/www/html/mails/tl/order_canceled.html','',0,0,'2021-02-01 13:04:25','2021-02-01 13:04:25'),(136,1,0,'Generate txt template order_canceled at /var/www/html/mails/tl/order_canceled.txt','',0,0,'2021-02-01 13:04:25','2021-02-01 13:04:25'),(137,1,0,'Generate html template order_changed at /var/www/html/mails/tl/order_changed.html','',0,0,'2021-02-01 13:04:26','2021-02-01 13:04:26'),(138,1,0,'Generate txt template order_changed at /var/www/html/mails/tl/order_changed.txt','',0,0,'2021-02-01 13:04:26','2021-02-01 13:04:26'),(139,1,0,'Generate html template order_conf at /var/www/html/mails/tl/order_conf.html','',0,0,'2021-02-01 13:04:26','2021-02-01 13:04:26'),(140,1,0,'Generate txt template order_conf at /var/www/html/mails/tl/order_conf.txt','',0,0,'2021-02-01 13:04:26','2021-02-01 13:04:26'),(141,1,0,'Generate html template order_customer_comment at /var/www/html/mails/tl/order_customer_comment.html','',0,0,'2021-02-01 13:04:26','2021-02-01 13:04:26'),(142,1,0,'Generate txt template order_customer_comment at /var/www/html/mails/tl/order_customer_comment.txt','',0,0,'2021-02-01 13:04:26','2021-02-01 13:04:26'),(143,1,0,'Generate html template order_merchant_comment at /var/www/html/mails/tl/order_merchant_comment.html','',0,0,'2021-02-01 13:04:26','2021-02-01 13:04:26'),(144,1,0,'Generate txt template order_merchant_comment at /var/www/html/mails/tl/order_merchant_comment.txt','',0,0,'2021-02-01 13:04:26','2021-02-01 13:04:26'),(145,1,0,'Generate html template order_return_state at /var/www/html/mails/tl/order_return_state.html','',0,0,'2021-02-01 13:04:26','2021-02-01 13:04:26'),(146,1,0,'Generate txt template order_return_state at /var/www/html/mails/tl/order_return_state.txt','',0,0,'2021-02-01 13:04:26','2021-02-01 13:04:26'),(147,1,0,'Generate html template outofstock at /var/www/html/mails/tl/outofstock.html','',0,0,'2021-02-01 13:04:26','2021-02-01 13:04:26'),(148,1,0,'Generate txt template outofstock at /var/www/html/mails/tl/outofstock.txt','',0,0,'2021-02-01 13:04:26','2021-02-01 13:04:26'),(149,1,0,'Generate html template password at /var/www/html/mails/tl/password.html','',0,0,'2021-02-01 13:04:26','2021-02-01 13:04:26'),(150,1,0,'Generate txt template password at /var/www/html/mails/tl/password.txt','',0,0,'2021-02-01 13:04:26','2021-02-01 13:04:26'),(151,1,0,'Generate html template password_query at /var/www/html/mails/tl/password_query.html','',0,0,'2021-02-01 13:04:26','2021-02-01 13:04:26'),(152,1,0,'Generate txt template password_query at /var/www/html/mails/tl/password_query.txt','',0,0,'2021-02-01 13:04:26','2021-02-01 13:04:26'),(153,1,0,'Generate html template payment at /var/www/html/mails/tl/payment.html','',0,0,'2021-02-01 13:04:26','2021-02-01 13:04:26'),(154,1,0,'Generate txt template payment at /var/www/html/mails/tl/payment.txt','',0,0,'2021-02-01 13:04:26','2021-02-01 13:04:26'),(155,1,0,'Generate html template payment_error at /var/www/html/mails/tl/payment_error.html','',0,0,'2021-02-01 13:04:26','2021-02-01 13:04:26'),(156,1,0,'Generate txt template payment_error at /var/www/html/mails/tl/payment_error.txt','',0,0,'2021-02-01 13:04:26','2021-02-01 13:04:26'),(157,1,0,'Generate html template preparation at /var/www/html/mails/tl/preparation.html','',0,0,'2021-02-01 13:04:26','2021-02-01 13:04:26'),(158,1,0,'Generate txt template preparation at /var/www/html/mails/tl/preparation.txt','',0,0,'2021-02-01 13:04:26','2021-02-01 13:04:26'),(159,1,0,'Generate html template productoutofstock at /var/www/html/mails/tl/productoutofstock.html','',0,0,'2021-02-01 13:04:26','2021-02-01 13:04:26'),(160,1,0,'Generate txt template productoutofstock at /var/www/html/mails/tl/productoutofstock.txt','',0,0,'2021-02-01 13:04:26','2021-02-01 13:04:26'),(161,1,0,'Generate html template refund at /var/www/html/mails/tl/refund.html','',0,0,'2021-02-01 13:04:26','2021-02-01 13:04:26'),(162,1,0,'Generate txt template refund at /var/www/html/mails/tl/refund.txt','',0,0,'2021-02-01 13:04:26','2021-02-01 13:04:26'),(163,1,0,'Generate html template reply_msg at /var/www/html/mails/tl/reply_msg.html','',0,0,'2021-02-01 13:04:26','2021-02-01 13:04:26'),(164,1,0,'Generate txt template reply_msg at /var/www/html/mails/tl/reply_msg.txt','',0,0,'2021-02-01 13:04:26','2021-02-01 13:04:26'),(165,1,0,'Generate html template shipped at /var/www/html/mails/tl/shipped.html','',0,0,'2021-02-01 13:04:26','2021-02-01 13:04:26'),(166,1,0,'Generate txt template shipped at /var/www/html/mails/tl/shipped.txt','',0,0,'2021-02-01 13:04:26','2021-02-01 13:04:26'),(167,1,0,'Generate html template test at /var/www/html/mails/tl/test.html','',0,0,'2021-02-01 13:04:26','2021-02-01 13:04:26'),(168,1,0,'Generate txt template test at /var/www/html/mails/tl/test.txt','',0,0,'2021-02-01 13:04:26','2021-02-01 13:04:26'),(169,1,0,'Generate html template voucher at /var/www/html/mails/tl/voucher.html','',0,0,'2021-02-01 13:04:26','2021-02-01 13:04:26'),(170,1,0,'Generate txt template voucher at /var/www/html/mails/tl/voucher.txt','',0,0,'2021-02-01 13:04:26','2021-02-01 13:04:26'),(171,1,0,'Generate html template voucher_new at /var/www/html/mails/tl/voucher_new.html','',0,0,'2021-02-01 13:04:26','2021-02-01 13:04:26'),(172,1,0,'Generate txt template voucher_new at /var/www/html/mails/tl/voucher_new.txt','',0,0,'2021-02-01 13:04:26','2021-02-01 13:04:26'),(173,1,0,'Generate html template newsletter_conf at /var/www/html/modules//ps_emailsubscription/mails/tl/newsletter_conf.html','',0,0,'2021-02-01 13:04:26','2021-02-01 13:04:26'),(174,1,0,'Generate txt template newsletter_conf at /var/www/html/modules//ps_emailsubscription/mails/tl/newsletter_conf.txt','',0,0,'2021-02-01 13:04:26','2021-02-01 13:04:26'),(175,1,0,'Generate html template newsletter_verif at /var/www/html/modules//ps_emailsubscription/mails/tl/newsletter_verif.html','',0,0,'2021-02-01 13:04:26','2021-02-01 13:04:26'),(176,1,0,'Generate txt template newsletter_verif at /var/www/html/modules//ps_emailsubscription/mails/tl/newsletter_verif.txt','',0,0,'2021-02-01 13:04:26','2021-02-01 13:04:26'),(177,1,0,'Generate html template newsletter_voucher at /var/www/html/modules//ps_emailsubscription/mails/tl/newsletter_voucher.html','',0,0,'2021-02-01 13:04:26','2021-02-01 13:04:26'),(178,1,0,'Generate txt template newsletter_voucher at /var/www/html/modules//ps_emailsubscription/mails/tl/newsletter_voucher.txt','',0,0,'2021-02-01 13:04:26','2021-02-01 13:04:26'),(179,1,0,'Generate html template customer_qty at /var/www/html/modules//ps_emailalerts/mails/tl/customer_qty.html','',0,0,'2021-02-01 13:04:26','2021-02-01 13:04:26'),(180,1,0,'Generate txt template customer_qty at /var/www/html/modules//ps_emailalerts/mails/tl/customer_qty.txt','',0,0,'2021-02-01 13:04:26','2021-02-01 13:04:26'),(181,1,0,'Generate html template new_order at /var/www/html/modules//ps_emailalerts/mails/tl/new_order.html','',0,0,'2021-02-01 13:04:26','2021-02-01 13:04:26'),(182,1,0,'Generate txt template new_order at /var/www/html/modules//ps_emailalerts/mails/tl/new_order.txt','',0,0,'2021-02-01 13:04:26','2021-02-01 13:04:26'),(183,1,0,'Generate html template order_changed at /var/www/html/modules//ps_emailalerts/mails/tl/order_changed.html','',0,0,'2021-02-01 13:04:26','2021-02-01 13:04:26'),(184,1,0,'Generate txt template order_changed at /var/www/html/modules//ps_emailalerts/mails/tl/order_changed.txt','',0,0,'2021-02-01 13:04:26','2021-02-01 13:04:26'),(185,1,0,'Generate html template productcoverage at /var/www/html/modules//ps_emailalerts/mails/tl/productcoverage.html','',0,0,'2021-02-01 13:04:26','2021-02-01 13:04:26'),(186,1,0,'Generate txt template productcoverage at /var/www/html/modules//ps_emailalerts/mails/tl/productcoverage.txt','',0,0,'2021-02-01 13:04:26','2021-02-01 13:04:26'),(187,1,0,'Generate html template productoutofstock at /var/www/html/modules//ps_emailalerts/mails/tl/productoutofstock.html','',0,0,'2021-02-01 13:04:26','2021-02-01 13:04:26'),(188,1,0,'Generate txt template productoutofstock at /var/www/html/modules//ps_emailalerts/mails/tl/productoutofstock.txt','',0,0,'2021-02-01 13:04:26','2021-02-01 13:04:26'),(189,1,0,'Generate html template return_slip at /var/www/html/modules//ps_emailalerts/mails/tl/return_slip.html','',0,0,'2021-02-01 13:04:26','2021-02-01 13:04:26'),(190,1,0,'Generate txt template return_slip at /var/www/html/modules//ps_emailalerts/mails/tl/return_slip.txt','',0,0,'2021-02-01 13:04:26','2021-02-01 13:04:26'),(191,1,0,'Generate html template followup_1 at /var/www/html/modules//followup/mails/tl/followup_1.html','',0,0,'2021-02-01 13:04:26','2021-02-01 13:04:26'),(192,1,0,'Generate txt template followup_1 at /var/www/html/modules//followup/mails/tl/followup_1.txt','',0,0,'2021-02-01 13:04:26','2021-02-01 13:04:26'),(193,1,0,'Generate html template followup_2 at /var/www/html/modules//followup/mails/tl/followup_2.html','',0,0,'2021-02-01 13:04:26','2021-02-01 13:04:26'),(194,1,0,'Generate txt template followup_2 at /var/www/html/modules//followup/mails/tl/followup_2.txt','',0,0,'2021-02-01 13:04:26','2021-02-01 13:04:26'),(195,1,0,'Generate html template followup_3 at /var/www/html/modules//followup/mails/tl/followup_3.html','',0,0,'2021-02-01 13:04:26','2021-02-01 13:04:26'),(196,1,0,'Generate txt template followup_3 at /var/www/html/modules//followup/mails/tl/followup_3.txt','',0,0,'2021-02-01 13:04:26','2021-02-01 13:04:26'),(197,1,0,'Generate html template followup_4 at /var/www/html/modules//followup/mails/tl/followup_4.html','',0,0,'2021-02-01 13:04:26','2021-02-01 13:04:26'),(198,1,0,'Generate txt template followup_4 at /var/www/html/modules//followup/mails/tl/followup_4.txt','',0,0,'2021-02-01 13:04:26','2021-02-01 13:04:26'),(199,1,0,'Generate html template referralprogram-congratulations at /var/www/html/modules//referralprogram/mails/tl/referralprogram-congratulations.html','',0,0,'2021-02-01 13:04:26','2021-02-01 13:04:26'),(200,1,0,'Generate txt template referralprogram-congratulations at /var/www/html/modules//referralprogram/mails/tl/referralprogram-congratulations.txt','',0,0,'2021-02-01 13:04:26','2021-02-01 13:04:26'),(201,1,0,'Generate html template referralprogram-invitation at /var/www/html/modules//referralprogram/mails/tl/referralprogram-invitation.html','',0,0,'2021-02-01 13:04:26','2021-02-01 13:04:26'),(202,1,0,'Generate txt template referralprogram-invitation at /var/www/html/modules//referralprogram/mails/tl/referralprogram-invitation.txt','',0,0,'2021-02-01 13:04:26','2021-02-01 13:04:26'),(203,1,0,'Generate html template referralprogram-voucher at /var/www/html/modules//referralprogram/mails/tl/referralprogram-voucher.html','',0,0,'2021-02-01 13:04:26','2021-02-01 13:04:26'),(204,1,0,'Generate txt template referralprogram-voucher at /var/www/html/modules//referralprogram/mails/tl/referralprogram-voucher.txt','',0,0,'2021-02-01 13:04:26','2021-02-01 13:04:26'),(205,1,0,'Protect vendor folder in module contactform','',0,1,'2021-02-01 13:04:30','2021-02-01 13:04:30'),(206,1,0,'Module contactform has no vendor folder','',0,1,'2021-02-01 13:04:30','2021-02-01 13:04:30'),(207,1,0,'Protect vendor folder in module dashactivity','',0,1,'2021-02-01 13:04:30','2021-02-01 13:04:30'),(208,1,0,'Module dashactivity has no vendor folder','',0,1,'2021-02-01 13:04:30','2021-02-01 13:04:30'),(209,1,0,'Protect vendor folder in module dashgoals','',0,1,'2021-02-01 13:04:30','2021-02-01 13:04:30'),(210,1,0,'Module dashgoals has no vendor folder','',0,1,'2021-02-01 13:04:30','2021-02-01 13:04:30'),(211,1,0,'Protect vendor folder in module dashproducts','',0,1,'2021-02-01 13:04:30','2021-02-01 13:04:30'),(212,1,0,'Module dashproducts has no vendor folder','',0,1,'2021-02-01 13:04:30','2021-02-01 13:04:30'),(213,1,0,'Protect vendor folder in module dashtrends','',0,1,'2021-02-01 13:04:30','2021-02-01 13:04:30'),(214,1,0,'Module dashtrends has no vendor folder','',0,1,'2021-02-01 13:04:30','2021-02-01 13:04:30'),(215,1,0,'Protect vendor folder in module graphnvd3','',0,1,'2021-02-01 13:04:31','2021-02-01 13:04:31'),(216,1,0,'Module graphnvd3 has no vendor folder','',0,1,'2021-02-01 13:04:31','2021-02-01 13:04:31'),(217,1,0,'Protect vendor folder in module gridhtml','',0,1,'2021-02-01 13:04:31','2021-02-01 13:04:31'),(218,1,0,'Module gridhtml has no vendor folder','',0,1,'2021-02-01 13:04:31','2021-02-01 13:04:31'),(219,1,0,'Protect vendor folder in module gsitemap','',0,1,'2021-02-01 13:04:31','2021-02-01 13:04:31'),(220,1,0,'Module gsitemap has no vendor folder','',0,1,'2021-02-01 13:04:31','2021-02-01 13:04:31'),(221,1,0,'Protect vendor folder in module pagesnotfound','',0,1,'2021-02-01 13:04:31','2021-02-01 13:04:31'),(222,1,0,'Module pagesnotfound has no vendor folder','',0,1,'2021-02-01 13:04:31','2021-02-01 13:04:31'),(223,1,0,'Protect vendor folder in module productcomments','',0,1,'2021-02-01 13:04:31','2021-02-01 13:04:31'),(224,1,0,'Module productcomments has no vendor folder','',0,1,'2021-02-01 13:04:31','2021-02-01 13:04:31'),(225,1,0,'Protect vendor folder in module ps_banner','',0,1,'2021-02-01 13:04:31','2021-02-01 13:04:31'),(226,1,0,'Module ps_banner has no vendor folder','',0,1,'2021-02-01 13:04:31','2021-02-01 13:04:31'),(227,1,0,'Protect vendor folder in module ps_categorytree','',0,1,'2021-02-01 13:04:31','2021-02-01 13:04:31'),(228,1,0,'Module ps_categorytree has no vendor folder','',0,1,'2021-02-01 13:04:31','2021-02-01 13:04:31'),(229,1,0,'Protect vendor folder in module ps_checkpayment','',0,1,'2021-02-01 13:04:31','2021-02-01 13:04:31'),(230,1,0,'Module ps_checkpayment has no vendor folder','',0,1,'2021-02-01 13:04:31','2021-02-01 13:04:31'),(231,1,0,'Protect vendor folder in module ps_contactinfo','',0,1,'2021-02-01 13:04:31','2021-02-01 13:04:31'),(232,1,0,'Module ps_contactinfo has no vendor folder','',0,1,'2021-02-01 13:04:31','2021-02-01 13:04:31'),(233,1,0,'Protect vendor folder in module ps_crossselling','',0,1,'2021-02-01 13:04:31','2021-02-01 13:04:31'),(234,1,0,'Module ps_crossselling has no vendor folder','',0,1,'2021-02-01 13:04:31','2021-02-01 13:04:31'),(235,1,0,'Protect vendor folder in module ps_currencyselector','',0,1,'2021-02-01 13:04:31','2021-02-01 13:04:31'),(236,1,0,'Module ps_currencyselector has no vendor folder','',0,1,'2021-02-01 13:04:31','2021-02-01 13:04:31'),(237,1,0,'Protect vendor folder in module ps_customeraccountlinks','',0,1,'2021-02-01 13:04:31','2021-02-01 13:04:31'),(238,1,0,'Module ps_customeraccountlinks has no vendor folder','',0,1,'2021-02-01 13:04:31','2021-02-01 13:04:31'),(239,1,0,'Protect vendor folder in module ps_customersignin','',0,1,'2021-02-01 13:04:31','2021-02-01 13:04:31'),(240,1,0,'Module ps_customersignin has no vendor folder','',0,1,'2021-02-01 13:04:31','2021-02-01 13:04:31'),(241,1,0,'Protect vendor folder in module ps_customtext','',0,1,'2021-02-01 13:04:31','2021-02-01 13:04:31'),(242,1,0,'Module ps_customtext has no vendor folder','',0,1,'2021-02-01 13:04:31','2021-02-01 13:04:31'),(243,1,0,'Protect vendor folder in module ps_dataprivacy','',0,1,'2021-02-01 13:04:31','2021-02-01 13:04:31'),(244,1,0,'Module ps_dataprivacy has no vendor folder','',0,1,'2021-02-01 13:04:31','2021-02-01 13:04:31'),(245,1,0,'Protect vendor folder in module ps_emailsubscription','',0,1,'2021-02-01 13:04:32','2021-02-01 13:04:32'),(246,1,0,'Module ps_emailsubscription has no vendor folder','',0,1,'2021-02-01 13:04:32','2021-02-01 13:04:32'),(247,1,0,'Protect vendor folder in module ps_facetedsearch','',0,1,'2021-02-01 13:04:32','2021-02-01 13:04:32'),(248,1,0,'Module ps_facetedsearch has no vendor folder','',0,1,'2021-02-01 13:04:32','2021-02-01 13:04:32'),(249,1,0,'Protect vendor folder in module ps_faviconnotificationbo','',0,1,'2021-02-01 13:04:32','2021-02-01 13:04:32'),(250,1,0,'Module ps_faviconnotificationbo has no vendor folder','',0,1,'2021-02-01 13:04:32','2021-02-01 13:04:32'),(251,1,0,'Protect vendor folder in module ps_featuredproducts','',0,1,'2021-02-01 13:04:32','2021-02-01 13:04:32'),(252,1,0,'Module ps_featuredproducts has no vendor folder','',0,1,'2021-02-01 13:04:32','2021-02-01 13:04:32'),(253,1,0,'Protect vendor folder in module ps_imageslider','',0,1,'2021-02-01 13:04:32','2021-02-01 13:04:32'),(254,1,0,'Module ps_imageslider has no vendor folder','',0,1,'2021-02-01 13:04:32','2021-02-01 13:04:32'),(255,1,0,'Protect vendor folder in module ps_languageselector','',0,1,'2021-02-01 13:04:32','2021-02-01 13:04:32'),(256,1,0,'Module ps_languageselector has no vendor folder','',0,1,'2021-02-01 13:04:32','2021-02-01 13:04:32'),(257,1,0,'Protect vendor folder in module ps_linklist','',0,1,'2021-02-01 13:04:32','2021-02-01 13:04:32'),(258,1,0,'Module ps_linklist has no vendor folder','',0,1,'2021-02-01 13:04:32','2021-02-01 13:04:32'),(259,3,0,'Cannot register tab \\\"AdminLinkWidget\\\" because it already exists','',0,1,'2021-02-01 13:04:32','2021-02-01 13:04:32'),(260,1,0,'Protect vendor folder in module ps_mainmenu','',0,1,'2021-02-01 13:04:32','2021-02-01 13:04:32'),(261,1,0,'Module ps_mainmenu has no vendor folder','',0,1,'2021-02-01 13:04:32','2021-02-01 13:04:32'),(262,1,0,'Protect vendor folder in module ps_searchbar','',0,1,'2021-02-01 13:04:32','2021-02-01 13:04:32'),(263,1,0,'Module ps_searchbar has no vendor folder','',0,1,'2021-02-01 13:04:32','2021-02-01 13:04:32'),(264,1,0,'Protect vendor folder in module ps_sharebuttons','',0,1,'2021-02-01 13:04:32','2021-02-01 13:04:32'),(265,1,0,'Module ps_sharebuttons has no vendor folder','',0,1,'2021-02-01 13:04:32','2021-02-01 13:04:32'),(266,1,0,'Protect vendor folder in module ps_shoppingcart','',0,1,'2021-02-01 13:04:32','2021-02-01 13:04:32'),(267,1,0,'Module ps_shoppingcart has no vendor folder','',0,1,'2021-02-01 13:04:32','2021-02-01 13:04:32'),(268,1,0,'Protect vendor folder in module ps_socialfollow','',0,1,'2021-02-01 13:04:32','2021-02-01 13:04:32'),(269,1,0,'Module ps_socialfollow has no vendor folder','',0,1,'2021-02-01 13:04:32','2021-02-01 13:04:32'),(270,1,0,'Protect vendor folder in module ps_themecusto','',0,1,'2021-02-01 13:04:32','2021-02-01 13:04:32'),(271,1,0,'Module ps_themecusto has no vendor folder','',0,1,'2021-02-01 13:04:32','2021-02-01 13:04:32'),(272,1,0,'Protect vendor folder in module ps_wirepayment','',0,1,'2021-02-01 13:04:33','2021-02-01 13:04:33'),(273,1,0,'Module ps_wirepayment has no vendor folder','',0,1,'2021-02-01 13:04:33','2021-02-01 13:04:33'),(274,1,0,'Protect vendor folder in module sekeywords','',0,1,'2021-02-01 13:04:33','2021-02-01 13:04:33'),(275,1,0,'Module sekeywords has no vendor folder','',0,1,'2021-02-01 13:04:33','2021-02-01 13:04:33'),(276,1,0,'Protect vendor folder in module statsbestcategories','',0,1,'2021-02-01 13:04:33','2021-02-01 13:04:33'),(277,1,0,'Module statsbestcategories has no vendor folder','',0,1,'2021-02-01 13:04:33','2021-02-01 13:04:33'),(278,1,0,'Protect vendor folder in module statsbestcustomers','',0,1,'2021-02-01 13:04:33','2021-02-01 13:04:33'),(279,1,0,'Module statsbestcustomers has no vendor folder','',0,1,'2021-02-01 13:04:33','2021-02-01 13:04:33'),(280,1,0,'Protect vendor folder in module statsbestproducts','',0,1,'2021-02-01 13:04:33','2021-02-01 13:04:33'),(281,1,0,'Module statsbestproducts has no vendor folder','',0,1,'2021-02-01 13:04:33','2021-02-01 13:04:33'),(282,1,0,'Protect vendor folder in module statsbestsuppliers','',0,1,'2021-02-01 13:04:33','2021-02-01 13:04:33'),(283,1,0,'Module statsbestsuppliers has no vendor folder','',0,1,'2021-02-01 13:04:33','2021-02-01 13:04:33'),(284,1,0,'Protect vendor folder in module statsbestvouchers','',0,1,'2021-02-01 13:04:33','2021-02-01 13:04:33'),(285,1,0,'Module statsbestvouchers has no vendor folder','',0,1,'2021-02-01 13:04:33','2021-02-01 13:04:33'),(286,1,0,'Protect vendor folder in module statscarrier','',0,1,'2021-02-01 13:04:33','2021-02-01 13:04:33'),(287,1,0,'Module statscarrier has no vendor folder','',0,1,'2021-02-01 13:04:33','2021-02-01 13:04:33'),(288,1,0,'Protect vendor folder in module statscatalog','',0,1,'2021-02-01 13:04:33','2021-02-01 13:04:33'),(289,1,0,'Module statscatalog has no vendor folder','',0,1,'2021-02-01 13:04:33','2021-02-01 13:04:33'),(290,1,0,'Protect vendor folder in module statscheckup','',0,1,'2021-02-01 13:04:33','2021-02-01 13:04:33'),(291,1,0,'Module statscheckup has no vendor folder','',0,1,'2021-02-01 13:04:33','2021-02-01 13:04:33'),(292,1,0,'Protect vendor folder in module statsdata','',0,1,'2021-02-01 13:04:33','2021-02-01 13:04:33'),(293,1,0,'Module statsdata has no vendor folder','',0,1,'2021-02-01 13:04:33','2021-02-01 13:04:33'),(294,1,0,'Protect vendor folder in module statsequipment','',0,1,'2021-02-01 13:04:33','2021-02-01 13:04:33'),(295,1,0,'Module statsequipment has no vendor folder','',0,1,'2021-02-01 13:04:33','2021-02-01 13:04:33'),(296,1,0,'Protect vendor folder in module statsforecast','',0,1,'2021-02-01 13:04:33','2021-02-01 13:04:33'),(297,1,0,'Module statsforecast has no vendor folder','',0,1,'2021-02-01 13:04:33','2021-02-01 13:04:33'),(298,1,0,'Protect vendor folder in module statslive','',0,1,'2021-02-01 13:04:33','2021-02-01 13:04:33'),(299,1,0,'Module statslive has no vendor folder','',0,1,'2021-02-01 13:04:33','2021-02-01 13:04:33'),(300,1,0,'Protect vendor folder in module statsnewsletter','',0,1,'2021-02-01 13:04:33','2021-02-01 13:04:33'),(301,1,0,'Module statsnewsletter has no vendor folder','',0,1,'2021-02-01 13:04:33','2021-02-01 13:04:33'),(302,1,0,'Protect vendor folder in module statsorigin','',0,1,'2021-02-01 13:04:33','2021-02-01 13:04:33'),(303,1,0,'Module statsorigin has no vendor folder','',0,1,'2021-02-01 13:04:33','2021-02-01 13:04:33'),(304,1,0,'Protect vendor folder in module statspersonalinfos','',0,1,'2021-02-01 13:04:33','2021-02-01 13:04:33'),(305,1,0,'Module statspersonalinfos has no vendor folder','',0,1,'2021-02-01 13:04:33','2021-02-01 13:04:33'),(306,1,0,'Protect vendor folder in module statsproduct','',0,1,'2021-02-01 13:04:33','2021-02-01 13:04:33'),(307,1,0,'Module statsproduct has no vendor folder','',0,1,'2021-02-01 13:04:33','2021-02-01 13:04:33'),(308,1,0,'Protect vendor folder in module statsregistrations','',0,1,'2021-02-01 13:04:33','2021-02-01 13:04:33'),(309,1,0,'Module statsregistrations has no vendor folder','',0,1,'2021-02-01 13:04:33','2021-02-01 13:04:33'),(310,1,0,'Protect vendor folder in module statssales','',0,1,'2021-02-01 13:04:33','2021-02-01 13:04:33'),(311,1,0,'Module statssales has no vendor folder','',0,1,'2021-02-01 13:04:33','2021-02-01 13:04:33'),(312,1,0,'Protect vendor folder in module statssearch','',0,1,'2021-02-01 13:04:33','2021-02-01 13:04:33'),(313,1,0,'Module statssearch has no vendor folder','',0,1,'2021-02-01 13:04:33','2021-02-01 13:04:33'),(314,1,0,'Protect vendor folder in module statsstock','',0,1,'2021-02-01 13:04:33','2021-02-01 13:04:33'),(315,1,0,'Module statsstock has no vendor folder','',0,1,'2021-02-01 13:04:33','2021-02-01 13:04:33'),(316,1,0,'Protect vendor folder in module statsvisits','',0,1,'2021-02-01 13:04:33','2021-02-01 13:04:33'),(317,1,0,'Module statsvisits has no vendor folder','',0,1,'2021-02-01 13:04:33','2021-02-01 13:04:33'),(318,1,0,'Protect vendor folder in module welcome','',0,1,'2021-02-01 13:04:33','2021-02-01 13:04:33'),(319,1,0,'Module welcome has no vendor folder','',0,1,'2021-02-01 13:04:33','2021-02-01 13:04:33'),(320,1,0,'Protect vendor folder in module gamification','',0,1,'2021-02-01 13:04:42','2021-02-01 13:04:42'),(321,1,0,'Protect vendor folder in module emarketing','',0,1,'2021-02-01 13:04:42','2021-02-01 13:04:42'),(322,1,0,'Protect vendor folder in module psaddonsconnect','',0,1,'2021-02-01 13:04:42','2021-02-01 13:04:42'),(323,1,0,'Protect vendor folder in module psgdpr','',0,1,'2021-02-01 13:04:43','2021-02-01 13:04:43'),(324,1,0,'Protect vendor folder in module ps_mbo','',0,1,'2021-02-01 13:04:43','2021-02-01 13:04:43'),(325,1,0,'Protect vendor folder in module ps_buybuttonlite','',0,1,'2021-02-01 13:04:43','2021-02-01 13:04:43'),(326,1,0,'Protect vendor folder in module blockreassurance','',0,1,'2021-02-01 13:04:51','2021-02-01 13:04:51'),(327,1,0,'Module blockreassurance has no vendor folder','',0,1,'2021-02-01 13:04:51','2021-02-01 13:04:51'),(328,1,0,'Back office connection from 49.147.197.149','',0,1,'2021-02-01 21:15:46','2021-02-01 21:15:46'),(329,1,0,'Back office connection from 49.147.197.149','',0,1,'2021-02-01 22:57:37','2021-02-01 22:57:37'),(330,1,0,'Categories import (from 0 to 5) with truncate','',0,1,'2021-02-01 22:58:53','2021-02-01 22:58:53'),(331,1,0,'Categories import (from 5 to 20) with truncate','',0,1,'2021-02-01 22:58:54','2021-02-01 22:58:54'),(332,1,0,'Categories import (from 0 to 5) with truncate','',0,1,'2021-02-01 22:59:38','2021-02-01 22:59:38'),(333,1,0,'Categories import (from 5 to 20) with truncate','',0,1,'2021-02-01 22:59:39','2021-02-01 22:59:39'),(334,1,0,'Categories import (from 0 to 5) with truncate','',0,1,'2021-02-01 22:59:43','2021-02-01 22:59:43'),(335,1,0,'Products import (from 0 to 5) with truncate','',0,1,'2021-02-01 23:06:27','2021-02-01 23:06:27'),(336,1,0,'Back office connection from 49.147.197.149','',0,1,'2021-02-01 23:43:30','2021-02-01 23:43:30'),(337,1,0,'Back office connection from 49.147.197.149','',0,1,'2021-02-02 09:10:37','2021-02-02 09:10:37'),(338,1,0,'Categories import (from 0 to 5) with truncate','',0,1,'2021-02-02 09:11:48','2021-02-02 09:11:48'),(339,1,0,'Categories import (from 5 to 20) with truncate','',0,1,'2021-02-02 09:11:49','2021-02-02 09:11:49'),(340,1,0,'Categories import (from 0 to 5) with truncate','',0,1,'2021-02-02 09:12:07','2021-02-02 09:12:07'),(341,1,0,'Back office connection from 49.145.165.87','',0,1,'2021-02-03 17:31:26','2021-02-03 17:31:26'),(342,1,0,'Back office connection from 49.145.165.87','',0,1,'2021-02-03 18:17:52','2021-02-03 18:17:52'),(343,1,0,'Product modification','Product',1,1,'2021-02-03 18:24:17','2021-02-03 18:24:17'),(344,1,0,'Product modification','Product',1,1,'2021-02-03 18:24:27','2021-02-03 18:24:27'),(345,1,0,'Product modification','Product',1,1,'2021-02-03 18:30:07','2021-02-03 18:30:07'),(346,1,0,'Product modification','Product',1,1,'2021-02-03 18:30:15','2021-02-03 18:30:15'),(347,1,0,'Product modification','Product',2,1,'2021-02-03 18:31:56','2021-02-03 18:31:56'),(348,1,0,'Product modification','Product',2,1,'2021-02-03 18:32:00','2021-02-03 18:32:00'),(349,1,0,'Back office connection from 49.145.165.87','',0,2,'2021-02-03 19:09:21','2021-02-03 19:09:21'),(350,1,0,'Product modification','Product',3,2,'2021-02-03 19:13:51','2021-02-03 19:13:51'),(351,1,0,'Product modification','Product',3,2,'2021-02-03 19:15:57','2021-02-03 19:15:57'),(352,1,0,'Product modification','Product',3,2,'2021-02-03 19:16:08','2021-02-03 19:16:08'),(353,1,0,'Back office connection from 49.147.197.149','',0,1,'2021-02-04 09:06:28','2021-02-04 09:06:28'),(354,1,0,'Back office connection from 49.147.197.149','',0,1,'2021-02-04 10:52:14','2021-02-04 10:52:14'),(355,1,0,'Back office connection from 49.145.165.87','',0,2,'2021-02-04 11:00:10','2021-02-04 11:00:10'),(356,1,0,'Product modification','Product',4,2,'2021-02-04 11:04:38','2021-02-04 11:04:38'),(357,1,0,'Product modification','Product',4,2,'2021-02-04 11:08:43','2021-02-04 11:08:43'),(358,1,0,'Product modification','Product',4,2,'2021-02-04 11:09:17','2021-02-04 11:09:17'),(359,1,0,'Product modification','Product',4,2,'2021-02-04 11:09:36','2021-02-04 11:09:36'),(360,1,0,'Product modification','Product',3,2,'2021-02-04 11:17:32','2021-02-04 11:17:32'),(361,1,0,'Product modification','Product',3,2,'2021-02-04 11:17:39','2021-02-04 11:17:39'),(362,1,0,'Product modification','Product',4,2,'2021-02-04 11:20:21','2021-02-04 11:20:21'),(363,1,0,'Product modification','Product',4,2,'2021-02-04 11:20:27','2021-02-04 11:20:27'),(364,1,0,'Product modification','Product',6,2,'2021-02-04 11:22:28','2021-02-04 11:22:28'),(365,1,0,'Product modification','Product',6,2,'2021-02-04 11:23:11','2021-02-04 11:23:11'),(366,1,0,'Product modification','Product',7,2,'2021-02-04 11:24:37','2021-02-04 11:24:37'),(367,1,0,'Product modification','Product',7,2,'2021-02-04 11:25:15','2021-02-04 11:25:15'),(368,1,0,'Product modification','Product',7,2,'2021-02-04 11:25:21','2021-02-04 11:25:21'),(369,1,0,'Product modification','Product',7,2,'2021-02-04 11:25:24','2021-02-04 11:25:24'),(370,1,0,'Product modification','Product',8,2,'2021-02-04 11:26:31','2021-02-04 11:26:31'),(371,1,0,'Product modification','Product',8,2,'2021-02-04 11:27:17','2021-02-04 11:27:17'),(372,1,0,'Product modification','Product',8,2,'2021-02-04 11:27:29','2021-02-04 11:27:29'),(373,1,0,'Product modification','Product',9,2,'2021-02-04 11:28:36','2021-02-04 11:28:36'),(374,1,0,'Product modification','Product',9,2,'2021-02-04 11:28:55','2021-02-04 11:28:55'),(375,1,0,'Product modification','Product',9,2,'2021-02-04 11:29:35','2021-02-04 11:29:35'),(376,1,0,'Product modification','Product',10,2,'2021-02-04 11:30:19','2021-02-04 11:30:19'),(377,1,0,'Product modification','Product',10,2,'2021-02-04 11:30:36','2021-02-04 11:30:36'),(378,1,0,'Product modification','Product',11,2,'2021-02-04 11:31:46','2021-02-04 11:31:46'),(379,1,0,'Product modification','Product',11,2,'2021-02-04 11:32:10','2021-02-04 11:32:10'),(380,1,0,'Product modification','Product',11,2,'2021-02-04 11:32:15','2021-02-04 11:32:15'),(381,1,0,'Product modification','Product',12,2,'2021-02-04 11:33:51','2021-02-04 11:33:51'),(382,1,0,'Product modification','Product',12,2,'2021-02-04 11:33:53','2021-02-04 11:33:53'),(383,1,0,'Product modification','Product',12,2,'2021-02-04 11:33:59','2021-02-04 11:33:59'),(384,1,0,'Product modification','Product',13,2,'2021-02-04 11:35:18','2021-02-04 11:35:18'),(385,1,0,'Product modification','Product',13,2,'2021-02-04 11:35:21','2021-02-04 11:35:21'),(386,1,0,'Product modification','Product',14,2,'2021-02-04 11:36:29','2021-02-04 11:36:29'),(387,1,0,'Product modification','Product',14,2,'2021-02-04 11:36:40','2021-02-04 11:36:40'),(388,1,0,'Product modification','Product',14,2,'2021-02-04 11:36:48','2021-02-04 11:36:48'),(389,1,0,'Product modification','Product',15,2,'2021-02-04 11:37:49','2021-02-04 11:37:49'),(390,1,0,'Product modification','Product',15,2,'2021-02-04 11:37:55','2021-02-04 11:37:55'),(391,1,0,'Product modification','Product',16,2,'2021-02-04 11:38:44','2021-02-04 11:38:44'),(392,1,0,'Product modification','Product',16,2,'2021-02-04 11:39:06','2021-02-04 11:39:06'),(393,1,0,'Product modification','Product',17,2,'2021-02-04 11:40:16','2021-02-04 11:40:16'),(394,1,0,'Product modification','Product',17,2,'2021-02-04 11:40:26','2021-02-04 11:40:26'),(395,1,0,'Back office connection from 49.145.165.87','',0,2,'2021-02-04 11:57:35','2021-02-04 11:57:35'),(396,1,0,'Product modification','Product',19,2,'2021-02-04 12:00:12','2021-02-04 12:00:12'),(397,1,0,'Product modification','Product',19,2,'2021-02-04 12:00:20','2021-02-04 12:00:20'),(398,1,0,'Product modification','Product',20,2,'2021-02-04 12:01:52','2021-02-04 12:01:52'),(399,1,0,'Product modification','Product',20,2,'2021-02-04 12:01:54','2021-02-04 12:01:54'),(400,1,0,'Product modification','Product',21,2,'2021-02-04 12:02:48','2021-02-04 12:02:48'),(401,1,0,'Product modification','Product',21,2,'2021-02-04 12:03:03','2021-02-04 12:03:03'),(402,1,0,'Product modification','Product',22,2,'2021-02-04 12:05:01','2021-02-04 12:05:01'),(403,1,0,'Product modification','Product',22,2,'2021-02-04 12:05:05','2021-02-04 12:05:05'),(404,1,0,'Product modification','Product',23,2,'2021-02-04 12:06:52','2021-02-04 12:06:52'),(405,1,0,'Product modification','Product',23,2,'2021-02-04 12:06:59','2021-02-04 12:06:59'),(406,1,0,'Product modification','Product',24,2,'2021-02-04 12:07:57','2021-02-04 12:07:57'),(407,1,0,'Product modification','Product',24,2,'2021-02-04 12:08:10','2021-02-04 12:08:10'),(408,1,0,'Product modification','Product',25,2,'2021-02-04 12:09:36','2021-02-04 12:09:36'),(409,1,0,'Product modification','Product',25,2,'2021-02-04 12:10:11','2021-02-04 12:10:11'),(410,1,0,'Product modification','Product',26,2,'2021-02-04 12:10:55','2021-02-04 12:10:55'),(411,1,0,'Product modification','Product',26,2,'2021-02-04 12:11:08','2021-02-04 12:11:08'),(412,1,0,'Product modification','Product',27,2,'2021-02-04 12:11:58','2021-02-04 12:11:58'),(413,1,0,'Product modification','Product',27,2,'2021-02-04 12:12:28','2021-02-04 12:12:28'),(414,1,0,'Product modification','Product',28,2,'2021-02-04 12:13:15','2021-02-04 12:13:15'),(415,1,0,'Product modification','Product',28,2,'2021-02-04 12:13:24','2021-02-04 12:13:24'),(416,1,0,'Product modification','Product',29,2,'2021-02-04 12:14:34','2021-02-04 12:14:34'),(417,1,0,'Product modification','Product',29,2,'2021-02-04 12:14:50','2021-02-04 12:14:50'),(418,1,0,'Product modification','Product',30,2,'2021-02-04 12:15:38','2021-02-04 12:15:38'),(419,1,0,'Product modification','Product',30,2,'2021-02-04 12:15:50','2021-02-04 12:15:50'),(420,1,0,'Product modification','Product',31,2,'2021-02-04 12:16:36','2021-02-04 12:16:36'),(421,1,0,'Back office connection from 49.147.197.149','',0,1,'2021-02-04 12:17:14','2021-02-04 12:17:14'),(422,1,0,'Product modification','Product',31,2,'2021-02-04 12:19:43','2021-02-04 12:19:43'),(423,1,0,'Product modification','Product',1,1,'2021-02-04 12:20:16','2021-02-04 12:20:16'),(424,1,0,'Product modification','Product',1,1,'2021-02-04 12:21:02','2021-02-04 12:21:02'),(425,1,0,'Product modification','Product',32,2,'2021-02-04 12:21:08','2021-02-04 12:21:08'),(426,1,0,'Product modification','Product',32,2,'2021-02-04 12:21:16','2021-02-04 12:21:16'),(427,1,0,'Product modification','Product',2,1,'2021-02-04 12:21:23','2021-02-04 12:21:23'),(428,1,0,'Product modification','Product',33,2,'2021-02-04 12:22:08','2021-02-04 12:22:08'),(429,1,0,'Product modification','Product',3,1,'2021-02-04 12:22:32','2021-02-04 12:22:32'),(430,1,0,'Product modification','Product',4,1,'2021-02-04 12:22:50','2021-02-04 12:22:50'),(431,1,0,'Product modification','Product',33,2,'2021-02-04 12:23:05','2021-02-04 12:23:05'),(432,1,0,'Product modification','Product',6,1,'2021-02-04 12:23:36','2021-02-04 12:23:36'),(433,1,0,'Product modification','Product',34,2,'2021-02-04 12:23:58','2021-02-04 12:23:58'),(434,1,0,'Product modification','Product',7,1,'2021-02-04 12:24:16','2021-02-04 12:24:16'),(435,1,0,'Product modification','Product',34,2,'2021-02-04 12:24:44','2021-02-04 12:24:44'),(436,1,0,'Product modification','Product',8,1,'2021-02-04 12:25:48','2021-02-04 12:25:48'),(437,1,0,'Product modification','Product',35,2,'2021-02-04 12:26:14','2021-02-04 12:26:14'),(438,1,0,'Product modification','Product',9,1,'2021-02-04 12:26:18','2021-02-04 12:26:18'),(439,1,0,'Product modification','Product',10,1,'2021-02-04 12:26:38','2021-02-04 12:26:38'),(440,1,0,'Product modification','Product',11,1,'2021-02-04 12:26:58','2021-02-04 12:26:58'),(441,1,0,'Product modification','Product',36,2,'2021-02-04 12:27:01','2021-02-04 12:27:01'),(442,1,0,'Product modification','Product',36,2,'2021-02-04 12:27:22','2021-02-04 12:27:22'),(443,1,0,'Product modification','Product',12,1,'2021-02-04 12:27:23','2021-02-04 12:27:23'),(444,1,0,'Product modification','Product',13,1,'2021-02-04 12:27:45','2021-02-04 12:27:45'),(445,1,0,'Product modification','Product',14,1,'2021-02-04 12:28:09','2021-02-04 12:28:09'),(446,1,0,'Product modification','Product',15,1,'2021-02-04 12:28:27','2021-02-04 12:28:27'),(447,1,0,'Product modification','Product',37,2,'2021-02-04 12:28:38','2021-02-04 12:28:38'),(448,1,0,'Product modification','Product',16,1,'2021-02-04 12:28:46','2021-02-04 12:28:46'),(449,1,0,'Product modification','Product',37,2,'2021-02-04 12:28:47','2021-02-04 12:28:47'),(450,1,0,'Product modification','Product',17,1,'2021-02-04 12:29:06','2021-02-04 12:29:06'),(451,1,0,'Product modification','Product',19,1,'2021-02-04 12:29:31','2021-02-04 12:29:31'),(452,1,0,'Product modification','Product',38,2,'2021-02-04 12:29:40','2021-02-04 12:29:40'),(453,1,0,'Product modification','Product',20,1,'2021-02-04 12:30:01','2021-02-04 12:30:01'),(454,1,0,'Product modification','Product',38,2,'2021-02-04 12:30:23','2021-02-04 12:30:23'),(455,1,0,'Product modification','Product',21,1,'2021-02-04 12:31:00','2021-02-04 12:31:00'),(456,1,0,'Product modification','Product',22,1,'2021-02-04 12:31:26','2021-02-04 12:31:26'),(457,1,0,'Product modification','Product',39,2,'2021-02-04 12:31:27','2021-02-04 12:31:27'),(458,1,0,'Product modification','Product',39,2,'2021-02-04 12:31:33','2021-02-04 12:31:33'),(459,1,0,'Product modification','Product',23,1,'2021-02-04 12:31:49','2021-02-04 12:31:49'),(460,1,0,'Product modification','Product',40,2,'2021-02-04 12:32:36','2021-02-04 12:32:36'),(461,1,0,'Product modification','Product',40,2,'2021-02-04 12:32:55','2021-02-04 12:32:55'),(462,1,0,'Product modification','Product',24,1,'2021-02-04 12:33:15','2021-02-04 12:33:15'),(463,1,0,'Product modification','Product',25,1,'2021-02-04 12:33:42','2021-02-04 12:33:42'),(464,1,0,'Product modification','Product',26,1,'2021-02-04 12:34:03','2021-02-04 12:34:03'),(465,1,0,'Product deleted: (41).','',0,2,'2021-02-04 12:34:15','2021-02-04 12:34:15'),(466,1,0,'Product modification','Product',35,2,'2021-02-04 12:34:25','2021-02-04 12:34:25'),(467,1,0,'Product modification','Product',27,1,'2021-02-04 12:34:27','2021-02-04 12:34:27'),(468,1,0,'Product modification','Product',28,1,'2021-02-04 12:34:50','2021-02-04 12:34:50'),(469,1,0,'Product modification','Product',35,2,'2021-02-04 12:35:19','2021-02-04 12:35:19'),(470,1,0,'Product modification','Product',29,1,'2021-02-04 12:35:20','2021-02-04 12:35:20'),(471,1,0,'Product modification','Product',30,1,'2021-02-04 12:35:39','2021-02-04 12:35:39'),(472,1,0,'Product modification','Product',31,1,'2021-02-04 12:35:56','2021-02-04 12:35:56'),(473,1,0,'Product modification','Product',31,2,'2021-02-04 12:37:20','2021-02-04 12:37:20'),(474,1,0,'Group addition','Group',4,1,'2021-02-04 12:38:32','2021-02-04 12:38:32'),(475,1,0,'Protect vendor folder in module revsliderprestashop','',0,1,'2021-02-04 12:44:25','2021-02-04 12:44:25'),(476,1,0,'Module revsliderprestashop has no vendor folder','',0,1,'2021-02-04 12:44:25','2021-02-04 12:44:25'),(477,1,0,'Protect vendor folder in module iqitadditionaltabs','',0,1,'2021-02-04 12:44:25','2021-02-04 12:44:25'),(478,1,0,'Module iqitadditionaltabs has no vendor folder','',0,1,'2021-02-04 12:44:25','2021-02-04 12:44:25'),(479,1,0,'Protect vendor folder in module iqithtmlandbanners','',0,1,'2021-02-04 12:44:25','2021-02-04 12:44:25'),(480,1,0,'Module iqithtmlandbanners has no vendor folder','',0,1,'2021-02-04 12:44:25','2021-02-04 12:44:25'),(481,1,0,'Protect vendor folder in module iqitcompare','',0,1,'2021-02-04 12:44:25','2021-02-04 12:44:25'),(482,1,0,'Module iqitcompare has no vendor folder','',0,1,'2021-02-04 12:44:25','2021-02-04 12:44:25'),(483,1,0,'Protect vendor folder in module iqitcontactpage','',0,1,'2021-02-04 12:44:25','2021-02-04 12:44:25'),(484,1,0,'Module iqitcontactpage has no vendor folder','',0,1,'2021-02-04 12:44:25','2021-02-04 12:44:25'),(485,1,0,'Protect vendor folder in module iqitcookielaw','',0,1,'2021-02-04 12:44:25','2021-02-04 12:44:25'),(486,1,0,'Module iqitcookielaw has no vendor folder','',0,1,'2021-02-04 12:44:25','2021-02-04 12:44:25'),(487,1,0,'Protect vendor folder in module iqitcrossselling','',0,1,'2021-02-04 12:44:25','2021-02-04 12:44:25'),(488,1,0,'Module iqitcrossselling has no vendor folder','',0,1,'2021-02-04 12:44:25','2021-02-04 12:44:25'),(489,1,0,'Protect vendor folder in module iqitcountdown','',0,1,'2021-02-04 12:44:26','2021-02-04 12:44:26'),(490,1,0,'Module iqitcountdown has no vendor folder','',0,1,'2021-02-04 12:44:26','2021-02-04 12:44:26'),(491,1,0,'Protect vendor folder in module iqitelementor','',0,1,'2021-02-04 12:44:26','2021-02-04 12:44:26'),(492,1,0,'Module iqitelementor has no vendor folder','',0,1,'2021-02-04 12:44:26','2021-02-04 12:44:26'),(493,1,0,'Protect vendor folder in module iqitemailsubscriptionconf','',0,1,'2021-02-04 12:44:26','2021-02-04 12:44:26'),(494,1,0,'Module iqitemailsubscriptionconf has no vendor folder','',0,1,'2021-02-04 12:44:26','2021-02-04 12:44:26'),(495,1,0,'Protect vendor folder in module iqitaddthisplugin','',0,1,'2021-02-04 12:44:26','2021-02-04 12:44:26'),(496,1,0,'Module iqitaddthisplugin has no vendor folder','',0,1,'2021-02-04 12:44:26','2021-02-04 12:44:26'),(497,1,0,'Protect vendor folder in module iqitfreedeliverycount','',0,1,'2021-02-04 12:44:26','2021-02-04 12:44:26'),(498,1,0,'Module iqitfreedeliverycount has no vendor folder','',0,1,'2021-02-04 12:44:26','2021-02-04 12:44:26'),(499,1,0,'Protect vendor folder in module iqitlinksmanager','',0,1,'2021-02-04 12:44:26','2021-02-04 12:44:26'),(500,1,0,'Module iqitlinksmanager has no vendor folder','',0,1,'2021-02-04 12:44:26','2021-02-04 12:44:26'),(501,1,0,'Protect vendor folder in module iqitmegamenu','',0,1,'2021-02-04 12:44:27','2021-02-04 12:44:27'),(502,1,0,'Module iqitmegamenu has no vendor folder','',0,1,'2021-02-04 12:44:27','2021-02-04 12:44:27'),(503,1,0,'Protect vendor folder in module iqitpopup','',0,1,'2021-02-04 12:44:27','2021-02-04 12:44:27'),(504,1,0,'Module iqitpopup has no vendor folder','',0,1,'2021-02-04 12:44:27','2021-02-04 12:44:27'),(505,1,0,'Protect vendor folder in module iqitproductsnav','',0,1,'2021-02-04 12:44:27','2021-02-04 12:44:27'),(506,1,0,'Module iqitproductsnav has no vendor folder','',0,1,'2021-02-04 12:44:27','2021-02-04 12:44:27'),(507,1,0,'Protect vendor folder in module iqitproducttags','',0,1,'2021-02-04 12:44:27','2021-02-04 12:44:27'),(508,1,0,'Module iqitproducttags has no vendor folder','',0,1,'2021-02-04 12:44:27','2021-02-04 12:44:27'),(509,1,0,'Protect vendor folder in module iqitreviews','',0,1,'2021-02-04 12:44:28','2021-02-04 12:44:28'),(510,1,0,'Module iqitreviews has no vendor folder','',0,1,'2021-02-04 12:44:28','2021-02-04 12:44:28'),(511,1,0,'Protect vendor folder in module iqitsearch','',0,1,'2021-02-04 12:44:28','2021-02-04 12:44:28'),(512,1,0,'Module iqitsearch has no vendor folder','',0,1,'2021-02-04 12:44:28','2021-02-04 12:44:28'),(513,1,0,'Protect vendor folder in module iqitsizecharts','',0,1,'2021-02-04 12:44:28','2021-02-04 12:44:28'),(514,1,0,'Module iqitsizecharts has no vendor folder','',0,1,'2021-02-04 12:44:28','2021-02-04 12:44:28'),(515,1,0,'Protect vendor folder in module iqitthemeeditor','',0,1,'2021-02-04 12:44:29','2021-02-04 12:44:29'),(516,1,0,'Module iqitthemeeditor has no vendor folder','',0,1,'2021-02-04 12:44:29','2021-02-04 12:44:29'),(517,1,0,'Protect vendor folder in module iqitwishlist','',0,1,'2021-02-04 12:44:29','2021-02-04 12:44:29'),(518,1,0,'Module iqitwishlist has no vendor folder','',0,1,'2021-02-04 12:44:29','2021-02-04 12:44:29'),(519,1,0,'Protect vendor folder in module iqitextendedproduct','',0,1,'2021-02-04 12:44:29','2021-02-04 12:44:29'),(520,1,0,'Module iqitextendedproduct has no vendor folder','',0,1,'2021-02-04 12:44:29','2021-02-04 12:44:29'),(521,1,0,'Protect vendor folder in module ph_simpleblog','',0,1,'2021-02-04 12:44:30','2021-02-04 12:44:30'),(522,1,0,'Module ph_simpleblog has no vendor folder','',0,1,'2021-02-04 12:44:30','2021-02-04 12:44:30'),(523,1,0,'Protect vendor folder in module ph_blog_column_custom','',0,1,'2021-02-04 12:44:30','2021-02-04 12:44:30'),(524,1,0,'Module ph_blog_column_custom has no vendor folder','',0,1,'2021-02-04 12:44:30','2021-02-04 12:44:30'),(525,1,0,'Protect vendor folder in module ph_relatedposts','',0,1,'2021-02-04 12:44:30','2021-02-04 12:44:30'),(526,1,0,'Module ph_relatedposts has no vendor folder','',0,1,'2021-02-04 12:44:30','2021-02-04 12:44:30'),(527,1,0,'Protect vendor folder in module iqitdashboardnews','',0,1,'2021-02-04 12:44:30','2021-02-04 12:44:30'),(528,1,0,'Module iqitdashboardnews has no vendor folder','',0,1,'2021-02-04 12:44:30','2021-02-04 12:44:30'),(529,1,0,'Protect vendor folder in module iqitsociallogin','',0,1,'2021-02-04 12:44:30','2021-02-04 12:44:30'),(530,1,0,'Back office connection from 49.145.165.87','',0,2,'2021-02-04 12:53:55','2021-02-04 12:53:55'),(531,1,0,'Product modification','Product',42,2,'2021-02-04 13:02:34','2021-02-04 13:02:34'),(532,1,0,'Product modification','Product',42,2,'2021-02-04 13:04:12','2021-02-04 13:04:12'),(533,1,0,'Product modification','Product',43,2,'2021-02-04 13:05:05','2021-02-04 13:05:05'),(534,1,0,'Product modification','Product',43,2,'2021-02-04 13:05:08','2021-02-04 13:05:08'),(535,1,0,'Product modification','Product',44,2,'2021-02-04 13:06:27','2021-02-04 13:06:27'),(536,1,0,'Product modification','Product',44,2,'2021-02-04 13:06:29','2021-02-04 13:06:29'),(537,1,0,'Product modification','Product',45,2,'2021-02-04 13:08:01','2021-02-04 13:08:01'),(538,1,0,'Product modification','Product',45,2,'2021-02-04 13:08:04','2021-02-04 13:08:04'),(539,1,0,'Product modification','Product',46,2,'2021-02-04 13:09:05','2021-02-04 13:09:05'),(540,1,0,'Product modification','Product',46,2,'2021-02-04 13:09:22','2021-02-04 13:09:22'),(541,1,0,'Product modification','Product',47,2,'2021-02-04 13:10:08','2021-02-04 13:10:08'),(542,1,0,'Product modification','Product',47,2,'2021-02-04 13:10:20','2021-02-04 13:10:20'),(543,1,0,'Product modification','Product',48,2,'2021-02-04 13:11:31','2021-02-04 13:11:31'),(544,1,0,'Product modification','Product',48,2,'2021-02-04 13:12:01','2021-02-04 13:12:01'),(545,1,0,'Product modification','Product',49,2,'2021-02-04 13:13:09','2021-02-04 13:13:09'),(546,1,0,'Product modification','Product',49,2,'2021-02-04 13:13:12','2021-02-04 13:13:12'),(547,1,0,'Product modification','Product',50,2,'2021-02-04 13:14:00','2021-02-04 13:14:00'),(548,1,0,'Product modification','Product',50,2,'2021-02-04 13:14:17','2021-02-04 13:14:17'),(549,1,0,'Product modification','Product',51,2,'2021-02-04 13:15:31','2021-02-04 13:15:31'),(550,1,0,'Product modification','Product',51,2,'2021-02-04 13:15:33','2021-02-04 13:15:33'),(551,1,0,'Product modification','Product',52,2,'2021-02-04 13:16:25','2021-02-04 13:16:25'),(552,1,0,'Product modification','Product',52,2,'2021-02-04 13:16:35','2021-02-04 13:16:35'),(553,1,0,'Product modification','Product',53,2,'2021-02-04 13:17:49','2021-02-04 13:17:49'),(554,1,0,'Product modification','Product',53,2,'2021-02-04 13:17:51','2021-02-04 13:17:51'),(555,1,0,'Product modification','Product',54,2,'2021-02-04 13:18:34','2021-02-04 13:18:34'),(556,1,0,'Product modification','Product',54,2,'2021-02-04 13:18:40','2021-02-04 13:18:40'),(557,1,0,'Product modification','Product',55,2,'2021-02-04 13:19:30','2021-02-04 13:19:30'),(558,1,0,'Product modification','Product',55,2,'2021-02-04 13:19:48','2021-02-04 13:19:48'),(559,1,0,'Product modification','Product',56,2,'2021-02-04 13:20:33','2021-02-04 13:20:33'),(560,1,0,'Product modification','Product',56,2,'2021-02-04 13:20:39','2021-02-04 13:20:39'),(561,1,0,'Product modification','Product',57,2,'2021-02-04 13:21:26','2021-02-04 13:21:26'),(562,1,0,'Product modification','Product',57,2,'2021-02-04 13:21:32','2021-02-04 13:21:32'),(563,1,0,'Product modification','Product',58,2,'2021-02-04 13:22:29','2021-02-04 13:22:29'),(564,1,0,'Product modification','Product',58,2,'2021-02-04 13:22:51','2021-02-04 13:22:51'),(565,1,0,'Product modification','Product',59,2,'2021-02-04 13:23:57','2021-02-04 13:23:57'),(566,1,0,'Product modification','Product',59,2,'2021-02-04 13:24:37','2021-02-04 13:24:37'),(567,1,0,'Product modification','Product',58,2,'2021-02-04 13:25:10','2021-02-04 13:25:10'),(568,1,0,'Product modification','Product',60,2,'2021-02-04 13:26:26','2021-02-04 13:26:26'),(569,1,0,'Product modification','Product',60,2,'2021-02-04 13:26:28','2021-02-04 13:26:28'),(570,1,0,'Product modification','Product',61,2,'2021-02-04 13:27:18','2021-02-04 13:27:18'),(571,1,0,'Product modification','Product',61,2,'2021-02-04 13:27:22','2021-02-04 13:27:22'),(572,1,0,'Product modification','Product',62,2,'2021-02-04 13:28:02','2021-02-04 13:28:02'),(573,1,0,'Product modification','Product',62,2,'2021-02-04 13:28:31','2021-02-04 13:28:31'),(574,1,0,'Product modification','Product',63,2,'2021-02-04 13:29:34','2021-02-04 13:29:34'),(575,1,0,'Product modification','Product',63,2,'2021-02-04 13:29:36','2021-02-04 13:29:36'),(576,1,0,'Product modification','Product',64,2,'2021-02-04 13:30:21','2021-02-04 13:30:21'),(577,1,0,'Product modification','Product',64,2,'2021-02-04 13:30:29','2021-02-04 13:30:29'),(578,1,0,'Product modification','Product',65,2,'2021-02-04 13:31:20','2021-02-04 13:31:20'),(579,1,0,'Product modification','Product',65,2,'2021-02-04 13:31:29','2021-02-04 13:31:29'),(580,1,0,'Product modification','Product',66,2,'2021-02-04 13:32:12','2021-02-04 13:32:12'),(581,1,0,'Product modification','Product',66,2,'2021-02-04 13:32:14','2021-02-04 13:32:14'),(582,1,0,'Product modification','Product',67,2,'2021-02-04 13:32:54','2021-02-04 13:32:54'),(583,1,0,'Product modification','Product',67,2,'2021-02-04 13:32:59','2021-02-04 13:32:59'),(584,1,0,'Product modification','Product',68,2,'2021-02-04 13:33:45','2021-02-04 13:33:45'),(585,1,0,'Product modification','Product',68,2,'2021-02-04 13:33:46','2021-02-04 13:33:46'),(586,1,0,'Product modification','Product',69,2,'2021-02-04 13:34:29','2021-02-04 13:34:29'),(587,1,0,'Product modification','Product',69,2,'2021-02-04 13:34:34','2021-02-04 13:34:34'),(588,1,0,'Product modification','Product',70,2,'2021-02-04 13:35:53','2021-02-04 13:35:53'),(589,1,0,'Product modification','Product',70,2,'2021-02-04 13:35:56','2021-02-04 13:35:56'),(590,1,0,'Product modification','Product',71,2,'2021-02-04 13:36:44','2021-02-04 13:36:44'),(591,1,0,'Product modification','Product',71,2,'2021-02-04 13:37:10','2021-02-04 13:37:10'),(592,1,0,'Product modification','Product',72,2,'2021-02-04 13:38:11','2021-02-04 13:38:11'),(593,1,0,'Product modification','Product',72,2,'2021-02-04 13:38:16','2021-02-04 13:38:16'),(594,1,0,'Product modification','Product',73,2,'2021-02-04 13:39:55','2021-02-04 13:39:55'),(595,1,0,'Product modification','Product',73,2,'2021-02-04 13:40:02','2021-02-04 13:40:02'),(596,1,0,'Product modification','Product',74,2,'2021-02-04 13:41:11','2021-02-04 13:41:11'),(597,1,0,'Product modification','Product',74,2,'2021-02-04 13:46:02','2021-02-04 13:46:02'),(598,1,0,'Product modification','Product',75,2,'2021-02-04 13:48:09','2021-02-04 13:48:09'),(599,1,0,'Product modification','Product',75,2,'2021-02-04 13:48:15','2021-02-04 13:48:15'),(600,1,0,'Product modification','Product',76,2,'2021-02-04 13:49:09','2021-02-04 13:49:09'),(601,1,0,'Product modification','Product',76,2,'2021-02-04 13:49:11','2021-02-04 13:49:11'),(602,1,0,'Product modification','Product',77,2,'2021-02-04 13:49:52','2021-02-04 13:49:52'),(603,1,0,'Product modification','Product',77,2,'2021-02-04 13:49:57','2021-02-04 13:49:57'),(604,1,0,'Product modification','Product',78,2,'2021-02-04 13:50:38','2021-02-04 13:50:38'),(605,1,0,'Product modification','Product',78,2,'2021-02-04 13:50:45','2021-02-04 13:50:45'),(606,1,0,'Product modification','Product',79,2,'2021-02-04 13:51:21','2021-02-04 13:51:21'),(607,1,0,'Product modification','Product',79,2,'2021-02-04 13:53:45','2021-02-04 13:53:45'),(608,1,0,'Product modification','Product',80,2,'2021-02-04 13:55:00','2021-02-04 13:55:00'),(609,1,0,'Product modification','Product',80,2,'2021-02-04 13:56:26','2021-02-04 13:56:26'),(610,1,0,'Product modification','Product',81,2,'2021-02-04 13:58:20','2021-02-04 13:58:20'),(611,1,0,'Product modification','Product',81,2,'2021-02-04 13:58:25','2021-02-04 13:58:25'),(612,1,0,'Product modification','Product',82,2,'2021-02-04 14:00:02','2021-02-04 14:00:02'),(613,1,0,'Product modification','Product',82,2,'2021-02-04 14:00:45','2021-02-04 14:00:45'),(614,1,0,'Product modification','Product',83,2,'2021-02-04 14:01:36','2021-02-04 14:01:36'),(615,1,0,'Product modification','Product',83,2,'2021-02-04 14:02:00','2021-02-04 14:02:00'),(616,1,0,'Product modification','Product',84,2,'2021-02-04 14:02:54','2021-02-04 14:02:54'),(617,1,0,'Product modification','Product',84,2,'2021-02-04 14:03:07','2021-02-04 14:03:07'),(618,1,0,'Product modification','Product',85,2,'2021-02-04 14:04:06','2021-02-04 14:04:06'),(619,1,0,'Product modification','Product',85,2,'2021-02-04 14:04:29','2021-02-04 14:04:29'),(620,1,0,'Product modification','Product',86,2,'2021-02-04 14:05:33','2021-02-04 14:05:33'),(621,1,0,'Product modification','Product',86,2,'2021-02-04 14:05:35','2021-02-04 14:05:35'),(622,1,0,'Product modification','Product',87,2,'2021-02-04 14:07:37','2021-02-04 14:07:37'),(623,1,0,'Product modification','Product',87,2,'2021-02-04 14:08:02','2021-02-04 14:08:02'),(624,1,0,'Product modification','Product',88,2,'2021-02-04 14:09:17','2021-02-04 14:09:17'),(625,1,0,'Product modification','Product',88,2,'2021-02-04 14:09:26','2021-02-04 14:09:26'),(626,1,0,'Product modification','Product',89,2,'2021-02-04 14:10:22','2021-02-04 14:10:22'),(627,1,0,'Product modification','Product',89,2,'2021-02-04 14:10:30','2021-02-04 14:10:30'),(628,1,0,'Product modification','Product',90,2,'2021-02-04 14:12:06','2021-02-04 14:12:06'),(629,1,0,'Product modification','Product',90,2,'2021-02-04 14:12:29','2021-02-04 14:12:29'),(630,1,0,'Product modification','Product',91,2,'2021-02-04 14:13:47','2021-02-04 14:13:47'),(631,1,0,'Product modification','Product',91,2,'2021-02-04 14:16:13','2021-02-04 14:16:13'),(632,1,0,'Product modification','Product',92,2,'2021-02-04 14:17:43','2021-02-04 14:17:43'),(633,1,0,'Product modification','Product',92,2,'2021-02-04 14:18:15','2021-02-04 14:18:15'),(634,1,0,'Product deleted: (93).','',0,2,'2021-02-04 14:24:01','2021-02-04 14:24:01'),(635,1,0,'Product modification','Product',94,2,'2021-02-04 14:33:07','2021-02-04 14:33:07'),(636,1,0,'Product modification','Product',94,2,'2021-02-04 14:35:27','2021-02-04 14:35:27'),(637,1,0,'Product modification','Product',95,2,'2021-02-04 14:41:02','2021-02-04 14:41:02'),(638,1,0,'Product modification','Product',95,2,'2021-02-04 14:41:05','2021-02-04 14:41:05'),(639,1,0,'Product modification','Product',96,2,'2021-02-04 14:43:18','2021-02-04 14:43:18'),(640,1,0,'Product modification','Product',96,2,'2021-02-04 14:43:21','2021-02-04 14:43:21'),(641,1,0,'Product modification','Product',97,2,'2021-02-04 14:44:01','2021-02-04 14:44:01'),(642,1,0,'Product modification','Product',97,2,'2021-02-04 14:44:12','2021-02-04 14:44:12'),(643,1,0,'Product modification','Product',98,2,'2021-02-04 14:45:18','2021-02-04 14:45:18'),(644,1,0,'Product modification','Product',98,2,'2021-02-04 14:45:28','2021-02-04 14:45:28'),(645,1,0,'Product modification','Product',99,2,'2021-02-04 14:46:04','2021-02-04 14:46:04'),(646,1,0,'Product modification','Product',99,2,'2021-02-04 14:46:20','2021-02-04 14:46:20'),(647,1,0,'Product modification','Product',100,2,'2021-02-04 14:47:23','2021-02-04 14:47:23'),(648,1,0,'Product modification','Product',100,2,'2021-02-04 14:47:25','2021-02-04 14:47:25'),(649,1,0,'Product modification','Product',101,2,'2021-02-04 14:48:17','2021-02-04 14:48:17'),(650,1,0,'Product modification','Product',101,2,'2021-02-04 14:48:19','2021-02-04 14:48:19'),(651,1,0,'Product modification','Product',102,2,'2021-02-04 14:49:12','2021-02-04 14:49:12'),(652,1,0,'Product modification','Product',102,2,'2021-02-04 14:49:14','2021-02-04 14:49:14'),(653,1,0,'Product modification','Product',103,2,'2021-02-04 14:58:09','2021-02-04 14:58:09'),(654,1,0,'Product modification','Product',103,2,'2021-02-04 14:58:36','2021-02-04 14:58:36'),(655,1,0,'Product modification','Product',104,2,'2021-02-04 15:00:08','2021-02-04 15:00:08'),(656,1,0,'Product modification','Product',104,2,'2021-02-04 15:02:01','2021-02-04 15:02:01'),(657,1,0,'Product modification','Product',105,2,'2021-02-04 15:03:29','2021-02-04 15:03:29'),(658,1,0,'Product modification','Product',105,2,'2021-02-04 15:03:32','2021-02-04 15:03:32'),(659,1,0,'Product modification','Product',106,2,'2021-02-04 15:07:54','2021-02-04 15:07:54'),(660,1,0,'Product modification','Product',106,2,'2021-02-04 15:08:12','2021-02-04 15:08:12'),(661,1,0,'Product modification','Product',107,2,'2021-02-04 15:09:29','2021-02-04 15:09:29'),(662,1,0,'Product modification','Product',107,2,'2021-02-04 15:09:31','2021-02-04 15:09:31'),(663,1,0,'Product modification','Product',108,2,'2021-02-04 15:11:25','2021-02-04 15:11:25'),(664,1,0,'Product modification','Product',108,2,'2021-02-04 15:11:33','2021-02-04 15:11:33'),(665,1,0,'Product modification','Product',109,2,'2021-02-04 15:12:54','2021-02-04 15:12:54'),(666,1,0,'Product modification','Product',109,2,'2021-02-04 15:12:56','2021-02-04 15:12:56'),(667,1,0,'Product modification','Product',110,2,'2021-02-04 15:13:46','2021-02-04 15:13:46'),(668,1,0,'Product modification','Product',110,2,'2021-02-04 15:13:50','2021-02-04 15:13:50'),(669,1,0,'Product modification','Product',109,2,'2021-02-04 15:14:12','2021-02-04 15:14:12'),(670,1,0,'Product modification','Product',109,2,'2021-02-04 15:14:19','2021-02-04 15:14:19'),(671,1,0,'Product modification','Product',111,2,'2021-02-04 15:16:46','2021-02-04 15:16:46'),(672,1,0,'Product modification','Product',111,2,'2021-02-04 15:16:49','2021-02-04 15:16:49'),(673,1,0,'Product modification','Product',112,2,'2021-02-04 15:18:12','2021-02-04 15:18:12'),(674,1,0,'Product modification','Product',112,2,'2021-02-04 15:18:19','2021-02-04 15:18:19'),(675,1,0,'Product modification','Product',113,2,'2021-02-04 15:19:44','2021-02-04 15:19:44'),(676,1,0,'Product modification','Product',113,2,'2021-02-04 15:19:47','2021-02-04 15:19:47'),(677,1,0,'Product modification','Product',114,2,'2021-02-04 15:21:07','2021-02-04 15:21:07'),(678,1,0,'Product modification','Product',114,2,'2021-02-04 15:21:45','2021-02-04 15:21:45'),(679,1,0,'Product modification','Product',115,2,'2021-02-04 15:23:05','2021-02-04 15:23:05'),(680,1,0,'Product modification','Product',115,2,'2021-02-04 15:23:16','2021-02-04 15:23:16'),(681,1,0,'Product modification','Product',116,2,'2021-02-04 15:26:40','2021-02-04 15:26:40'),(682,1,0,'Product modification','Product',116,2,'2021-02-04 15:27:21','2021-02-04 15:27:21'),(683,1,0,'Product modification','Product',117,2,'2021-02-04 15:31:31','2021-02-04 15:31:31'),(684,1,0,'Product modification','Product',117,2,'2021-02-04 15:31:57','2021-02-04 15:31:57'),(685,1,0,'Product modification','Product',118,2,'2021-02-04 15:33:23','2021-02-04 15:33:23'),(686,1,0,'Product modification','Product',118,2,'2021-02-04 15:33:34','2021-02-04 15:33:34'),(687,1,0,'Product modification','Product',119,2,'2021-02-04 15:34:36','2021-02-04 15:34:36'),(688,1,0,'Product modification','Product',119,2,'2021-02-04 15:34:45','2021-02-04 15:34:45'),(689,1,0,'Product modification','Product',120,2,'2021-02-04 15:35:39','2021-02-04 15:35:39'),(690,1,0,'Product modification','Product',120,2,'2021-02-04 15:36:29','2021-02-04 15:36:29'),(691,1,0,'Product modification','Product',121,2,'2021-02-04 15:37:08','2021-02-04 15:37:08'),(692,1,0,'Product modification','Product',121,2,'2021-02-04 15:37:22','2021-02-04 15:37:22'),(693,1,0,'Product modification','Product',122,2,'2021-02-04 15:37:56','2021-02-04 15:37:56'),(694,1,0,'Product modification','Product',122,2,'2021-02-04 15:37:59','2021-02-04 15:37:59'),(695,1,0,'Product modification','Product',123,2,'2021-02-04 15:38:50','2021-02-04 15:38:50'),(696,1,0,'Product modification','Product',123,2,'2021-02-04 15:38:51','2021-02-04 15:38:51'),(697,1,0,'Product modification','Product',124,2,'2021-02-04 15:39:32','2021-02-04 15:39:32'),(698,1,0,'Product modification','Product',124,2,'2021-02-04 15:39:34','2021-02-04 15:39:34'),(699,1,0,'Product modification','Product',125,2,'2021-02-04 15:40:16','2021-02-04 15:40:16'),(700,1,0,'Product modification','Product',125,2,'2021-02-04 15:40:26','2021-02-04 15:40:26'),(701,1,0,'Product modification','Product',126,2,'2021-02-04 15:41:02','2021-02-04 15:41:02'),(702,1,0,'Product modification','Product',126,2,'2021-02-04 15:41:04','2021-02-04 15:41:04'),(703,1,0,'Product modification','Product',127,2,'2021-02-04 15:41:50','2021-02-04 15:41:50'),(704,1,0,'Product modification','Product',127,2,'2021-02-04 15:41:54','2021-02-04 15:41:54'),(705,1,0,'Product deleted: (128).','',0,2,'2021-02-04 15:51:31','2021-02-04 15:51:31'),(706,1,0,'Product modification','Product',127,2,'2021-02-04 15:53:19','2021-02-04 15:53:19'),(707,1,0,'Product modification','Product',127,2,'2021-02-04 15:53:21','2021-02-04 15:53:21'),(708,1,0,'Product modification','Product',129,2,'2021-02-04 15:56:10','2021-02-04 15:56:10'),(709,1,0,'Product modification','Product',129,2,'2021-02-04 15:56:14','2021-02-04 15:56:14'),(710,1,0,'Product modification','Product',130,2,'2021-02-04 15:57:04','2021-02-04 15:57:04'),(711,1,0,'Product modification','Product',130,2,'2021-02-04 15:57:11','2021-02-04 15:57:11'),(712,1,0,'Product modification','Product',131,2,'2021-02-04 15:57:56','2021-02-04 15:57:56'),(713,1,0,'Product modification','Product',131,2,'2021-02-04 15:58:01','2021-02-04 15:58:01'),(714,1,0,'Product modification','Product',132,2,'2021-02-04 15:58:39','2021-02-04 15:58:39'),(715,1,0,'Product modification','Product',132,2,'2021-02-04 15:58:42','2021-02-04 15:58:42'),(716,1,0,'Product modification','Product',133,2,'2021-02-04 15:59:20','2021-02-04 15:59:20'),(717,1,0,'Product modification','Product',133,2,'2021-02-04 15:59:22','2021-02-04 15:59:22'),(718,1,0,'Product modification','Product',134,2,'2021-02-04 16:00:01','2021-02-04 16:00:01'),(719,1,0,'Product modification','Product',134,2,'2021-02-04 16:00:03','2021-02-04 16:00:03'),(720,1,0,'Product modification','Product',135,2,'2021-02-04 16:00:44','2021-02-04 16:00:44'),(721,1,0,'Product modification','Product',135,2,'2021-02-04 16:00:51','2021-02-04 16:00:51'),(722,1,0,'Product modification','Product',136,2,'2021-02-04 16:01:41','2021-02-04 16:01:41'),(723,1,0,'Product modification','Product',136,2,'2021-02-04 16:01:43','2021-02-04 16:01:43'),(724,1,0,'Product modification','Product',137,2,'2021-02-04 16:02:23','2021-02-04 16:02:23'),(725,1,0,'Product modification','Product',137,2,'2021-02-04 16:02:25','2021-02-04 16:02:25'),(726,1,0,'Product modification','Product',138,2,'2021-02-04 16:03:08','2021-02-04 16:03:08'),(727,1,0,'Product modification','Product',138,2,'2021-02-04 16:03:10','2021-02-04 16:03:10'),(728,1,0,'Product modification','Product',139,2,'2021-02-04 16:04:14','2021-02-04 16:04:14'),(729,1,0,'Product modification','Product',139,2,'2021-02-04 16:04:18','2021-02-04 16:04:18'),(730,1,0,'Product modification','Product',140,2,'2021-02-04 16:04:58','2021-02-04 16:04:58'),(731,1,0,'Product modification','Product',140,2,'2021-02-04 16:05:01','2021-02-04 16:05:01'),(732,1,0,'Product modification','Product',141,2,'2021-02-04 16:05:45','2021-02-04 16:05:45'),(733,1,0,'Product modification','Product',141,2,'2021-02-04 16:05:47','2021-02-04 16:05:47'),(734,1,0,'Product modification','Product',142,2,'2021-02-04 16:07:03','2021-02-04 16:07:03'),(735,1,0,'Product modification','Product',142,2,'2021-02-04 16:07:06','2021-02-04 16:07:06'),(736,1,0,'Product modification','Product',141,2,'2021-02-04 16:08:06','2021-02-04 16:08:06'),(737,1,0,'Product modification','Product',142,2,'2021-02-04 16:08:47','2021-02-04 16:08:47'),(738,1,0,'Product modification','Product',143,2,'2021-02-04 16:09:28','2021-02-04 16:09:28'),(739,1,0,'Product modification','Product',143,2,'2021-02-04 16:09:31','2021-02-04 16:09:31'),(740,1,0,'Product modification','Product',144,2,'2021-02-04 16:10:11','2021-02-04 16:10:11'),(741,1,0,'Product modification','Product',144,2,'2021-02-04 16:10:14','2021-02-04 16:10:14'),(742,1,0,'Product modification','Product',142,2,'2021-02-04 16:10:45','2021-02-04 16:10:45'),(743,1,0,'Product modification','Product',145,2,'2021-02-04 16:11:35','2021-02-04 16:11:35'),(744,1,0,'Product modification','Product',145,2,'2021-02-04 16:11:38','2021-02-04 16:11:38'),(745,1,0,'Product modification','Product',146,2,'2021-02-04 16:12:28','2021-02-04 16:12:28'),(746,1,0,'Product modification','Product',147,2,'2021-02-04 16:13:19','2021-02-04 16:13:19'),(747,1,0,'Product modification','Product',147,2,'2021-02-04 16:13:21','2021-02-04 16:13:21'),(748,1,0,'Product modification','Product',148,2,'2021-02-04 16:14:15','2021-02-04 16:14:15'),(749,1,0,'Product modification','Product',148,2,'2021-02-04 16:15:20','2021-02-04 16:15:20'),(750,1,0,'Product modification','Product',149,2,'2021-02-04 16:16:12','2021-02-04 16:16:12'),(751,1,0,'Product modification','Product',149,2,'2021-02-04 16:16:31','2021-02-04 16:16:31'),(752,1,0,'Product modification','Product',150,2,'2021-02-04 16:17:17','2021-02-04 16:17:17'),(753,1,0,'Product modification','Product',150,2,'2021-02-04 16:17:25','2021-02-04 16:17:25'),(754,1,0,'Product modification','Product',151,2,'2021-02-04 16:18:31','2021-02-04 16:18:31'),(755,1,0,'Product modification','Product',151,2,'2021-02-04 16:18:47','2021-02-04 16:18:47'),(756,1,0,'Product modification','Product',152,2,'2021-02-04 16:19:49','2021-02-04 16:19:49'),(757,1,0,'Product modification','Product',152,2,'2021-02-04 16:19:51','2021-02-04 16:19:51'),(758,1,0,'Product modification','Product',153,2,'2021-02-04 16:20:39','2021-02-04 16:20:39'),(759,1,0,'Product modification','Product',153,2,'2021-02-04 16:21:02','2021-02-04 16:21:02'),(760,1,0,'Product modification','Product',154,2,'2021-02-04 16:22:00','2021-02-04 16:22:00'),(761,1,0,'Product modification','Product',154,2,'2021-02-04 16:22:11','2021-02-04 16:22:11'),(762,1,0,'Product modification','Product',155,2,'2021-02-04 16:23:06','2021-02-04 16:23:06'),(763,1,0,'Product modification','Product',155,2,'2021-02-04 16:24:30','2021-02-04 16:24:30'),(764,1,0,'Product modification','Product',156,2,'2021-02-04 16:28:39','2021-02-04 16:28:39'),(765,1,0,'Product modification','Product',157,2,'2021-02-04 16:29:36','2021-02-04 16:29:36'),(766,1,0,'Product modification','Product',157,2,'2021-02-04 16:29:45','2021-02-04 16:29:45'),(767,1,0,'Product modification','Product',158,2,'2021-02-04 16:31:04','2021-02-04 16:31:04'),(768,1,0,'Product modification','Product',158,2,'2021-02-04 16:31:41','2021-02-04 16:31:41'),(769,1,0,'Product modification','Product',159,2,'2021-02-04 16:35:55','2021-02-04 16:35:55'),(770,1,0,'Product modification','Product',160,2,'2021-02-04 16:37:00','2021-02-04 16:37:00'),(771,1,0,'Product modification','Product',160,2,'2021-02-04 16:37:05','2021-02-04 16:37:05'),(772,1,0,'Product modification','Product',161,2,'2021-02-04 16:38:09','2021-02-04 16:38:09'),(773,1,0,'Product modification','Product',162,2,'2021-02-04 16:39:11','2021-02-04 16:39:11'),(774,1,0,'Product modification','Product',162,2,'2021-02-04 16:39:22','2021-02-04 16:39:22'),(775,1,0,'Product modification','Product',162,2,'2021-02-04 16:39:28','2021-02-04 16:39:28'),(776,1,0,'Product modification','Product',163,2,'2021-02-04 16:40:19','2021-02-04 16:40:19'),(777,1,0,'Product modification','Product',163,2,'2021-02-04 16:40:21','2021-02-04 16:40:21'),(778,1,0,'Product modification','Product',164,2,'2021-02-04 16:40:53','2021-02-04 16:40:53'),(779,1,0,'Product modification','Product',164,2,'2021-02-04 16:40:55','2021-02-04 16:40:55'),(780,1,0,'Product modification','Product',165,2,'2021-02-04 16:41:49','2021-02-04 16:41:49'),(781,1,0,'Product modification','Product',165,2,'2021-02-04 16:41:56','2021-02-04 16:41:56'),(782,1,0,'Product modification','Product',166,2,'2021-02-04 16:42:55','2021-02-04 16:42:55'),(783,1,0,'Product modification','Product',166,2,'2021-02-04 16:42:57','2021-02-04 16:42:57'),(784,1,0,'Product modification','Product',167,2,'2021-02-04 17:03:31','2021-02-04 17:03:31'),(785,1,0,'Product modification','Product',167,2,'2021-02-04 17:03:45','2021-02-04 17:03:45'),(786,1,0,'Product modification','Product',168,2,'2021-02-04 17:04:43','2021-02-04 17:04:43'),(787,1,0,'Product modification','Product',168,2,'2021-02-04 17:04:52','2021-02-04 17:04:52'),(788,1,0,'Product modification','Product',169,2,'2021-02-04 17:06:08','2021-02-04 17:06:08'),(789,1,0,'Product modification','Product',169,2,'2021-02-04 17:06:18','2021-02-04 17:06:18'),(790,1,0,'Product modification','Product',170,2,'2021-02-04 17:07:36','2021-02-04 17:07:36'),(791,1,0,'Product modification','Product',170,2,'2021-02-04 17:07:54','2021-02-04 17:07:54'),(792,1,0,'Product modification','Product',171,2,'2021-02-04 17:08:44','2021-02-04 17:08:44'),(793,1,0,'Product modification','Product',171,2,'2021-02-04 17:08:47','2021-02-04 17:08:47'),(794,1,0,'Product modification','Product',172,2,'2021-02-04 17:09:47','2021-02-04 17:09:47'),(795,1,0,'Product modification','Product',172,2,'2021-02-04 17:09:59','2021-02-04 17:09:59'),(796,1,0,'Product modification','Product',173,2,'2021-02-04 17:11:39','2021-02-04 17:11:39'),(797,1,0,'Product modification','Product',173,2,'2021-02-04 17:12:01','2021-02-04 17:12:01'),(798,1,0,'Product modification','Product',174,2,'2021-02-04 17:12:49','2021-02-04 17:12:49'),(799,1,0,'Product modification','Product',174,2,'2021-02-04 17:13:32','2021-02-04 17:13:32'),(800,1,0,'Product modification','Product',175,2,'2021-02-04 17:14:23','2021-02-04 17:14:23'),(801,1,0,'Product modification','Product',175,2,'2021-02-04 17:14:26','2021-02-04 17:14:26'),(802,1,0,'Product modification','Product',176,2,'2021-02-04 17:15:25','2021-02-04 17:15:25'),(803,1,0,'Product modification','Product',176,2,'2021-02-04 17:15:30','2021-02-04 17:15:30'),(804,1,0,'Product modification','Product',177,2,'2021-02-04 17:16:47','2021-02-04 17:16:47'),(805,1,0,'Product modification','Product',177,2,'2021-02-04 17:17:24','2021-02-04 17:17:24'),(806,1,0,'Product modification','Product',178,2,'2021-02-04 17:18:07','2021-02-04 17:18:07'),(807,1,0,'Product modification','Product',178,2,'2021-02-04 17:18:08','2021-02-04 17:18:08'),(808,1,0,'Product modification','Product',179,2,'2021-02-04 17:19:14','2021-02-04 17:19:14'),(809,1,0,'Product modification','Product',179,2,'2021-02-04 17:19:58','2021-02-04 17:19:58'),(810,1,0,'Product modification','Product',180,2,'2021-02-04 17:23:30','2021-02-04 17:23:30'),(811,1,0,'Product modification','Product',180,2,'2021-02-04 17:24:00','2021-02-04 17:24:00'),(812,1,0,'Product modification','Product',181,2,'2021-02-04 17:27:13','2021-02-04 17:27:13'),(813,1,0,'Product modification','Product',181,2,'2021-02-04 17:27:25','2021-02-04 17:27:25'),(814,1,0,'Product modification','Product',182,2,'2021-02-04 17:31:36','2021-02-04 17:31:36'),(815,1,0,'Product modification','Product',182,2,'2021-02-04 17:39:15','2021-02-04 17:39:15'),(816,1,0,'Product deleted: (183).','',0,2,'2021-02-04 17:39:42','2021-02-04 17:39:42'),(817,1,0,'Product modification','Product',184,2,'2021-02-04 17:43:46','2021-02-04 17:43:46'),(818,1,0,'Product modification','Product',184,2,'2021-02-04 17:45:31','2021-02-04 17:45:31'),(819,1,0,'Product modification','Product',185,2,'2021-02-04 17:48:43','2021-02-04 17:48:43'),(820,1,0,'Product modification','Product',185,2,'2021-02-04 17:50:50','2021-02-04 17:50:50'),(821,1,0,'Product modification','Product',186,2,'2021-02-04 17:51:56','2021-02-04 17:51:56'),(822,1,0,'Product modification','Product',186,2,'2021-02-04 17:52:03','2021-02-04 17:52:03'),(823,1,0,'Product modification','Product',187,2,'2021-02-04 17:56:26','2021-02-04 17:56:26'),(824,1,0,'Product modification','Product',187,2,'2021-02-04 17:56:40','2021-02-04 17:56:40'),(825,1,0,'Product modification','Product',188,2,'2021-02-04 18:09:29','2021-02-04 18:09:29'),(826,1,0,'Product modification','Product',188,2,'2021-02-04 18:09:45','2021-02-04 18:09:45'),(827,1,0,'Product modification','Product',189,2,'2021-02-04 18:10:28','2021-02-04 18:10:28'),(828,1,0,'Product modification','Product',189,2,'2021-02-04 18:11:45','2021-02-04 18:11:45'),(829,1,0,'Product modification','Product',190,2,'2021-02-04 18:12:24','2021-02-04 18:12:24'),(830,1,0,'Product modification','Product',190,2,'2021-02-04 18:12:34','2021-02-04 18:12:34'),(831,1,0,'Product modification','Product',191,2,'2021-02-04 18:13:15','2021-02-04 18:13:15'),(832,1,0,'Product modification','Product',191,2,'2021-02-04 18:13:23','2021-02-04 18:13:23'),(833,1,0,'Product modification','Product',192,2,'2021-02-04 18:14:15','2021-02-04 18:14:15'),(834,1,0,'Product modification','Product',192,2,'2021-02-04 18:14:43','2021-02-04 18:14:43'),(835,1,0,'Product modification','Product',193,2,'2021-02-04 18:15:49','2021-02-04 18:15:49'),(836,1,0,'Product modification','Product',193,2,'2021-02-04 18:15:55','2021-02-04 18:15:55'),(837,1,0,'Product modification','Product',192,2,'2021-02-04 18:16:31','2021-02-04 18:16:31'),(838,1,0,'Product modification','Product',194,2,'2021-02-04 18:18:04','2021-02-04 18:18:04'),(839,1,0,'Product modification','Product',194,2,'2021-02-04 18:18:15','2021-02-04 18:18:15'),(840,1,0,'Product modification','Product',195,2,'2021-02-04 18:19:05','2021-02-04 18:19:05'),(841,1,0,'Product modification','Product',195,2,'2021-02-04 18:35:51','2021-02-04 18:35:51'),(842,1,0,'Back office connection from 49.145.165.87','',0,2,'2021-02-04 18:39:16','2021-02-04 18:39:16'),(843,1,0,'Back office connection from 110.54.170.50','',0,2,'2021-02-05 10:28:50','2021-02-05 10:28:50'),(844,1,0,'Product modification','Product',197,2,'2021-02-05 10:49:15','2021-02-05 10:49:15'),(845,1,0,'Product modification','Product',198,2,'2021-02-05 10:53:13','2021-02-05 10:53:13'),(846,1,0,'Product modification','Product',198,2,'2021-02-05 10:53:24','2021-02-05 10:53:24'),(847,1,0,'Product modification','Product',199,2,'2021-02-05 10:55:25','2021-02-05 10:55:25'),(848,1,0,'Product modification','Product',199,2,'2021-02-05 10:55:27','2021-02-05 10:55:27'),(849,1,0,'Product modification','Product',200,2,'2021-02-05 10:57:18','2021-02-05 10:57:18'),(850,1,0,'Product modification','Product',200,2,'2021-02-05 10:57:21','2021-02-05 10:57:21'),(851,1,0,'Product modification','Product',201,2,'2021-02-05 10:59:25','2021-02-05 10:59:25'),(852,1,0,'Product modification','Product',201,2,'2021-02-05 11:00:41','2021-02-05 11:00:41'),(853,1,0,'Product modification','Product',202,2,'2021-02-05 11:02:08','2021-02-05 11:02:08'),(854,1,0,'Product modification','Product',202,2,'2021-02-05 11:02:10','2021-02-05 11:02:10'),(855,1,0,'Product modification','Product',203,2,'2021-02-05 11:03:52','2021-02-05 11:03:52'),(856,1,0,'Product modification','Product',203,2,'2021-02-05 11:03:57','2021-02-05 11:03:57'),(857,1,0,'Product modification','Product',204,2,'2021-02-05 11:11:12','2021-02-05 11:11:12'),(858,1,0,'Product modification','Product',204,2,'2021-02-05 11:11:13','2021-02-05 11:11:13'),(859,1,0,'Product modification','Product',204,2,'2021-02-05 11:11:50','2021-02-05 11:11:50'),(860,1,0,'Product modification','Product',204,2,'2021-02-05 11:11:52','2021-02-05 11:11:52'),(861,1,0,'Product modification','Product',205,2,'2021-02-05 11:13:25','2021-02-05 11:13:25'),(862,1,0,'Product modification','Product',205,2,'2021-02-05 11:13:45','2021-02-05 11:13:45'),(863,1,0,'Product modification','Product',206,2,'2021-02-05 11:15:31','2021-02-05 11:15:31'),(864,1,0,'Product modification','Product',206,2,'2021-02-05 11:15:38','2021-02-05 11:15:38'),(865,1,0,'Product modification','Product',207,2,'2021-02-05 11:19:17','2021-02-05 11:19:17'),(866,1,0,'Product modification','Product',207,2,'2021-02-05 11:19:38','2021-02-05 11:19:38'),(867,1,0,'Product duplicated: (from 207 to 208).','',0,2,'2021-02-05 11:19:39','2021-02-05 11:19:39'),(868,1,0,'Product modification','Product',208,2,'2021-02-05 11:20:41','2021-02-05 11:20:41'),(869,1,0,'Product modification','Product',208,2,'2021-02-05 11:20:43','2021-02-05 11:20:43'),(870,1,0,'Product modification','Product',209,2,'2021-02-05 11:22:06','2021-02-05 11:22:06'),(871,1,0,'Product modification','Product',209,2,'2021-02-05 11:22:40','2021-02-05 11:22:40'),(872,1,0,'Product modification','Product',210,2,'2021-02-05 11:23:53','2021-02-05 11:23:53'),(873,1,0,'Product modification','Product',210,2,'2021-02-05 11:24:03','2021-02-05 11:24:03'),(874,1,0,'Product modification','Product',211,2,'2021-02-05 11:25:21','2021-02-05 11:25:21'),(875,1,0,'Product modification','Product',211,2,'2021-02-05 11:25:24','2021-02-05 11:25:24'),(876,1,0,'Product modification','Product',212,2,'2021-02-05 11:26:21','2021-02-05 11:26:21'),(877,1,0,'Product modification','Product',212,2,'2021-02-05 11:26:28','2021-02-05 11:26:28'),(878,1,0,'Product modification','Product',213,2,'2021-02-05 11:28:47','2021-02-05 11:28:47'),(879,1,0,'Product modification','Product',213,2,'2021-02-05 11:28:50','2021-02-05 11:28:50'),(880,1,0,'Product modification','Product',214,2,'2021-02-05 11:29:56','2021-02-05 11:29:56'),(881,1,0,'Product modification','Product',214,2,'2021-02-05 11:29:58','2021-02-05 11:29:58'),(882,1,0,'Product modification','Product',215,2,'2021-02-05 11:31:14','2021-02-05 11:31:14'),(883,1,0,'Product modification','Product',215,2,'2021-02-05 11:31:21','2021-02-05 11:31:21'),(884,1,0,'Product modification','Product',216,2,'2021-02-05 11:32:59','2021-02-05 11:32:59'),(885,1,0,'Product modification','Product',216,2,'2021-02-05 11:33:01','2021-02-05 11:33:01'),(886,1,0,'Product modification','Product',217,2,'2021-02-05 11:35:55','2021-02-05 11:35:55'),(887,1,0,'Product modification','Product',217,2,'2021-02-05 11:35:56','2021-02-05 11:35:56'),(888,1,0,'Product modification','Product',218,2,'2021-02-05 11:37:26','2021-02-05 11:37:26'),(889,1,0,'Product modification','Product',218,2,'2021-02-05 11:38:05','2021-02-05 11:38:05'),(890,1,0,'Product modification','Product',219,2,'2021-02-05 11:38:51','2021-02-05 11:38:51'),(891,1,0,'Product modification','Product',219,2,'2021-02-05 11:38:52','2021-02-05 11:38:52'),(892,1,0,'Product modification','Product',219,2,'2021-02-05 11:38:52','2021-02-05 11:38:52'),(893,1,0,'Product modification','Product',219,2,'2021-02-05 11:38:54','2021-02-05 11:38:54'),(894,1,0,'Product modification','Product',220,2,'2021-02-05 11:40:30','2021-02-05 11:40:30'),(895,1,0,'Product modification','Product',220,2,'2021-02-05 11:41:04','2021-02-05 11:41:04'),(896,1,0,'Product modification','Product',221,2,'2021-02-05 11:42:02','2021-02-05 11:42:02'),(897,1,0,'Product modification','Product',221,2,'2021-02-05 11:42:07','2021-02-05 11:42:07'),(898,1,0,'Back office connection from 110.54.170.50','',0,2,'2021-02-05 12:00:06','2021-02-05 12:00:06'),(899,1,0,'Back office connection from 110.54.170.50','',0,2,'2021-02-05 16:18:29','2021-02-05 16:18:29'),(900,1,0,'Product modification','Product',224,2,'2021-02-05 16:22:06','2021-02-05 16:22:06'),(901,1,0,'Product modification','Product',224,2,'2021-02-05 16:22:13','2021-02-05 16:22:13'),(902,1,0,'Product modification','Product',225,2,'2021-02-05 16:23:32','2021-02-05 16:23:32'),(903,1,0,'Product modification','Product',225,2,'2021-02-05 16:23:36','2021-02-05 16:23:36'),(904,1,0,'Product modification','Product',226,2,'2021-02-05 16:25:01','2021-02-05 16:25:01'),(905,1,0,'Product modification','Product',226,2,'2021-02-05 16:25:06','2021-02-05 16:25:06'),(906,1,0,'Product modification','Product',227,2,'2021-02-05 16:26:30','2021-02-05 16:26:30'),(907,1,0,'Product modification','Product',227,2,'2021-02-05 16:26:36','2021-02-05 16:26:36'),(908,1,0,'Product modification','Product',228,2,'2021-02-05 16:31:56','2021-02-05 16:31:56'),(909,1,0,'Product modification','Product',228,2,'2021-02-05 16:32:14','2021-02-05 16:32:14'),(910,1,0,'Product modification','Product',229,2,'2021-02-05 16:33:25','2021-02-05 16:33:25'),(911,1,0,'Product modification','Product',229,2,'2021-02-05 16:33:27','2021-02-05 16:33:27'),(912,1,0,'Product modification','Product',230,2,'2021-02-05 16:35:26','2021-02-05 16:35:26'),(913,1,0,'Product modification','Product',230,2,'2021-02-05 16:35:29','2021-02-05 16:35:29'),(914,1,0,'Product modification','Product',231,2,'2021-02-05 16:36:45','2021-02-05 16:36:45'),(915,1,0,'Product modification','Product',231,2,'2021-02-05 16:36:56','2021-02-05 16:36:56'),(916,1,0,'Product modification','Product',232,2,'2021-02-05 16:39:04','2021-02-05 16:39:04'),(917,1,0,'Product modification','Product',232,2,'2021-02-05 16:39:05','2021-02-05 16:39:05'),(918,1,0,'Product modification','Product',233,2,'2021-02-05 16:40:51','2021-02-05 16:40:51'),(919,1,0,'Product modification','Product',233,2,'2021-02-05 16:40:53','2021-02-05 16:40:53'),(920,1,0,'Product modification','Product',234,2,'2021-02-05 16:41:59','2021-02-05 16:41:59'),(921,1,0,'Product modification','Product',234,2,'2021-02-05 16:42:01','2021-02-05 16:42:01'),(922,1,0,'Product modification','Product',235,2,'2021-02-05 16:44:08','2021-02-05 16:44:08'),(923,1,0,'Product modification','Product',235,2,'2021-02-05 16:45:26','2021-02-05 16:45:26'),(924,1,0,'Product modification','Product',236,2,'2021-02-05 16:47:20','2021-02-05 16:47:20'),(925,1,0,'Product modification','Product',236,2,'2021-02-05 16:47:22','2021-02-05 16:47:22'),(926,1,0,'Product modification','Product',237,2,'2021-02-05 16:48:40','2021-02-05 16:48:40'),(927,1,0,'Product modification','Product',237,2,'2021-02-05 16:48:45','2021-02-05 16:48:45'),(928,1,0,'Product modification','Product',238,2,'2021-02-05 16:50:28','2021-02-05 16:50:28'),(929,1,0,'Product modification','Product',238,2,'2021-02-05 16:50:31','2021-02-05 16:50:31'),(930,1,0,'Product modification','Product',239,2,'2021-02-05 16:52:04','2021-02-05 16:52:04'),(931,1,0,'Product modification','Product',239,2,'2021-02-05 16:52:07','2021-02-05 16:52:07'),(932,1,0,'Product modification','Product',240,2,'2021-02-05 16:53:24','2021-02-05 16:53:24'),(933,1,0,'Product modification','Product',240,2,'2021-02-05 16:53:27','2021-02-05 16:53:27'),(934,1,0,'Product modification','Product',241,2,'2021-02-05 16:54:08','2021-02-05 16:54:08'),(935,1,0,'Product modification','Product',241,2,'2021-02-05 16:54:10','2021-02-05 16:54:10'),(936,1,0,'Product modification','Product',242,2,'2021-02-05 16:55:12','2021-02-05 16:55:12'),(937,1,0,'Product modification','Product',242,2,'2021-02-05 16:55:17','2021-02-05 16:55:17'),(938,1,0,'Product modification','Product',243,2,'2021-02-05 16:56:45','2021-02-05 16:56:45'),(939,1,0,'Product modification','Product',243,2,'2021-02-05 16:56:54','2021-02-05 16:56:54'),(940,1,0,'Product modification','Product',244,2,'2021-02-05 16:58:30','2021-02-05 16:58:30'),(941,1,0,'Product modification','Product',244,2,'2021-02-05 16:58:37','2021-02-05 16:58:37'),(942,1,0,'Product modification','Product',245,2,'2021-02-05 16:59:32','2021-02-05 16:59:32'),(943,1,0,'Product modification','Product',245,2,'2021-02-05 16:59:38','2021-02-05 16:59:38'),(944,1,0,'Product modification','Product',246,2,'2021-02-05 17:00:32','2021-02-05 17:00:32'),(945,1,0,'Product modification','Product',246,2,'2021-02-05 17:00:41','2021-02-05 17:00:41'),(946,1,0,'Product modification','Product',245,2,'2021-02-05 17:00:56','2021-02-05 17:00:56'),(947,1,0,'Product modification','Product',247,2,'2021-02-05 17:01:53','2021-02-05 17:01:53'),(948,1,0,'Product modification','Product',247,2,'2021-02-05 17:01:55','2021-02-05 17:01:55'),(949,1,0,'Product modification','Product',248,2,'2021-02-05 17:03:00','2021-02-05 17:03:00'),(950,1,0,'Product modification','Product',248,2,'2021-02-05 17:03:04','2021-02-05 17:03:04'),(951,1,0,'Product modification','Product',249,2,'2021-02-05 17:03:56','2021-02-05 17:03:56'),(952,1,0,'Product modification','Product',249,2,'2021-02-05 17:03:58','2021-02-05 17:03:58'),(953,1,0,'Product modification','Product',250,2,'2021-02-05 17:04:49','2021-02-05 17:04:49'),(954,1,0,'Product modification','Product',250,2,'2021-02-05 17:04:51','2021-02-05 17:04:51'),(955,1,0,'Product modification','Product',251,2,'2021-02-05 17:06:01','2021-02-05 17:06:01'),(956,1,0,'Product modification','Product',251,2,'2021-02-05 17:06:09','2021-02-05 17:06:09'),(957,1,0,'Product modification','Product',252,2,'2021-02-05 17:07:10','2021-02-05 17:07:10'),(958,1,0,'Product modification','Product',252,2,'2021-02-05 17:07:12','2021-02-05 17:07:12'),(959,1,0,'Product modification','Product',253,2,'2021-02-05 17:08:03','2021-02-05 17:08:03'),(960,1,0,'Product modification','Product',253,2,'2021-02-05 17:08:05','2021-02-05 17:08:05'),(961,1,0,'Product modification','Product',254,2,'2021-02-05 17:08:54','2021-02-05 17:08:54'),(962,1,0,'Product modification','Product',254,2,'2021-02-05 17:08:56','2021-02-05 17:08:56'),(963,1,0,'Product modification','Product',255,2,'2021-02-05 17:10:04','2021-02-05 17:10:04'),(964,1,0,'Product modification','Product',255,2,'2021-02-05 17:10:06','2021-02-05 17:10:06'),(965,1,0,'Product modification','Product',256,2,'2021-02-05 17:11:15','2021-02-05 17:11:15'),(966,1,0,'Product modification','Product',256,2,'2021-02-05 17:11:16','2021-02-05 17:11:16'),(967,1,0,'Product modification','Product',257,2,'2021-02-05 17:11:55','2021-02-05 17:11:55'),(968,1,0,'Product modification','Product',257,2,'2021-02-05 17:11:57','2021-02-05 17:11:57'),(969,1,0,'Product modification','Product',258,2,'2021-02-05 17:12:38','2021-02-05 17:12:38'),(970,1,0,'Product modification','Product',258,2,'2021-02-05 17:12:41','2021-02-05 17:12:41'),(971,1,0,'Product modification','Product',259,2,'2021-02-05 17:17:03','2021-02-05 17:17:03'),(972,1,0,'Product modification','Product',259,2,'2021-02-05 17:17:08','2021-02-05 17:17:08'),(973,1,0,'Product modification','Product',260,2,'2021-02-05 17:19:18','2021-02-05 17:19:18'),(974,1,0,'Product modification','Product',260,2,'2021-02-05 17:19:20','2021-02-05 17:19:20'),(975,1,0,'Product modification','Product',261,2,'2021-02-05 17:21:26','2021-02-05 17:21:26'),(976,1,0,'Product modification','Product',261,2,'2021-02-05 17:21:30','2021-02-05 17:21:30'),(977,1,0,'Product modification','Product',262,2,'2021-02-05 17:23:06','2021-02-05 17:23:06'),(978,1,0,'Product modification','Product',262,2,'2021-02-05 17:23:09','2021-02-05 17:23:09'),(979,1,0,'Product modification','Product',263,2,'2021-02-05 17:28:07','2021-02-05 17:28:07'),(980,1,0,'Product modification','Product',263,2,'2021-02-05 17:28:09','2021-02-05 17:28:09'),(981,1,0,'Product modification','Product',264,2,'2021-02-05 17:29:16','2021-02-05 17:29:16'),(982,1,0,'Product modification','Product',264,2,'2021-02-05 17:29:18','2021-02-05 17:29:18'),(983,1,0,'Product modification','Product',265,2,'2021-02-05 17:30:13','2021-02-05 17:30:13'),(984,1,0,'Product modification','Product',265,2,'2021-02-05 17:30:15','2021-02-05 17:30:15'),(985,1,0,'Product modification','Product',266,2,'2021-02-05 17:31:11','2021-02-05 17:31:11'),(986,1,0,'Product modification','Product',266,2,'2021-02-05 17:31:13','2021-02-05 17:31:13'),(987,1,0,'Product modification','Product',267,2,'2021-02-05 17:31:56','2021-02-05 17:31:56'),(988,1,0,'Product modification','Product',267,2,'2021-02-05 17:32:02','2021-02-05 17:32:02'),(989,1,0,'Product modification','Product',268,2,'2021-02-05 17:33:03','2021-02-05 17:33:03'),(990,1,0,'Product modification','Product',268,2,'2021-02-05 17:33:05','2021-02-05 17:33:05'),(991,1,0,'Product modification','Product',269,2,'2021-02-05 17:34:19','2021-02-05 17:34:19'),(992,1,0,'Product modification','Product',269,2,'2021-02-05 17:34:25','2021-02-05 17:34:25'),(993,1,0,'Product modification','Product',270,2,'2021-02-05 17:35:49','2021-02-05 17:35:49'),(994,1,0,'Product modification','Product',270,2,'2021-02-05 17:35:52','2021-02-05 17:35:52'),(995,1,0,'Product modification','Product',271,2,'2021-02-05 17:39:00','2021-02-05 17:39:00'),(996,1,0,'Product modification','Product',271,2,'2021-02-05 17:39:28','2021-02-05 17:39:28'),(997,1,0,'Product modification','Product',272,2,'2021-02-05 17:40:01','2021-02-05 17:40:01'),(998,1,0,'Product modification','Product',272,2,'2021-02-05 17:40:03','2021-02-05 17:40:03'),(999,1,0,'Product modification','Product',273,2,'2021-02-05 17:40:59','2021-02-05 17:40:59'),(1000,1,0,'Product modification','Product',273,2,'2021-02-05 17:41:38','2021-02-05 17:41:38'),(1001,1,0,'Product modification','Product',273,2,'2021-02-05 17:41:42','2021-02-05 17:41:42'),(1002,1,0,'Back office connection from 110.54.170.50','',0,2,'2021-02-05 19:56:50','2021-02-05 19:56:50'),(1003,1,0,'Product modification','Product',274,2,'2021-02-05 20:07:17','2021-02-05 20:07:17'),(1004,1,0,'Product modification','Product',275,2,'2021-02-05 20:09:47','2021-02-05 20:09:47'),(1005,1,0,'Product modification','Product',275,2,'2021-02-05 20:09:58','2021-02-05 20:09:58'),(1006,1,0,'Product activated: 274','',0,2,'2021-02-05 20:10:02','2021-02-05 20:10:02'),(1007,1,0,'Product modification','Product',274,2,'2021-02-05 20:10:46','2021-02-05 20:10:46'),(1008,1,0,'Product modification','Product',274,2,'2021-02-05 20:11:06','2021-02-05 20:11:06'),(1009,1,0,'Product modification','Product',277,2,'2021-02-05 20:12:01','2021-02-05 20:12:01'),(1010,1,0,'Product modification','Product',277,2,'2021-02-05 20:12:03','2021-02-05 20:12:03'),(1011,1,0,'Product modification','Product',278,2,'2021-02-05 20:12:48','2021-02-05 20:12:48'),(1012,1,0,'Product modification','Product',278,2,'2021-02-05 20:12:53','2021-02-05 20:12:53'),(1013,1,0,'Product modification','Product',279,2,'2021-02-05 20:14:03','2021-02-05 20:14:03'),(1014,1,0,'Product modification','Product',279,2,'2021-02-05 20:14:08','2021-02-05 20:14:08'),(1015,1,0,'Product modification','Product',280,2,'2021-02-05 20:14:54','2021-02-05 20:14:54'),(1016,1,0,'Product modification','Product',280,2,'2021-02-05 20:14:56','2021-02-05 20:14:56'),(1017,1,0,'Product modification','Product',281,2,'2021-02-05 20:15:23','2021-02-05 20:15:23'),(1018,1,0,'Product modification','Product',281,2,'2021-02-05 20:15:25','2021-02-05 20:15:25'),(1019,1,0,'Product modification','Product',282,2,'2021-02-05 20:17:28','2021-02-05 20:17:28'),(1020,1,0,'Product modification','Product',282,2,'2021-02-05 20:17:30','2021-02-05 20:17:30'),(1021,1,0,'Product modification','Product',281,2,'2021-02-05 20:18:00','2021-02-05 20:18:00'),(1022,1,0,'Product deleted: (283).','',0,2,'2021-02-05 20:19:41','2021-02-05 20:19:41'),(1023,1,0,'Product deleted: (284).','',0,2,'2021-02-05 20:43:01','2021-02-05 20:43:01'),(1024,1,0,'Product modification','Product',285,2,'2021-02-05 20:45:46','2021-02-05 20:45:46'),(1025,1,0,'Product modification','Product',285,2,'2021-02-05 20:45:48','2021-02-05 20:45:48'),(1026,1,0,'Product modification','Product',286,2,'2021-02-05 20:46:40','2021-02-05 20:46:40'),(1027,1,0,'Product modification','Product',286,2,'2021-02-05 20:46:42','2021-02-05 20:46:42'),(1028,1,0,'Product modification','Product',287,2,'2021-02-05 20:47:58','2021-02-05 20:47:58'),(1029,1,0,'Product modification','Product',287,2,'2021-02-05 20:48:00','2021-02-05 20:48:00'),(1030,1,0,'Product modification','Product',288,2,'2021-02-05 20:48:46','2021-02-05 20:48:46'),(1031,1,0,'Product modification','Product',288,2,'2021-02-05 20:48:48','2021-02-05 20:48:48'),(1032,1,0,'Product modification','Product',289,2,'2021-02-05 20:49:49','2021-02-05 20:49:49'),(1033,1,0,'Product modification','Product',289,2,'2021-02-05 20:49:51','2021-02-05 20:49:51'),(1034,1,0,'Product modification','Product',290,2,'2021-02-05 20:50:50','2021-02-05 20:50:50'),(1035,1,0,'Product modification','Product',290,2,'2021-02-05 20:50:51','2021-02-05 20:50:51'),(1036,1,0,'Product modification','Product',291,2,'2021-02-05 20:51:32','2021-02-05 20:51:32'),(1037,1,0,'Product modification','Product',291,2,'2021-02-05 20:51:33','2021-02-05 20:51:33'),(1038,1,0,'Product modification','Product',292,2,'2021-02-05 20:53:08','2021-02-05 20:53:08'),(1039,1,0,'Product modification','Product',292,2,'2021-02-05 20:53:14','2021-02-05 20:53:14'),(1040,1,0,'Product modification','Product',293,2,'2021-02-05 20:54:01','2021-02-05 20:54:01'),(1041,1,0,'Product modification','Product',293,2,'2021-02-05 20:54:03','2021-02-05 20:54:03'),(1042,1,0,'Product modification','Product',294,2,'2021-02-05 20:54:51','2021-02-05 20:54:51'),(1043,1,0,'Product modification','Product',294,2,'2021-02-05 20:54:53','2021-02-05 20:54:53'),(1044,1,0,'Product modification','Product',295,2,'2021-02-05 20:56:27','2021-02-05 20:56:27'),(1045,1,0,'Product modification','Product',295,2,'2021-02-05 20:56:30','2021-02-05 20:56:30'),(1046,1,0,'Product modification','Product',296,2,'2021-02-05 20:57:18','2021-02-05 20:57:18'),(1047,1,0,'Product modification','Product',296,2,'2021-02-05 20:57:19','2021-02-05 20:57:19'),(1048,1,0,'Product modification','Product',297,2,'2021-02-05 20:58:14','2021-02-05 20:58:14'),(1049,1,0,'Product modification','Product',297,2,'2021-02-05 20:58:16','2021-02-05 20:58:16'),(1050,1,0,'Product modification','Product',298,2,'2021-02-05 20:58:52','2021-02-05 20:58:52'),(1051,1,0,'Product modification','Product',298,2,'2021-02-05 20:58:53','2021-02-05 20:58:53'),(1052,1,0,'Product modification','Product',299,2,'2021-02-05 21:08:08','2021-02-05 21:08:08'),(1053,1,0,'Product modification','Product',299,2,'2021-02-05 21:08:10','2021-02-05 21:08:10'),(1054,1,0,'Product modification','Product',300,2,'2021-02-05 21:13:30','2021-02-05 21:13:30'),(1055,1,0,'Product modification','Product',300,2,'2021-02-05 21:13:32','2021-02-05 21:13:32'),(1056,1,0,'Product modification','Product',301,2,'2021-02-05 21:16:29','2021-02-05 21:16:29'),(1057,1,0,'Product modification','Product',301,2,'2021-02-05 21:16:31','2021-02-05 21:16:31'),(1058,1,0,'Product modification','Product',302,2,'2021-02-05 21:17:41','2021-02-05 21:17:41'),(1059,1,0,'Product modification','Product',302,2,'2021-02-05 21:17:43','2021-02-05 21:17:43'),(1060,1,0,'Product modification','Product',303,2,'2021-02-05 21:20:32','2021-02-05 21:20:32'),(1061,1,0,'Product modification','Product',303,2,'2021-02-05 21:20:36','2021-02-05 21:20:36'),(1062,1,0,'Product modification','Product',304,2,'2021-02-05 21:22:54','2021-02-05 21:22:54'),(1063,1,0,'Product modification','Product',304,2,'2021-02-05 21:23:21','2021-02-05 21:23:21'),(1064,1,0,'Product modification','Product',305,2,'2021-02-05 21:24:06','2021-02-05 21:24:06'),(1065,1,0,'Product modification','Product',305,2,'2021-02-05 21:24:07','2021-02-05 21:24:07'),(1066,1,0,'Product modification','Product',306,2,'2021-02-05 21:25:31','2021-02-05 21:25:31'),(1067,1,0,'Product modification','Product',306,2,'2021-02-05 21:25:32','2021-02-05 21:25:32'),(1068,1,0,'Product modification','Product',307,2,'2021-02-05 21:26:26','2021-02-05 21:26:26'),(1069,1,0,'Product modification','Product',307,2,'2021-02-05 21:26:32','2021-02-05 21:26:32'),(1070,1,0,'Product modification','Product',308,2,'2021-02-05 21:28:55','2021-02-05 21:28:55'),(1071,1,0,'Product modification','Product',308,2,'2021-02-05 21:28:58','2021-02-05 21:28:58'),(1072,1,0,'Product modification','Product',309,2,'2021-02-05 21:29:47','2021-02-05 21:29:47'),(1073,1,0,'Product modification','Product',309,2,'2021-02-05 21:29:55','2021-02-05 21:29:55'),(1074,1,0,'Product modification','Product',310,2,'2021-02-05 21:37:07','2021-02-05 21:37:07'),(1075,1,0,'Product modification','Product',310,2,'2021-02-05 21:37:08','2021-02-05 21:37:08'),(1076,1,0,'Product modification','Product',311,2,'2021-02-05 21:38:09','2021-02-05 21:38:09'),(1077,1,0,'Product modification','Product',311,2,'2021-02-05 21:38:48','2021-02-05 21:38:48'),(1078,1,0,'Product modification','Product',312,2,'2021-02-05 21:39:32','2021-02-05 21:39:32'),(1079,1,0,'Product modification','Product',312,2,'2021-02-05 21:39:34','2021-02-05 21:39:34'),(1080,1,0,'Product modification','Product',313,2,'2021-02-05 21:40:30','2021-02-05 21:40:30'),(1081,1,0,'Product modification','Product',313,2,'2021-02-05 21:40:38','2021-02-05 21:40:38'),(1082,1,0,'Product modification','Product',314,2,'2021-02-05 21:41:34','2021-02-05 21:41:34'),(1083,1,0,'Product modification','Product',314,2,'2021-02-05 21:41:48','2021-02-05 21:41:48'),(1084,1,0,'Product modification','Product',315,2,'2021-02-05 21:42:44','2021-02-05 21:42:44'),(1085,1,0,'Product modification','Product',315,2,'2021-02-05 21:42:49','2021-02-05 21:42:49'),(1086,1,0,'Product modification','Product',316,2,'2021-02-05 21:47:37','2021-02-05 21:47:37'),(1087,1,0,'Product modification','Product',316,2,'2021-02-05 21:47:39','2021-02-05 21:47:39'),(1088,1,0,'Product modification','Product',317,2,'2021-02-05 21:49:23','2021-02-05 21:49:23'),(1089,1,0,'Product modification','Product',317,2,'2021-02-05 21:49:27','2021-02-05 21:49:27'),(1090,1,0,'Product modification','Product',318,2,'2021-02-05 21:50:36','2021-02-05 21:50:36'),(1091,1,0,'Product modification','Product',318,2,'2021-02-05 21:50:40','2021-02-05 21:50:40'),(1092,1,0,'Product modification','Product',319,2,'2021-02-05 21:51:32','2021-02-05 21:51:32'),(1093,1,0,'Product modification','Product',319,2,'2021-02-05 21:51:34','2021-02-05 21:51:34'),(1094,1,0,'Product modification','Product',320,2,'2021-02-05 21:52:36','2021-02-05 21:52:36'),(1095,1,0,'Product modification','Product',320,2,'2021-02-05 21:54:09','2021-02-05 21:54:09'),(1096,1,0,'Product modification','Product',321,2,'2021-02-05 21:54:36','2021-02-05 21:54:36'),(1097,1,0,'Product modification','Product',321,2,'2021-02-05 21:55:42','2021-02-05 21:55:42'),(1098,1,0,'Product modification','Product',322,2,'2021-02-05 21:56:15','2021-02-05 21:56:15'),(1099,1,0,'Product modification','Product',322,2,'2021-02-05 21:56:52','2021-02-05 21:56:52'),(1100,1,0,'Back office connection from 110.54.170.50','',0,2,'2021-02-06 08:10:27','2021-02-06 08:10:27'),(1101,1,0,'Back office connection from 110.54.170.50','',0,2,'2021-02-06 09:07:04','2021-02-06 09:07:04'),(1102,1,0,'Product modification','Product',324,2,'2021-02-06 09:19:38','2021-02-06 09:19:38'),(1103,1,0,'Product modification','Product',324,2,'2021-02-06 09:19:44','2021-02-06 09:19:44'),(1104,1,0,'Product modification','Product',325,2,'2021-02-06 09:20:30','2021-02-06 09:20:30'),(1105,1,0,'Product modification','Product',325,2,'2021-02-06 09:22:37','2021-02-06 09:22:37'),(1106,1,0,'Product modification','Product',326,2,'2021-02-06 09:23:40','2021-02-06 09:23:40'),(1107,1,0,'Product modification','Product',326,2,'2021-02-06 09:23:42','2021-02-06 09:23:42'),(1108,1,0,'Product modification','Product',327,2,'2021-02-06 09:24:23','2021-02-06 09:24:23'),(1109,1,0,'Product modification','Product',327,2,'2021-02-06 09:24:26','2021-02-06 09:24:26'),(1110,1,0,'Product modification','Product',328,2,'2021-02-06 09:25:32','2021-02-06 09:25:32'),(1111,1,0,'Product modification','Product',328,2,'2021-02-06 09:25:34','2021-02-06 09:25:34'),(1112,1,0,'Product modification','Product',329,2,'2021-02-06 09:26:38','2021-02-06 09:26:38'),(1113,1,0,'Product modification','Product',329,2,'2021-02-06 09:26:40','2021-02-06 09:26:40'),(1114,1,0,'Product modification','Product',330,2,'2021-02-06 09:27:33','2021-02-06 09:27:33'),(1115,1,0,'Product modification','Product',330,2,'2021-02-06 09:27:35','2021-02-06 09:27:35'),(1116,1,0,'Product modification','Product',331,2,'2021-02-06 09:28:22','2021-02-06 09:28:22'),(1117,1,0,'Product modification','Product',331,2,'2021-02-06 09:28:42','2021-02-06 09:28:42'),(1118,1,0,'Product modification','Product',332,2,'2021-02-06 09:29:41','2021-02-06 09:29:41'),(1119,1,0,'Product modification','Product',332,2,'2021-02-06 09:29:49','2021-02-06 09:29:49'),(1120,1,0,'Product modification','Product',333,2,'2021-02-06 09:30:27','2021-02-06 09:30:27'),(1121,1,0,'Product modification','Product',333,2,'2021-02-06 09:30:29','2021-02-06 09:30:29'),(1122,1,0,'Product modification','Product',334,2,'2021-02-06 09:31:16','2021-02-06 09:31:16'),(1123,1,0,'Product modification','Product',334,2,'2021-02-06 09:31:18','2021-02-06 09:31:18'),(1124,1,0,'Product modification','Product',335,2,'2021-02-06 09:31:53','2021-02-06 09:31:53'),(1125,1,0,'Product modification','Product',335,2,'2021-02-06 09:32:01','2021-02-06 09:32:01'),(1126,1,0,'Product modification','Product',336,2,'2021-02-06 09:33:09','2021-02-06 09:33:09'),(1127,1,0,'Product modification','Product',336,2,'2021-02-06 09:33:11','2021-02-06 09:33:11'),(1128,1,0,'Product modification','Product',337,2,'2021-02-06 09:37:26','2021-02-06 09:37:26'),(1129,1,0,'Product modification','Product',337,2,'2021-02-06 09:37:28','2021-02-06 09:37:28'),(1130,1,0,'Product modification','Product',338,2,'2021-02-06 09:38:39','2021-02-06 09:38:39'),(1131,1,0,'Product modification','Product',338,2,'2021-02-06 09:38:42','2021-02-06 09:38:42'),(1132,1,0,'Product modification','Product',339,2,'2021-02-06 09:39:29','2021-02-06 09:39:29'),(1133,1,0,'Product modification','Product',339,2,'2021-02-06 09:39:48','2021-02-06 09:39:48'),(1134,1,0,'Product modification','Product',340,2,'2021-02-06 09:40:45','2021-02-06 09:40:45'),(1135,1,0,'Product modification','Product',340,2,'2021-02-06 09:41:17','2021-02-06 09:41:17'),(1136,1,0,'Product modification','Product',341,2,'2021-02-06 09:41:52','2021-02-06 09:41:52'),(1137,1,0,'Product modification','Product',341,2,'2021-02-06 09:42:04','2021-02-06 09:42:04'),(1138,1,0,'Product modification','Product',342,2,'2021-02-06 09:42:52','2021-02-06 09:42:52'),(1139,1,0,'Product modification','Product',342,2,'2021-02-06 09:43:02','2021-02-06 09:43:02'),(1140,1,0,'Product modification','Product',343,2,'2021-02-06 09:43:35','2021-02-06 09:43:35'),(1141,1,0,'Product modification','Product',343,2,'2021-02-06 09:43:38','2021-02-06 09:43:38'),(1142,1,0,'Product modification','Product',344,2,'2021-02-06 09:44:56','2021-02-06 09:44:56'),(1143,1,0,'Product modification','Product',344,2,'2021-02-06 09:45:09','2021-02-06 09:45:09'),(1144,1,0,'Product modification','Product',345,2,'2021-02-06 09:45:54','2021-02-06 09:45:54'),(1145,1,0,'Product modification','Product',345,2,'2021-02-06 09:46:03','2021-02-06 09:46:03'),(1146,1,0,'Product modification','Product',346,2,'2021-02-06 09:48:24','2021-02-06 09:48:24'),(1147,1,0,'Product modification','Product',346,2,'2021-02-06 09:48:26','2021-02-06 09:48:26'),(1148,1,0,'Product modification','Product',347,2,'2021-02-06 09:49:12','2021-02-06 09:49:12'),(1149,1,0,'Product modification','Product',347,2,'2021-02-06 09:49:48','2021-02-06 09:49:48'),(1150,1,0,'Product modification','Product',348,2,'2021-02-06 09:51:40','2021-02-06 09:51:40'),(1151,1,0,'Product modification','Product',348,2,'2021-02-06 09:51:42','2021-02-06 09:51:42'),(1152,1,0,'Product modification','Product',349,2,'2021-02-06 09:52:23','2021-02-06 09:52:23'),(1153,1,0,'Product modification','Product',349,2,'2021-02-06 09:52:44','2021-02-06 09:52:44'),(1154,1,0,'Product deleted: (350).','',0,2,'2021-02-06 09:53:22','2021-02-06 09:53:22'),(1155,1,0,'Product deleted: (351).','',0,2,'2021-02-06 09:54:28','2021-02-06 09:54:28'),(1156,1,0,'Product modification','Product',325,2,'2021-02-06 09:56:15','2021-02-06 09:56:15'),(1157,1,0,'Product modification','Product',327,2,'2021-02-06 09:56:54','2021-02-06 09:56:54'),(1158,1,0,'Product modification','Product',329,2,'2021-02-06 09:57:17','2021-02-06 09:57:17'),(1159,1,0,'Product modification','Product',331,2,'2021-02-06 09:58:10','2021-02-06 09:58:10'),(1160,1,0,'Product modification','Product',333,2,'2021-02-06 09:58:33','2021-02-06 09:58:33'),(1161,1,0,'Product modification','Product',335,2,'2021-02-06 09:58:59','2021-02-06 09:58:59'),(1162,1,0,'Product modification','Product',338,2,'2021-02-06 09:59:31','2021-02-06 09:59:31'),(1163,1,0,'Product modification','Product',341,2,'2021-02-06 10:00:01','2021-02-06 10:00:01'),(1164,1,0,'Product modification','Product',343,2,'2021-02-06 10:00:28','2021-02-06 10:00:28'),(1165,1,0,'Product deleted: (352).','',0,2,'2021-02-06 10:00:37','2021-02-06 10:00:37'),(1166,1,0,'Product modification','Product',345,2,'2021-02-06 10:01:14','2021-02-06 10:01:14'),(1167,1,0,'Product modification','Product',346,2,'2021-02-06 10:03:51','2021-02-06 10:03:51'),(1168,1,0,'Product modification','Product',346,2,'2021-02-06 10:03:53','2021-02-06 10:03:53'),(1169,1,0,'Product modification','Product',347,2,'2021-02-06 10:06:20','2021-02-06 10:06:20'),(1170,1,0,'Product modification','Product',347,2,'2021-02-06 10:06:22','2021-02-06 10:06:22'),(1171,1,0,'Product deleted: (348).','',0,2,'2021-02-06 10:06:32','2021-02-06 10:06:32'),(1172,1,0,'Product deleted: (349).','',0,2,'2021-02-06 10:06:42','2021-02-06 10:06:42'),(1173,1,0,'Back office connection from 49.145.165.87','',0,2,'2021-02-07 10:02:12','2021-02-07 10:02:12'),(1174,1,0,'Back office connection from 49.147.197.149','',0,1,'2021-02-11 05:17:07','2021-02-11 05:17:07'),(1175,1,0,'Product modification','Product',122,1,'2021-02-11 05:28:14','2021-02-11 05:28:14'),(1176,1,0,'Product modification','Product',168,1,'2021-02-11 05:29:03','2021-02-11 05:29:03'),(1177,1,0,'Product modification','Product',187,1,'2021-02-11 05:29:31','2021-02-11 05:29:31'),(1178,1,0,'Product modification','Product',318,1,'2021-02-11 05:29:57','2021-02-11 05:29:57'),(1179,1,0,'Product modification','Product',54,1,'2021-02-11 05:30:51','2021-02-11 05:30:51'),(1180,1,0,'Product modification','Product',45,1,'2021-02-11 05:31:18','2021-02-11 05:31:18'),(1181,1,0,'Product modification','Product',83,1,'2021-02-11 05:32:06','2021-02-11 05:32:06'),(1182,1,0,'Product modification','Product',61,1,'2021-02-11 05:32:23','2021-02-11 05:32:23'),(1183,1,0,'Product modification','Product',58,1,'2021-02-11 05:32:50','2021-02-11 05:32:50'),(1184,1,0,'Product modification','Product',153,1,'2021-02-11 05:33:04','2021-02-11 05:33:04'),(1185,1,0,'Product modification','Product',57,1,'2021-02-11 05:33:33','2021-02-11 05:33:33'),(1186,1,0,'Product modification','Product',46,1,'2021-02-11 05:33:44','2021-02-11 05:33:44'),(1187,1,0,'Product modification','Product',52,1,'2021-02-11 05:33:55','2021-02-11 05:33:55'),(1188,1,0,'Product modification','Product',43,1,'2021-02-11 05:34:04','2021-02-11 05:34:04'),(1189,1,0,'Product modification','Product',44,1,'2021-02-11 05:34:13','2021-02-11 05:34:13'),(1190,1,0,'Product modification','Product',49,1,'2021-02-11 05:34:22','2021-02-11 05:34:22'),(1191,1,0,'Product modification','Product',55,1,'2021-02-11 05:34:32','2021-02-11 05:34:32'),(1192,1,0,'Product modification','Product',51,1,'2021-02-11 05:34:40','2021-02-11 05:34:40'),(1193,1,0,'Product modification','Product',75,1,'2021-02-11 05:34:49','2021-02-11 05:34:49'),(1194,1,0,'Product modification','Product',56,1,'2021-02-11 05:34:57','2021-02-11 05:34:57'),(1195,1,0,'Product modification','Product',53,1,'2021-02-11 05:35:07','2021-02-11 05:35:07'),(1196,1,0,'Product modification','Product',47,1,'2021-02-11 05:35:19','2021-02-11 05:35:19'),(1197,1,0,'Product modification','Product',59,1,'2021-02-11 05:35:28','2021-02-11 05:35:28'),(1198,1,0,'Product modification','Product',48,1,'2021-02-11 05:35:39','2021-02-11 05:35:39'),(1199,1,0,'Product modification','Product',50,1,'2021-02-11 05:35:52','2021-02-11 05:35:52'),(1200,1,0,'Product modification','Product',60,1,'2021-02-11 05:36:02','2021-02-11 05:36:02'),(1201,1,0,'Product modification','Product',81,1,'2021-02-11 05:36:19','2021-02-11 05:36:19'),(1202,1,0,'Product modification','Product',73,1,'2021-02-11 05:36:54','2021-02-11 05:36:54'),(1203,1,0,'Back office connection from 49.147.197.149','',0,1,'2021-02-12 10:01:00','2021-02-12 10:01:00'),(1204,1,0,'Back office connection from 49.147.197.149','',0,1,'2021-02-12 10:16:50','2021-02-12 10:16:50'),(1205,1,0,'Back office connection from 49.146.150.211','',0,1,'2021-02-19 11:21:30','2021-02-19 11:21:30'),(1206,1,0,'Back office connection from 49.146.150.211','',0,1,'2021-02-23 11:46:52','2021-02-23 11:46:52'),(1207,1,0,'Back office connection from 49.146.133.24','',0,1,'2021-03-04 01:31:28','2021-03-04 01:31:28'),(1208,1,0,'Back office connection from 49.146.133.24','',0,1,'2021-03-04 02:00:53','2021-03-04 02:00:53'),(1209,1,0,'AttributeGroup addition','AttributeGroup',9,1,'2021-03-04 02:35:59','2021-03-04 02:35:59'),(1210,1,0,'Attribute addition','Attribute',46,1,'2021-03-04 02:36:21','2021-03-04 02:36:21'),(1211,1,0,'Attribute addition','Attribute',47,1,'2021-03-04 02:36:31','2021-03-04 02:36:31'),(1212,1,0,'Attribute addition','Attribute',48,1,'2021-03-04 02:36:48','2021-03-04 02:36:48'),(1213,1,0,'Attribute addition','Attribute',49,1,'2021-03-04 02:36:53','2021-03-04 02:36:53'),(1214,1,0,'Attribute addition','Attribute',50,1,'2021-03-04 02:37:01','2021-03-04 02:37:01'),(1215,1,0,'Attribute addition','Attribute',51,1,'2021-03-04 02:37:18','2021-03-04 02:37:18'),(1216,1,0,'Attribute addition','Attribute',52,1,'2021-03-04 02:37:29','2021-03-04 02:37:29'),(1217,1,0,'Attribute addition','Attribute',53,1,'2021-03-04 02:37:36','2021-03-04 02:37:36'),(1218,1,0,'Attribute addition','Attribute',54,1,'2021-03-04 02:37:49','2021-03-04 02:37:49'),(1219,1,0,'Attribute addition','Attribute',55,1,'2021-03-04 02:39:51','2021-03-04 02:39:51'),(1220,1,0,'Attribute addition','Attribute',56,1,'2021-03-04 02:40:07','2021-03-04 02:40:07'),(1221,1,0,'Attribute addition','Attribute',57,1,'2021-03-04 02:40:31','2021-03-04 02:40:31'),(1222,1,0,'AttributeGroup addition','AttributeGroup',10,1,'2021-03-04 02:41:02','2021-03-04 02:41:02'),(1223,1,0,'Attribute addition','Attribute',58,1,'2021-03-04 02:41:13','2021-03-04 02:41:13'),(1224,1,0,'Attribute addition','Attribute',59,1,'2021-03-04 02:41:21','2021-03-04 02:41:21'),(1225,1,0,'Back office connection from 49.146.131.44','',0,1,'2021-03-05 10:17:20','2021-03-05 10:17:20'),(1226,1,0,'Product modification','Product',353,1,'2021-03-05 10:21:44','2021-03-05 10:21:44'),(1227,1,0,'Product modification','Product',353,1,'2021-03-05 10:22:12','2021-03-05 10:22:12'),(1228,1,0,'Product modification','Product',353,1,'2021-03-05 10:25:44','2021-03-05 10:25:44'),(1229,1,0,'Product modification','Product',353,1,'2021-03-05 10:29:39','2021-03-05 10:29:39'),(1230,1,0,'Product modification','Product',353,1,'2021-03-05 10:30:06','2021-03-05 10:30:06'),(1231,1,0,'Product modification','Product',353,1,'2021-03-05 10:32:24','2021-03-05 10:32:24'),(1232,1,0,'Product modification','Product',353,1,'2021-03-05 10:32:25','2021-03-05 10:32:25'),(1233,1,0,'Back office connection from 49.146.131.44','',0,1,'2021-03-05 11:13:12','2021-03-05 11:13:12'),(1234,1,0,'Product modification','Product',355,1,'2021-03-05 11:15:47','2021-03-05 11:15:47'),(1235,1,0,'Product modification','Product',355,1,'2021-03-05 11:16:07','2021-03-05 11:16:07'),(1236,1,0,'Product modification','Product',355,1,'2021-03-05 11:21:40','2021-03-05 11:21:40'),(1237,1,0,'Product modification','Product',355,1,'2021-03-05 11:22:21','2021-03-05 11:22:21'),(1238,1,0,'Product modification','Product',355,1,'2021-03-05 11:23:26','2021-03-05 11:23:26'),(1239,1,0,'Product modification','Product',355,1,'2021-03-05 11:24:30','2021-03-05 11:24:30'),(1240,1,0,'Product modification','Product',355,1,'2021-03-05 11:30:50','2021-03-05 11:30:50'),(1241,1,0,'Product modification','Product',355,1,'2021-03-05 11:31:45','2021-03-05 11:31:45'),(1242,1,0,'Product modification','Product',355,1,'2021-03-05 11:35:32','2021-03-05 11:35:32'),(1243,1,0,'Back office connection from 49.146.131.44','',0,1,'2021-03-05 11:35:45','2021-03-05 11:35:45'),(1244,1,0,'Product activated: 355','',0,1,'2021-03-05 11:35:57','2021-03-05 11:35:57'),(1245,1,0,'Product modification','Product',353,1,'2021-03-05 11:37:56','2021-03-05 11:37:56'),(1246,1,0,'Product modification','Product',356,1,'2021-03-05 11:40:50','2021-03-05 11:40:50'),(1247,1,0,'Back office connection from 49.146.131.44','',0,1,'2021-03-05 11:59:48','2021-03-05 11:59:48'),(1248,1,0,'Product modification','Product',358,1,'2021-03-05 12:00:51','2021-03-05 12:00:51'),(1249,1,0,'Product modification','Product',358,1,'2021-03-05 12:01:00','2021-03-05 12:01:00'),(1250,1,0,'Product modification','Product',358,1,'2021-03-05 12:03:46','2021-03-05 12:03:46'),(1251,1,0,'Product modification','Product',358,1,'2021-03-05 12:03:53','2021-03-05 12:03:53'),(1252,1,0,'Product modification','Product',359,1,'2021-03-05 12:04:42','2021-03-05 12:04:42'),(1253,1,0,'Product modification','Product',359,1,'2021-03-05 12:05:33','2021-03-05 12:05:33'),(1254,1,0,'Product modification','Product',360,1,'2021-03-05 12:06:22','2021-03-05 12:06:22'),(1255,1,0,'Product modification','Product',360,1,'2021-03-05 12:12:33','2021-03-05 12:12:33'),(1256,1,0,'Product modification','Product',360,1,'2021-03-05 12:12:34','2021-03-05 12:12:34'),(1257,1,0,'Product modification','Product',361,1,'2021-03-05 12:13:07','2021-03-05 12:13:07'),(1258,1,0,'Product modification','Product',361,1,'2021-03-05 12:14:45','2021-03-05 12:14:45'),(1259,1,0,'Product modification','Product',361,1,'2021-03-05 12:14:50','2021-03-05 12:14:50'),(1260,1,0,'Product modification','Product',362,1,'2021-03-05 12:15:34','2021-03-05 12:15:34'),(1261,1,0,'Product modification','Product',362,1,'2021-03-05 12:16:24','2021-03-05 12:16:24'),(1262,1,0,'Product modification','Product',362,1,'2021-03-05 12:16:33','2021-03-05 12:16:33'),(1263,1,0,'Product modification','Product',361,1,'2021-03-05 12:17:17','2021-03-05 12:17:17'),(1264,1,0,'Product modification','Product',363,1,'2021-03-05 12:18:17','2021-03-05 12:18:17'),(1265,1,0,'Product modification','Product',363,1,'2021-03-05 12:19:37','2021-03-05 12:19:37'),(1266,1,0,'Product modification','Product',364,1,'2021-03-05 12:20:37','2021-03-05 12:20:37'),(1267,1,0,'Product modification','Product',364,1,'2021-03-05 12:36:24','2021-03-05 12:36:24'),(1268,1,0,'Product modification','Product',364,1,'2021-03-05 12:36:26','2021-03-05 12:36:26'),(1269,1,0,'Product modification','Product',364,1,'2021-03-05 12:36:52','2021-03-05 12:36:52'),(1270,1,0,'Product modification','Product',365,1,'2021-03-05 12:37:34','2021-03-05 12:37:34'),(1271,1,0,'Product modification','Product',365,1,'2021-03-05 12:38:42','2021-03-05 12:38:42'),(1272,1,0,'Product modification','Product',366,1,'2021-03-05 12:39:19','2021-03-05 12:39:19'),(1273,1,0,'Product modification','Product',366,1,'2021-03-05 12:41:56','2021-03-05 12:41:56'),(1274,1,0,'Protect vendor folder in module customergroups','',0,1,'2021-03-05 13:04:35','2021-03-05 13:04:35'),(1275,1,0,'Module customergroups has no vendor folder','',0,1,'2021-03-05 13:04:35','2021-03-05 13:04:35'),(1276,1,0,'Protect vendor folder in module smart2pay','',0,1,'2021-03-05 13:06:14','2021-03-05 13:06:14'),(1277,1,0,'Module smart2pay has no vendor folder','',0,1,'2021-03-05 13:06:14','2021-03-05 13:06:14'),(1278,3,0,'Swift Error: Expected response code 220 but got an empty response','',0,0,'2021-03-07 03:11:23','2021-03-07 03:11:23'),(1279,1,0,'Back office connection from 180.190.171.189','',0,1,'2021-03-07 12:55:47','2021-03-07 12:55:47'),(1280,1,0,'Back office connection from 27.122.14.77','',0,1,'2021-03-11 04:38:58','2021-03-11 04:38:58'),(1281,1,0,'Back office connection from 175.158.225.221','',0,1,'2021-03-18 11:32:55','2021-03-18 11:32:55'),(1282,1,0,'Back office connection from 175.158.225.221','',0,1,'2021-03-18 11:33:31','2021-03-18 11:33:31'),(1283,1,0,'Back office connection from 27.122.14.85','',0,1,'2021-03-19 03:16:44','2021-03-19 03:16:44'),(1284,1,0,'Back office connection from 27.122.14.85','',0,1,'2021-03-19 03:26:15','2021-03-19 03:26:15'),(1285,1,0,'Back office connection from 27.122.14.85','',0,1,'2021-03-19 10:30:03','2021-03-19 10:30:03'),(1286,1,0,'Back office connection from 49.147.220.16','',0,1,'2021-03-21 00:50:03','2021-03-21 00:50:03'),(1287,1,0,'Store addition','Store',1,1,'2021-03-21 01:01:28','2021-03-21 01:01:28'),(1288,1,0,'Back office connection from 27.122.14.79','',0,1,'2021-03-22 11:16:21','2021-03-22 11:16:21'),(1289,1,0,'Back office connection from 49.145.160.164','',0,1,'2021-03-22 11:22:39','2021-03-22 11:22:39'),(1290,1,0,'Back office connection from 49.147.216.93','',0,1,'2021-03-23 19:00:15','2021-03-23 19:00:15'),(1291,1,0,'Back office connection from 49.146.130.229','',0,1,'2021-04-09 11:18:52','2021-04-09 11:18:52'),(1292,1,0,'Product modification','Product',356,1,'2021-04-09 11:44:34','2021-04-09 11:44:34'),(1293,1,0,'Product modification','Product',356,1,'2021-04-09 11:44:37','2021-04-09 11:44:37'),(1294,1,0,'Back office connection from 49.146.130.229','',0,1,'2021-04-09 12:00:50','2021-04-09 12:00:50'),(1295,1,0,'Product modification','Product',367,1,'2021-04-09 12:03:06','2021-04-09 12:03:06'),(1296,1,0,'Product modification','Product',367,1,'2021-04-09 12:03:16','2021-04-09 12:03:16'),(1297,1,0,'Product deleted: (367).','',0,1,'2021-04-09 12:04:03','2021-04-09 12:04:03'),(1298,1,0,'Back office connection from 49.147.223.239','',0,1,'2021-04-13 10:36:58','2021-04-13 10:36:58'),(1299,1,0,'Back office connection from 49.146.129.125','',0,1,'2021-05-11 20:54:32','2021-05-11 20:54:32'),(1300,1,0,'Protect vendor folder in module paypal','',0,1,'2021-05-11 21:22:32','2021-05-11 21:22:32'),(1301,1,0,'Protect vendor folder in module ps_cashondelivery','',0,1,'2021-05-11 21:27:11','2021-05-11 21:27:11'),(1302,1,0,'Frontcontroller::init - Cart cannot be loaded or an order has already been placed using this cart','Cart',30,0,'2021-05-11 21:35:25','2021-05-11 21:35:25'),(1303,1,0,'Back office connection from 107.150.23.236','',0,1,'2021-05-18 18:17:29','2021-05-18 18:17:29'),(1304,1,0,'Back office connection from 49.146.135.216','',0,1,'2021-05-20 14:22:53','2021-05-20 14:22:53'),(1305,1,0,'Frontcontroller::init - Cart cannot be loaded or an order has already been placed using this cart','Cart',34,0,'2021-05-26 23:17:57','2021-05-26 23:17:57');

--
-- Table structure for table `ps_mail`
--

CREATE TABLE `ps_mail` (
  `id_mail` int(11) unsigned NOT NULL AUTO_INCREMENT,
  `recipient` varchar(126) NOT NULL,
  `template` varchar(62) NOT NULL,
  `subject` varchar(254) NOT NULL,
  `id_lang` int(11) unsigned NOT NULL,
  `date_add` timestamp NOT NULL DEFAULT CURRENT_TIMESTAMP,
  PRIMARY KEY (`id_mail`),
  KEY `recipient` (`recipient`(10))
) ENGINE=InnoDB DEFAULT CHARSET=utf8mb4;

--
-- Dumping data for table `ps_mail`
--


--
-- Table structure for table `ps_manufacturer`
--

CREATE TABLE `ps_manufacturer` (
  `id_manufacturer` int(10) unsigned NOT NULL AUTO_INCREMENT,
  `name` varchar(64) NOT NULL,
  `date_add` datetime NOT NULL,
  `date_upd` datetime NOT NULL,
  `active` tinyint(1) NOT NULL DEFAULT '0',
  PRIMARY KEY (`id_manufacturer`)
) ENGINE=InnoDB DEFAULT CHARSET=utf8mb4;

--
-- Dumping data for table `ps_manufacturer`
--


--
-- Table structure for table `ps_manufacturer_lang`
--

CREATE TABLE `ps_manufacturer_lang` (
  `id_manufacturer` int(10) unsigned NOT NULL,
  `id_lang` int(10) unsigned NOT NULL,
  `description` text,
  `short_description` text,
  `meta_title` varchar(255) DEFAULT NULL,
  `meta_keywords` varchar(255) DEFAULT NULL,
  `meta_description` varchar(512) DEFAULT NULL,
  PRIMARY KEY (`id_manufacturer`,`id_lang`)
) ENGINE=InnoDB DEFAULT CHARSET=utf8mb4;

--
-- Dumping data for table `ps_manufacturer_lang`
--


--
-- Table structure for table `ps_manufacturer_shop`
--

CREATE TABLE `ps_manufacturer_shop` (
  `id_manufacturer` int(11) unsigned NOT NULL,
  `id_shop` int(11) unsigned NOT NULL,
  PRIMARY KEY (`id_manufacturer`,`id_shop`),
  KEY `id_shop` (`id_shop`)
) ENGINE=InnoDB DEFAULT CHARSET=utf8mb4;

--
-- Dumping data for table `ps_manufacturer_shop`
--


--
-- Table structure for table `ps_memcached_servers`
--

CREATE TABLE `ps_memcached_servers` (
  `id_memcached_server` int(11) unsigned NOT NULL AUTO_INCREMENT,
  `ip` varchar(254) NOT NULL,
  `port` int(11) unsigned NOT NULL,
  `weight` int(11) unsigned NOT NULL,
  PRIMARY KEY (`id_memcached_server`)
) ENGINE=InnoDB DEFAULT CHARSET=utf8mb4;

--
-- Dumping data for table `ps_memcached_servers`
--


--
-- Table structure for table `ps_message`
--

CREATE TABLE `ps_message` (
  `id_message` int(10) unsigned NOT NULL AUTO_INCREMENT,
  `id_cart` int(10) unsigned DEFAULT NULL,
  `id_customer` int(10) unsigned NOT NULL,
  `id_employee` int(10) unsigned DEFAULT NULL,
  `id_order` int(10) unsigned NOT NULL,
  `message` text NOT NULL,
  `private` tinyint(1) unsigned NOT NULL DEFAULT '1',
  `date_add` datetime NOT NULL,
  PRIMARY KEY (`id_message`),
  KEY `message_order` (`id_order`),
  KEY `id_cart` (`id_cart`),
  KEY `id_customer` (`id_customer`),
  KEY `id_employee` (`id_employee`)
) ENGINE=InnoDB DEFAULT CHARSET=utf8mb4;

--
-- Dumping data for table `ps_message`
--


--
-- Table structure for table `ps_message_readed`
--

CREATE TABLE `ps_message_readed` (
  `id_message` int(10) unsigned NOT NULL,
  `id_employee` int(10) unsigned NOT NULL,
  `date_add` datetime NOT NULL,
  PRIMARY KEY (`id_message`,`id_employee`)
) ENGINE=InnoDB DEFAULT CHARSET=utf8mb4;

--
-- Dumping data for table `ps_message_readed`
--


--
-- Table structure for table `ps_meta`
--

CREATE TABLE `ps_meta` (
  `id_meta` int(10) unsigned NOT NULL AUTO_INCREMENT,
  `page` varchar(64) NOT NULL,
  `configurable` tinyint(1) unsigned NOT NULL DEFAULT '1',
  PRIMARY KEY (`id_meta`),
  UNIQUE KEY `page` (`page`)
) ENGINE=InnoDB AUTO_INCREMENT=60 DEFAULT CHARSET=utf8mb4;

--
-- Dumping data for table `ps_meta`
--



--
-- Table structure for table `ps_meta_lang`
--

CREATE TABLE `ps_meta_lang` (
  `id_meta` int(10) unsigned NOT NULL,
  `id_shop` int(11) unsigned NOT NULL DEFAULT '1',
  `id_lang` int(10) unsigned NOT NULL,
  `title` varchar(128) DEFAULT NULL,
  `description` varchar(255) DEFAULT NULL,
  `keywords` varchar(255) DEFAULT NULL,
  `url_rewrite` varchar(254) NOT NULL,
  PRIMARY KEY (`id_meta`,`id_shop`,`id_lang`),
  KEY `id_shop` (`id_shop`),
  KEY `id_lang` (`id_lang`)
) ENGINE=InnoDB DEFAULT CHARSET=utf8mb4;

--
-- Dumping data for table `ps_meta_lang`
--



--
-- Table structure for table `ps_module`
--

CREATE TABLE `ps_module` (
  `id_module` int(10) unsigned NOT NULL AUTO_INCREMENT,
  `name` varchar(64) NOT NULL,
  `active` tinyint(1) unsigned NOT NULL DEFAULT '0',
  `version` varchar(8) NOT NULL,
  PRIMARY KEY (`id_module`),
  UNIQUE KEY `name_UNIQUE` (`name`),
  KEY `name` (`name`)
) ENGINE=InnoDB AUTO_INCREMENT=97 DEFAULT CHARSET=utf8mb4;

--
-- Dumping data for table `ps_module`
--

INSERT INTO `ps_module` VALUES (1,'contactform',1,'4.3.0'),(2,'dashactivity',1,'2.0.2'),(3,'dashgoals',1,'2.0.2'),(4,'dashproducts',1,'2.1.1'),(5,'dashtrends',1,'2.0.3'),(6,'graphnvd3',1,'2.0.1'),(7,'gridhtml',1,'2.0.0'),(8,'gsitemap',1,'4.2.0'),(9,'pagesnotfound',1,'2.0.0'),(10,'productcomments',1,'4.2.1'),(11,'ps_banner',1,'2.1.1'),(12,'ps_categorytree',1,'2.0.1'),(13,'ps_checkpayment',1,'2.0.5'),(14,'ps_contactinfo',1,'3.3.0'),(15,'ps_crossselling',1,'2.0.1'),(16,'ps_currencyselector',1,'2.0.1'),(17,'ps_customeraccountlinks',1,'3.1.0'),(18,'ps_customersignin',1,'2.0.4'),(19,'ps_customtext',1,'4.1.1'),(20,'ps_dataprivacy',1,'2.0.1'),(21,'ps_emailsubscription',1,'2.6.0'),(22,'ps_facetedsearch',1,'3.7.0'),(23,'ps_faviconnotificationbo',1,'2.1.0'),(24,'ps_featuredproducts',1,'2.1.0'),(25,'ps_imageslider',1,'3.1.0'),(26,'ps_languageselector',1,'2.1.0'),(27,'ps_linklist',1,'3.2.0'),(28,'ps_mainmenu',1,'2.2.0'),(29,'ps_searchbar',1,'2.0.1'),(30,'ps_sharebuttons',1,'2.1.0'),(31,'ps_shoppingcart',1,'2.0.3'),(32,'ps_socialfollow',1,'2.1.0'),(33,'ps_themecusto',1,'1.2.0'),(34,'ps_wirepayment',1,'2.1.0'),(35,'sekeywords',1,'2.0.0'),(36,'statsbestcategories',1,'2.0.0'),(37,'statsbestcustomers',1,'2.0.2'),(38,'statsbestproducts',1,'2.0.0'),(39,'statsbestsuppliers',1,'2.0.0'),(40,'statsbestvouchers',1,'2.0.0'),(41,'statscarrier',1,'2.0.0'),(42,'statscatalog',1,'2.0.1'),(43,'statscheckup',1,'2.0.1'),(44,'statsdata',1,'2.1.0'),(45,'statsequipment',1,'2.0.0'),(46,'statsforecast',1,'2.0.3'),(47,'statslive',1,'2.1.0'),(48,'statsnewsletter',1,'2.0.2'),(49,'statsorigin',1,'2.0.2'),(50,'statspersonalinfos',1,'2.0.3'),(51,'statsproduct',1,'2.0.3'),(52,'statsregistrations',1,'2.0.0'),(53,'statssales',1,'2.0.0'),(54,'statssearch',1,'2.0.1'),(55,'statsstock',1,'2.0.0'),(56,'statsvisits',1,'2.0.3'),(57,'welcome',1,'6.0.3'),(58,'gamification',1,'2.3.2'),(59,'emarketing',1,'2.2.1'),(60,'psaddonsconnect',1,'2.1.2'),(61,'psgdpr',1,'1.2.1'),(62,'ps_mbo',1,'2.0.1'),(63,'ps_buybuttonlite',1,'1.0.1'),(64,'blockreassurance',1,'5.0.0'),(65,'revsliderprestashop',1,'5.4.7.6'),(66,'iqitadditionaltabs',1,'1.1.0'),(67,'iqithtmlandbanners',1,'1.1.0'),(68,'iqitcompare',1,'1.1.0'),(69,'iqitcontactpage',1,'1.0.0'),(70,'iqitcookielaw',1,'1.0.0'),(71,'iqitcrossselling',1,'1.0.0'),(72,'iqitcountdown',1,'1.0.0'),(73,'iqitelementor',1,'1.1.9'),(74,'iqitemailsubscriptionconf',1,'1.0.0'),(75,'iqitaddthisplugin',1,'1.2.0'),(76,'iqitfreedeliverycount',1,'1.4.1'),(77,'iqitlinksmanager',1,'1.4.0'),(78,'iqitmegamenu',1,'4.0.0'),(79,'iqitpopup',1,'1.1.1'),(80,'iqitproductsnav',1,'1.0.0'),(81,'iqitproducttags',1,'1.0.0'),(82,'iqitreviews',1,'1.0.2'),(83,'iqitsearch',1,'1.1.3'),(84,'iqitsizecharts',1,'1.2.0'),(85,'iqitthemeeditor',1,'4.4.2'),(86,'iqitwishlist',1,'1.1.0'),(87,'iqitextendedproduct',1,'1.0.1'),(88,'ph_simpleblog',1,'1.7.2'),(89,'ph_blog_column_custom',1,'1.1.0'),(90,'ph_relatedposts',1,'1.2'),(91,'iqitdashboardnews',1,'1.0'),(92,'iqitsociallogin',1,'1.0.1'),(93,'customergroups',1,'1.2.4'),(94,'smart2pay',1,'2.0.9'),(95,'paypal',1,'5.4.3'),(96,'ps_cashondelivery',1,'1.0.6');

--
-- Table structure for table `ps_module_carrier`
--

CREATE TABLE `ps_module_carrier` (
  `id_module` int(10) unsigned NOT NULL,
  `id_shop` int(11) unsigned NOT NULL DEFAULT '1',
  `id_reference` int(11) NOT NULL,
  PRIMARY KEY (`id_module`,`id_shop`,`id_reference`)
) ENGINE=InnoDB DEFAULT CHARSET=utf8mb4;

--
-- Dumping data for table `ps_module_carrier`
--

INSERT INTO `ps_module_carrier` VALUES (13,1,1),(13,1,2),(34,1,1),(34,1,2),(94,1,1),(94,1,2),(95,1,1),(95,1,2),(96,1,1),(96,1,2);

--
-- Table structure for table `ps_module_country`
--

CREATE TABLE `ps_module_country` (
  `id_module` int(10) unsigned NOT NULL,
  `id_shop` int(11) unsigned NOT NULL DEFAULT '1',
  `id_country` int(10) unsigned NOT NULL,
  PRIMARY KEY (`id_module`,`id_shop`,`id_country`)
) ENGINE=InnoDB DEFAULT CHARSET=utf8mb4;

--
-- Dumping data for table `ps_module_country`
--

INSERT INTO `ps_module_country` VALUES (13,1,172),(34,1,172),(94,1,172),(95,1,1),(95,1,2),(95,1,3),(95,1,4),(95,1,5),(95,1,6),(95,1,7),(95,1,8),(95,1,9),(95,1,10),(95,1,11),(95,1,12),(95,1,13),(95,1,14),(95,1,15),(95,1,16),(95,1,17),(95,1,18),(95,1,19),(95,1,20),(95,1,21),(95,1,22),(95,1,23),(95,1,24),(95,1,25),(95,1,26),(95,1,27),(95,1,28),(95,1,29),(95,1,30),(95,1,31),(95,1,32),(95,1,33),(95,1,34),(95,1,35),(95,1,36),(95,1,37),(95,1,38),(95,1,39),(95,1,40),(95,1,41),(95,1,42),(95,1,43),(95,1,44),(95,1,45),(95,1,46),(95,1,47),(95,1,48),(95,1,49),(95,1,50),(95,1,51),(95,1,52),(95,1,53),(95,1,54),(95,1,55),(95,1,56),(95,1,57),(95,1,58),(95,1,59),(95,1,60),(95,1,61),(95,1,62),(95,1,63),(95,1,64),(95,1,65),(95,1,66),(95,1,67),(95,1,68),(95,1,69),(95,1,70),(95,1,71),(95,1,72),(95,1,73),(95,1,74),(95,1,75),(95,1,76),(95,1,77),(95,1,78),(95,1,79),(95,1,80),(95,1,81),(95,1,82),(95,1,83),(95,1,84),(95,1,85),(95,1,86),(95,1,87),(95,1,88),(95,1,89),(95,1,90),(95,1,91),(95,1,92),(95,1,93),(95,1,94),(95,1,95),(95,1,96),(95,1,97),(95,1,98),(95,1,99),(95,1,100),(95,1,101),(95,1,102),(95,1,103),(95,1,104),(95,1,105),(95,1,106),(95,1,107),(95,1,108),(95,1,109),(95,1,110),(95,1,111),(95,1,112),(95,1,113),(95,1,114),(95,1,115),(95,1,116),(95,1,117),(95,1,118),(95,1,119),(95,1,120),(95,1,121),(95,1,122),(95,1,123),(95,1,124),(95,1,125),(95,1,126),(95,1,127),(95,1,128),(95,1,129),(95,1,130),(95,1,131),(95,1,132),(95,1,133),(95,1,134),(95,1,135),(95,1,136),(95,1,137),(95,1,138),(95,1,139),(95,1,140),(95,1,141),(95,1,142),(95,1,143),(95,1,144),(95,1,145),(95,1,146),(95,1,147),(95,1,148),(95,1,149),(95,1,150),(95,1,151),(95,1,152),(95,1,153),(95,1,154),(95,1,155),(95,1,156),(95,1,157),(95,1,158),(95,1,159),(95,1,160),(95,1,161),(95,1,162),(95,1,163),(95,1,164),(95,1,165),(95,1,166),(95,1,167),(95,1,168),(95,1,169),(95,1,170),(95,1,171),(95,1,172),(95,1,173),(95,1,174),(95,1,175),(95,1,176),(95,1,177),(95,1,178),(95,1,179),(95,1,180),(95,1,181),(95,1,182),(95,1,183),(95,1,184),(95,1,185),(95,1,186),(95,1,187),(95,1,188),(95,1,189),(95,1,190),(95,1,191),(95,1,192),(95,1,193),(95,1,194),(95,1,195),(95,1,196),(95,1,197),(95,1,198),(95,1,199),(95,1,200),(95,1,201),(95,1,202),(95,1,203),(95,1,204),(95,1,205),(95,1,206),(95,1,207),(95,1,208),(95,1,209),(95,1,210),(95,1,211),(95,1,212),(95,1,213),(95,1,214),(95,1,215),(95,1,216),(95,1,217),(95,1,218),(95,1,219),(95,1,220),(95,1,221),(95,1,222),(95,1,223),(95,1,224),(95,1,225),(95,1,226),(95,1,227),(95,1,228),(95,1,229),(95,1,230),(95,1,231),(95,1,232),(95,1,233),(95,1,234),(95,1,235),(95,1,236),(95,1,237),(95,1,238),(95,1,239),(95,1,240),(95,1,241),(95,1,242),(95,1,243),(95,1,244),(96,1,172);

--
-- Table structure for table `ps_module_currency`
--

CREATE TABLE `ps_module_currency` (
  `id_module` int(10) unsigned NOT NULL,
  `id_shop` int(11) unsigned NOT NULL DEFAULT '1',
  `id_currency` int(11) NOT NULL,
  PRIMARY KEY (`id_module`,`id_shop`,`id_currency`),
  KEY `id_module` (`id_module`)
) ENGINE=InnoDB DEFAULT CHARSET=utf8mb4;

--
-- Dumping data for table `ps_module_currency`
--

INSERT INTO `ps_module_currency` VALUES (13,1,1),(34,1,1),(94,1,1),(95,1,1),(96,1,1);

--
-- Table structure for table `ps_module_group`
--

CREATE TABLE `ps_module_group` (
  `id_module` int(10) unsigned NOT NULL,
  `id_shop` int(11) unsigned NOT NULL DEFAULT '1',
  `id_group` int(11) unsigned NOT NULL,
  PRIMARY KEY (`id_module`,`id_shop`,`id_group`)
) ENGINE=InnoDB DEFAULT CHARSET=utf8mb4;

--
-- Dumping data for table `ps_module_group`
--

INSERT INTO `ps_module_group` VALUES (1,1,1),(1,1,2),(1,1,3),(1,1,4),(2,1,1),(2,1,2),(2,1,3),(2,1,4),(3,1,1),(3,1,2),(3,1,3),(3,1,4),(4,1,1),(4,1,2),(4,1,3),(4,1,4),(5,1,1),(5,1,2),(5,1,3),(5,1,4),(6,1,1),(6,1,2),(6,1,3),(6,1,4),(7,1,1),(7,1,2),(7,1,3),(7,1,4),(8,1,1),(8,1,2),(8,1,3),(8,1,4),(9,1,1),(9,1,2),(9,1,3),(9,1,4),(10,1,1),(10,1,2),(10,1,3),(10,1,4),(11,1,1),(11,1,2),(11,1,3),(11,1,4),(12,1,1),(12,1,2),(12,1,3),(12,1,4),(13,1,1),(13,1,2),(13,1,3),(13,1,4),(14,1,1),(14,1,2),(14,1,3),(14,1,4),(15,1,1),(15,1,2),(15,1,3),(15,1,4),(16,1,1),(16,1,2),(16,1,3),(16,1,4),(17,1,1),(17,1,2),(17,1,3),(17,1,4),(18,1,1),(18,1,2),(18,1,3),(18,1,4),(19,1,1),(19,1,2),(19,1,3),(19,1,4),(20,1,1),(20,1,2),(20,1,3),(20,1,4),(21,1,1),(21,1,2),(21,1,3),(21,1,4),(22,1,1),(22,1,2),(22,1,3),(22,1,4),(23,1,1),(23,1,2),(23,1,3),(23,1,4),(24,1,1),(24,1,2),(24,1,3),(24,1,4),(25,1,1),(25,1,2),(25,1,3),(25,1,4),(26,1,1),(26,1,2),(26,1,3),(26,1,4),(27,1,1),(27,1,2),(27,1,3),(27,1,4),(28,1,1),(28,1,2),(28,1,3),(28,1,4),(29,1,1),(29,1,2),(29,1,3),(29,1,4),(30,1,1),(30,1,2),(30,1,3),(30,1,4),(31,1,1),(31,1,2),(31,1,3),(31,1,4),(32,1,1),(32,1,2),(32,1,3),(32,1,4),(33,1,1),(33,1,2),(33,1,3),(33,1,4),(34,1,1),(34,1,2),(34,1,3),(34,1,4),(35,1,1),(35,1,2),(35,1,3),(35,1,4),(36,1,1),(36,1,2),(36,1,3),(36,1,4),(37,1,1),(37,1,2),(37,1,3),(37,1,4),(38,1,1),(38,1,2),(38,1,3),(38,1,4),(39,1,1),(39,1,2),(39,1,3),(39,1,4),(40,1,1),(40,1,2),(40,1,3),(40,1,4),(41,1,1),(41,1,2),(41,1,3),(41,1,4),(42,1,1),(42,1,2),(42,1,3),(42,1,4),(43,1,1),(43,1,2),(43,1,3),(43,1,4),(44,1,1),(44,1,2),(44,1,3),(44,1,4),(45,1,1),(45,1,2),(45,1,3),(45,1,4),(46,1,1),(46,1,2),(46,1,3),(46,1,4),(47,1,1),(47,1,2),(47,1,3),(47,1,4),(48,1,1),(48,1,2),(48,1,3),(48,1,4),(49,1,1),(49,1,2),(49,1,3),(49,1,4),(50,1,1),(50,1,2),(50,1,3),(50,1,4),(51,1,1),(51,1,2),(51,1,3),(51,1,4),(52,1,1),(52,1,2),(52,1,3),(52,1,4),(53,1,1),(53,1,2),(53,1,3),(53,1,4),(54,1,1),(54,1,2),(54,1,3),(54,1,4),(55,1,1),(55,1,2),(55,1,3),(55,1,4),(56,1,1),(56,1,2),(56,1,3),(56,1,4),(57,1,1),(57,1,2),(57,1,3),(57,1,4),(58,1,1),(58,1,2),(58,1,3),(58,1,4),(59,1,1),(59,1,2),(59,1,3),(59,1,4),(60,1,1),(60,1,2),(60,1,3),(60,1,4),(61,1,1),(61,1,2),(61,1,3),(61,1,4),(62,1,1),(62,1,2),(62,1,3),(62,1,4),(63,1,1),(63,1,2),(63,1,3),(63,1,4),(64,1,1),(64,1,2),(64,1,3),(64,1,4),(65,1,1),(65,1,2),(65,1,3),(65,1,4),(66,1,1),(66,1,2),(66,1,3),(66,1,4),(67,1,1),(67,1,2),(67,1,3),(67,1,4),(68,1,1),(68,1,2),(68,1,3),(68,1,4),(69,1,1),(69,1,2),(69,1,3),(69,1,4),(70,1,1),(70,1,2),(70,1,3),(70,1,4),(71,1,1),(71,1,2),(71,1,3),(71,1,4),(72,1,1),(72,1,2),(72,1,3),(72,1,4),(73,1,1),(73,1,2),(73,1,3),(73,1,4),(74,1,1),(74,1,2),(74,1,3),(74,1,4),(75,1,1),(75,1,2),(75,1,3),(75,1,4),(76,1,1),(76,1,2),(76,1,3),(76,1,4),(77,1,1),(77,1,2),(77,1,3),(77,1,4),(78,1,1),(78,1,2),(78,1,3),(78,1,4),(79,1,1),(79,1,2),(79,1,3),(79,1,4),(80,1,1),(80,1,2),(80,1,3),(80,1,4),(81,1,1),(81,1,2),(81,1,3),(81,1,4),(82,1,1),(82,1,2),(82,1,3),(82,1,4),(83,1,1),(83,1,2),(83,1,3),(83,1,4),(84,1,1),(84,1,2),(84,1,3),(84,1,4),(85,1,1),(85,1,2),(85,1,3),(85,1,4),(86,1,1),(86,1,2),(86,1,3),(86,1,4),(87,1,1),(87,1,2),(87,1,3),(87,1,4),(88,1,1),(88,1,2),(88,1,3),(88,1,4),(89,1,1),(89,1,2),(89,1,3),(89,1,4),(90,1,1),(90,1,2),(90,1,3),(90,1,4),(91,1,1),(91,1,2),(91,1,3),(91,1,4),(92,1,1),(92,1,2),(92,1,3),(92,1,4),(93,1,1),(93,1,2),(93,1,3),(93,1,4),(94,1,1),(94,1,2),(94,1,3),(94,1,4),(95,1,1),(95,1,2),(95,1,3),(95,1,4),(96,1,1),(96,1,2),(96,1,3),(96,1,4);

--
-- Table structure for table `ps_module_history`
--

CREATE TABLE `ps_module_history` (
  `id` int(11) NOT NULL AUTO_INCREMENT,
  `id_employee` int(11) NOT NULL,
  `id_module` int(11) NOT NULL,
  `date_add` datetime NOT NULL,
  `date_upd` datetime NOT NULL,
  PRIMARY KEY (`id`)
) ENGINE=InnoDB AUTO_INCREMENT=11 DEFAULT CHARSET=utf8mb4 COLLATE=utf8mb4_unicode_ci;

--
-- Dumping data for table `ps_module_history`
--

INSERT INTO `ps_module_history` VALUES (1,1,78,'2021-02-11 05:17:55','2021-03-21 01:06:11'),(2,1,85,'2021-02-12 11:27:36','2021-02-12 11:27:36'),(3,1,79,'2021-03-04 01:33:08','2021-03-04 01:33:08'),(4,1,77,'2021-03-04 02:00:43','2021-03-04 02:01:30'),(5,1,93,'2021-03-05 13:04:44','2021-03-05 13:04:44'),(6,1,94,'2021-03-05 13:06:27','2021-05-11 20:55:27'),(7,1,1,'2021-03-21 01:04:17','2021-03-21 01:17:29'),(8,1,69,'2021-03-21 01:04:54','2021-03-21 01:04:54'),(9,1,14,'2021-03-21 01:05:21','2021-03-21 01:05:21'),(10,1,95,'2021-05-11 21:22:45','2021-05-11 21:22:45');

--
-- Table structure for table `ps_module_preference`
--

CREATE TABLE `ps_module_preference` (
  `id_module_preference` int(11) NOT NULL AUTO_INCREMENT,
  `id_employee` int(11) NOT NULL,
  `module` varchar(191) NOT NULL,
  `interest` tinyint(1) DEFAULT NULL,
  `favorite` tinyint(1) DEFAULT NULL,
  PRIMARY KEY (`id_module_preference`),
  UNIQUE KEY `employee_module` (`id_employee`,`module`)
) ENGINE=InnoDB DEFAULT CHARSET=utf8mb4;

--
-- Dumping data for table `ps_module_preference`
--


--
-- Table structure for table `ps_module_shop`
--

CREATE TABLE `ps_module_shop` (
  `id_module` int(11) unsigned NOT NULL,
  `id_shop` int(11) unsigned NOT NULL,
  `enable_device` tinyint(1) NOT NULL DEFAULT '7',
  PRIMARY KEY (`id_module`,`id_shop`),
  KEY `id_shop` (`id_shop`)
) ENGINE=InnoDB DEFAULT CHARSET=utf8mb4;

--
-- Dumping data for table `ps_module_shop`
--

INSERT INTO `ps_module_shop` VALUES (1,1,7),(2,1,7),(3,1,7),(4,1,7),(5,1,7),(6,1,7),(7,1,7),(8,1,7),(9,1,7),(10,1,7),(12,1,7),(13,1,7),(14,1,7),(15,1,7),(16,1,7),(17,1,7),(18,1,7),(20,1,7),(21,1,7),(22,1,7),(23,1,7),(26,1,7),(30,1,7),(31,1,7),(33,1,7),(34,1,7),(35,1,7),(36,1,7),(37,1,7),(38,1,7),(39,1,7),(40,1,7),(41,1,7),(42,1,7),(43,1,7),(44,1,7),(45,1,7),(46,1,7),(47,1,7),(48,1,7),(49,1,7),(50,1,7),(51,1,7),(52,1,7),(53,1,7),(54,1,7),(55,1,7),(56,1,7),(57,1,7),(58,1,7),(59,1,7),(60,1,7),(61,1,7),(62,1,7),(63,1,7),(65,1,7),(66,1,7),(67,1,7),(68,1,7),(69,1,7),(71,1,7),(72,1,7),(73,1,7),(74,1,7),(75,1,7),(76,1,7),(77,1,7),(78,1,7),(80,1,7),(81,1,7),(82,1,7),(83,1,7),(84,1,7),(85,1,7),(86,1,7),(87,1,7),(88,1,7),(89,1,7),(90,1,7),(91,1,7),(92,1,7),(93,1,7),(94,1,7),(95,1,7),(96,1,7);

--
-- Table structure for table `ps_operating_system`
--

CREATE TABLE `ps_operating_system` (
  `id_operating_system` int(10) unsigned NOT NULL AUTO_INCREMENT,
  `name` varchar(64) DEFAULT NULL,
  PRIMARY KEY (`id_operating_system`)
) ENGINE=InnoDB AUTO_INCREMENT=10 DEFAULT CHARSET=utf8mb4;

--
-- Dumping data for table `ps_operating_system`
--

INSERT INTO `ps_operating_system` VALUES (1,'Windows XP'),(2,'Windows Vista'),(3,'Windows 7'),(4,'Windows 8'),(5,'Windows 8.1'),(6,'Windows 10'),(7,'MacOsX'),(8,'Linux'),(9,'Android');

--
-- Table structure for table `ps_order_carrier`
--

CREATE TABLE `ps_order_carrier` (
  `id_order_carrier` int(11) NOT NULL AUTO_INCREMENT,
  `id_order` int(11) unsigned NOT NULL,
  `id_carrier` int(11) unsigned NOT NULL,
  `id_order_invoice` int(11) unsigned DEFAULT NULL,
  `weight` decimal(20,6) DEFAULT NULL,
  `shipping_cost_tax_excl` decimal(20,6) DEFAULT NULL,
  `shipping_cost_tax_incl` decimal(20,6) DEFAULT NULL,
  `tracking_number` varchar(64) DEFAULT NULL,
  `date_add` datetime NOT NULL,
  PRIMARY KEY (`id_order_carrier`),
  KEY `id_order` (`id_order`),
  KEY `id_carrier` (`id_carrier`),
  KEY `id_order_invoice` (`id_order_invoice`)
) ENGINE=InnoDB AUTO_INCREMENT=3 DEFAULT CHARSET=utf8mb4;

--
-- Dumping data for table `ps_order_carrier`
--

INSERT INTO `ps_order_carrier` VALUES (1,1,2,1,0.000000,152.000000,152.000000,'','2021-05-11 21:35:23'),(2,2,2,2,0.000000,152.000000,152.000000,'','2021-05-26 23:17:56');

--
-- Table structure for table `ps_order_cart_rule`
--

CREATE TABLE `ps_order_cart_rule` (
  `id_order_cart_rule` int(10) unsigned NOT NULL AUTO_INCREMENT,
  `id_order` int(10) unsigned NOT NULL,
  `id_cart_rule` int(10) unsigned NOT NULL,
  `id_order_invoice` int(10) unsigned DEFAULT '0',
  `name` varchar(254) NOT NULL,
  `value` decimal(20,6) NOT NULL DEFAULT '0.000000',
  `value_tax_excl` decimal(20,6) NOT NULL DEFAULT '0.000000',
  `free_shipping` tinyint(1) NOT NULL DEFAULT '0',
  `deleted` tinyint(1) unsigned NOT NULL DEFAULT '0',
  PRIMARY KEY (`id_order_cart_rule`),
  KEY `id_order` (`id_order`),
  KEY `id_cart_rule` (`id_cart_rule`)
) ENGINE=InnoDB DEFAULT CHARSET=utf8mb4;

--
-- Dumping data for table `ps_order_cart_rule`
--


--
-- Table structure for table `ps_order_detail`
--

CREATE TABLE `ps_order_detail` (
  `id_order_detail` int(10) unsigned NOT NULL AUTO_INCREMENT,
  `id_order` int(10) unsigned NOT NULL,
  `id_order_invoice` int(11) DEFAULT NULL,
  `id_warehouse` int(10) unsigned DEFAULT '0',
  `id_shop` int(11) unsigned NOT NULL,
  `product_id` int(10) unsigned NOT NULL,
  `product_attribute_id` int(10) unsigned DEFAULT NULL,
  `id_customization` int(10) unsigned DEFAULT '0',
  `product_name` varchar(255) NOT NULL,
  `product_quantity` int(10) unsigned NOT NULL DEFAULT '0',
  `product_quantity_in_stock` int(10) NOT NULL DEFAULT '0',
  `product_quantity_refunded` int(10) unsigned NOT NULL DEFAULT '0',
  `product_quantity_return` int(10) unsigned NOT NULL DEFAULT '0',
  `product_quantity_reinjected` int(10) unsigned NOT NULL DEFAULT '0',
  `product_price` decimal(20,6) NOT NULL DEFAULT '0.000000',
  `reduction_percent` decimal(5,2) NOT NULL DEFAULT '0.00',
  `reduction_amount` decimal(20,6) NOT NULL DEFAULT '0.000000',
  `reduction_amount_tax_incl` decimal(20,6) NOT NULL DEFAULT '0.000000',
  `reduction_amount_tax_excl` decimal(20,6) NOT NULL DEFAULT '0.000000',
  `group_reduction` decimal(5,2) NOT NULL DEFAULT '0.00',
  `product_quantity_discount` decimal(20,6) NOT NULL DEFAULT '0.000000',
  `product_ean13` varchar(13) DEFAULT NULL,
  `product_isbn` varchar(32) DEFAULT NULL,
  `product_upc` varchar(12) DEFAULT NULL,
  `product_mpn` varchar(40) DEFAULT NULL,
  `product_reference` varchar(64) DEFAULT NULL,
  `product_supplier_reference` varchar(64) DEFAULT NULL,
  `product_weight` decimal(20,6) NOT NULL,
  `id_tax_rules_group` int(11) unsigned DEFAULT '0',
  `tax_computation_method` tinyint(1) unsigned NOT NULL DEFAULT '0',
  `tax_name` varchar(16) NOT NULL,
  `tax_rate` decimal(10,3) NOT NULL DEFAULT '0.000',
  `ecotax` decimal(17,6) NOT NULL DEFAULT '0.000000',
  `ecotax_tax_rate` decimal(5,3) NOT NULL DEFAULT '0.000',
  `discount_quantity_applied` tinyint(1) NOT NULL DEFAULT '0',
  `download_hash` varchar(255) DEFAULT NULL,
  `download_nb` int(10) unsigned DEFAULT '0',
  `download_deadline` datetime DEFAULT NULL,
  `total_price_tax_incl` decimal(20,6) NOT NULL DEFAULT '0.000000',
  `total_price_tax_excl` decimal(20,6) NOT NULL DEFAULT '0.000000',
  `unit_price_tax_incl` decimal(20,6) NOT NULL DEFAULT '0.000000',
  `unit_price_tax_excl` decimal(20,6) NOT NULL DEFAULT '0.000000',
  `total_shipping_price_tax_incl` decimal(20,6) NOT NULL DEFAULT '0.000000',
  `total_shipping_price_tax_excl` decimal(20,6) NOT NULL DEFAULT '0.000000',
  `purchase_supplier_price` decimal(20,6) NOT NULL DEFAULT '0.000000',
  `original_product_price` decimal(20,6) NOT NULL DEFAULT '0.000000',
  `original_wholesale_price` decimal(20,6) NOT NULL DEFAULT '0.000000',
  `total_refunded_tax_excl` decimal(20,6) NOT NULL DEFAULT '0.000000',
  `total_refunded_tax_incl` decimal(20,6) NOT NULL DEFAULT '0.000000',
  PRIMARY KEY (`id_order_detail`),
  KEY `order_detail_order` (`id_order`),
  KEY `product_id` (`product_id`,`product_attribute_id`),
  KEY `product_attribute_id` (`product_attribute_id`),
  KEY `id_tax_rules_group` (`id_tax_rules_group`),
  KEY `id_order_id_order_detail` (`id_order`,`id_order_detail`)
) ENGINE=InnoDB AUTO_INCREMENT=7 DEFAULT CHARSET=utf8mb4;

--
-- Dumping data for table `ps_order_detail`
--

INSERT INTO `ps_order_detail` VALUES (1,1,1,0,1,1,0,0,'Puzzle with 3 Shapes of 3 colors',1,1,0,0,0,515.000000,0.00,0.000000,0.000000,0.000000,0.00,0.000000,'','','','','TPM001','',0.000000,0,0,'',0.000,0.000000,0.000,0,'',0,'0000-00-00 00:00:00',515.000000,515.000000,515.000000,515.000000,0.000000,0.000000,0.000000,515.000000,0.000000,0.000000,0.000000),(2,2,2,0,1,333,0,0,'Ribbon Tying Dressing Frame (26X24.5cm)',1,1,0,0,0,505.000000,0.00,0.000000,0.000000,0.000000,0.00,0.000000,'','','','','PLPM013B','',0.000000,0,0,'',0.000,0.000000,0.000,0,'',0,'0000-00-00 00:00:00',505.000000,505.000000,505.000000,505.000000,0.000000,0.000000,0.000000,505.000000,0.000000,0.000000,0.000000),(3,2,2,0,1,345,0,0,'Zipper Dressing Frame (26X24.5cm)',1,1,0,0,0,505.000000,0.00,0.000000,0.000000,0.000000,0.00,0.000000,'','','','','PLPM021B','',0.000000,0,0,'',0.000,0.000000,0.000,0,'',0,'0000-00-00 00:00:00',505.000000,505.000000,505.000000,505.000000,0.000000,0.000000,0.000000,505.000000,0.000000,0.000000,0.000000),(4,2,2,0,1,86,0,0,'Cut-Out Numerals & Counters',1,1,0,0,0,1045.000000,0.00,0.000000,0.000000,0.000000,0.00,0.000000,'','','','','MPM065','',0.000000,0,0,'',0.000,0.000000,0.000,0,'',0,'0000-00-00 00:00:00',1045.000000,1045.000000,1045.000000,1045.000000,0.000000,0.000000,0.000000,1045.000000,0.000000,0.000000,0.000000),(5,2,2,0,1,230,0,0,'Leaf Puzzle',1,1,0,0,0,410.000000,0.00,0.000000,0.000000,0.000000,0.00,0.000000,'','','','','BPM012','',0.000000,0,0,'',0.000,0.000000,0.000,0,'',0,'0000-00-00 00:00:00',410.000000,410.000000,410.000000,410.000000,0.000000,0.000000,0.000000,410.000000,0.000000,0.000000,0.000000),(6,2,2,0,1,197,0,0,'First Fabric Box',1,1,0,0,0,1295.000000,0.00,0.000000,0.000000,0.000000,0.00,0.000000,'','','','','SPM020','',0.000000,0,0,'',0.000,0.000000,0.000,0,'',0,'0000-00-00 00:00:00',1295.000000,1295.000000,1295.000000,1295.000000,0.000000,0.000000,0.000000,1295.000000,0.000000,0.000000,0.000000);

--
-- Table structure for table `ps_order_detail_tax`
--

CREATE TABLE `ps_order_detail_tax` (
  `id_order_detail` int(11) NOT NULL,
  `id_tax` int(11) NOT NULL,
  `unit_amount` decimal(16,6) NOT NULL DEFAULT '0.000000',
  `total_amount` decimal(16,6) NOT NULL DEFAULT '0.000000',
  KEY `id_order_detail` (`id_order_detail`),
  KEY `id_tax` (`id_tax`)
) ENGINE=InnoDB DEFAULT CHARSET=utf8mb4;

--
-- Dumping data for table `ps_order_detail_tax`
--


--
-- Table structure for table `ps_order_history`
--

CREATE TABLE `ps_order_history` (
  `id_order_history` int(10) unsigned NOT NULL AUTO_INCREMENT,
  `id_employee` int(10) unsigned NOT NULL,
  `id_order` int(10) unsigned NOT NULL,
  `id_order_state` int(10) unsigned NOT NULL,
  `date_add` datetime NOT NULL,
  PRIMARY KEY (`id_order_history`),
  KEY `order_history_order` (`id_order`),
  KEY `id_employee` (`id_employee`),
  KEY `id_order_state` (`id_order_state`)
) ENGINE=InnoDB AUTO_INCREMENT=4 DEFAULT CHARSET=utf8mb4;

--
-- Dumping data for table `ps_order_history`
--

INSERT INTO `ps_order_history` VALUES (1,0,1,3,'2021-05-11 21:35:23'),(2,1,1,5,'2021-05-11 21:36:45'),(3,0,2,3,'2021-05-26 23:17:56');

--
-- Table structure for table `ps_order_invoice`
--

CREATE TABLE `ps_order_invoice` (
  `id_order_invoice` int(11) unsigned NOT NULL AUTO_INCREMENT,
  `id_order` int(11) NOT NULL,
  `number` int(11) NOT NULL,
  `delivery_number` int(11) NOT NULL,
  `delivery_date` datetime DEFAULT NULL,
  `total_discount_tax_excl` decimal(20,6) NOT NULL DEFAULT '0.000000',
  `total_discount_tax_incl` decimal(20,6) NOT NULL DEFAULT '0.000000',
  `total_paid_tax_excl` decimal(20,6) NOT NULL DEFAULT '0.000000',
  `total_paid_tax_incl` decimal(20,6) NOT NULL DEFAULT '0.000000',
  `total_products` decimal(20,6) NOT NULL DEFAULT '0.000000',
  `total_products_wt` decimal(20,6) NOT NULL DEFAULT '0.000000',
  `total_shipping_tax_excl` decimal(20,6) NOT NULL DEFAULT '0.000000',
  `total_shipping_tax_incl` decimal(20,6) NOT NULL DEFAULT '0.000000',
  `shipping_tax_computation_method` int(10) unsigned NOT NULL,
  `total_wrapping_tax_excl` decimal(20,6) NOT NULL DEFAULT '0.000000',
  `total_wrapping_tax_incl` decimal(20,6) NOT NULL DEFAULT '0.000000',
  `shop_address` text,
  `note` text,
  `date_add` datetime NOT NULL,
  PRIMARY KEY (`id_order_invoice`),
  KEY `id_order` (`id_order`)
) ENGINE=InnoDB AUTO_INCREMENT=3 DEFAULT CHARSET=utf8mb4;

--
-- Dumping data for table `ps_order_invoice`
--

INSERT INTO `ps_order_invoice` VALUES (1,1,1,1,'2021-05-11 21:35:23',0.000000,0.000000,667.000000,667.000000,515.000000,515.000000,152.000000,152.000000,0,0.000000,0.000000,'Planet Montessori','','2021-05-11 21:35:23'),(2,2,2,2,'2021-05-26 23:17:56',0.000000,0.000000,3912.000000,3912.000000,3760.000000,3760.000000,152.000000,152.000000,0,0.000000,0.000000,'Planet Montessori','','2021-05-26 23:17:56');

--
-- Table structure for table `ps_order_invoice_payment`
--

CREATE TABLE `ps_order_invoice_payment` (
  `id_order_invoice` int(11) unsigned NOT NULL,
  `id_order_payment` int(11) unsigned NOT NULL,
  `id_order` int(11) unsigned NOT NULL,
  PRIMARY KEY (`id_order_invoice`,`id_order_payment`),
  KEY `order_payment` (`id_order_payment`),
  KEY `id_order` (`id_order`)
) ENGINE=InnoDB DEFAULT CHARSET=utf8mb4;

--
-- Dumping data for table `ps_order_invoice_payment`
--

INSERT INTO `ps_order_invoice_payment` VALUES (1,1,1),(2,2,2);

--
-- Table structure for table `ps_order_invoice_tax`
--

CREATE TABLE `ps_order_invoice_tax` (
  `id_order_invoice` int(11) NOT NULL,
  `type` varchar(15) NOT NULL,
  `id_tax` int(11) NOT NULL,
  `amount` decimal(10,6) NOT NULL DEFAULT '0.000000',
  KEY `id_tax` (`id_tax`)
) ENGINE=InnoDB DEFAULT CHARSET=utf8mb4;

--
-- Dumping data for table `ps_order_invoice_tax`
--


--
-- Table structure for table `ps_order_message`
--

CREATE TABLE `ps_order_message` (
  `id_order_message` int(10) unsigned NOT NULL AUTO_INCREMENT,
  `date_add` datetime NOT NULL,
  PRIMARY KEY (`id_order_message`)
) ENGINE=InnoDB DEFAULT CHARSET=utf8mb4;

--
-- Dumping data for table `ps_order_message`
--


--
-- Table structure for table `ps_order_message_lang`
--

CREATE TABLE `ps_order_message_lang` (
  `id_order_message` int(10) unsigned NOT NULL,
  `id_lang` int(10) unsigned NOT NULL,
  `name` varchar(128) NOT NULL,
  `message` text NOT NULL,
  PRIMARY KEY (`id_order_message`,`id_lang`)
) ENGINE=InnoDB DEFAULT CHARSET=utf8mb4;

--
-- Dumping data for table `ps_order_message_lang`
--


--
-- Table structure for table `ps_order_return`
--

CREATE TABLE `ps_order_return` (
  `id_order_return` int(10) unsigned NOT NULL AUTO_INCREMENT,
  `id_customer` int(10) unsigned NOT NULL,
  `id_order` int(10) unsigned NOT NULL,
  `state` tinyint(1) unsigned NOT NULL DEFAULT '1',
  `question` text NOT NULL,
  `date_add` datetime NOT NULL,
  `date_upd` datetime NOT NULL,
  PRIMARY KEY (`id_order_return`),
  KEY `order_return_customer` (`id_customer`),
  KEY `id_order` (`id_order`)
) ENGINE=InnoDB DEFAULT CHARSET=utf8mb4;

--
-- Dumping data for table `ps_order_return`
--


--
-- Table structure for table `ps_order_return_detail`
--

CREATE TABLE `ps_order_return_detail` (
  `id_order_return` int(10) unsigned NOT NULL,
  `id_order_detail` int(10) unsigned NOT NULL,
  `id_customization` int(10) unsigned NOT NULL DEFAULT '0',
  `product_quantity` int(10) unsigned NOT NULL DEFAULT '0',
  PRIMARY KEY (`id_order_return`,`id_order_detail`,`id_customization`)
) ENGINE=InnoDB DEFAULT CHARSET=utf8mb4;

--
-- Dumping data for table `ps_order_return_detail`
--


--
-- Table structure for table `ps_order_return_state`
--

CREATE TABLE `ps_order_return_state` (
  `id_order_return_state` int(10) unsigned NOT NULL AUTO_INCREMENT,
  `color` varchar(32) DEFAULT NULL,
  PRIMARY KEY (`id_order_return_state`)
) ENGINE=InnoDB AUTO_INCREMENT=6 DEFAULT CHARSET=utf8mb4;

--
-- Dumping data for table `ps_order_return_state`
--

INSERT INTO `ps_order_return_state` VALUES (1,'#4169E1'),(2,'#8A2BE2'),(3,'#32CD32'),(4,'#DC143C'),(5,'#108510');

--
-- Table structure for table `ps_order_return_state_lang`
--

CREATE TABLE `ps_order_return_state_lang` (
  `id_order_return_state` int(10) unsigned NOT NULL,
  `id_lang` int(10) unsigned NOT NULL,
  `name` varchar(64) NOT NULL,
  PRIMARY KEY (`id_order_return_state`,`id_lang`)
) ENGINE=InnoDB DEFAULT CHARSET=utf8mb4;

--
-- Dumping data for table `ps_order_return_state_lang`
--

INSERT INTO `ps_order_return_state_lang` VALUES (1,1,'Waiting for confirmation'),(1,2,'Naghihintay para sa kumpirmasyon'),(2,1,'Waiting for package'),(2,2,'Inaantay para sa bagahe'),(3,1,'Package received'),(3,2,'Ang bagahe ay natanggap na'),(4,1,'Return denied'),(4,2,'Tinanggihan ang pagbalik'),(5,1,'Return completed'),(5,2,'Kompleto na ang ibinalik');

--
-- Table structure for table `ps_order_slip`
--

CREATE TABLE `ps_order_slip` (
  `id_order_slip` int(10) unsigned NOT NULL AUTO_INCREMENT,
  `conversion_rate` decimal(13,6) NOT NULL DEFAULT '1.000000',
  `id_customer` int(10) unsigned NOT NULL,
  `id_order` int(10) unsigned NOT NULL,
  `total_products_tax_excl` decimal(20,6) DEFAULT NULL,
  `total_products_tax_incl` decimal(20,6) DEFAULT NULL,
  `total_shipping_tax_excl` decimal(20,6) DEFAULT NULL,
  `total_shipping_tax_incl` decimal(20,6) DEFAULT NULL,
  `shipping_cost` tinyint(3) unsigned NOT NULL DEFAULT '0',
  `amount` decimal(20,6) NOT NULL DEFAULT '0.000000',
  `shipping_cost_amount` decimal(20,6) NOT NULL DEFAULT '0.000000',
  `partial` tinyint(1) NOT NULL,
  `order_slip_type` tinyint(1) unsigned NOT NULL DEFAULT '0',
  `date_add` datetime NOT NULL,
  `date_upd` datetime NOT NULL,
  PRIMARY KEY (`id_order_slip`),
  KEY `order_slip_customer` (`id_customer`),
  KEY `id_order` (`id_order`)
) ENGINE=InnoDB DEFAULT CHARSET=utf8mb4;

--
-- Dumping data for table `ps_order_slip`
--


--
-- Table structure for table `ps_order_slip_detail`
--

CREATE TABLE `ps_order_slip_detail` (
  `id_order_slip` int(10) unsigned NOT NULL,
  `id_order_detail` int(10) unsigned NOT NULL,
  `product_quantity` int(10) unsigned NOT NULL DEFAULT '0',
  `unit_price_tax_excl` decimal(20,6) DEFAULT NULL,
  `unit_price_tax_incl` decimal(20,6) DEFAULT NULL,
  `total_price_tax_excl` decimal(20,6) DEFAULT NULL,
  `total_price_tax_incl` decimal(20,6) DEFAULT NULL,
  `amount_tax_excl` decimal(20,6) DEFAULT NULL,
  `amount_tax_incl` decimal(20,6) DEFAULT NULL,
  PRIMARY KEY (`id_order_slip`,`id_order_detail`)
) ENGINE=InnoDB DEFAULT CHARSET=utf8mb4;

--
-- Dumping data for table `ps_order_slip_detail`
--


--
-- Table structure for table `ps_order_slip_detail_tax`
--

CREATE TABLE `ps_order_slip_detail_tax` (
  `id_order_slip_detail` int(11) unsigned NOT NULL,
  `id_tax` int(11) unsigned NOT NULL,
  `unit_amount` decimal(16,6) NOT NULL DEFAULT '0.000000',
  `total_amount` decimal(16,6) NOT NULL DEFAULT '0.000000',
  KEY `id_order_slip_detail` (`id_order_slip_detail`),
  KEY `id_tax` (`id_tax`)
) ENGINE=InnoDB DEFAULT CHARSET=utf8mb4;

--
-- Dumping data for table `ps_order_slip_detail_tax`
--


--
-- Table structure for table `ps_order_state`
--

CREATE TABLE `ps_order_state` (
  `id_order_state` int(10) unsigned NOT NULL AUTO_INCREMENT,
  `invoice` tinyint(1) unsigned DEFAULT '0',
  `send_email` tinyint(1) unsigned NOT NULL DEFAULT '0',
  `module_name` varchar(255) DEFAULT NULL,
  `color` varchar(32) DEFAULT NULL,
  `unremovable` tinyint(1) unsigned NOT NULL,
  `hidden` tinyint(1) unsigned NOT NULL DEFAULT '0',
  `logable` tinyint(1) NOT NULL DEFAULT '0',
  `delivery` tinyint(1) unsigned NOT NULL DEFAULT '0',
  `shipped` tinyint(1) unsigned NOT NULL DEFAULT '0',
  `paid` tinyint(1) unsigned NOT NULL DEFAULT '0',
  `pdf_invoice` tinyint(1) unsigned NOT NULL DEFAULT '0',
  `pdf_delivery` tinyint(1) unsigned NOT NULL DEFAULT '0',
  `deleted` tinyint(1) unsigned NOT NULL DEFAULT '0',
  PRIMARY KEY (`id_order_state`),
  KEY `module_name` (`module_name`(191))
) ENGINE=InnoDB AUTO_INCREMENT=20 DEFAULT CHARSET=utf8mb4;

--
-- Dumping data for table `ps_order_state`
--

INSERT INTO `ps_order_state` VALUES (1,0,1,'ps_checkpayment','#34209E',1,0,0,0,0,0,0,0,0),(2,1,1,'','#3498D8',1,0,1,0,0,1,1,0,0),(3,1,1,'','#3498D8',1,0,1,1,0,1,0,0,0),(4,1,1,'','#01B887',1,0,1,1,1,1,0,0,0),(5,1,0,'','#01B887',1,0,1,1,1,1,0,0,0),(6,0,1,'','#2C3E50',1,0,0,0,0,0,0,0,0),(7,1,1,'','#01B887',1,0,0,0,0,0,0,0,0),(8,0,1,'','#E74C3C',1,0,0,0,0,0,0,0,0),(9,1,1,'','#3498D8',1,0,0,0,0,1,0,0,0),(10,0,1,'ps_wirepayment','#34209E',1,0,0,0,0,0,0,0,0),(11,1,1,'','#3498D8',1,0,1,0,0,1,0,0,0),(12,0,1,'','#34209E',1,0,0,0,0,0,0,0,0),(13,0,0,'ps_cashondelivery','#34209E',1,0,0,0,0,0,0,0,0),(14,0,0,'smart2pay','#660099',1,0,0,0,0,0,0,0,0),(15,0,0,'smart2pay','#660099',1,0,0,0,0,0,0,0,0),(16,0,0,'smart2pay','#660099',1,0,0,0,0,0,0,0,0),(17,0,0,'smart2pay','#660099',1,0,0,0,0,0,0,0,0),(18,0,0,'smart2pay','#660099',1,0,0,0,0,0,0,0,0),(19,0,0,'paypal','#4169E1',0,0,0,0,0,0,0,0,0);

--
-- Table structure for table `ps_order_state_lang`
--

CREATE TABLE `ps_order_state_lang` (
  `id_order_state` int(10) unsigned NOT NULL,
  `id_lang` int(10) unsigned NOT NULL,
  `name` varchar(64) NOT NULL,
  `template` varchar(64) NOT NULL,
  PRIMARY KEY (`id_order_state`,`id_lang`)
) ENGINE=InnoDB DEFAULT CHARSET=utf8mb4;

--
-- Dumping data for table `ps_order_state_lang`
--

INSERT INTO `ps_order_state_lang` VALUES (1,1,'Awaiting check payment','cheque'),(1,2,'Awaiting check payment','cheque'),(2,1,'Payment accepted','payment'),(2,2,'Ang bayad ang tinanggap','payment'),(3,1,'Processing in progress','preparation'),(3,2,'Ang pagpo-proseso ay nasa progreso','preparation'),(4,1,'Shipped','shipped'),(4,2,'Naipadala na','shipped'),(5,1,'Delivered',''),(5,2,'Naipadala na',''),(6,1,'Canceled','order_canceled'),(6,2,'Kinansela','order_canceled'),(7,1,'Refunded','refund'),(7,2,'Refunded','refund'),(8,1,'Payment error','payment_error'),(8,2,'Kamalian sa pagbabayad','payment_error'),(9,1,'On backorder (paid)','outofstock'),(9,2,'Sa ibinalik na order (bayad na)','outofstock'),(10,1,'Awaiting bank wire payment','bankwire'),(10,2,'Hinihintay ang pagbabayad sa telegrama ng bangko','bankwire'),(11,1,'Remote payment accepted','payment'),(11,2,'Malayuang pagbabayad ay tinatanggap','payment'),(12,1,'On backorder (not paid)','outofstock'),(12,2,'Sa ibinalik na order (hindi pa bayad)','outofstock'),(13,1,'Awaiting Cash On Delivery validation','cashondelivery'),(13,2,'Hinihintay ang balidasyon ng Cash On Deivery','cashondelivery'),(14,1,'Smart2Pay - Awaiting payment',''),(14,2,'Smart2Pay - Awaiting payment',''),(15,1,'Smart2Pay - Successfully paid',''),(15,2,'Smart2Pay - Successfully paid',''),(16,1,'Smart2Pay - Canceled payment',''),(16,2,'Smart2Pay - Canceled payment',''),(17,1,'Smart2Pay - Failed payment',''),(17,2,'Smart2Pay - Failed payment',''),(18,1,'Smart2Pay - Expired payment',''),(18,2,'Smart2Pay - Expired payment',''),(19,1,'Awaiting for PayPal payment',''),(19,2,'Awaiting for PayPal payment','');

--
-- Table structure for table `ps_orders`
--

CREATE TABLE `ps_orders` (
  `id_order` int(10) unsigned NOT NULL AUTO_INCREMENT,
  `reference` varchar(9) DEFAULT NULL,
  `id_shop_group` int(11) unsigned NOT NULL DEFAULT '1',
  `id_shop` int(11) unsigned NOT NULL DEFAULT '1',
  `id_carrier` int(10) unsigned NOT NULL,
  `id_lang` int(10) unsigned NOT NULL,
  `id_customer` int(10) unsigned NOT NULL,
  `id_cart` int(10) unsigned NOT NULL,
  `id_currency` int(10) unsigned NOT NULL,
  `id_address_delivery` int(10) unsigned NOT NULL,
  `id_address_invoice` int(10) unsigned NOT NULL,
  `current_state` int(10) unsigned NOT NULL,
  `secure_key` varchar(32) NOT NULL DEFAULT '-1',
  `payment` varchar(255) NOT NULL,
  `conversion_rate` decimal(13,6) NOT NULL DEFAULT '1.000000',
  `module` varchar(255) DEFAULT NULL,
  `recyclable` tinyint(1) unsigned NOT NULL DEFAULT '0',
  `gift` tinyint(1) unsigned NOT NULL DEFAULT '0',
  `gift_message` text,
  `mobile_theme` tinyint(1) NOT NULL DEFAULT '0',
  `shipping_number` varchar(64) DEFAULT NULL,
  `total_discounts` decimal(20,6) NOT NULL DEFAULT '0.000000',
  `total_discounts_tax_incl` decimal(20,6) NOT NULL DEFAULT '0.000000',
  `total_discounts_tax_excl` decimal(20,6) NOT NULL DEFAULT '0.000000',
  `total_paid` decimal(20,6) NOT NULL DEFAULT '0.000000',
  `total_paid_tax_incl` decimal(20,6) NOT NULL DEFAULT '0.000000',
  `total_paid_tax_excl` decimal(20,6) NOT NULL DEFAULT '0.000000',
  `total_paid_real` decimal(20,6) NOT NULL DEFAULT '0.000000',
  `total_products` decimal(20,6) NOT NULL DEFAULT '0.000000',
  `total_products_wt` decimal(20,6) NOT NULL DEFAULT '0.000000',
  `total_shipping` decimal(20,6) NOT NULL DEFAULT '0.000000',
  `total_shipping_tax_incl` decimal(20,6) NOT NULL DEFAULT '0.000000',
  `total_shipping_tax_excl` decimal(20,6) NOT NULL DEFAULT '0.000000',
  `carrier_tax_rate` decimal(10,3) NOT NULL DEFAULT '0.000',
  `total_wrapping` decimal(20,6) NOT NULL DEFAULT '0.000000',
  `total_wrapping_tax_incl` decimal(20,6) NOT NULL DEFAULT '0.000000',
  `total_wrapping_tax_excl` decimal(20,6) NOT NULL DEFAULT '0.000000',
  `round_mode` tinyint(1) NOT NULL DEFAULT '2',
  `round_type` tinyint(1) NOT NULL DEFAULT '1',
  `invoice_number` int(10) unsigned NOT NULL DEFAULT '0',
  `delivery_number` int(10) unsigned NOT NULL DEFAULT '0',
  `invoice_date` datetime NOT NULL,
  `delivery_date` datetime NOT NULL,
  `valid` int(1) unsigned NOT NULL DEFAULT '0',
  `date_add` datetime NOT NULL,
  `date_upd` datetime NOT NULL,
  PRIMARY KEY (`id_order`),
  KEY `reference` (`reference`),
  KEY `id_customer` (`id_customer`),
  KEY `id_cart` (`id_cart`),
  KEY `invoice_number` (`invoice_number`),
  KEY `id_carrier` (`id_carrier`),
  KEY `id_lang` (`id_lang`),
  KEY `id_currency` (`id_currency`),
  KEY `id_address_delivery` (`id_address_delivery`),
  KEY `id_address_invoice` (`id_address_invoice`),
  KEY `id_shop_group` (`id_shop_group`),
  KEY `current_state` (`current_state`),
  KEY `id_shop` (`id_shop`),
  KEY `date_add` (`date_add`)
) ENGINE=InnoDB AUTO_INCREMENT=3 DEFAULT CHARSET=utf8mb4;

--
-- Dumping data for table `ps_orders`
--

INSERT INTO `ps_orders` VALUES (1,'APTYQVCEN',1,1,2,1,10,30,1,9,9,5,'b93bee07be0c06ce7495834d4c2aab0c','Cash on delivery (COD)',1.000000,'ps_cashondelivery',0,0,'',0,'',0.000000,0.000000,0.000000,667.000000,667.000000,667.000000,667.000000,515.000000,515.000000,152.000000,152.000000,152.000000,0.000,0.000000,0.000000,0.000000,2,1,1,1,'2021-05-11 21:35:23','2021-05-11 21:36:45',1,'2021-05-11 21:35:23','2021-05-11 21:36:45'),(2,'JJQSFONMO',1,1,2,1,12,34,1,10,10,3,'a76aa3a2ea316962bbe6f8788a09278e','Cash on delivery (COD)',1.000000,'ps_cashondelivery',0,0,'',0,'',0.000000,0.000000,0.000000,3912.000000,3912.000000,3912.000000,3912.000000,3760.000000,3760.000000,152.000000,152.000000,152.000000,0.000,0.000000,0.000000,0.000000,2,1,2,2,'2021-05-26 23:17:56','2021-05-26 23:17:56',1,'2021-05-26 23:17:55','2021-05-26 23:17:56');

--
-- Table structure for table `ps_pack`
--

CREATE TABLE `ps_pack` (
  `id_product_pack` int(10) unsigned NOT NULL,
  `id_product_item` int(10) unsigned NOT NULL,
  `id_product_attribute_item` int(10) unsigned NOT NULL,
  `quantity` int(10) unsigned NOT NULL DEFAULT '1',
  PRIMARY KEY (`id_product_pack`,`id_product_item`,`id_product_attribute_item`),
  KEY `product_item` (`id_product_item`,`id_product_attribute_item`)
) ENGINE=InnoDB DEFAULT CHARSET=utf8mb4;

--
-- Dumping data for table `ps_pack`
--


--
-- Table structure for table `ps_page`
--

CREATE TABLE `ps_page` (
  `id_page` int(10) unsigned NOT NULL AUTO_INCREMENT,
  `id_page_type` int(10) unsigned NOT NULL,
  `id_object` int(10) unsigned DEFAULT NULL,
  PRIMARY KEY (`id_page`),
  KEY `id_page_type` (`id_page_type`),
  KEY `id_object` (`id_object`)
) ENGINE=InnoDB AUTO_INCREMENT=3 DEFAULT CHARSET=utf8mb4;

--
-- Dumping data for table `ps_page`
--

INSERT INTO `ps_page` VALUES (1,1,NULL),(2,2,4);

--
-- Table structure for table `ps_page_type`
--

CREATE TABLE `ps_page_type` (
  `id_page_type` int(10) unsigned NOT NULL AUTO_INCREMENT,
  `name` varchar(255) NOT NULL,
  PRIMARY KEY (`id_page_type`),
  KEY `name` (`name`(191))
) ENGINE=InnoDB AUTO_INCREMENT=3 DEFAULT CHARSET=utf8mb4;

--
-- Dumping data for table `ps_page_type`
--

INSERT INTO `ps_page_type` VALUES (1,'index'),(2,'product');

--
-- Table structure for table `ps_page_viewed`
--

CREATE TABLE `ps_page_viewed` (
  `id_page` int(10) unsigned NOT NULL,
  `id_shop_group` int(10) unsigned NOT NULL DEFAULT '1',
  `id_shop` int(10) unsigned NOT NULL DEFAULT '1',
  `id_date_range` int(10) unsigned NOT NULL,
  `counter` int(10) unsigned NOT NULL,
  PRIMARY KEY (`id_page`,`id_date_range`,`id_shop`)
) ENGINE=InnoDB DEFAULT CHARSET=utf8mb4;

--
-- Dumping data for table `ps_page_viewed`
--


--
-- Table structure for table `ps_pagenotfound`
--

CREATE TABLE `ps_pagenotfound` (
  `id_pagenotfound` int(10) unsigned NOT NULL AUTO_INCREMENT,
  `id_shop` int(10) unsigned NOT NULL DEFAULT '1',
  `id_shop_group` int(10) unsigned NOT NULL DEFAULT '1',
  `request_uri` varchar(256) NOT NULL,
  `http_referer` varchar(256) NOT NULL,
  `date_add` datetime NOT NULL,
  PRIMARY KEY (`id_pagenotfound`),
  KEY `date_add` (`date_add`)
) ENGINE=InnoDB AUTO_INCREMENT=8942 DEFAULT CHARSET=utf8;

--
-- Dumping data for table `ps_pagenotfound`
--

INSERT INTO `ps_pagenotfound` VALUES (1,1,1,'/index.php?controller=404','','2021-03-06 09:45:03'),(2,1,1,'/404javascript.js','https://www.google.com/url/?sa=t','2021-03-06 10:02:35'),(3,1,1,'/404testpage4525d2fdc','https://sucuri.net','2021-03-06 10:02:35'),(4,1,1,'/.git/HEAD','https://sucuri.net','2021-03-06 10:02:35'),(5,1,1,'/facebook%20url','','2021-03-06 10:02:37'),(6,1,1,'/twitter%20url','','2021-03-06 10:02:37'),(7,1,1,'/google%20url','https://www.facebook.com/','2021-03-06 10:02:37'),(8,1,1,'/instagram%20url','https://www.bing.com/?s=bing','2021-03-06 10:02:37'),(9,1,1,'/youtube%20url','https://www.facebook.com/','2021-03-06 10:02:37'),(10,1,1,'/pintrest%20url','','2021-03-06 10:02:37'),(11,1,1,'/contact/','http://montessoriphilippines.com/contact/','2021-03-06 10:21:09'),(12,1,1,'/contact/','http://montessoriphilippines.com/contact/','2021-03-06 10:40:54'),(13,1,1,'/contact/','http://montessoriphilippines.com/contact/','2021-03-06 10:40:57'),(14,1,1,'/product-tag/binomial-cube/feed/','','2021-03-06 10:52:26'),(15,1,1,'/product/leaf-puzzle/?add-to-cart=264','','2021-03-06 11:35:00'),(16,1,1,'/facebook%20url','','2021-03-06 11:44:29'),(17,1,1,'/google%20url','','2021-03-06 11:44:32'),(18,1,1,'/instagram%20url','','2021-03-06 11:55:55'),(19,1,1,'/pintrest%20url','','2021-03-06 11:55:58'),(20,1,1,'/twitter%20url','','2021-03-06 11:56:02'),(21,1,1,'/vimeo%20url','','2021-03-06 11:56:06'),(22,1,1,'/youtube%20url','','2021-03-06 11:56:10'),(23,1,1,'/index.php?controller=404','http://161.97.139.200:80/solr/admin/info/system?wt=json','2021-03-06 12:32:58'),(24,1,1,'/index.php?controller=404','http://161.97.139.200:80/_ignition/execute-solution','2021-03-06 12:33:08'),(25,1,1,'/index.php?controller=404','http://161.97.139.200:80/wp-content/plugins/wp-file-manager/readme.txt','2021-03-06 12:33:09'),(26,1,1,'/index.php?controller=404','http://161.97.139.200:80/Autodiscover/Autodiscover.xml','2021-03-06 12:33:09'),(27,1,1,'/index.php?controller=404','http://161.97.139.200:80/console/','2021-03-06 12:33:09'),(28,1,1,'/index.php?controller=404','http://161.97.139.200:80/HNAP1','2021-03-06 18:33:46'),(29,1,1,'/index.php?controller=404','http://161.97.139.200:80/common/info.cgi','2021-03-06 18:33:49'),(30,1,1,'/index.php?controller=404','http://161.97.139.200:80/currentsetting.htm','2021-03-06 18:33:51'),(31,1,1,'/contact/','http://montessoriphilippines.com/contact/','2021-03-06 18:48:20'),(32,1,1,'/product-tag/brown-stair/','','2021-03-06 19:10:12'),(33,1,1,'/contact/','http://montessoriphilippines.com/contact/','2021-03-06 20:11:19'),(34,1,1,'/contact/','http://montessoriphilippines.com/contact/','2021-03-06 22:58:05'),(35,1,1,'/product-tag/equation/','','2021-03-06 23:53:21'),(36,1,1,'/contact/','http://montessoriphilippines.com/contact/','2021-03-07 03:42:16'),(37,1,1,'/product-tag/root/?add-to-cart=242','','2021-03-07 04:00:18'),(38,1,1,'/index.php?controller=404','http://161.97.139.200:80/console/','2021-03-07 05:17:38'),(39,1,1,'/index.php?controller=404','http://161.97.139.200:80/solr/admin/info/system?wt=json','2021-03-07 05:17:43'),(40,1,1,'/index.php?controller=404','http://161.97.139.200:80/_ignition/execute-solution','2021-03-07 05:17:49'),(41,1,1,'/index.php?controller=404','http://161.97.139.200:80/Autodiscover/Autodiscover.xml','2021-03-07 05:17:49'),(42,1,1,'/index.php?controller=404','http://161.97.139.200:80/wp-content/plugins/wp-file-manager/readme.txt','2021-03-07 05:17:50'),(43,1,1,'/manager/html/','','2021-03-07 11:41:10'),(44,1,1,'/login','','2021-03-07 15:14:06'),(45,1,1,'/jenkins/login','','2021-03-07 15:14:10'),(46,1,1,'/manager/html','','2021-03-07 15:14:12'),(47,1,1,'/public/index.php','','2021-03-07 16:23:23'),(48,1,1,'/zend3/public/','','2021-03-07 21:10:29'),(49,1,1,'/gila/?c=admin','','2021-03-07 21:11:18'),(50,1,1,'/actions/authenticate.php','','2021-03-07 21:11:19'),(51,1,1,'/.env','','2021-03-07 22:47:27'),(52,1,1,'/wp-content/plugins/wp-file-manager/readme.txt','','2021-03-07 23:50:46'),(53,1,1,'/Autodiscover/Autodiscover.xml','','2021-03-07 23:50:46'),(54,1,1,'/console/','','2021-03-07 23:50:46'),(55,1,1,'/_ignition/execute-solution','','2021-03-07 23:50:46'),(56,1,1,'/solr/admin/info/system?wt=json','','2021-03-07 23:50:47'),(57,1,1,'/tree?','','2021-03-08 04:05:17'),(58,1,1,'/HNAP1/','http://161.97.139.200/','2021-03-08 05:48:00'),(59,1,1,'/0bef','','2021-03-08 09:06:01'),(60,1,1,'/.env','','2021-03-08 13:50:04'),(61,1,1,'/.env','','2021-03-08 16:29:09'),(62,1,1,'/solr/admin/info/system?wt=json','','2021-03-08 17:15:38'),(63,1,1,'/_ignition/execute-solution','','2021-03-08 17:15:38'),(64,1,1,'/wp-content/plugins/wp-file-manager/readme.txt','','2021-03-08 17:15:39'),(65,1,1,'/console/','','2021-03-08 17:15:39'),(66,1,1,'/Autodiscover/Autodiscover.xml','','2021-03-08 17:15:39'),(67,1,1,'/level/15/exec/-/sh/run/CR','','2021-03-08 18:45:27'),(68,1,1,'/.env','','2021-03-08 19:48:42'),(69,1,1,'/portal/redlion','','2021-03-09 01:44:53'),(70,1,1,'/login','','2021-03-09 01:47:32'),(71,1,1,'/jenkins/login','','2021-03-09 01:47:33'),(72,1,1,'/manager/html','','2021-03-09 01:47:35'),(73,1,1,'/tree?','','2021-03-09 03:38:43'),(74,1,1,'/actuator/health','','2021-03-09 05:29:56'),(75,1,1,'/solr/admin/info/system?wt=json','','2021-03-09 11:13:28'),(76,1,1,'/wp-content/plugins/wp-file-manager/readme.txt','','2021-03-09 11:13:28'),(77,1,1,'/Autodiscover/Autodiscover.xml','','2021-03-09 11:13:28'),(78,1,1,'/console/','','2021-03-09 11:13:28'),(79,1,1,'/_ignition/execute-solution','','2021-03-09 11:13:29'),(80,1,1,'/ReportServer','','2021-03-09 14:20:28'),(81,1,1,'/hudson','','2021-03-09 14:33:53'),(82,1,1,'/8Nbu','','2021-03-09 14:55:04'),(83,1,1,'/.env','','2021-03-09 18:31:25'),(84,1,1,'/.env','','2021-03-09 18:48:49'),(85,1,1,'/login','','2021-03-09 20:03:42'),(86,1,1,'/jenkins/login','','2021-03-09 20:03:43'),(87,1,1,'/manager/html','','2021-03-09 20:03:45'),(88,1,1,'/bag2','','2021-03-09 20:14:13'),(89,1,1,'/login','','2021-03-10 02:48:26'),(90,1,1,'/jenkins/login','','2021-03-10 02:48:26'),(91,1,1,'/manager/html','','2021-03-10 02:48:26'),(92,1,1,'/_ignition/execute-solution','','2021-03-10 02:48:27'),(93,1,1,'/tree?','','2021-03-10 04:14:00'),(94,1,1,'/solr/admin/info/system?wt=json','','2021-03-10 05:08:54'),(95,1,1,'/wp-content/plugins/wp-file-manager/readme.txt','','2021-03-10 05:08:54'),(96,1,1,'/console/','','2021-03-10 05:08:54'),(97,1,1,'/_ignition/execute-solution','','2021-03-10 05:08:54'),(98,1,1,'/Autodiscover/Autodiscover.xml','','2021-03-10 05:08:54'),(99,1,1,'/login','','2021-03-10 09:27:08'),(100,1,1,'/jenkins/login','','2021-03-10 09:27:08'),(101,1,1,'/manager/html','','2021-03-10 09:27:08'),(102,1,1,'/_ignition/execute-solution','','2021-03-10 09:27:09'),(103,1,1,'/.env','','2021-03-10 09:43:52'),(104,1,1,'/c/version.js','','2021-03-10 12:23:36'),(105,1,1,'/streaming/clients_live.php','','2021-03-10 12:23:36'),(106,1,1,'/stalker_portal/c/version.js','','2021-03-10 12:23:37'),(107,1,1,'/client_area/','','2021-03-10 12:23:37'),(108,1,1,'/stalker_portal/c/','','2021-03-10 12:23:37'),(109,1,1,'/stream/rtmp.php','','2021-03-10 12:23:37'),(110,1,1,'/api.json','','2021-03-10 14:25:58'),(111,1,1,'/favicon.ico','','2021-03-10 17:58:00'),(112,1,1,'/.env','','2021-03-10 19:21:24'),(113,1,1,'/smart-php/.env','','2021-03-10 19:21:27'),(114,1,1,'/laravel/.env','','2021-03-10 19:21:29'),(115,1,1,'/public/.env','','2021-03-10 19:21:31'),(116,1,1,'/TP/public/index.php','','2021-03-10 21:10:24'),(117,1,1,'/TP/index.php','','2021-03-10 21:10:25'),(118,1,1,'/thinkphp/html/public/index.php','','2021-03-10 21:10:26'),(119,1,1,'/html/public/index.php','','2021-03-10 21:10:27'),(120,1,1,'/public/index.php','','2021-03-10 21:10:27'),(121,1,1,'/TP/html/public/index.php','','2021-03-10 21:10:28'),(122,1,1,'/index.php?controller=404','http://161.97.139.200/admin9022mbekg/index.php/configure/shop/seo-urls/?_token=FvWCmRwLYv_ZRRmEj2Mqigm6f27zM7vX7Gc9l0jDlS4','2021-03-10 21:41:07'),(123,1,1,'/index.php?controller=404','http://161.97.139.200:80/solr/admin/info/system?wt=json','2021-03-10 22:19:14'),(124,1,1,'/index.php?controller=404','http://161.97.139.200:80/_ignition/execute-solution','2021-03-10 22:19:18'),(125,1,1,'/index.php?controller=404','http://161.97.139.200:80/wp-content/plugins/wp-file-manager/readme.txt','2021-03-10 22:19:18'),(126,1,1,'/index.php?controller=404','http://161.97.139.200:80/Autodiscover/Autodiscover.xml','2021-03-10 22:19:18'),(127,1,1,'/index.php?controller=404','http://161.97.139.200:80/console/','2021-03-10 22:19:18'),(128,1,1,'/index.php?controller=404','','2021-03-10 23:02:04'),(129,1,1,'/index.php?controller=404','','2021-03-10 23:02:04'),(130,1,1,'/index.php?controller=404','','2021-03-10 23:46:50'),(131,1,1,'/login','','2021-03-11 01:07:01'),(132,1,1,'/jenkins/login','','2021-03-11 01:07:01'),(133,1,1,'/index.php?controller=404','http://161.97.139.200:80/manager/html','2021-03-11 01:07:02'),(134,1,1,'/index.php?controller=404','http://161.97.139.200:80/_ignition/execute-solution','2021-03-11 01:07:04'),(135,1,1,'/index.php?controller=404','','2021-03-11 02:14:16'),(136,1,1,'/index.php?controller=404','','2021-03-11 02:14:17'),(137,1,1,'/login','','2021-03-11 05:04:39'),(138,1,1,'/jenkins/login','','2021-03-11 05:04:39'),(139,1,1,'/index.php?controller=404','http://161.97.139.200:80/manager/html','2021-03-11 05:04:40'),(140,1,1,'/index.php?controller=404','http://161.97.139.200:80/_ignition/execute-solution','2021-03-11 05:04:43'),(141,1,1,'/login','','2021-03-11 06:32:09'),(142,1,1,'/jenkins/login','','2021-03-11 06:32:09'),(143,1,1,'/index.php?controller=404','http://161.97.139.200:80/manager/html','2021-03-11 06:32:10'),(144,1,1,'/index.php?controller=404','http://161.97.139.200:80/_ignition/execute-solution','2021-03-11 06:32:12'),(145,1,1,'/facebook%20url','http://montessoriph.com/index.php','2021-03-11 07:10:01'),(146,1,1,'/twitter%20url','http://montessoriph.com/index.php','2021-03-11 07:10:01'),(147,1,1,'/instagram%20url','http://montessoriph.com/index.php','2021-03-11 07:10:01'),(148,1,1,'/google%20url','http://montessoriph.com/index.php','2021-03-11 07:10:02'),(149,1,1,'/pintrest%20url','http://montessoriph.com/index.php','2021-03-11 07:10:02'),(150,1,1,'/youtube%20url','http://montessoriph.com/index.php','2021-03-11 07:10:02'),(151,1,1,'/vimeo%20url','http://montessoriph.com/index.php','2021-03-11 07:10:02'),(152,1,1,'/img/p/3/2/32-thickbox_default.jpg','http://montessoriph.com/index.php?id_product=1&rewrite=puzzle-with-3-shapes-of-3-colors&controller=product&id_lang=1','2021-03-11 07:11:58'),(153,1,1,'/img/p/3/3/33-thickbox_default.jpg','http://montessoriph.com/index.php?id_product=2&rewrite=puzzle-of-1-big-circle&controller=product&id_lang=1','2021-03-11 07:11:58'),(154,1,1,'/img/p/3/5/35-thickbox_default.jpg','http://montessoriph.com/index.php?id_product=3&rewrite=holder-for-cards&controller=product&id_lang=1','2021-03-11 07:11:58'),(155,1,1,'/img/p/3/6/36-thickbox_default.jpg','http://montessoriph.com/index.php?id_product=4&rewrite=cabinet-and-tray&controller=product&id_lang=1','2021-03-11 07:11:58'),(156,1,1,'/img/p/3/8/38-thickbox_default.jpg','http://montessoriph.com/index.php?id_product=6&rewrite=infant-box-with-cylinder&controller=product&id_lang=1','2021-03-11 07:11:58'),(157,1,1,'/img/p/3/9/39-thickbox_default.jpg','http://montessoriph.com/index.php?id_product=7&rewrite=infant-box-with-triangle&controller=product&id_lang=1','2021-03-11 07:11:59'),(158,1,1,'/img/p/4/1/41-thickbox_default.jpg','http://montessoriph.com/index.php?id_product=8&rewrite=infant-box-with-coins&controller=product&id_lang=1','2021-03-11 07:11:59'),(159,1,1,'/img/p/4/2/42-thickbox_default.jpg','http://montessoriph.com/index.php?id_product=9&rewrite=puzzle-with-1-square&controller=product&id_lang=1','2021-03-11 07:11:59'),(160,1,1,'/img/p/4/3/43-thickbox_default.jpg','http://montessoriph.com/index.php?id_product=10&rewrite=puzzle-with-3-circles&controller=product&id_lang=1','2021-03-11 07:11:59'),(161,1,1,'/img/p/4/5/45-thickbox_default.jpg','http://montessoriph.com/index.php?id_product=11&rewrite=toddler-box-with-ball&controller=product&id_lang=1','2021-03-11 07:11:59'),(162,1,1,'/img/p/4/6/46-thickbox_default.jpg','http://montessoriph.com/index.php?id_product=12&rewrite=toddler-peg-box&controller=product&id_lang=1','2021-03-11 07:12:00'),(163,1,1,'/img/p/4/8/48-thickbox_default.jpg','http://montessoriph.com/index.php?id_product=13&rewrite=puzzle-with-1-triangle&controller=product&id_lang=1','2021-03-11 07:12:00'),(164,1,1,'/img/p/tl-default-home_default.jpg','http://montessoriph.com/index.php?id_category=10&controller=category&id_lang=2','2021-03-11 07:13:19'),(165,1,1,'/img/p/4/9/49-thickbox_default.jpg','http://montessoriph.com/index.php?id_product=14&rewrite=tpm016&controller=product&id_lang=1','2021-03-11 07:13:58'),(166,1,1,'/img/p/5/0/50-thickbox_default.jpg','http://montessoriph.com/index.php?id_product=15&rewrite=3-cubes-on-1-vertical-stick&controller=product&id_lang=1','2021-03-11 07:13:59'),(167,1,1,'/img/p/5/1/51-thickbox_default.jpg','http://montessoriph.com/index.php?id_product=16&rewrite=3-discs-on-1-horizontal-stick&controller=product&id_lang=1','2021-03-11 07:13:59'),(168,1,1,'/img/p/5/2/52-thickbox_default.jpg','http://montessoriph.com/index.php?id_product=17&rewrite=serpentine-horizontal-straight&controller=product&id_lang=1','2021-03-11 07:13:59'),(169,1,1,'/img/p/5/4/54-thickbox_default.jpg','http://montessoriph.com/index.php?id_product=19&rewrite=infant-box-with-rectangle&controller=product&id_lang=1','2021-03-11 07:13:59'),(170,1,1,'/img/p/5/5/55-thickbox_default.jpg','http://montessoriph.com/index.php?id_product=20&rewrite=infant-box-with-square&controller=product&id_lang=1','2021-03-11 07:13:59'),(171,1,1,'/img/p/5/7/57-thickbox_default.jpg','http://montessoriph.com/index.php?id_product=21&rewrite=colorful-wood-lacing-beads&controller=product&id_lang=1','2021-03-11 07:13:59'),(172,1,1,'/img/p/5/8/58-thickbox_default.jpg','http://montessoriph.com/index.php?id_product=22&rewrite=brown-stair-mini&controller=product&id_lang=1','2021-03-11 07:13:59'),(173,1,1,'/img/p/6/0/60-thickbox_default.jpg','http://montessoriph.com/index.php?id_product=23&rewrite=cylinder-blocks-mini&controller=product&id_lang=1','2021-03-11 07:13:59'),(174,1,1,'/img/p/6/1/61-thickbox_default.jpg','http://montessoriph.com/index.php?id_product=24&rewrite=numerical-rods-mini&controller=product&id_lang=1','2021-03-11 07:13:59'),(175,1,1,'/img/p/6/2/62-thickbox_default.jpg','http://montessoriph.com/index.php?id_product=25&rewrite=pink-tower-mini&controller=product&id_lang=1','2021-03-11 07:13:59'),(176,1,1,'/img/p/6/3/63-thickbox_default.jpg','http://montessoriph.com/index.php?id_product=26&rewrite=foot-balance-board&controller=product&id_lang=1','2021-03-11 07:13:59'),(177,1,1,'/img/p/5/9/59-thickbox_default.jpg','http://montessoriph.com/index.php?id_product=40&rewrite=4-ovaloids-on-pegs&controller=product&id_lang=1','2021-03-11 07:17:44'),(178,1,1,'/img/p/tl-default-large_default.jpg','http://montessoriph.com/index.php?id_product=234&rewrite=botany-cabinet-18-leaf-shape-insets&controller=product&id_lang=2','2021-03-11 07:17:45'),(179,1,1,'/img/p/6/4/64-thickbox_default.jpg','http://montessoriph.com/index.php?id_product=27&rewrite=4-shapes-bricks-and-3-colors&controller=product&id_lang=1','2021-03-11 07:21:35'),(180,1,1,'/img/p/6/5/65-thickbox_default.jpg','http://montessoriph.com/index.php?id_product=28&rewrite=9-bricks-3-colors-3-shapes&controller=product&id_lang=1','2021-03-11 07:21:35'),(181,1,1,'/img/p/6/6/66-thickbox_default.jpg','http://montessoriph.com/index.php?id_product=29&rewrite=geometric-forms&controller=product&id_lang=1','2021-03-11 07:21:35'),(182,1,1,'/img/p/6/7/67-thickbox_default.jpg','http://montessoriph.com/index.php?id_product=30&rewrite=round-bricks-4-colors&controller=product&id_lang=1','2021-03-11 07:21:36'),(183,1,1,'/img/p/6/8/68-thickbox_default.jpg','http://montessoriph.com/index.php?id_product=31&rewrite=5-shapes-bricks-big-size&controller=product&id_lang=1','2021-03-11 07:21:36'),(184,1,1,'/img/p/7/0/70-thickbox_default.jpg','http://montessoriph.com/index.php?id_product=31&rewrite=5-shapes-bricks-big-size&controller=product&id_lang=1','2021-03-11 07:21:36'),(185,1,1,'/img/p/3/1/31-thickbox_default.jpg','http://montessoriph.com/index.php?id_product=32&rewrite=5-shapes-of-5-colors&controller=product&id_lang=1','2021-03-11 07:21:36'),(186,1,1,'/img/p/3/4/34-thickbox_default.jpg','http://montessoriph.com/index.php?id_product=33&rewrite=4-shapes-with-3-colors&controller=product&id_lang=1','2021-03-11 07:21:36'),(187,1,1,'/img/p/3/7/37-thickbox_default.jpg','http://montessoriph.com/index.php?id_product=34&rewrite=geo-ladder-same-shapescolor&controller=product&id_lang=1','2021-03-11 07:21:36'),(188,1,1,'/img/p/4/0/40-thickbox_default.jpg','http://montessoriph.com/index.php?id_product=35&rewrite=geo-shapes-square-puzzle&controller=product&id_lang=1','2021-03-11 07:21:36'),(189,1,1,'/img/p/4/4/44-thickbox_default.jpg','http://montessoriph.com/index.php?id_product=36&rewrite=geo-shapes-fraction-puzzle&controller=product&id_lang=1','2021-03-11 07:21:36'),(190,1,1,'/img/p/4/7/47-thickbox_default.jpg','http://montessoriph.com/index.php?id_product=37&rewrite=geo-solids-ladder-cylinders&controller=product&id_lang=1','2021-03-11 07:21:36'),(191,1,1,'/img/p/5/3/53-thickbox_default.jpg','http://montessoriph.com/index.php?id_product=38&rewrite=toddler-interlocking-discs&controller=product&id_lang=1','2021-03-11 07:21:36'),(192,1,1,'/img/p/5/6/56-thickbox_default.jpg','http://montessoriph.com/index.php?id_product=39&rewrite=toddler-bell&controller=product&id_lang=1','2021-03-11 07:21:36'),(193,1,1,'/facebook%20url','','2021-03-11 08:15:59'),(194,1,1,'/twitter%20url','','2021-03-11 08:16:00'),(195,1,1,'/instagram%20url','','2021-03-11 08:16:01'),(196,1,1,'/google%20url','','2021-03-11 08:16:01'),(197,1,1,'/pintrest%20url','','2021-03-11 08:16:02'),(198,1,1,'/youtube%20url','','2021-03-11 08:16:02'),(199,1,1,'/vimeo%20url','','2021-03-11 08:16:03'),(200,1,1,'/index.php?controller=404','','2021-03-11 08:53:25'),(201,1,1,'/facebook%20url','http://montessoriph.com/index.php','2021-03-11 08:58:29'),(202,1,1,'/twitter%20url','http://montessoriph.com/index.php','2021-03-11 08:58:29'),(203,1,1,'/instagram%20url','http://montessoriph.com/index.php','2021-03-11 08:58:29'),(204,1,1,'/google%20url','http://montessoriph.com/index.php','2021-03-11 08:58:29'),(205,1,1,'/pintrest%20url','http://montessoriph.com/index.php','2021-03-11 08:58:30'),(206,1,1,'/youtube%20url','http://montessoriph.com/index.php','2021-03-11 08:58:30'),(207,1,1,'/vimeo%20url','http://montessoriph.com/index.php','2021-03-11 08:58:30'),(208,1,1,'/img/p/3/2/32-thickbox_default.jpg','http://montessoriph.com/index.php?id_product=1&rewrite=puzzle-with-3-shapes-of-3-colors&controller=product&id_lang=1','2021-03-11 09:00:03'),(209,1,1,'/img/p/3/3/33-thickbox_default.jpg','http://montessoriph.com/index.php?id_product=2&rewrite=puzzle-of-1-big-circle&controller=product&id_lang=1','2021-03-11 09:00:03'),(210,1,1,'/img/p/3/5/35-thickbox_default.jpg','http://montessoriph.com/index.php?id_product=3&rewrite=holder-for-cards&controller=product&id_lang=1','2021-03-11 09:00:03'),(211,1,1,'/img/p/3/6/36-thickbox_default.jpg','http://montessoriph.com/index.php?id_product=4&rewrite=cabinet-and-tray&controller=product&id_lang=1','2021-03-11 09:00:03'),(212,1,1,'/img/p/3/8/38-thickbox_default.jpg','http://montessoriph.com/index.php?id_product=6&rewrite=infant-box-with-cylinder&controller=product&id_lang=1','2021-03-11 09:00:04'),(213,1,1,'/img/p/3/9/39-thickbox_default.jpg','http://montessoriph.com/index.php?id_product=7&rewrite=infant-box-with-triangle&controller=product&id_lang=1','2021-03-11 09:00:04'),(214,1,1,'/img/p/4/1/41-thickbox_default.jpg','http://montessoriph.com/index.php?id_product=8&rewrite=infant-box-with-coins&controller=product&id_lang=1','2021-03-11 09:00:04'),(215,1,1,'/img/p/4/2/42-thickbox_default.jpg','http://montessoriph.com/index.php?id_product=9&rewrite=puzzle-with-1-square&controller=product&id_lang=1','2021-03-11 09:00:04'),(216,1,1,'/img/p/4/3/43-thickbox_default.jpg','http://montessoriph.com/index.php?id_product=10&rewrite=puzzle-with-3-circles&controller=product&id_lang=1','2021-03-11 09:00:05'),(217,1,1,'/img/p/4/5/45-thickbox_default.jpg','http://montessoriph.com/index.php?id_product=11&rewrite=toddler-box-with-ball&controller=product&id_lang=1','2021-03-11 09:00:05'),(218,1,1,'/img/p/4/6/46-thickbox_default.jpg','http://montessoriph.com/index.php?id_product=12&rewrite=toddler-peg-box&controller=product&id_lang=1','2021-03-11 09:00:05'),(219,1,1,'/img/p/4/8/48-thickbox_default.jpg','http://montessoriph.com/index.php?id_product=13&rewrite=puzzle-with-1-triangle&controller=product&id_lang=1','2021-03-11 09:00:06'),(220,1,1,'/img/p/tl-default-home_default.jpg','http://montessoriph.com/index.php?id_category=10&controller=category&id_lang=2','2021-03-11 09:01:16'),(221,1,1,'/img/p/4/9/49-thickbox_default.jpg','http://montessoriph.com/index.php?id_product=14&rewrite=tpm016&controller=product&id_lang=1','2021-03-11 09:01:57'),(222,1,1,'/img/p/5/0/50-thickbox_default.jpg','http://montessoriph.com/index.php?id_product=15&rewrite=3-cubes-on-1-vertical-stick&controller=product&id_lang=1','2021-03-11 09:01:57'),(223,1,1,'/img/p/5/1/51-thickbox_default.jpg','http://montessoriph.com/index.php?id_product=16&rewrite=3-discs-on-1-horizontal-stick&controller=product&id_lang=1','2021-03-11 09:01:57'),(224,1,1,'/img/p/5/2/52-thickbox_default.jpg','http://montessoriph.com/index.php?id_product=17&rewrite=serpentine-horizontal-straight&controller=product&id_lang=1','2021-03-11 09:01:57'),(225,1,1,'/img/p/5/4/54-thickbox_default.jpg','http://montessoriph.com/index.php?id_product=19&rewrite=infant-box-with-rectangle&controller=product&id_lang=1','2021-03-11 09:01:57'),(226,1,1,'/img/p/5/5/55-thickbox_default.jpg','http://montessoriph.com/index.php?id_product=20&rewrite=infant-box-with-square&controller=product&id_lang=1','2021-03-11 09:01:57'),(227,1,1,'/img/p/5/7/57-thickbox_default.jpg','http://montessoriph.com/index.php?id_product=21&rewrite=colorful-wood-lacing-beads&controller=product&id_lang=1','2021-03-11 09:01:58'),(228,1,1,'/img/p/5/8/58-thickbox_default.jpg','http://montessoriph.com/index.php?id_product=22&rewrite=brown-stair-mini&controller=product&id_lang=1','2021-03-11 09:01:58'),(229,1,1,'/img/p/6/0/60-thickbox_default.jpg','http://montessoriph.com/index.php?id_product=23&rewrite=cylinder-blocks-mini&controller=product&id_lang=1','2021-03-11 09:01:58'),(230,1,1,'/img/p/6/1/61-thickbox_default.jpg','http://montessoriph.com/index.php?id_product=24&rewrite=numerical-rods-mini&controller=product&id_lang=1','2021-03-11 09:01:58'),(231,1,1,'/img/p/6/2/62-thickbox_default.jpg','http://montessoriph.com/index.php?id_product=25&rewrite=pink-tower-mini&controller=product&id_lang=1','2021-03-11 09:01:58'),(232,1,1,'/img/p/6/3/63-thickbox_default.jpg','http://montessoriph.com/index.php?id_product=26&rewrite=foot-balance-board&controller=product&id_lang=1','2021-03-11 09:01:58'),(233,1,1,'/img/p/5/9/59-thickbox_default.jpg','http://montessoriph.com/index.php?id_product=40&rewrite=4-ovaloids-on-pegs&controller=product&id_lang=1','2021-03-11 09:05:29'),(234,1,1,'/img/p/tl-default-large_default.jpg','http://montessoriph.com/index.php?id_product=234&rewrite=botany-cabinet-18-leaf-shape-insets&controller=product&id_lang=2','2021-03-11 09:05:30'),(235,1,1,'/img/p/6/4/64-thickbox_default.jpg','http://montessoriph.com/index.php?id_product=27&rewrite=4-shapes-bricks-and-3-colors&controller=product&id_lang=1','2021-03-11 09:09:21'),(236,1,1,'/img/p/6/5/65-thickbox_default.jpg','http://montessoriph.com/index.php?id_product=28&rewrite=9-bricks-3-colors-3-shapes&controller=product&id_lang=1','2021-03-11 09:09:21'),(237,1,1,'/img/p/6/6/66-thickbox_default.jpg','http://montessoriph.com/index.php?id_product=29&rewrite=geometric-forms&controller=product&id_lang=1','2021-03-11 09:09:21'),(238,1,1,'/img/p/6/7/67-thickbox_default.jpg','http://montessoriph.com/index.php?id_product=30&rewrite=round-bricks-4-colors&controller=product&id_lang=1','2021-03-11 09:09:21'),(239,1,1,'/img/p/6/8/68-thickbox_default.jpg','http://montessoriph.com/index.php?id_product=31&rewrite=5-shapes-bricks-big-size&controller=product&id_lang=1','2021-03-11 09:09:21'),(240,1,1,'/img/p/7/0/70-thickbox_default.jpg','http://montessoriph.com/index.php?id_product=31&rewrite=5-shapes-bricks-big-size&controller=product&id_lang=1','2021-03-11 09:09:21'),(241,1,1,'/img/p/3/1/31-thickbox_default.jpg','http://montessoriph.com/index.php?id_product=32&rewrite=5-shapes-of-5-colors&controller=product&id_lang=1','2021-03-11 09:09:21'),(242,1,1,'/img/p/3/4/34-thickbox_default.jpg','http://montessoriph.com/index.php?id_product=33&rewrite=4-shapes-with-3-colors&controller=product&id_lang=1','2021-03-11 09:09:22'),(243,1,1,'/img/p/3/7/37-thickbox_default.jpg','http://montessoriph.com/index.php?id_product=34&rewrite=geo-ladder-same-shapescolor&controller=product&id_lang=1','2021-03-11 09:09:22'),(244,1,1,'/img/p/4/0/40-thickbox_default.jpg','http://montessoriph.com/index.php?id_product=35&rewrite=geo-shapes-square-puzzle&controller=product&id_lang=1','2021-03-11 09:09:22'),(245,1,1,'/img/p/4/4/44-thickbox_default.jpg','http://montessoriph.com/index.php?id_product=36&rewrite=geo-shapes-fraction-puzzle&controller=product&id_lang=1','2021-03-11 09:09:22'),(246,1,1,'/img/p/4/7/47-thickbox_default.jpg','http://montessoriph.com/index.php?id_product=37&rewrite=geo-solids-ladder-cylinders&controller=product&id_lang=1','2021-03-11 09:09:22'),(247,1,1,'/img/p/5/3/53-thickbox_default.jpg','http://montessoriph.com/index.php?id_product=38&rewrite=toddler-interlocking-discs&controller=product&id_lang=1','2021-03-11 09:09:22'),(248,1,1,'/img/p/5/6/56-thickbox_default.jpg','http://montessoriph.com/index.php?id_product=39&rewrite=toddler-bell&controller=product&id_lang=1','2021-03-11 09:09:22'),(249,1,1,'/facebook%20url','http://montessoriph.com/index.php','2021-03-11 09:46:38'),(250,1,1,'/twitter%20url','http://montessoriph.com/index.php','2021-03-11 09:46:38'),(251,1,1,'/instagram%20url','http://montessoriph.com/index.php','2021-03-11 09:46:38'),(252,1,1,'/google%20url','http://montessoriph.com/index.php','2021-03-11 09:46:38'),(253,1,1,'/pintrest%20url','http://montessoriph.com/index.php','2021-03-11 09:46:38'),(254,1,1,'/youtube%20url','http://montessoriph.com/index.php','2021-03-11 09:46:38'),(255,1,1,'/vimeo%20url','http://montessoriph.com/index.php','2021-03-11 09:46:38'),(256,1,1,'/img/p/3/2/32-thickbox_default.jpg','http://montessoriph.com/index.php?id_product=1&rewrite=puzzle-with-3-shapes-of-3-colors&controller=product&id_lang=1','2021-03-11 09:48:20'),(257,1,1,'/img/p/3/3/33-thickbox_default.jpg','http://montessoriph.com/index.php?id_product=2&rewrite=puzzle-of-1-big-circle&controller=product&id_lang=1','2021-03-11 09:48:20'),(258,1,1,'/img/p/3/5/35-thickbox_default.jpg','http://montessoriph.com/index.php?id_product=3&rewrite=holder-for-cards&controller=product&id_lang=1','2021-03-11 09:48:20'),(259,1,1,'/img/p/3/6/36-thickbox_default.jpg','http://montessoriph.com/index.php?id_product=4&rewrite=cabinet-and-tray&controller=product&id_lang=1','2021-03-11 09:48:20'),(260,1,1,'/img/p/3/8/38-thickbox_default.jpg','http://montessoriph.com/index.php?id_product=6&rewrite=infant-box-with-cylinder&controller=product&id_lang=1','2021-03-11 09:48:20'),(261,1,1,'/img/p/3/9/39-thickbox_default.jpg','http://montessoriph.com/index.php?id_product=7&rewrite=infant-box-with-triangle&controller=product&id_lang=1','2021-03-11 09:48:20'),(262,1,1,'/img/p/4/1/41-thickbox_default.jpg','http://montessoriph.com/index.php?id_product=8&rewrite=infant-box-with-coins&controller=product&id_lang=1','2021-03-11 09:48:20'),(263,1,1,'/img/p/4/2/42-thickbox_default.jpg','http://montessoriph.com/index.php?id_product=9&rewrite=puzzle-with-1-square&controller=product&id_lang=1','2021-03-11 09:48:20'),(264,1,1,'/img/p/4/3/43-thickbox_default.jpg','http://montessoriph.com/index.php?id_product=10&rewrite=puzzle-with-3-circles&controller=product&id_lang=1','2021-03-11 09:48:20'),(265,1,1,'/img/p/4/5/45-thickbox_default.jpg','http://montessoriph.com/index.php?id_product=11&rewrite=toddler-box-with-ball&controller=product&id_lang=1','2021-03-11 09:48:21'),(266,1,1,'/img/p/4/6/46-thickbox_default.jpg','http://montessoriph.com/index.php?id_product=12&rewrite=toddler-peg-box&controller=product&id_lang=1','2021-03-11 09:48:21'),(267,1,1,'/img/p/4/8/48-thickbox_default.jpg','http://montessoriph.com/index.php?id_product=13&rewrite=puzzle-with-1-triangle&controller=product&id_lang=1','2021-03-11 09:48:21'),(268,1,1,'/img/p/tl-default-home_default.jpg','http://montessoriph.com/index.php?id_category=10&controller=category&id_lang=2','2021-03-11 09:49:39'),(269,1,1,'/img/p/4/9/49-thickbox_default.jpg','http://montessoriph.com/index.php?id_product=14&rewrite=tpm016&controller=product&id_lang=1','2021-03-11 09:50:17'),(270,1,1,'/img/p/5/0/50-thickbox_default.jpg','http://montessoriph.com/index.php?id_product=15&rewrite=3-cubes-on-1-vertical-stick&controller=product&id_lang=1','2021-03-11 09:50:18'),(271,1,1,'/img/p/5/1/51-thickbox_default.jpg','http://montessoriph.com/index.php?id_product=16&rewrite=3-discs-on-1-horizontal-stick&controller=product&id_lang=1','2021-03-11 09:50:18'),(272,1,1,'/img/p/5/2/52-thickbox_default.jpg','http://montessoriph.com/index.php?id_product=17&rewrite=serpentine-horizontal-straight&controller=product&id_lang=1','2021-03-11 09:50:18'),(273,1,1,'/img/p/5/4/54-thickbox_default.jpg','http://montessoriph.com/index.php?id_product=19&rewrite=infant-box-with-rectangle&controller=product&id_lang=1','2021-03-11 09:50:18'),(274,1,1,'/img/p/5/5/55-thickbox_default.jpg','http://montessoriph.com/index.php?id_product=20&rewrite=infant-box-with-square&controller=product&id_lang=1','2021-03-11 09:50:18'),(275,1,1,'/img/p/5/7/57-thickbox_default.jpg','http://montessoriph.com/index.php?id_product=21&rewrite=colorful-wood-lacing-beads&controller=product&id_lang=1','2021-03-11 09:50:18'),(276,1,1,'/img/p/5/8/58-thickbox_default.jpg','http://montessoriph.com/index.php?id_product=22&rewrite=brown-stair-mini&controller=product&id_lang=1','2021-03-11 09:50:18'),(277,1,1,'/img/p/6/0/60-thickbox_default.jpg','http://montessoriph.com/index.php?id_product=23&rewrite=cylinder-blocks-mini&controller=product&id_lang=1','2021-03-11 09:50:18'),(278,1,1,'/img/p/6/1/61-thickbox_default.jpg','http://montessoriph.com/index.php?id_product=24&rewrite=numerical-rods-mini&controller=product&id_lang=1','2021-03-11 09:50:18'),(279,1,1,'/img/p/6/2/62-thickbox_default.jpg','http://montessoriph.com/index.php?id_product=25&rewrite=pink-tower-mini&controller=product&id_lang=1','2021-03-11 09:50:18'),(280,1,1,'/img/p/6/3/63-thickbox_default.jpg','http://montessoriph.com/index.php?id_product=26&rewrite=foot-balance-board&controller=product&id_lang=1','2021-03-11 09:50:18'),(281,1,1,'/img/p/5/9/59-thickbox_default.jpg','http://montessoriph.com/index.php?id_product=40&rewrite=4-ovaloids-on-pegs&controller=product&id_lang=1','2021-03-11 09:53:36'),(282,1,1,'/img/p/tl-default-large_default.jpg','http://montessoriph.com/index.php?id_product=234&rewrite=botany-cabinet-18-leaf-shape-insets&controller=product&id_lang=2','2021-03-11 09:53:37'),(283,1,1,'/facebook%20url','','2021-03-11 09:57:28'),(284,1,1,'/twitter%20url','','2021-03-11 09:57:29'),(285,1,1,'/instagram%20url','','2021-03-11 09:57:30'),(286,1,1,'/google%20url','','2021-03-11 09:57:31'),(287,1,1,'/pintrest%20url','','2021-03-11 09:57:31'),(288,1,1,'/youtube%20url','','2021-03-11 09:57:31'),(289,1,1,'/vimeo%20url','','2021-03-11 09:57:32'),(290,1,1,'/img/p/6/4/64-thickbox_default.jpg','http://montessoriph.com/index.php?id_product=27&rewrite=4-shapes-bricks-and-3-colors&controller=product&id_lang=1','2021-03-11 09:59:01'),(291,1,1,'/img/p/6/5/65-thickbox_default.jpg','http://montessoriph.com/index.php?id_product=28&rewrite=9-bricks-3-colors-3-shapes&controller=product&id_lang=1','2021-03-11 09:59:01'),(292,1,1,'/img/p/6/6/66-thickbox_default.jpg','http://montessoriph.com/index.php?id_product=29&rewrite=geometric-forms&controller=product&id_lang=1','2021-03-11 09:59:01'),(293,1,1,'/img/p/6/7/67-thickbox_default.jpg','http://montessoriph.com/index.php?id_product=30&rewrite=round-bricks-4-colors&controller=product&id_lang=1','2021-03-11 09:59:02'),(294,1,1,'/img/p/6/8/68-thickbox_default.jpg','http://montessoriph.com/index.php?id_product=31&rewrite=5-shapes-bricks-big-size&controller=product&id_lang=1','2021-03-11 09:59:02'),(295,1,1,'/img/p/7/0/70-thickbox_default.jpg','http://montessoriph.com/index.php?id_product=31&rewrite=5-shapes-bricks-big-size&controller=product&id_lang=1','2021-03-11 09:59:02'),(296,1,1,'/img/p/3/1/31-thickbox_default.jpg','http://montessoriph.com/index.php?id_product=32&rewrite=5-shapes-of-5-colors&controller=product&id_lang=1','2021-03-11 09:59:02'),(297,1,1,'/img/p/3/4/34-thickbox_default.jpg','http://montessoriph.com/index.php?id_product=33&rewrite=4-shapes-with-3-colors&controller=product&id_lang=1','2021-03-11 09:59:02'),(298,1,1,'/img/p/3/7/37-thickbox_default.jpg','http://montessoriph.com/index.php?id_product=34&rewrite=geo-ladder-same-shapescolor&controller=product&id_lang=1','2021-03-11 09:59:02'),(299,1,1,'/img/p/4/0/40-thickbox_default.jpg','http://montessoriph.com/index.php?id_product=35&rewrite=geo-shapes-square-puzzle&controller=product&id_lang=1','2021-03-11 09:59:02'),(300,1,1,'/img/p/4/4/44-thickbox_default.jpg','http://montessoriph.com/index.php?id_product=36&rewrite=geo-shapes-fraction-puzzle&controller=product&id_lang=1','2021-03-11 09:59:02'),(301,1,1,'/img/p/4/7/47-thickbox_default.jpg','http://montessoriph.com/index.php?id_product=37&rewrite=geo-solids-ladder-cylinders&controller=product&id_lang=1','2021-03-11 09:59:02'),(302,1,1,'/img/p/5/3/53-thickbox_default.jpg','http://montessoriph.com/index.php?id_product=38&rewrite=toddler-interlocking-discs&controller=product&id_lang=1','2021-03-11 09:59:02'),(303,1,1,'/img/p/5/6/56-thickbox_default.jpg','http://montessoriph.com/index.php?id_product=39&rewrite=toddler-bell&controller=product&id_lang=1','2021-03-11 09:59:02'),(304,1,1,'/facebook%20url','http://montessoriph.com/index.php','2021-03-11 11:00:21'),(305,1,1,'/twitter%20url','http://montessoriph.com/index.php','2021-03-11 11:00:22'),(306,1,1,'/instagram%20url','http://montessoriph.com/index.php','2021-03-11 11:00:22'),(307,1,1,'/google%20url','http://montessoriph.com/index.php','2021-03-11 11:00:22'),(308,1,1,'/pintrest%20url','http://montessoriph.com/index.php','2021-03-11 11:00:22'),(309,1,1,'/youtube%20url','http://montessoriph.com/index.php','2021-03-11 11:00:22'),(310,1,1,'/vimeo%20url','http://montessoriph.com/index.php','2021-03-11 11:00:22'),(311,1,1,'/img/p/3/2/32-thickbox_default.jpg','http://montessoriph.com/index.php?id_product=1&rewrite=puzzle-with-3-shapes-of-3-colors&controller=product&id_lang=1','2021-03-11 11:01:54'),(312,1,1,'/img/p/3/3/33-thickbox_default.jpg','http://montessoriph.com/index.php?id_product=2&rewrite=puzzle-of-1-big-circle&controller=product&id_lang=1','2021-03-11 11:01:54'),(313,1,1,'/img/p/3/5/35-thickbox_default.jpg','http://montessoriph.com/index.php?id_product=3&rewrite=holder-for-cards&controller=product&id_lang=1','2021-03-11 11:01:55'),(314,1,1,'/img/p/3/6/36-thickbox_default.jpg','http://montessoriph.com/index.php?id_product=4&rewrite=cabinet-and-tray&controller=product&id_lang=1','2021-03-11 11:01:55'),(315,1,1,'/img/p/3/8/38-thickbox_default.jpg','http://montessoriph.com/index.php?id_product=6&rewrite=infant-box-with-cylinder&controller=product&id_lang=1','2021-03-11 11:01:55'),(316,1,1,'/img/p/3/9/39-thickbox_default.jpg','http://montessoriph.com/index.php?id_product=7&rewrite=infant-box-with-triangle&controller=product&id_lang=1','2021-03-11 11:01:55'),(317,1,1,'/img/p/4/1/41-thickbox_default.jpg','http://montessoriph.com/index.php?id_product=8&rewrite=infant-box-with-coins&controller=product&id_lang=1','2021-03-11 11:01:55'),(318,1,1,'/img/p/4/2/42-thickbox_default.jpg','http://montessoriph.com/index.php?id_product=9&rewrite=puzzle-with-1-square&controller=product&id_lang=1','2021-03-11 11:01:55'),(319,1,1,'/img/p/4/3/43-thickbox_default.jpg','http://montessoriph.com/index.php?id_product=10&rewrite=puzzle-with-3-circles&controller=product&id_lang=1','2021-03-11 11:01:55'),(320,1,1,'/img/p/4/5/45-thickbox_default.jpg','http://montessoriph.com/index.php?id_product=11&rewrite=toddler-box-with-ball&controller=product&id_lang=1','2021-03-11 11:01:56'),(321,1,1,'/img/p/4/6/46-thickbox_default.jpg','http://montessoriph.com/index.php?id_product=12&rewrite=toddler-peg-box&controller=product&id_lang=1','2021-03-11 11:01:56'),(322,1,1,'/img/p/4/8/48-thickbox_default.jpg','http://montessoriph.com/index.php?id_product=13&rewrite=puzzle-with-1-triangle&controller=product&id_lang=1','2021-03-11 11:01:56'),(323,1,1,'/img/p/tl-default-home_default.jpg','http://montessoriph.com/index.php?id_category=10&controller=category&id_lang=2','2021-03-11 11:03:09'),(324,1,1,'/img/p/4/9/49-thickbox_default.jpg','http://montessoriph.com/index.php?id_product=14&rewrite=tpm016&controller=product&id_lang=1','2021-03-11 11:03:46'),(325,1,1,'/img/p/5/0/50-thickbox_default.jpg','http://montessoriph.com/index.php?id_product=15&rewrite=3-cubes-on-1-vertical-stick&controller=product&id_lang=1','2021-03-11 11:03:46'),(326,1,1,'/img/p/5/1/51-thickbox_default.jpg','http://montessoriph.com/index.php?id_product=16&rewrite=3-discs-on-1-horizontal-stick&controller=product&id_lang=1','2021-03-11 11:03:46'),(327,1,1,'/img/p/5/2/52-thickbox_default.jpg','http://montessoriph.com/index.php?id_product=17&rewrite=serpentine-horizontal-straight&controller=product&id_lang=1','2021-03-11 11:03:46'),(328,1,1,'/img/p/5/4/54-thickbox_default.jpg','http://montessoriph.com/index.php?id_product=19&rewrite=infant-box-with-rectangle&controller=product&id_lang=1','2021-03-11 11:03:46'),(329,1,1,'/img/p/5/5/55-thickbox_default.jpg','http://montessoriph.com/index.php?id_product=20&rewrite=infant-box-with-square&controller=product&id_lang=1','2021-03-11 11:03:46'),(330,1,1,'/img/p/5/7/57-thickbox_default.jpg','http://montessoriph.com/index.php?id_product=21&rewrite=colorful-wood-lacing-beads&controller=product&id_lang=1','2021-03-11 11:03:46'),(331,1,1,'/img/p/5/8/58-thickbox_default.jpg','http://montessoriph.com/index.php?id_product=22&rewrite=brown-stair-mini&controller=product&id_lang=1','2021-03-11 11:03:46'),(332,1,1,'/img/p/6/0/60-thickbox_default.jpg','http://montessoriph.com/index.php?id_product=23&rewrite=cylinder-blocks-mini&controller=product&id_lang=1','2021-03-11 11:03:47'),(333,1,1,'/img/p/6/1/61-thickbox_default.jpg','http://montessoriph.com/index.php?id_product=24&rewrite=numerical-rods-mini&controller=product&id_lang=1','2021-03-11 11:03:47'),(334,1,1,'/img/p/6/2/62-thickbox_default.jpg','http://montessoriph.com/index.php?id_product=25&rewrite=pink-tower-mini&controller=product&id_lang=1','2021-03-11 11:03:47'),(335,1,1,'/img/p/6/3/63-thickbox_default.jpg','http://montessoriph.com/index.php?id_product=26&rewrite=foot-balance-board&controller=product&id_lang=1','2021-03-11 11:03:47'),(336,1,1,'/img/p/5/9/59-thickbox_default.jpg','http://montessoriph.com/index.php?id_product=40&rewrite=4-ovaloids-on-pegs&controller=product&id_lang=1','2021-03-11 11:07:24'),(337,1,1,'/img/p/tl-default-large_default.jpg','http://montessoriph.com/index.php?id_product=234&rewrite=botany-cabinet-18-leaf-shape-insets&controller=product&id_lang=2','2021-03-11 11:07:25'),(338,1,1,'/img/p/6/4/64-thickbox_default.jpg','http://montessoriph.com/index.php?id_product=27&rewrite=4-shapes-bricks-and-3-colors&controller=product&id_lang=1','2021-03-11 11:11:47'),(339,1,1,'/img/p/6/5/65-thickbox_default.jpg','http://montessoriph.com/index.php?id_product=28&rewrite=9-bricks-3-colors-3-shapes&controller=product&id_lang=1','2021-03-11 11:11:47'),(340,1,1,'/img/p/6/6/66-thickbox_default.jpg','http://montessoriph.com/index.php?id_product=29&rewrite=geometric-forms&controller=product&id_lang=1','2021-03-11 11:11:47'),(341,1,1,'/img/p/6/7/67-thickbox_default.jpg','http://montessoriph.com/index.php?id_product=30&rewrite=round-bricks-4-colors&controller=product&id_lang=1','2021-03-11 11:11:47'),(342,1,1,'/img/p/6/8/68-thickbox_default.jpg','http://montessoriph.com/index.php?id_product=31&rewrite=5-shapes-bricks-big-size&controller=product&id_lang=1','2021-03-11 11:11:47'),(343,1,1,'/img/p/7/0/70-thickbox_default.jpg','http://montessoriph.com/index.php?id_product=31&rewrite=5-shapes-bricks-big-size&controller=product&id_lang=1','2021-03-11 11:11:47'),(344,1,1,'/img/p/3/1/31-thickbox_default.jpg','http://montessoriph.com/index.php?id_product=32&rewrite=5-shapes-of-5-colors&controller=product&id_lang=1','2021-03-11 11:11:47'),(345,1,1,'/img/p/3/4/34-thickbox_default.jpg','http://montessoriph.com/index.php?id_product=33&rewrite=4-shapes-with-3-colors&controller=product&id_lang=1','2021-03-11 11:11:48'),(346,1,1,'/img/p/3/7/37-thickbox_default.jpg','http://montessoriph.com/index.php?id_product=34&rewrite=geo-ladder-same-shapescolor&controller=product&id_lang=1','2021-03-11 11:11:48'),(347,1,1,'/img/p/4/0/40-thickbox_default.jpg','http://montessoriph.com/index.php?id_product=35&rewrite=geo-shapes-square-puzzle&controller=product&id_lang=1','2021-03-11 11:11:48'),(348,1,1,'/img/p/4/4/44-thickbox_default.jpg','http://montessoriph.com/index.php?id_product=36&rewrite=geo-shapes-fraction-puzzle&controller=product&id_lang=1','2021-03-11 11:11:48'),(349,1,1,'/img/p/4/7/47-thickbox_default.jpg','http://montessoriph.com/index.php?id_product=37&rewrite=geo-solids-ladder-cylinders&controller=product&id_lang=1','2021-03-11 11:11:48'),(350,1,1,'/img/p/5/3/53-thickbox_default.jpg','http://montessoriph.com/index.php?id_product=38&rewrite=toddler-interlocking-discs&controller=product&id_lang=1','2021-03-11 11:11:48'),(351,1,1,'/img/p/5/6/56-thickbox_default.jpg','http://montessoriph.com/index.php?id_product=39&rewrite=toddler-bell&controller=product&id_lang=1','2021-03-11 11:11:48'),(352,1,1,'/facebook%20url','http://montessoriph.com/index.php','2021-03-11 11:46:05'),(353,1,1,'/twitter%20url','http://montessoriph.com/index.php','2021-03-11 11:46:05'),(354,1,1,'/instagram%20url','http://montessoriph.com/index.php','2021-03-11 11:46:05'),(355,1,1,'/google%20url','http://montessoriph.com/index.php','2021-03-11 11:46:05'),(356,1,1,'/pintrest%20url','http://montessoriph.com/index.php','2021-03-11 11:46:05'),(357,1,1,'/youtube%20url','http://montessoriph.com/index.php','2021-03-11 11:46:05'),(358,1,1,'/vimeo%20url','http://montessoriph.com/index.php','2021-03-11 11:46:05'),(359,1,1,'/img/p/3/2/32-thickbox_default.jpg','http://montessoriph.com/index.php?id_product=1&rewrite=puzzle-with-3-shapes-of-3-colors&controller=product&id_lang=1','2021-03-11 11:47:51'),(360,1,1,'/img/p/3/3/33-thickbox_default.jpg','http://montessoriph.com/index.php?id_product=2&rewrite=puzzle-of-1-big-circle&controller=product&id_lang=1','2021-03-11 11:47:52'),(361,1,1,'/img/p/3/5/35-thickbox_default.jpg','http://montessoriph.com/index.php?id_product=3&rewrite=holder-for-cards&controller=product&id_lang=1','2021-03-11 11:47:52'),(362,1,1,'/img/p/3/6/36-thickbox_default.jpg','http://montessoriph.com/index.php?id_product=4&rewrite=cabinet-and-tray&controller=product&id_lang=1','2021-03-11 11:47:52'),(363,1,1,'/img/p/3/8/38-thickbox_default.jpg','http://montessoriph.com/index.php?id_product=6&rewrite=infant-box-with-cylinder&controller=product&id_lang=1','2021-03-11 11:47:52'),(364,1,1,'/img/p/3/9/39-thickbox_default.jpg','http://montessoriph.com/index.php?id_product=7&rewrite=infant-box-with-triangle&controller=product&id_lang=1','2021-03-11 11:47:52'),(365,1,1,'/img/p/4/1/41-thickbox_default.jpg','http://montessoriph.com/index.php?id_product=8&rewrite=infant-box-with-coins&controller=product&id_lang=1','2021-03-11 11:47:52'),(366,1,1,'/img/p/4/2/42-thickbox_default.jpg','http://montessoriph.com/index.php?id_product=9&rewrite=puzzle-with-1-square&controller=product&id_lang=1','2021-03-11 11:47:52'),(367,1,1,'/img/p/4/3/43-thickbox_default.jpg','http://montessoriph.com/index.php?id_product=10&rewrite=puzzle-with-3-circles&controller=product&id_lang=1','2021-03-11 11:47:52'),(368,1,1,'/img/p/4/5/45-thickbox_default.jpg','http://montessoriph.com/index.php?id_product=11&rewrite=toddler-box-with-ball&controller=product&id_lang=1','2021-03-11 11:47:53'),(369,1,1,'/img/p/4/6/46-thickbox_default.jpg','http://montessoriph.com/index.php?id_product=12&rewrite=toddler-peg-box&controller=product&id_lang=1','2021-03-11 11:47:53'),(370,1,1,'/img/p/4/8/48-thickbox_default.jpg','http://montessoriph.com/index.php?id_product=13&rewrite=puzzle-with-1-triangle&controller=product&id_lang=1','2021-03-11 11:47:53'),(371,1,1,'/img/p/tl-default-home_default.jpg','http://montessoriph.com/index.php?id_category=10&controller=category&id_lang=2','2021-03-11 11:49:05'),(372,1,1,'/img/p/4/9/49-thickbox_default.jpg','http://montessoriph.com/index.php?id_product=14&rewrite=tpm016&controller=product&id_lang=1','2021-03-11 11:49:41'),(373,1,1,'/img/p/5/0/50-thickbox_default.jpg','http://montessoriph.com/index.php?id_product=15&rewrite=3-cubes-on-1-vertical-stick&controller=product&id_lang=1','2021-03-11 11:49:41'),(374,1,1,'/img/p/5/1/51-thickbox_default.jpg','http://montessoriph.com/index.php?id_product=16&rewrite=3-discs-on-1-horizontal-stick&controller=product&id_lang=1','2021-03-11 11:49:41'),(375,1,1,'/img/p/5/2/52-thickbox_default.jpg','http://montessoriph.com/index.php?id_product=17&rewrite=serpentine-horizontal-straight&controller=product&id_lang=1','2021-03-11 11:49:41'),(376,1,1,'/img/p/5/4/54-thickbox_default.jpg','http://montessoriph.com/index.php?id_product=19&rewrite=infant-box-with-rectangle&controller=product&id_lang=1','2021-03-11 11:49:41'),(377,1,1,'/img/p/5/5/55-thickbox_default.jpg','http://montessoriph.com/index.php?id_product=20&rewrite=infant-box-with-square&controller=product&id_lang=1','2021-03-11 11:49:41'),(378,1,1,'/img/p/5/7/57-thickbox_default.jpg','http://montessoriph.com/index.php?id_product=21&rewrite=colorful-wood-lacing-beads&controller=product&id_lang=1','2021-03-11 11:49:41'),(379,1,1,'/img/p/5/8/58-thickbox_default.jpg','http://montessoriph.com/index.php?id_product=22&rewrite=brown-stair-mini&controller=product&id_lang=1','2021-03-11 11:49:41'),(380,1,1,'/img/p/6/0/60-thickbox_default.jpg','http://montessoriph.com/index.php?id_product=23&rewrite=cylinder-blocks-mini&controller=product&id_lang=1','2021-03-11 11:49:41'),(381,1,1,'/img/p/6/1/61-thickbox_default.jpg','http://montessoriph.com/index.php?id_product=24&rewrite=numerical-rods-mini&controller=product&id_lang=1','2021-03-11 11:49:41'),(382,1,1,'/img/p/6/2/62-thickbox_default.jpg','http://montessoriph.com/index.php?id_product=25&rewrite=pink-tower-mini&controller=product&id_lang=1','2021-03-11 11:49:42'),(383,1,1,'/img/p/6/3/63-thickbox_default.jpg','http://montessoriph.com/index.php?id_product=26&rewrite=foot-balance-board&controller=product&id_lang=1','2021-03-11 11:49:42'),(384,1,1,'/img/p/5/9/59-thickbox_default.jpg','http://montessoriph.com/index.php?id_product=40&rewrite=4-ovaloids-on-pegs&controller=product&id_lang=1','2021-03-11 11:53:57'),(385,1,1,'/img/p/tl-default-large_default.jpg','http://montessoriph.com/index.php?id_product=234&rewrite=botany-cabinet-18-leaf-shape-insets&controller=product&id_lang=2','2021-03-11 11:53:59'),(386,1,1,'/img/p/6/4/64-thickbox_default.jpg','http://montessoriph.com/index.php?id_product=27&rewrite=4-shapes-bricks-and-3-colors&controller=product&id_lang=1','2021-03-11 11:58:05'),(387,1,1,'/img/p/6/5/65-thickbox_default.jpg','http://montessoriph.com/index.php?id_product=28&rewrite=9-bricks-3-colors-3-shapes&controller=product&id_lang=1','2021-03-11 11:58:05'),(388,1,1,'/img/p/6/6/66-thickbox_default.jpg','http://montessoriph.com/index.php?id_product=29&rewrite=geometric-forms&controller=product&id_lang=1','2021-03-11 11:58:05'),(389,1,1,'/img/p/6/7/67-thickbox_default.jpg','http://montessoriph.com/index.php?id_product=30&rewrite=round-bricks-4-colors&controller=product&id_lang=1','2021-03-11 11:58:05'),(390,1,1,'/img/p/6/8/68-thickbox_default.jpg','http://montessoriph.com/index.php?id_product=31&rewrite=5-shapes-bricks-big-size&controller=product&id_lang=1','2021-03-11 11:58:05'),(391,1,1,'/img/p/7/0/70-thickbox_default.jpg','http://montessoriph.com/index.php?id_product=31&rewrite=5-shapes-bricks-big-size&controller=product&id_lang=1','2021-03-11 11:58:05'),(392,1,1,'/img/p/3/1/31-thickbox_default.jpg','http://montessoriph.com/index.php?id_product=32&rewrite=5-shapes-of-5-colors&controller=product&id_lang=1','2021-03-11 11:58:05'),(393,1,1,'/img/p/3/4/34-thickbox_default.jpg','http://montessoriph.com/index.php?id_product=33&rewrite=4-shapes-with-3-colors&controller=product&id_lang=1','2021-03-11 11:58:06'),(394,1,1,'/img/p/3/7/37-thickbox_default.jpg','http://montessoriph.com/index.php?id_product=34&rewrite=geo-ladder-same-shapescolor&controller=product&id_lang=1','2021-03-11 11:58:06'),(395,1,1,'/img/p/4/0/40-thickbox_default.jpg','http://montessoriph.com/index.php?id_product=35&rewrite=geo-shapes-square-puzzle&controller=product&id_lang=1','2021-03-11 11:58:06'),(396,1,1,'/img/p/4/4/44-thickbox_default.jpg','http://montessoriph.com/index.php?id_product=36&rewrite=geo-shapes-fraction-puzzle&controller=product&id_lang=1','2021-03-11 11:58:06'),(397,1,1,'/img/p/4/7/47-thickbox_default.jpg','http://montessoriph.com/index.php?id_product=37&rewrite=geo-solids-ladder-cylinders&controller=product&id_lang=1','2021-03-11 11:58:06'),(398,1,1,'/img/p/5/3/53-thickbox_default.jpg','http://montessoriph.com/index.php?id_product=38&rewrite=toddler-interlocking-discs&controller=product&id_lang=1','2021-03-11 11:58:06'),(399,1,1,'/img/p/5/6/56-thickbox_default.jpg','http://montessoriph.com/index.php?id_product=39&rewrite=toddler-bell&controller=product&id_lang=1','2021-03-11 11:58:06'),(400,1,1,'/login','','2021-03-11 12:08:12'),(401,1,1,'/jenkins/login','','2021-03-11 12:08:12'),(402,1,1,'/index.php?controller=404','http://161.97.139.200:80/manager/html','2021-03-11 12:08:13'),(403,1,1,'/index.php?controller=404','http://161.97.139.200:80/_ignition/execute-solution','2021-03-11 12:08:14'),(404,1,1,'/facebook%20url','','2021-03-11 12:38:58'),(405,1,1,'/twitter%20url','','2021-03-11 12:38:59'),(406,1,1,'/instagram%20url','','2021-03-11 12:38:59'),(407,1,1,'/google%20url','','2021-03-11 12:39:06'),(408,1,1,'/pintrest%20url','','2021-03-11 12:39:09'),(409,1,1,'/youtube%20url','','2021-03-11 12:39:10'),(410,1,1,'/vimeo%20url','','2021-03-11 12:39:12'),(411,1,1,'/facebook%20url','','2021-03-11 12:51:08'),(412,1,1,'/twitter%20url','','2021-03-11 12:51:08'),(413,1,1,'/instagram%20url','','2021-03-11 12:51:08'),(414,1,1,'/google%20url','','2021-03-11 12:51:11'),(415,1,1,'/pintrest%20url','','2021-03-11 12:52:05'),(416,1,1,'/youtube%20url','','2021-03-11 12:52:23'),(417,1,1,'/vimeo%20url','','2021-03-11 12:52:30'),(418,1,1,'/facebook%20url','http://montessoriph.com/index.php','2021-03-11 15:08:58'),(419,1,1,'/twitter%20url','http://montessoriph.com/index.php','2021-03-11 15:08:59'),(420,1,1,'/instagram%20url','http://montessoriph.com/index.php','2021-03-11 15:08:59'),(421,1,1,'/google%20url','http://montessoriph.com/index.php','2021-03-11 15:08:59'),(422,1,1,'/pintrest%20url','http://montessoriph.com/index.php','2021-03-11 15:09:00'),(423,1,1,'/youtube%20url','http://montessoriph.com/index.php','2021-03-11 15:09:00'),(424,1,1,'/vimeo%20url','http://montessoriph.com/index.php','2021-03-11 15:09:00'),(425,1,1,'/img/p/3/2/32-thickbox_default.jpg','http://montessoriph.com/index.php?id_product=1&rewrite=puzzle-with-3-shapes-of-3-colors&controller=product&id_lang=1','2021-03-11 15:14:29'),(426,1,1,'/img/p/3/3/33-thickbox_default.jpg','http://montessoriph.com/index.php?id_product=2&rewrite=puzzle-of-1-big-circle&controller=product&id_lang=1','2021-03-11 15:14:30'),(427,1,1,'/img/p/3/5/35-thickbox_default.jpg','http://montessoriph.com/index.php?id_product=3&rewrite=holder-for-cards&controller=product&id_lang=1','2021-03-11 15:14:30'),(428,1,1,'/img/p/3/6/36-thickbox_default.jpg','http://montessoriph.com/index.php?id_product=4&rewrite=cabinet-and-tray&controller=product&id_lang=1','2021-03-11 15:14:31'),(429,1,1,'/img/p/3/8/38-thickbox_default.jpg','http://montessoriph.com/index.php?id_product=6&rewrite=infant-box-with-cylinder&controller=product&id_lang=1','2021-03-11 15:14:32'),(430,1,1,'/img/p/3/9/39-thickbox_default.jpg','http://montessoriph.com/index.php?id_product=7&rewrite=infant-box-with-triangle&controller=product&id_lang=1','2021-03-11 15:14:32'),(431,1,1,'/img/p/4/1/41-thickbox_default.jpg','http://montessoriph.com/index.php?id_product=8&rewrite=infant-box-with-coins&controller=product&id_lang=1','2021-03-11 15:14:33'),(432,1,1,'/img/p/4/2/42-thickbox_default.jpg','http://montessoriph.com/index.php?id_product=9&rewrite=puzzle-with-1-square&controller=product&id_lang=1','2021-03-11 15:14:33'),(433,1,1,'/img/p/4/3/43-thickbox_default.jpg','http://montessoriph.com/index.php?id_product=10&rewrite=puzzle-with-3-circles&controller=product&id_lang=1','2021-03-11 15:14:35'),(434,1,1,'/img/p/4/5/45-thickbox_default.jpg','http://montessoriph.com/index.php?id_product=11&rewrite=toddler-box-with-ball&controller=product&id_lang=1','2021-03-11 15:14:36'),(435,1,1,'/img/p/4/6/46-thickbox_default.jpg','http://montessoriph.com/index.php?id_product=12&rewrite=toddler-peg-box&controller=product&id_lang=1','2021-03-11 15:14:38'),(436,1,1,'/img/p/4/8/48-thickbox_default.jpg','http://montessoriph.com/index.php?id_product=13&rewrite=puzzle-with-1-triangle&controller=product&id_lang=1','2021-03-11 15:14:39'),(437,1,1,'/img/p/tl-default-home_default.jpg','http://montessoriph.com/index.php?id_category=10&controller=category&id_lang=2','2021-03-11 15:19:43'),(438,1,1,'/img/p/4/9/49-thickbox_default.jpg','http://montessoriph.com/index.php?id_product=14&rewrite=tpm016&controller=product&id_lang=1','2021-03-11 15:21:56'),(439,1,1,'/img/p/5/0/50-thickbox_default.jpg','http://montessoriph.com/index.php?id_product=15&rewrite=3-cubes-on-1-vertical-stick&controller=product&id_lang=1','2021-03-11 15:21:56'),(440,1,1,'/img/p/5/1/51-thickbox_default.jpg','http://montessoriph.com/index.php?id_product=16&rewrite=3-discs-on-1-horizontal-stick&controller=product&id_lang=1','2021-03-11 15:21:57'),(441,1,1,'/img/p/5/2/52-thickbox_default.jpg','http://montessoriph.com/index.php?id_product=17&rewrite=serpentine-horizontal-straight&controller=product&id_lang=1','2021-03-11 15:21:57'),(442,1,1,'/img/p/5/4/54-thickbox_default.jpg','http://montessoriph.com/index.php?id_product=19&rewrite=infant-box-with-rectangle&controller=product&id_lang=1','2021-03-11 15:21:58'),(443,1,1,'/img/p/5/5/55-thickbox_default.jpg','http://montessoriph.com/index.php?id_product=20&rewrite=infant-box-with-square&controller=product&id_lang=1','2021-03-11 15:21:59'),(444,1,1,'/img/p/5/7/57-thickbox_default.jpg','http://montessoriph.com/index.php?id_product=21&rewrite=colorful-wood-lacing-beads&controller=product&id_lang=1','2021-03-11 15:21:59'),(445,1,1,'/img/p/5/8/58-thickbox_default.jpg','http://montessoriph.com/index.php?id_product=22&rewrite=brown-stair-mini&controller=product&id_lang=1','2021-03-11 15:22:00'),(446,1,1,'/img/p/6/0/60-thickbox_default.jpg','http://montessoriph.com/index.php?id_product=23&rewrite=cylinder-blocks-mini&controller=product&id_lang=1','2021-03-11 15:22:01'),(447,1,1,'/img/p/6/1/61-thickbox_default.jpg','http://montessoriph.com/index.php?id_product=24&rewrite=numerical-rods-mini&controller=product&id_lang=1','2021-03-11 15:22:01'),(448,1,1,'/img/p/6/2/62-thickbox_default.jpg','http://montessoriph.com/index.php?id_product=25&rewrite=pink-tower-mini&controller=product&id_lang=1','2021-03-11 15:22:02'),(449,1,1,'/img/p/6/3/63-thickbox_default.jpg','http://montessoriph.com/index.php?id_product=26&rewrite=foot-balance-board&controller=product&id_lang=1','2021-03-11 15:22:03'),(450,1,1,'/img/p/5/9/59-thickbox_default.jpg','http://montessoriph.com/index.php?id_product=40&rewrite=4-ovaloids-on-pegs&controller=product&id_lang=1','2021-03-11 15:33:24'),(451,1,1,'/index.php?controller=404','','2021-03-11 15:33:24'),(452,1,1,'/img/p/tl-default-large_default.jpg','http://montessoriph.com/index.php?id_product=234&rewrite=botany-cabinet-18-leaf-shape-insets&controller=product&id_lang=2','2021-03-11 15:33:29'),(453,1,1,'/img/p/6/4/64-thickbox_default.jpg','http://montessoriph.com/index.php?id_product=27&rewrite=4-shapes-bricks-and-3-colors&controller=product&id_lang=1','2021-03-11 15:45:22'),(454,1,1,'/img/p/6/5/65-thickbox_default.jpg','http://montessoriph.com/index.php?id_product=28&rewrite=9-bricks-3-colors-3-shapes&controller=product&id_lang=1','2021-03-11 15:45:22'),(455,1,1,'/img/p/6/6/66-thickbox_default.jpg','http://montessoriph.com/index.php?id_product=29&rewrite=geometric-forms&controller=product&id_lang=1','2021-03-11 15:45:23'),(456,1,1,'/img/p/6/7/67-thickbox_default.jpg','http://montessoriph.com/index.php?id_product=30&rewrite=round-bricks-4-colors&controller=product&id_lang=1','2021-03-11 15:45:24'),(457,1,1,'/img/p/6/8/68-thickbox_default.jpg','http://montessoriph.com/index.php?id_product=31&rewrite=5-shapes-bricks-big-size&controller=product&id_lang=1','2021-03-11 15:45:24'),(458,1,1,'/img/p/7/0/70-thickbox_default.jpg','http://montessoriph.com/index.php?id_product=31&rewrite=5-shapes-bricks-big-size&controller=product&id_lang=1','2021-03-11 15:45:25'),(459,1,1,'/img/p/3/1/31-thickbox_default.jpg','http://montessoriph.com/index.php?id_product=32&rewrite=5-shapes-of-5-colors&controller=product&id_lang=1','2021-03-11 15:45:25'),(460,1,1,'/img/p/3/4/34-thickbox_default.jpg','http://montessoriph.com/index.php?id_product=33&rewrite=4-shapes-with-3-colors&controller=product&id_lang=1','2021-03-11 15:45:26'),(461,1,1,'/img/p/3/7/37-thickbox_default.jpg','http://montessoriph.com/index.php?id_product=34&rewrite=geo-ladder-same-shapescolor&controller=product&id_lang=1','2021-03-11 15:45:27'),(462,1,1,'/img/p/4/0/40-thickbox_default.jpg','http://montessoriph.com/index.php?id_product=35&rewrite=geo-shapes-square-puzzle&controller=product&id_lang=1','2021-03-11 15:45:27'),(463,1,1,'/img/p/4/4/44-thickbox_default.jpg','http://montessoriph.com/index.php?id_product=36&rewrite=geo-shapes-fraction-puzzle&controller=product&id_lang=1','2021-03-11 15:45:28'),(464,1,1,'/img/p/4/7/47-thickbox_default.jpg','http://montessoriph.com/index.php?id_product=37&rewrite=geo-solids-ladder-cylinders&controller=product&id_lang=1','2021-03-11 15:45:28'),(465,1,1,'/img/p/5/3/53-thickbox_default.jpg','http://montessoriph.com/index.php?id_product=38&rewrite=toddler-interlocking-discs&controller=product&id_lang=1','2021-03-11 15:45:29'),(466,1,1,'/img/p/5/6/56-thickbox_default.jpg','http://montessoriph.com/index.php?id_product=39&rewrite=toddler-bell&controller=product&id_lang=1','2021-03-11 15:45:30'),(467,1,1,'/0bef','','2021-03-11 16:49:14'),(468,1,1,'/index.php?controller=404','http://161.97.139.200:80/solr/admin/info/system?wt=json','2021-03-11 17:42:51'),(469,1,1,'/index.php?controller=404','http://161.97.139.200:80/wp-content/plugins/wp-file-manager/readme.txt','2021-03-11 17:42:54'),(470,1,1,'/index.php?controller=404','http://161.97.139.200:80/console/','2021-03-11 17:42:56'),(471,1,1,'/index.php?controller=404','http://161.97.139.200:80/_ignition/execute-solution','2021-03-11 17:42:57'),(472,1,1,'/index.php?controller=404','http://161.97.139.200:80/Autodiscover/Autodiscover.xml','2021-03-11 17:42:57'),(473,1,1,'/facebook%20url','http://montessoriph.com/index.php','2021-03-11 19:07:31'),(474,1,1,'/twitter%20url','http://montessoriph.com/index.php','2021-03-11 19:07:31'),(475,1,1,'/instagram%20url','http://montessoriph.com/index.php','2021-03-11 19:07:31'),(476,1,1,'/google%20url','http://montessoriph.com/index.php','2021-03-11 19:07:31'),(477,1,1,'/pintrest%20url','http://montessoriph.com/index.php','2021-03-11 19:07:31'),(478,1,1,'/youtube%20url','http://montessoriph.com/index.php','2021-03-11 19:07:31'),(479,1,1,'/vimeo%20url','http://montessoriph.com/index.php','2021-03-11 19:07:31'),(480,1,1,'/img/p/3/2/32-thickbox_default.jpg','http://montessoriph.com/index.php?id_product=1&rewrite=puzzle-with-3-shapes-of-3-colors&controller=product&id_lang=1','2021-03-11 19:09:08'),(481,1,1,'/img/p/3/3/33-thickbox_default.jpg','http://montessoriph.com/index.php?id_product=2&rewrite=puzzle-of-1-big-circle&controller=product&id_lang=1','2021-03-11 19:09:08'),(482,1,1,'/img/p/3/5/35-thickbox_default.jpg','http://montessoriph.com/index.php?id_product=3&rewrite=holder-for-cards&controller=product&id_lang=1','2021-03-11 19:09:09'),(483,1,1,'/img/p/3/6/36-thickbox_default.jpg','http://montessoriph.com/index.php?id_product=4&rewrite=cabinet-and-tray&controller=product&id_lang=1','2021-03-11 19:09:09'),(484,1,1,'/img/p/3/8/38-thickbox_default.jpg','http://montessoriph.com/index.php?id_product=6&rewrite=infant-box-with-cylinder&controller=product&id_lang=1','2021-03-11 19:09:09'),(485,1,1,'/img/p/3/9/39-thickbox_default.jpg','http://montessoriph.com/index.php?id_product=7&rewrite=infant-box-with-triangle&controller=product&id_lang=1','2021-03-11 19:09:09'),(486,1,1,'/img/p/4/1/41-thickbox_default.jpg','http://montessoriph.com/index.php?id_product=8&rewrite=infant-box-with-coins&controller=product&id_lang=1','2021-03-11 19:09:09'),(487,1,1,'/img/p/4/2/42-thickbox_default.jpg','http://montessoriph.com/index.php?id_product=9&rewrite=puzzle-with-1-square&controller=product&id_lang=1','2021-03-11 19:09:09'),(488,1,1,'/img/p/4/3/43-thickbox_default.jpg','http://montessoriph.com/index.php?id_product=10&rewrite=puzzle-with-3-circles&controller=product&id_lang=1','2021-03-11 19:09:10'),(489,1,1,'/img/p/4/5/45-thickbox_default.jpg','http://montessoriph.com/index.php?id_product=11&rewrite=toddler-box-with-ball&controller=product&id_lang=1','2021-03-11 19:09:10'),(490,1,1,'/img/p/4/6/46-thickbox_default.jpg','http://montessoriph.com/index.php?id_product=12&rewrite=toddler-peg-box&controller=product&id_lang=1','2021-03-11 19:09:11'),(491,1,1,'/img/p/4/8/48-thickbox_default.jpg','http://montessoriph.com/index.php?id_product=13&rewrite=puzzle-with-1-triangle&controller=product&id_lang=1','2021-03-11 19:09:12'),(492,1,1,'/img/p/tl-default-home_default.jpg','http://montessoriph.com/index.php?id_category=10&controller=category&id_lang=2','2021-03-11 19:10:47'),(493,1,1,'/img/p/4/9/49-thickbox_default.jpg','http://montessoriph.com/index.php?id_product=14&rewrite=tpm016&controller=product&id_lang=1','2021-03-11 19:11:49'),(494,1,1,'/img/p/5/0/50-thickbox_default.jpg','http://montessoriph.com/index.php?id_product=15&rewrite=3-cubes-on-1-vertical-stick&controller=product&id_lang=1','2021-03-11 19:11:49'),(495,1,1,'/img/p/5/1/51-thickbox_default.jpg','http://montessoriph.com/index.php?id_product=16&rewrite=3-discs-on-1-horizontal-stick&controller=product&id_lang=1','2021-03-11 19:11:49'),(496,1,1,'/img/p/5/2/52-thickbox_default.jpg','http://montessoriph.com/index.php?id_product=17&rewrite=serpentine-horizontal-straight&controller=product&id_lang=1','2021-03-11 19:11:49'),(497,1,1,'/img/p/5/4/54-thickbox_default.jpg','http://montessoriph.com/index.php?id_product=19&rewrite=infant-box-with-rectangle&controller=product&id_lang=1','2021-03-11 19:11:49'),(498,1,1,'/img/p/5/5/55-thickbox_default.jpg','http://montessoriph.com/index.php?id_product=20&rewrite=infant-box-with-square&controller=product&id_lang=1','2021-03-11 19:11:49'),(499,1,1,'/img/p/5/7/57-thickbox_default.jpg','http://montessoriph.com/index.php?id_product=21&rewrite=colorful-wood-lacing-beads&controller=product&id_lang=1','2021-03-11 19:11:49'),(500,1,1,'/img/p/5/8/58-thickbox_default.jpg','http://montessoriph.com/index.php?id_product=22&rewrite=brown-stair-mini&controller=product&id_lang=1','2021-03-11 19:11:50'),(501,1,1,'/img/p/6/0/60-thickbox_default.jpg','http://montessoriph.com/index.php?id_product=23&rewrite=cylinder-blocks-mini&controller=product&id_lang=1','2021-03-11 19:11:50'),(502,1,1,'/img/p/6/1/61-thickbox_default.jpg','http://montessoriph.com/index.php?id_product=24&rewrite=numerical-rods-mini&controller=product&id_lang=1','2021-03-11 19:11:50'),(503,1,1,'/img/p/6/2/62-thickbox_default.jpg','http://montessoriph.com/index.php?id_product=25&rewrite=pink-tower-mini&controller=product&id_lang=1','2021-03-11 19:11:50'),(504,1,1,'/img/p/6/3/63-thickbox_default.jpg','http://montessoriph.com/index.php?id_product=26&rewrite=foot-balance-board&controller=product&id_lang=1','2021-03-11 19:11:50'),(505,1,1,'/img/p/5/9/59-thickbox_default.jpg','http://montessoriph.com/index.php?id_product=40&rewrite=4-ovaloids-on-pegs&controller=product&id_lang=1','2021-03-11 19:16:24'),(506,1,1,'/img/p/tl-default-large_default.jpg','http://montessoriph.com/index.php?id_product=234&rewrite=botany-cabinet-18-leaf-shape-insets&controller=product&id_lang=2','2021-03-11 19:16:25'),(507,1,1,'/boaform/admin/formLogin?username=user&psd=user','','2021-03-11 19:19:59'),(508,1,1,'/img/p/6/4/64-thickbox_default.jpg','http://montessoriph.com/index.php?id_product=27&rewrite=4-shapes-bricks-and-3-colors&controller=product&id_lang=1','2021-03-11 19:21:04'),(509,1,1,'/img/p/6/5/65-thickbox_default.jpg','http://montessoriph.com/index.php?id_product=28&rewrite=9-bricks-3-colors-3-shapes&controller=product&id_lang=1','2021-03-11 19:21:05'),(510,1,1,'/img/p/6/6/66-thickbox_default.jpg','http://montessoriph.com/index.php?id_product=29&rewrite=geometric-forms&controller=product&id_lang=1','2021-03-11 19:21:05'),(511,1,1,'/img/p/6/7/67-thickbox_default.jpg','http://montessoriph.com/index.php?id_product=30&rewrite=round-bricks-4-colors&controller=product&id_lang=1','2021-03-11 19:21:05'),(512,1,1,'/img/p/6/8/68-thickbox_default.jpg','http://montessoriph.com/index.php?id_product=31&rewrite=5-shapes-bricks-big-size&controller=product&id_lang=1','2021-03-11 19:21:05'),(513,1,1,'/img/p/7/0/70-thickbox_default.jpg','http://montessoriph.com/index.php?id_product=31&rewrite=5-shapes-bricks-big-size&controller=product&id_lang=1','2021-03-11 19:21:05'),(514,1,1,'/img/p/3/1/31-thickbox_default.jpg','http://montessoriph.com/index.php?id_product=32&rewrite=5-shapes-of-5-colors&controller=product&id_lang=1','2021-03-11 19:21:05'),(515,1,1,'/img/p/3/4/34-thickbox_default.jpg','http://montessoriph.com/index.php?id_product=33&rewrite=4-shapes-with-3-colors&controller=product&id_lang=1','2021-03-11 19:21:05'),(516,1,1,'/img/p/3/7/37-thickbox_default.jpg','http://montessoriph.com/index.php?id_product=34&rewrite=geo-ladder-same-shapescolor&controller=product&id_lang=1','2021-03-11 19:21:05'),(517,1,1,'/img/p/4/0/40-thickbox_default.jpg','http://montessoriph.com/index.php?id_product=35&rewrite=geo-shapes-square-puzzle&controller=product&id_lang=1','2021-03-11 19:21:05'),(518,1,1,'/img/p/4/4/44-thickbox_default.jpg','http://montessoriph.com/index.php?id_product=36&rewrite=geo-shapes-fraction-puzzle&controller=product&id_lang=1','2021-03-11 19:21:05'),(519,1,1,'/img/p/4/7/47-thickbox_default.jpg','http://montessoriph.com/index.php?id_product=37&rewrite=geo-solids-ladder-cylinders&controller=product&id_lang=1','2021-03-11 19:21:05'),(520,1,1,'/img/p/5/3/53-thickbox_default.jpg','http://montessoriph.com/index.php?id_product=38&rewrite=toddler-interlocking-discs&controller=product&id_lang=1','2021-03-11 19:21:06'),(521,1,1,'/img/p/5/6/56-thickbox_default.jpg','http://montessoriph.com/index.php?id_product=39&rewrite=toddler-bell&controller=product&id_lang=1','2021-03-11 19:21:06'),(522,1,1,'/facebook%20url','http://montessoriph.com/index.php','2021-03-11 19:48:14'),(523,1,1,'/twitter%20url','http://montessoriph.com/index.php','2021-03-11 19:48:14'),(524,1,1,'/instagram%20url','http://montessoriph.com/index.php','2021-03-11 19:48:14'),(525,1,1,'/google%20url','http://montessoriph.com/index.php','2021-03-11 19:48:14'),(526,1,1,'/pintrest%20url','http://montessoriph.com/index.php','2021-03-11 19:48:14'),(527,1,1,'/youtube%20url','http://montessoriph.com/index.php','2021-03-11 19:48:14'),(528,1,1,'/vimeo%20url','http://montessoriph.com/index.php','2021-03-11 19:48:14'),(529,1,1,'/img/p/3/2/32-thickbox_default.jpg','http://montessoriph.com/index.php?id_product=1&rewrite=puzzle-with-3-shapes-of-3-colors&controller=product&id_lang=1','2021-03-11 19:49:51'),(530,1,1,'/img/p/3/3/33-thickbox_default.jpg','http://montessoriph.com/index.php?id_product=2&rewrite=puzzle-of-1-big-circle&controller=product&id_lang=1','2021-03-11 19:49:52'),(531,1,1,'/img/p/3/5/35-thickbox_default.jpg','http://montessoriph.com/index.php?id_product=3&rewrite=holder-for-cards&controller=product&id_lang=1','2021-03-11 19:49:52'),(532,1,1,'/img/p/3/6/36-thickbox_default.jpg','http://montessoriph.com/index.php?id_product=4&rewrite=cabinet-and-tray&controller=product&id_lang=1','2021-03-11 19:49:52'),(533,1,1,'/img/p/3/8/38-thickbox_default.jpg','http://montessoriph.com/index.php?id_product=6&rewrite=infant-box-with-cylinder&controller=product&id_lang=1','2021-03-11 19:49:52'),(534,1,1,'/img/p/3/9/39-thickbox_default.jpg','http://montessoriph.com/index.php?id_product=7&rewrite=infant-box-with-triangle&controller=product&id_lang=1','2021-03-11 19:49:52'),(535,1,1,'/img/p/4/1/41-thickbox_default.jpg','http://montessoriph.com/index.php?id_product=8&rewrite=infant-box-with-coins&controller=product&id_lang=1','2021-03-11 19:49:52'),(536,1,1,'/img/p/4/2/42-thickbox_default.jpg','http://montessoriph.com/index.php?id_product=9&rewrite=puzzle-with-1-square&controller=product&id_lang=1','2021-03-11 19:49:52'),(537,1,1,'/img/p/4/3/43-thickbox_default.jpg','http://montessoriph.com/index.php?id_product=10&rewrite=puzzle-with-3-circles&controller=product&id_lang=1','2021-03-11 19:49:53'),(538,1,1,'/img/p/4/5/45-thickbox_default.jpg','http://montessoriph.com/index.php?id_product=11&rewrite=toddler-box-with-ball&controller=product&id_lang=1','2021-03-11 19:49:53'),(539,1,1,'/img/p/4/6/46-thickbox_default.jpg','http://montessoriph.com/index.php?id_product=12&rewrite=toddler-peg-box&controller=product&id_lang=1','2021-03-11 19:49:53'),(540,1,1,'/img/p/4/8/48-thickbox_default.jpg','http://montessoriph.com/index.php?id_product=13&rewrite=puzzle-with-1-triangle&controller=product&id_lang=1','2021-03-11 19:49:54'),(541,1,1,'/img/p/tl-default-home_default.jpg','http://montessoriph.com/index.php?id_category=10&controller=category&id_lang=2','2021-03-11 19:51:13'),(542,1,1,'/img/p/4/9/49-thickbox_default.jpg','http://montessoriph.com/index.php?id_product=14&rewrite=tpm016&controller=product&id_lang=1','2021-03-11 19:51:57'),(543,1,1,'/img/p/5/0/50-thickbox_default.jpg','http://montessoriph.com/index.php?id_product=15&rewrite=3-cubes-on-1-vertical-stick&controller=product&id_lang=1','2021-03-11 19:51:57'),(544,1,1,'/img/p/5/1/51-thickbox_default.jpg','http://montessoriph.com/index.php?id_product=16&rewrite=3-discs-on-1-horizontal-stick&controller=product&id_lang=1','2021-03-11 19:51:57'),(545,1,1,'/img/p/5/2/52-thickbox_default.jpg','http://montessoriph.com/index.php?id_product=17&rewrite=serpentine-horizontal-straight&controller=product&id_lang=1','2021-03-11 19:51:57'),(546,1,1,'/img/p/5/4/54-thickbox_default.jpg','http://montessoriph.com/index.php?id_product=19&rewrite=infant-box-with-rectangle&controller=product&id_lang=1','2021-03-11 19:51:57'),(547,1,1,'/img/p/5/5/55-thickbox_default.jpg','http://montessoriph.com/index.php?id_product=20&rewrite=infant-box-with-square&controller=product&id_lang=1','2021-03-11 19:51:58'),(548,1,1,'/img/p/5/7/57-thickbox_default.jpg','http://montessoriph.com/index.php?id_product=21&rewrite=colorful-wood-lacing-beads&controller=product&id_lang=1','2021-03-11 19:51:58'),(549,1,1,'/img/p/5/8/58-thickbox_default.jpg','http://montessoriph.com/index.php?id_product=22&rewrite=brown-stair-mini&controller=product&id_lang=1','2021-03-11 19:51:58'),(550,1,1,'/img/p/6/0/60-thickbox_default.jpg','http://montessoriph.com/index.php?id_product=23&rewrite=cylinder-blocks-mini&controller=product&id_lang=1','2021-03-11 19:51:58'),(551,1,1,'/img/p/6/1/61-thickbox_default.jpg','http://montessoriph.com/index.php?id_product=24&rewrite=numerical-rods-mini&controller=product&id_lang=1','2021-03-11 19:51:58'),(552,1,1,'/img/p/6/2/62-thickbox_default.jpg','http://montessoriph.com/index.php?id_product=25&rewrite=pink-tower-mini&controller=product&id_lang=1','2021-03-11 19:51:58'),(553,1,1,'/img/p/6/3/63-thickbox_default.jpg','http://montessoriph.com/index.php?id_product=26&rewrite=foot-balance-board&controller=product&id_lang=1','2021-03-11 19:51:58'),(554,1,1,'/img/p/5/9/59-thickbox_default.jpg','http://montessoriph.com/index.php?id_product=40&rewrite=4-ovaloids-on-pegs&controller=product&id_lang=1','2021-03-11 19:55:59'),(555,1,1,'/img/p/tl-default-large_default.jpg','http://montessoriph.com/index.php?id_product=234&rewrite=botany-cabinet-18-leaf-shape-insets&controller=product&id_lang=2','2021-03-11 19:56:00'),(556,1,1,'/img/p/6/4/64-thickbox_default.jpg','http://montessoriph.com/index.php?id_product=27&rewrite=4-shapes-bricks-and-3-colors&controller=product&id_lang=1','2021-03-11 20:00:50'),(557,1,1,'/img/p/6/5/65-thickbox_default.jpg','http://montessoriph.com/index.php?id_product=28&rewrite=9-bricks-3-colors-3-shapes&controller=product&id_lang=1','2021-03-11 20:00:50'),(558,1,1,'/img/p/6/6/66-thickbox_default.jpg','http://montessoriph.com/index.php?id_product=29&rewrite=geometric-forms&controller=product&id_lang=1','2021-03-11 20:00:51'),(559,1,1,'/img/p/6/7/67-thickbox_default.jpg','http://montessoriph.com/index.php?id_product=30&rewrite=round-bricks-4-colors&controller=product&id_lang=1','2021-03-11 20:00:51'),(560,1,1,'/img/p/6/8/68-thickbox_default.jpg','http://montessoriph.com/index.php?id_product=31&rewrite=5-shapes-bricks-big-size&controller=product&id_lang=1','2021-03-11 20:00:51'),(561,1,1,'/img/p/7/0/70-thickbox_default.jpg','http://montessoriph.com/index.php?id_product=31&rewrite=5-shapes-bricks-big-size&controller=product&id_lang=1','2021-03-11 20:00:51'),(562,1,1,'/img/p/3/1/31-thickbox_default.jpg','http://montessoriph.com/index.php?id_product=32&rewrite=5-shapes-of-5-colors&controller=product&id_lang=1','2021-03-11 20:00:51'),(563,1,1,'/img/p/3/4/34-thickbox_default.jpg','http://montessoriph.com/index.php?id_product=33&rewrite=4-shapes-with-3-colors&controller=product&id_lang=1','2021-03-11 20:00:51'),(564,1,1,'/img/p/3/7/37-thickbox_default.jpg','http://montessoriph.com/index.php?id_product=34&rewrite=geo-ladder-same-shapescolor&controller=product&id_lang=1','2021-03-11 20:00:51'),(565,1,1,'/img/p/4/0/40-thickbox_default.jpg','http://montessoriph.com/index.php?id_product=35&rewrite=geo-shapes-square-puzzle&controller=product&id_lang=1','2021-03-11 20:00:51'),(566,1,1,'/img/p/4/4/44-thickbox_default.jpg','http://montessoriph.com/index.php?id_product=36&rewrite=geo-shapes-fraction-puzzle&controller=product&id_lang=1','2021-03-11 20:00:51'),(567,1,1,'/img/p/4/7/47-thickbox_default.jpg','http://montessoriph.com/index.php?id_product=37&rewrite=geo-solids-ladder-cylinders&controller=product&id_lang=1','2021-03-11 20:00:51'),(568,1,1,'/img/p/5/3/53-thickbox_default.jpg','http://montessoriph.com/index.php?id_product=38&rewrite=toddler-interlocking-discs&controller=product&id_lang=1','2021-03-11 20:00:51'),(569,1,1,'/img/p/5/6/56-thickbox_default.jpg','http://montessoriph.com/index.php?id_product=39&rewrite=toddler-bell&controller=product&id_lang=1','2021-03-11 20:00:52'),(570,1,1,'/facebook%20url','http://montessoriph.com/index.php','2021-03-11 21:17:33'),(571,1,1,'/twitter%20url','http://montessoriph.com/index.php','2021-03-11 21:17:33'),(572,1,1,'/instagram%20url','http://montessoriph.com/index.php','2021-03-11 21:17:33'),(573,1,1,'/google%20url','http://montessoriph.com/index.php','2021-03-11 21:17:34'),(574,1,1,'/pintrest%20url','http://montessoriph.com/index.php','2021-03-11 21:17:34'),(575,1,1,'/youtube%20url','http://montessoriph.com/index.php','2021-03-11 21:17:34'),(576,1,1,'/vimeo%20url','http://montessoriph.com/index.php','2021-03-11 21:17:34'),(577,1,1,'/img/p/3/2/32-thickbox_default.jpg','http://montessoriph.com/index.php?id_product=1&rewrite=puzzle-with-3-shapes-of-3-colors&controller=product&id_lang=1','2021-03-11 21:20:24'),(578,1,1,'/img/p/3/3/33-thickbox_default.jpg','http://montessoriph.com/index.php?id_product=2&rewrite=puzzle-of-1-big-circle&controller=product&id_lang=1','2021-03-11 21:20:24'),(579,1,1,'/img/p/3/5/35-thickbox_default.jpg','http://montessoriph.com/index.php?id_product=3&rewrite=holder-for-cards&controller=product&id_lang=1','2021-03-11 21:20:24'),(580,1,1,'/img/p/3/6/36-thickbox_default.jpg','http://montessoriph.com/index.php?id_product=4&rewrite=cabinet-and-tray&controller=product&id_lang=1','2021-03-11 21:20:25'),(581,1,1,'/img/p/3/8/38-thickbox_default.jpg','http://montessoriph.com/index.php?id_product=6&rewrite=infant-box-with-cylinder&controller=product&id_lang=1','2021-03-11 21:20:25'),(582,1,1,'/img/p/3/9/39-thickbox_default.jpg','http://montessoriph.com/index.php?id_product=7&rewrite=infant-box-with-triangle&controller=product&id_lang=1','2021-03-11 21:20:25'),(583,1,1,'/img/p/4/1/41-thickbox_default.jpg','http://montessoriph.com/index.php?id_product=8&rewrite=infant-box-with-coins&controller=product&id_lang=1','2021-03-11 21:20:25'),(584,1,1,'/img/p/4/2/42-thickbox_default.jpg','http://montessoriph.com/index.php?id_product=9&rewrite=puzzle-with-1-square&controller=product&id_lang=1','2021-03-11 21:20:26'),(585,1,1,'/img/p/4/3/43-thickbox_default.jpg','http://montessoriph.com/index.php?id_product=10&rewrite=puzzle-with-3-circles&controller=product&id_lang=1','2021-03-11 21:20:26'),(586,1,1,'/img/p/4/5/45-thickbox_default.jpg','http://montessoriph.com/index.php?id_product=11&rewrite=toddler-box-with-ball&controller=product&id_lang=1','2021-03-11 21:20:27'),(587,1,1,'/img/p/4/6/46-thickbox_default.jpg','http://montessoriph.com/index.php?id_product=12&rewrite=toddler-peg-box&controller=product&id_lang=1','2021-03-11 21:20:27'),(588,1,1,'/img/p/4/8/48-thickbox_default.jpg','http://montessoriph.com/index.php?id_product=13&rewrite=puzzle-with-1-triangle&controller=product&id_lang=1','2021-03-11 21:20:28'),(589,1,1,'/img/p/tl-default-home_default.jpg','http://montessoriph.com/index.php?id_category=10&controller=category&id_lang=2','2021-03-11 21:23:05'),(590,1,1,'/img/p/4/9/49-thickbox_default.jpg','http://montessoriph.com/index.php?id_product=14&rewrite=tpm016&controller=product&id_lang=1','2021-03-11 21:24:20'),(591,1,1,'/img/p/5/0/50-thickbox_default.jpg','http://montessoriph.com/index.php?id_product=15&rewrite=3-cubes-on-1-vertical-stick&controller=product&id_lang=1','2021-03-11 21:24:20'),(592,1,1,'/img/p/5/1/51-thickbox_default.jpg','http://montessoriph.com/index.php?id_product=16&rewrite=3-discs-on-1-horizontal-stick&controller=product&id_lang=1','2021-03-11 21:24:20'),(593,1,1,'/img/p/5/2/52-thickbox_default.jpg','http://montessoriph.com/index.php?id_product=17&rewrite=serpentine-horizontal-straight&controller=product&id_lang=1','2021-03-11 21:24:20'),(594,1,1,'/img/p/5/4/54-thickbox_default.jpg','http://montessoriph.com/index.php?id_product=19&rewrite=infant-box-with-rectangle&controller=product&id_lang=1','2021-03-11 21:24:21'),(595,1,1,'/img/p/5/5/55-thickbox_default.jpg','http://montessoriph.com/index.php?id_product=20&rewrite=infant-box-with-square&controller=product&id_lang=1','2021-03-11 21:24:21'),(596,1,1,'/img/p/5/7/57-thickbox_default.jpg','http://montessoriph.com/index.php?id_product=21&rewrite=colorful-wood-lacing-beads&controller=product&id_lang=1','2021-03-11 21:24:21'),(597,1,1,'/img/p/5/8/58-thickbox_default.jpg','http://montessoriph.com/index.php?id_product=22&rewrite=brown-stair-mini&controller=product&id_lang=1','2021-03-11 21:24:21'),(598,1,1,'/img/p/6/0/60-thickbox_default.jpg','http://montessoriph.com/index.php?id_product=23&rewrite=cylinder-blocks-mini&controller=product&id_lang=1','2021-03-11 21:24:22'),(599,1,1,'/img/p/6/1/61-thickbox_default.jpg','http://montessoriph.com/index.php?id_product=24&rewrite=numerical-rods-mini&controller=product&id_lang=1','2021-03-11 21:24:22'),(600,1,1,'/img/p/6/2/62-thickbox_default.jpg','http://montessoriph.com/index.php?id_product=25&rewrite=pink-tower-mini&controller=product&id_lang=1','2021-03-11 21:24:22'),(601,1,1,'/img/p/6/3/63-thickbox_default.jpg','http://montessoriph.com/index.php?id_product=26&rewrite=foot-balance-board&controller=product&id_lang=1','2021-03-11 21:24:22'),(602,1,1,'/img/p/5/9/59-thickbox_default.jpg','http://montessoriph.com/index.php?id_product=40&rewrite=4-ovaloids-on-pegs&controller=product&id_lang=1','2021-03-11 21:31:10'),(603,1,1,'/img/p/tl-default-large_default.jpg','http://montessoriph.com/index.php?id_product=234&rewrite=botany-cabinet-18-leaf-shape-insets&controller=product&id_lang=2','2021-03-11 21:31:13'),(604,1,1,'/img/p/6/4/64-thickbox_default.jpg','http://montessoriph.com/index.php?id_product=27&rewrite=4-shapes-bricks-and-3-colors&controller=product&id_lang=1','2021-03-11 21:38:57'),(605,1,1,'/img/p/6/5/65-thickbox_default.jpg','http://montessoriph.com/index.php?id_product=28&rewrite=9-bricks-3-colors-3-shapes&controller=product&id_lang=1','2021-03-11 21:38:57'),(606,1,1,'/img/p/6/6/66-thickbox_default.jpg','http://montessoriph.com/index.php?id_product=29&rewrite=geometric-forms&controller=product&id_lang=1','2021-03-11 21:38:58'),(607,1,1,'/img/p/6/7/67-thickbox_default.jpg','http://montessoriph.com/index.php?id_product=30&rewrite=round-bricks-4-colors&controller=product&id_lang=1','2021-03-11 21:38:58'),(608,1,1,'/img/p/6/8/68-thickbox_default.jpg','http://montessoriph.com/index.php?id_product=31&rewrite=5-shapes-bricks-big-size&controller=product&id_lang=1','2021-03-11 21:38:58'),(609,1,1,'/img/p/7/0/70-thickbox_default.jpg','http://montessoriph.com/index.php?id_product=31&rewrite=5-shapes-bricks-big-size&controller=product&id_lang=1','2021-03-11 21:38:58'),(610,1,1,'/img/p/3/1/31-thickbox_default.jpg','http://montessoriph.com/index.php?id_product=32&rewrite=5-shapes-of-5-colors&controller=product&id_lang=1','2021-03-11 21:38:58'),(611,1,1,'/img/p/3/4/34-thickbox_default.jpg','http://montessoriph.com/index.php?id_product=33&rewrite=4-shapes-with-3-colors&controller=product&id_lang=1','2021-03-11 21:38:59'),(612,1,1,'/img/p/3/7/37-thickbox_default.jpg','http://montessoriph.com/index.php?id_product=34&rewrite=geo-ladder-same-shapescolor&controller=product&id_lang=1','2021-03-11 21:38:59'),(613,1,1,'/img/p/4/0/40-thickbox_default.jpg','http://montessoriph.com/index.php?id_product=35&rewrite=geo-shapes-square-puzzle&controller=product&id_lang=1','2021-03-11 21:38:59'),(614,1,1,'/img/p/4/4/44-thickbox_default.jpg','http://montessoriph.com/index.php?id_product=36&rewrite=geo-shapes-fraction-puzzle&controller=product&id_lang=1','2021-03-11 21:38:59'),(615,1,1,'/img/p/4/7/47-thickbox_default.jpg','http://montessoriph.com/index.php?id_product=37&rewrite=geo-solids-ladder-cylinders&controller=product&id_lang=1','2021-03-11 21:39:00'),(616,1,1,'/img/p/5/3/53-thickbox_default.jpg','http://montessoriph.com/index.php?id_product=38&rewrite=toddler-interlocking-discs&controller=product&id_lang=1','2021-03-11 21:39:00'),(617,1,1,'/img/p/5/6/56-thickbox_default.jpg','http://montessoriph.com/index.php?id_product=39&rewrite=toddler-bell&controller=product&id_lang=1','2021-03-11 21:39:00'),(618,1,1,'/facebook%20url','http://montessoriph.com/index.php','2021-03-11 21:57:54'),(619,1,1,'/twitter%20url','http://montessoriph.com/index.php','2021-03-11 21:57:54'),(620,1,1,'/instagram%20url','http://montessoriph.com/index.php','2021-03-11 21:57:54'),(621,1,1,'/google%20url','http://montessoriph.com/index.php','2021-03-11 21:57:54'),(622,1,1,'/pintrest%20url','http://montessoriph.com/index.php','2021-03-11 21:57:54'),(623,1,1,'/youtube%20url','http://montessoriph.com/index.php','2021-03-11 21:57:54'),(624,1,1,'/vimeo%20url','http://montessoriph.com/index.php','2021-03-11 21:57:54'),(625,1,1,'/img/p/3/2/32-thickbox_default.jpg','http://montessoriph.com/index.php?id_product=1&rewrite=puzzle-with-3-shapes-of-3-colors&controller=product&id_lang=1','2021-03-11 21:59:53'),(626,1,1,'/img/p/3/3/33-thickbox_default.jpg','http://montessoriph.com/index.php?id_product=2&rewrite=puzzle-of-1-big-circle&controller=product&id_lang=1','2021-03-11 21:59:53'),(627,1,1,'/img/p/3/5/35-thickbox_default.jpg','http://montessoriph.com/index.php?id_product=3&rewrite=holder-for-cards&controller=product&id_lang=1','2021-03-11 21:59:53'),(628,1,1,'/img/p/3/6/36-thickbox_default.jpg','http://montessoriph.com/index.php?id_product=4&rewrite=cabinet-and-tray&controller=product&id_lang=1','2021-03-11 21:59:53'),(629,1,1,'/img/p/3/8/38-thickbox_default.jpg','http://montessoriph.com/index.php?id_product=6&rewrite=infant-box-with-cylinder&controller=product&id_lang=1','2021-03-11 21:59:54'),(630,1,1,'/img/p/3/9/39-thickbox_default.jpg','http://montessoriph.com/index.php?id_product=7&rewrite=infant-box-with-triangle&controller=product&id_lang=1','2021-03-11 21:59:54'),(631,1,1,'/img/p/4/1/41-thickbox_default.jpg','http://montessoriph.com/index.php?id_product=8&rewrite=infant-box-with-coins&controller=product&id_lang=1','2021-03-11 21:59:54'),(632,1,1,'/img/p/4/2/42-thickbox_default.jpg','http://montessoriph.com/index.php?id_product=9&rewrite=puzzle-with-1-square&controller=product&id_lang=1','2021-03-11 21:59:54'),(633,1,1,'/img/p/4/3/43-thickbox_default.jpg','http://montessoriph.com/index.php?id_product=10&rewrite=puzzle-with-3-circles&controller=product&id_lang=1','2021-03-11 21:59:54'),(634,1,1,'/img/p/4/5/45-thickbox_default.jpg','http://montessoriph.com/index.php?id_product=11&rewrite=toddler-box-with-ball&controller=product&id_lang=1','2021-03-11 21:59:55'),(635,1,1,'/img/p/4/6/46-thickbox_default.jpg','http://montessoriph.com/index.php?id_product=12&rewrite=toddler-peg-box&controller=product&id_lang=1','2021-03-11 21:59:55'),(636,1,1,'/img/p/4/8/48-thickbox_default.jpg','http://montessoriph.com/index.php?id_product=13&rewrite=puzzle-with-1-triangle&controller=product&id_lang=1','2021-03-11 21:59:55'),(637,1,1,'/img/p/tl-default-home_default.jpg','http://montessoriph.com/index.php?id_category=10&controller=category&id_lang=2','2021-03-11 22:01:35'),(638,1,1,'/img/p/4/9/49-thickbox_default.jpg','http://montessoriph.com/index.php?id_product=14&rewrite=tpm016&controller=product&id_lang=1','2021-03-11 22:02:22'),(639,1,1,'/img/p/5/0/50-thickbox_default.jpg','http://montessoriph.com/index.php?id_product=15&rewrite=3-cubes-on-1-vertical-stick&controller=product&id_lang=1','2021-03-11 22:02:22'),(640,1,1,'/img/p/5/1/51-thickbox_default.jpg','http://montessoriph.com/index.php?id_product=16&rewrite=3-discs-on-1-horizontal-stick&controller=product&id_lang=1','2021-03-11 22:02:22'),(641,1,1,'/img/p/5/2/52-thickbox_default.jpg','http://montessoriph.com/index.php?id_product=17&rewrite=serpentine-horizontal-straight&controller=product&id_lang=1','2021-03-11 22:02:22'),(642,1,1,'/img/p/5/4/54-thickbox_default.jpg','http://montessoriph.com/index.php?id_product=19&rewrite=infant-box-with-rectangle&controller=product&id_lang=1','2021-03-11 22:02:22'),(643,1,1,'/img/p/5/5/55-thickbox_default.jpg','http://montessoriph.com/index.php?id_product=20&rewrite=infant-box-with-square&controller=product&id_lang=1','2021-03-11 22:02:23'),(644,1,1,'/img/p/5/7/57-thickbox_default.jpg','http://montessoriph.com/index.php?id_product=21&rewrite=colorful-wood-lacing-beads&controller=product&id_lang=1','2021-03-11 22:02:23'),(645,1,1,'/img/p/5/8/58-thickbox_default.jpg','http://montessoriph.com/index.php?id_product=22&rewrite=brown-stair-mini&controller=product&id_lang=1','2021-03-11 22:02:23'),(646,1,1,'/img/p/6/0/60-thickbox_default.jpg','http://montessoriph.com/index.php?id_product=23&rewrite=cylinder-blocks-mini&controller=product&id_lang=1','2021-03-11 22:02:23'),(647,1,1,'/img/p/6/1/61-thickbox_default.jpg','http://montessoriph.com/index.php?id_product=24&rewrite=numerical-rods-mini&controller=product&id_lang=1','2021-03-11 22:02:23'),(648,1,1,'/img/p/6/2/62-thickbox_default.jpg','http://montessoriph.com/index.php?id_product=25&rewrite=pink-tower-mini&controller=product&id_lang=1','2021-03-11 22:02:23'),(649,1,1,'/img/p/6/3/63-thickbox_default.jpg','http://montessoriph.com/index.php?id_product=26&rewrite=foot-balance-board&controller=product&id_lang=1','2021-03-11 22:02:23'),(650,1,1,'/img/p/5/9/59-thickbox_default.jpg','http://montessoriph.com/index.php?id_product=40&rewrite=4-ovaloids-on-pegs&controller=product&id_lang=1','2021-03-11 22:06:42'),(651,1,1,'/img/p/tl-default-large_default.jpg','http://montessoriph.com/index.php?id_product=234&rewrite=botany-cabinet-18-leaf-shape-insets&controller=product&id_lang=2','2021-03-11 22:06:45'),(652,1,1,'/img/p/6/4/64-thickbox_default.jpg','http://montessoriph.com/index.php?id_product=27&rewrite=4-shapes-bricks-and-3-colors&controller=product&id_lang=1','2021-03-11 22:11:32'),(653,1,1,'/img/p/6/5/65-thickbox_default.jpg','http://montessoriph.com/index.php?id_product=28&rewrite=9-bricks-3-colors-3-shapes&controller=product&id_lang=1','2021-03-11 22:11:32'),(654,1,1,'/img/p/6/6/66-thickbox_default.jpg','http://montessoriph.com/index.php?id_product=29&rewrite=geometric-forms&controller=product&id_lang=1','2021-03-11 22:11:32'),(655,1,1,'/img/p/6/7/67-thickbox_default.jpg','http://montessoriph.com/index.php?id_product=30&rewrite=round-bricks-4-colors&controller=product&id_lang=1','2021-03-11 22:11:33'),(656,1,1,'/img/p/6/8/68-thickbox_default.jpg','http://montessoriph.com/index.php?id_product=31&rewrite=5-shapes-bricks-big-size&controller=product&id_lang=1','2021-03-11 22:11:33'),(657,1,1,'/img/p/7/0/70-thickbox_default.jpg','http://montessoriph.com/index.php?id_product=31&rewrite=5-shapes-bricks-big-size&controller=product&id_lang=1','2021-03-11 22:11:33'),(658,1,1,'/img/p/3/1/31-thickbox_default.jpg','http://montessoriph.com/index.php?id_product=32&rewrite=5-shapes-of-5-colors&controller=product&id_lang=1','2021-03-11 22:11:33'),(659,1,1,'/img/p/3/4/34-thickbox_default.jpg','http://montessoriph.com/index.php?id_product=33&rewrite=4-shapes-with-3-colors&controller=product&id_lang=1','2021-03-11 22:11:33'),(660,1,1,'/img/p/3/7/37-thickbox_default.jpg','http://montessoriph.com/index.php?id_product=34&rewrite=geo-ladder-same-shapescolor&controller=product&id_lang=1','2021-03-11 22:11:33'),(661,1,1,'/img/p/4/0/40-thickbox_default.jpg','http://montessoriph.com/index.php?id_product=35&rewrite=geo-shapes-square-puzzle&controller=product&id_lang=1','2021-03-11 22:11:33'),(662,1,1,'/img/p/4/4/44-thickbox_default.jpg','http://montessoriph.com/index.php?id_product=36&rewrite=geo-shapes-fraction-puzzle&controller=product&id_lang=1','2021-03-11 22:11:33'),(663,1,1,'/img/p/4/7/47-thickbox_default.jpg','http://montessoriph.com/index.php?id_product=37&rewrite=geo-solids-ladder-cylinders&controller=product&id_lang=1','2021-03-11 22:11:33'),(664,1,1,'/img/p/5/3/53-thickbox_default.jpg','http://montessoriph.com/index.php?id_product=38&rewrite=toddler-interlocking-discs&controller=product&id_lang=1','2021-03-11 22:11:34'),(665,1,1,'/img/p/5/6/56-thickbox_default.jpg','http://montessoriph.com/index.php?id_product=39&rewrite=toddler-bell&controller=product&id_lang=1','2021-03-11 22:11:34'),(666,1,1,'/login','','2021-03-11 22:36:05'),(667,1,1,'/jenkins/login','','2021-03-11 22:36:05'),(668,1,1,'/index.php?controller=404','http://161.97.139.200:80/manager/html','2021-03-11 22:36:05'),(669,1,1,'/index.php?controller=404','http://161.97.139.200:80/_ignition/execute-solution','2021-03-11 22:36:08'),(670,1,1,'/facebook%20url','http://montessoriph.com/index.php','2021-03-11 22:40:23'),(671,1,1,'/twitter%20url','http://montessoriph.com/index.php','2021-03-11 22:40:23'),(672,1,1,'/instagram%20url','http://montessoriph.com/index.php','2021-03-11 22:40:24'),(673,1,1,'/google%20url','http://montessoriph.com/index.php','2021-03-11 22:40:24'),(674,1,1,'/pintrest%20url','http://montessoriph.com/index.php','2021-03-11 22:40:24'),(675,1,1,'/youtube%20url','http://montessoriph.com/index.php','2021-03-11 22:40:25'),(676,1,1,'/vimeo%20url','http://montessoriph.com/index.php','2021-03-11 22:40:25'),(677,1,1,'/img/p/3/2/32-thickbox_default.jpg','http://montessoriph.com/index.php?id_product=1&rewrite=puzzle-with-3-shapes-of-3-colors&controller=product&id_lang=1','2021-03-11 22:51:07'),(678,1,1,'/img/p/3/3/33-thickbox_default.jpg','http://montessoriph.com/index.php?id_product=2&rewrite=puzzle-of-1-big-circle&controller=product&id_lang=1','2021-03-11 22:51:08'),(679,1,1,'/img/p/3/5/35-thickbox_default.jpg','http://montessoriph.com/index.php?id_product=3&rewrite=holder-for-cards&controller=product&id_lang=1','2021-03-11 22:51:08'),(680,1,1,'/img/p/3/6/36-thickbox_default.jpg','http://montessoriph.com/index.php?id_product=4&rewrite=cabinet-and-tray&controller=product&id_lang=1','2021-03-11 22:51:09'),(681,1,1,'/img/p/3/8/38-thickbox_default.jpg','http://montessoriph.com/index.php?id_product=6&rewrite=infant-box-with-cylinder&controller=product&id_lang=1','2021-03-11 22:51:10'),(682,1,1,'/img/p/3/9/39-thickbox_default.jpg','http://montessoriph.com/index.php?id_product=7&rewrite=infant-box-with-triangle&controller=product&id_lang=1','2021-03-11 22:51:10'),(683,1,1,'/img/p/4/1/41-thickbox_default.jpg','http://montessoriph.com/index.php?id_product=8&rewrite=infant-box-with-coins&controller=product&id_lang=1','2021-03-11 22:51:11'),(684,1,1,'/img/p/4/2/42-thickbox_default.jpg','http://montessoriph.com/index.php?id_product=9&rewrite=puzzle-with-1-square&controller=product&id_lang=1','2021-03-11 22:51:12'),(685,1,1,'/img/p/4/3/43-thickbox_default.jpg','http://montessoriph.com/index.php?id_product=10&rewrite=puzzle-with-3-circles&controller=product&id_lang=1','2021-03-11 22:51:13'),(686,1,1,'/img/p/4/5/45-thickbox_default.jpg','http://montessoriph.com/index.php?id_product=11&rewrite=toddler-box-with-ball&controller=product&id_lang=1','2021-03-11 22:51:15'),(687,1,1,'/img/p/4/6/46-thickbox_default.jpg','http://montessoriph.com/index.php?id_product=12&rewrite=toddler-peg-box&controller=product&id_lang=1','2021-03-11 22:51:17'),(688,1,1,'/img/p/4/8/48-thickbox_default.jpg','http://montessoriph.com/index.php?id_product=13&rewrite=puzzle-with-1-triangle&controller=product&id_lang=1','2021-03-11 22:51:19'),(689,1,1,'/img/p/tl-default-home_default.jpg','http://montessoriph.com/index.php?id_category=10&controller=category&id_lang=2','2021-03-11 22:58:40'),(690,1,1,'/img/p/4/9/49-thickbox_default.jpg','http://montessoriph.com/index.php?id_product=14&rewrite=tpm016&controller=product&id_lang=1','2021-03-11 23:01:37'),(691,1,1,'/img/p/5/0/50-thickbox_default.jpg','http://montessoriph.com/index.php?id_product=15&rewrite=3-cubes-on-1-vertical-stick&controller=product&id_lang=1','2021-03-11 23:01:38'),(692,1,1,'/img/p/5/1/51-thickbox_default.jpg','http://montessoriph.com/index.php?id_product=16&rewrite=3-discs-on-1-horizontal-stick&controller=product&id_lang=1','2021-03-11 23:01:39'),(693,1,1,'/img/p/5/2/52-thickbox_default.jpg','http://montessoriph.com/index.php?id_product=17&rewrite=serpentine-horizontal-straight&controller=product&id_lang=1','2021-03-11 23:01:39'),(694,1,1,'/img/p/5/4/54-thickbox_default.jpg','http://montessoriph.com/index.php?id_product=19&rewrite=infant-box-with-rectangle&controller=product&id_lang=1','2021-03-11 23:01:40'),(695,1,1,'/img/p/5/5/55-thickbox_default.jpg','http://montessoriph.com/index.php?id_product=20&rewrite=infant-box-with-square&controller=product&id_lang=1','2021-03-11 23:01:41'),(696,1,1,'/img/p/5/7/57-thickbox_default.jpg','http://montessoriph.com/index.php?id_product=21&rewrite=colorful-wood-lacing-beads&controller=product&id_lang=1','2021-03-11 23:01:41'),(697,1,1,'/img/p/5/8/58-thickbox_default.jpg','http://montessoriph.com/index.php?id_product=22&rewrite=brown-stair-mini&controller=product&id_lang=1','2021-03-11 23:01:42'),(698,1,1,'/img/p/6/0/60-thickbox_default.jpg','http://montessoriph.com/index.php?id_product=23&rewrite=cylinder-blocks-mini&controller=product&id_lang=1','2021-03-11 23:01:42'),(699,1,1,'/img/p/6/1/61-thickbox_default.jpg','http://montessoriph.com/index.php?id_product=24&rewrite=numerical-rods-mini&controller=product&id_lang=1','2021-03-11 23:01:43'),(700,1,1,'/img/p/6/2/62-thickbox_default.jpg','http://montessoriph.com/index.php?id_product=25&rewrite=pink-tower-mini&controller=product&id_lang=1','2021-03-11 23:01:44'),(701,1,1,'/img/p/6/3/63-thickbox_default.jpg','http://montessoriph.com/index.php?id_product=26&rewrite=foot-balance-board&controller=product&id_lang=1','2021-03-11 23:01:45'),(702,1,1,'/ads.txt','','2021-03-12 00:13:12'),(703,1,1,'/login','','2021-03-12 04:51:01'),(704,1,1,'/index.php?controller=404','','2021-03-12 10:45:58'),(705,1,1,'/index.php?controller=404','','2021-03-12 10:45:59'),(706,1,1,'/admin/','','2021-03-12 12:12:58'),(707,1,1,'/index.php?controller=404','http://161.97.139.200:80/solr/admin/info/system?wt=json','2021-03-12 12:13:30'),(708,1,1,'/index.php?controller=404','http://161.97.139.200:80/wp-content/plugins/wp-file-manager/readme.txt','2021-03-12 12:13:34'),(709,1,1,'/index.php?controller=404','http://161.97.139.200:80/console/','2021-03-12 12:13:35'),(710,1,1,'/index.php?controller=404','http://161.97.139.200:80/_ignition/execute-solution','2021-03-12 12:13:35'),(711,1,1,'/index.php?controller=404','http://161.97.139.200:80/Autodiscover/Autodiscover.xml','2021-03-12 12:13:36'),(712,1,1,'/wp-admin/install.php?step=1','','2021-03-12 13:38:05'),(713,1,1,'/favicon.ico','','2021-03-12 13:42:23'),(714,1,1,'/favicon.ico','','2021-03-12 13:50:18'),(715,1,1,'/wp-includes/wlwmanifest.xml','','2021-03-12 14:04:19'),(716,1,1,'/blog/wp-includes/wlwmanifest.xml','','2021-03-12 14:04:20'),(717,1,1,'/web/wp-includes/wlwmanifest.xml','','2021-03-12 14:04:20'),(718,1,1,'/wordpress/wp-includes/wlwmanifest.xml','','2021-03-12 14:04:21'),(719,1,1,'/website/wp-includes/wlwmanifest.xml','','2021-03-12 14:04:21'),(720,1,1,'/wp/wp-includes/wlwmanifest.xml','','2021-03-12 14:04:21'),(721,1,1,'/news/wp-includes/wlwmanifest.xml','','2021-03-12 14:04:21'),(722,1,1,'/2015/wp-includes/wlwmanifest.xml','','2021-03-12 14:04:21'),(723,1,1,'/2016/wp-includes/wlwmanifest.xml','','2021-03-12 14:04:22'),(724,1,1,'/2017/wp-includes/wlwmanifest.xml','','2021-03-12 14:04:22'),(725,1,1,'/2018/wp-includes/wlwmanifest.xml','','2021-03-12 14:04:22'),(726,1,1,'/shop/wp-includes/wlwmanifest.xml','','2021-03-12 14:04:22'),(727,1,1,'/wp1/wp-includes/wlwmanifest.xml','','2021-03-12 14:04:22'),(728,1,1,'/test/wp-includes/wlwmanifest.xml','','2021-03-12 14:04:23'),(729,1,1,'/media/wp-includes/wlwmanifest.xml','','2021-03-12 14:04:23'),(730,1,1,'/wp2/wp-includes/wlwmanifest.xml','','2021-03-12 14:04:23'),(731,1,1,'/site/wp-includes/wlwmanifest.xml','','2021-03-12 14:04:23'),(732,1,1,'/cms/wp-includes/wlwmanifest.xml','','2021-03-12 14:04:23'),(733,1,1,'/sito/wp-includes/wlwmanifest.xml','','2021-03-12 14:04:24'),(734,1,1,'/login','','2021-03-12 16:06:07'),(735,1,1,'/jenkins/login','','2021-03-12 16:06:09'),(736,1,1,'/index.php?controller=404','http://161.97.139.200:80/manager/html','2021-03-12 16:06:11'),(737,1,1,'/index.php?controller=404','http://161.97.139.200:80/_ignition/execute-solution','2021-03-12 16:06:18'),(738,1,1,'/login','','2021-03-12 18:34:16'),(739,1,1,'/jenkins/login','','2021-03-12 18:34:16'),(740,1,1,'/index.php?controller=404','http://161.97.139.200:80/manager/html','2021-03-12 18:34:16'),(741,1,1,'/index.php?controller=404','http://161.97.139.200:80/_ignition/execute-solution','2021-03-12 18:34:18'),(742,1,1,'/facebook%20url','','2021-03-12 20:41:45'),(743,1,1,'/google%20url','','2021-03-12 20:41:55'),(744,1,1,'/0bef','','2021-03-12 23:04:17'),(745,1,1,'/0bef','','2021-03-12 23:08:39'),(746,1,1,'/index.php?controller=404','','2021-03-12 23:57:40'),(747,1,1,'/index.php?controller=404','','2021-03-12 23:57:41'),(748,1,1,'/index.php?controller=404','','2021-03-12 23:57:41'),(749,1,1,'/index.php?controller=404','','2021-03-12 23:57:42'),(750,1,1,'/index.php?controller=404','','2021-03-12 23:57:43'),(751,1,1,'/index.php?controller=404','','2021-03-12 23:57:43'),(752,1,1,'/index.php?controller=404','','2021-03-12 23:57:45'),(753,1,1,'/index.php?controller=404','','2021-03-12 23:57:46'),(754,1,1,'/index.php?controller=404','','2021-03-12 23:57:46'),(755,1,1,'/index.php?controller=404','','2021-03-12 23:57:48'),(756,1,1,'/index.php?controller=404','','2021-03-12 23:57:49'),(757,1,1,'/index.php?controller=404','','2021-03-12 23:57:49'),(758,1,1,'/index.php?controller=404','','2021-03-12 23:57:50'),(759,1,1,'/index.php?controller=404','','2021-03-12 23:57:50'),(760,1,1,'/index.php?controller=404','','2021-03-12 23:57:51'),(761,1,1,'/index.php?controller=404','','2021-03-12 23:57:52'),(762,1,1,'/index.php?controller=404','','2021-03-12 23:57:52'),(763,1,1,'/index.php?controller=404','','2021-03-12 23:57:53'),(764,1,1,'/index.php?controller=404','','2021-03-12 23:57:53'),(765,1,1,'/index.php?controller=404','','2021-03-12 23:57:54'),(766,1,1,'/index.php?controller=404','','2021-03-12 23:57:55'),(767,1,1,'/index.php?controller=404','','2021-03-12 23:57:55'),(768,1,1,'/index.php?controller=404','','2021-03-12 23:57:56'),(769,1,1,'/index.php?controller=404','','2021-03-12 23:57:57'),(770,1,1,'/index.php?controller=404','','2021-03-12 23:57:57'),(771,1,1,'/index.php?controller=404','','2021-03-12 23:57:58'),(772,1,1,'/index.php?controller=404','','2021-03-12 23:57:59'),(773,1,1,'/index.php?controller=404','','2021-03-12 23:57:59'),(774,1,1,'/index.php?controller=404','','2021-03-12 23:58:00'),(775,1,1,'/index.php?controller=404','','2021-03-12 23:58:00'),(776,1,1,'/index.php?controller=404','','2021-03-12 23:58:01'),(777,1,1,'/index.php?controller=404','','2021-03-12 23:58:02'),(778,1,1,'/index.php?controller=404','','2021-03-12 23:58:02'),(779,1,1,'/index.php?controller=404','','2021-03-12 23:58:03'),(780,1,1,'/index.php?controller=404','','2021-03-12 23:58:03'),(781,1,1,'/index.php?controller=404','','2021-03-12 23:58:04'),(782,1,1,'/.env','','2021-03-12 23:58:30'),(783,1,1,'/boaform/admin/formLogin?username=admin&psd=admin','','2021-03-13 00:18:48'),(784,1,1,'/login','','2021-03-13 00:42:42'),(785,1,1,'/jenkins/login','','2021-03-13 00:42:43'),(786,1,1,'/index.php?controller=404','http://161.97.139.200:80/manager/html','2021-03-13 00:42:44'),(787,1,1,'/index.php?controller=404','http://161.97.139.200:80/_ignition/execute-solution','2021-03-13 00:42:47'),(788,1,1,'/index.php?controller=404','http://161.97.139.200/TP/public/index.php','2021-03-13 00:55:53'),(789,1,1,'/index.php?controller=404','http://161.97.139.200/TP/index.php','2021-03-13 00:55:54'),(790,1,1,'/index.php?controller=404','http://161.97.139.200/thinkphp/html/public/index.php','2021-03-13 00:55:55'),(791,1,1,'/index.php?controller=404','http://161.97.139.200/html/public/index.php','2021-03-13 00:55:57'),(792,1,1,'/index.php?controller=404','http://161.97.139.200/public/index.php','2021-03-13 00:55:58'),(793,1,1,'/index.php?controller=404','http://161.97.139.200/TP/html/public/index.php','2021-03-13 00:55:58'),(794,1,1,'/index.php?controller=404','http://161.97.139.200:80/wp-content/plugins/wp-file-manager/readme.txt','2021-03-13 04:07:09'),(795,1,1,'/index.php?controller=404','http://161.97.139.200:80/solr/admin/info/system?wt=json','2021-03-13 04:07:09'),(796,1,1,'/index.php?controller=404','http://161.97.139.200:80/console/','2021-03-13 04:07:11'),(797,1,1,'/index.php?controller=404','http://161.97.139.200:80/_ignition/execute-solution','2021-03-13 04:07:13'),(798,1,1,'/index.php?controller=404','http://161.97.139.200:80/Autodiscover/Autodiscover.xml','2021-03-13 04:07:16'),(799,1,1,'/wp-admin/setup-config.php?step=1&language=en_GB','','2021-03-13 07:56:29'),(800,1,1,'/wp-admin/install.php?step=1&language=en_GB','','2021-03-13 07:56:30'),(801,1,1,'/wp/wp-admin/setup-config.php?step=1&language=en_GB','','2021-03-13 08:02:49'),(802,1,1,'/wp/wp-admin/install.php?step=1&language=en_GB','','2021-03-13 08:02:50'),(803,1,1,'/wordpress/wp-admin/setup-config.php?step=1&language=en_GB','','2021-03-13 08:02:53'),(804,1,1,'/wordpress/wp-admin/install.php?step=1&language=en_GB','','2021-03-13 08:02:55'),(805,1,1,'/blog/wp-admin/setup-config.php?step=1&language=en_GB','','2021-03-13 08:02:56'),(806,1,1,'/blog/wp-admin/install.php?step=1&language=en_GB','','2021-03-13 08:02:58'),(807,1,1,'/new/wp-admin/setup-config.php?step=1&language=en_GB','','2021-03-13 08:02:59'),(808,1,1,'/new/wp-admin/install.php?step=1&language=en_GB','','2021-03-13 08:03:00'),(809,1,1,'/news/wp-admin/setup-config.php?step=1&language=en_GB','','2021-03-13 08:03:02'),(810,1,1,'/news/wp-admin/install.php?step=1&language=en_GB','','2021-03-13 08:03:03'),(811,1,1,'/index.php?controller=404','','2021-03-13 08:13:46'),(812,1,1,'/index.php?controller=404','','2021-03-13 08:13:56'),(813,1,1,'/index.php?controller=404','','2021-03-13 08:14:01'),(814,1,1,'/index.php?controller=404','http://161.97.139.200/TP/public/index.php','2021-03-13 08:46:52'),(815,1,1,'/index.php?controller=404','http://161.97.139.200/TP/index.php','2021-03-13 08:46:54'),(816,1,1,'/index.php?controller=404','http://161.97.139.200/thinkphp/html/public/index.php','2021-03-13 08:46:56'),(817,1,1,'/index.php?controller=404','http://161.97.139.200/html/public/index.php','2021-03-13 08:46:58'),(818,1,1,'/index.php?controller=404','http://161.97.139.200/public/index.php','2021-03-13 08:46:59'),(819,1,1,'/index.php?controller=404','http://161.97.139.200/TP/html/public/index.php','2021-03-13 08:47:00'),(820,1,1,'/favicon.ico','http://montessoriph.com/img/planet-montessori-logo-1612413913.jpg','2021-03-13 09:36:33'),(821,1,1,'/favicon.ico','','2021-03-13 10:06:26'),(822,1,1,'/login','','2021-03-13 10:47:35'),(823,1,1,'/jenkins/login','','2021-03-13 10:47:35'),(824,1,1,'/index.php?controller=404','http://161.97.139.200:80/manager/html','2021-03-13 10:47:35'),(825,1,1,'/index.php?controller=404','http://161.97.139.200:80/_ignition/execute-solution','2021-03-13 10:47:37'),(826,1,1,'/wp-admin/install.php?step=1','','2021-03-13 11:21:02'),(827,1,1,'/wp-admin/install.php?step=1','','2021-03-13 11:41:21'),(828,1,1,'/login','','2021-03-13 12:27:09'),(829,1,1,'/jenkins/login','','2021-03-13 12:27:10'),(830,1,1,'/index.php?controller=404','http://161.97.139.200:80/manager/html','2021-03-13 12:27:12'),(831,1,1,'/index.php?controller=404','http://161.97.139.200:80/_ignition/execute-solution','2021-03-13 12:27:18'),(832,1,1,'/favicon.ico','https://montessoriph.com/index.php','2021-03-13 12:54:38'),(833,1,1,'/favicon.ico','https://montessoriph.com/index.php','2021-03-13 12:57:34'),(834,1,1,'/wp-admin/install.php?step=1','','2021-03-13 14:53:58'),(835,1,1,'/themes/core.js.map','','2021-03-13 15:00:36'),(836,1,1,'/wp-admin/install.php?step=1','','2021-03-13 15:23:17'),(837,1,1,'/index.php?controller=404','','2021-03-13 16:38:00'),(838,1,1,'/login','','2021-03-13 17:17:00'),(839,1,1,'/jenkins/login','','2021-03-13 17:17:02'),(840,1,1,'/index.php?controller=404','http://161.97.139.200:80/manager/html','2021-03-13 17:17:05'),(841,1,1,'/index.php?controller=404','http://161.97.139.200:80/_ignition/execute-solution','2021-03-13 17:17:16'),(842,1,1,'/index.php?controller=404','','2021-03-13 18:32:14'),(843,1,1,'/index.php?controller=404','','2021-03-13 18:32:15'),(844,1,1,'/index.php?controller=404','','2021-03-13 18:32:16'),(845,1,1,'/index.php?controller=404','','2021-03-13 18:32:17'),(846,1,1,'/index.php?controller=404','','2021-03-13 18:32:17'),(847,1,1,'/index.php?controller=404','','2021-03-13 18:32:18'),(848,1,1,'/index.php?controller=404','','2021-03-13 18:32:20'),(849,1,1,'/index.php?controller=404','','2021-03-13 18:32:21'),(850,1,1,'/index.php?controller=404','','2021-03-13 18:32:22'),(851,1,1,'/index.php?controller=404','','2021-03-13 18:32:24'),(852,1,1,'/index.php?controller=404','','2021-03-13 18:32:30'),(853,1,1,'/index.php?controller=404','','2021-03-13 18:32:33'),(854,1,1,'/index.php?controller=404','','2021-03-13 18:32:42'),(855,1,1,'/index.php?controller=404','','2021-03-13 18:32:50'),(856,1,1,'/index.php?controller=404','','2021-03-13 18:33:03'),(857,1,1,'/index.php?controller=404','','2021-03-13 18:33:07'),(858,1,1,'/index.php?controller=404','','2021-03-13 18:33:08'),(859,1,1,'/index.php?controller=404','','2021-03-13 18:33:10'),(860,1,1,'/index.php?controller=404','','2021-03-13 18:33:12'),(861,1,1,'/index.php?controller=404','','2021-03-13 18:33:14'),(862,1,1,'/index.php?controller=404','','2021-03-13 18:33:18'),(863,1,1,'/index.php?controller=404','','2021-03-13 18:33:24'),(864,1,1,'/index.php?controller=404','','2021-03-13 18:33:29'),(865,1,1,'/index.php?controller=404','','2021-03-13 18:33:30'),(866,1,1,'/index.php?controller=404','','2021-03-13 18:33:32'),(867,1,1,'/index.php?controller=404','','2021-03-13 18:33:34'),(868,1,1,'/index.php?controller=404','','2021-03-13 18:33:36'),(869,1,1,'/index.php?controller=404','','2021-03-13 18:33:37'),(870,1,1,'/index.php?controller=404','','2021-03-13 18:33:41'),(871,1,1,'/index.php?controller=404','','2021-03-13 18:33:43'),(872,1,1,'/index.php?controller=404','','2021-03-13 18:33:45'),(873,1,1,'/index.php?controller=404','','2021-03-13 18:33:47'),(874,1,1,'/index.php?controller=404','','2021-03-13 18:33:52'),(875,1,1,'/index.php?controller=404','','2021-03-13 18:33:55'),(876,1,1,'/index.php?controller=404','','2021-03-13 18:33:55'),(877,1,1,'/index.php?controller=404','','2021-03-13 18:33:57'),(878,1,1,'/wordpress/','','2021-03-13 22:44:15'),(879,1,1,'/wp/','','2021-03-13 22:44:16'),(880,1,1,'/blog/','','2021-03-13 22:44:16'),(881,1,1,'/new/','','2021-03-13 22:44:17'),(882,1,1,'/old/','','2021-03-13 22:44:17'),(883,1,1,'/main/','','2021-03-13 22:44:18'),(884,1,1,'/site/','','2021-03-13 22:44:19'),(885,1,1,'/backup/','','2021-03-13 22:44:19'),(886,1,1,'/demo/','','2021-03-13 22:44:20'),(887,1,1,'/home/','','2021-03-13 22:44:20'),(888,1,1,'/tmp/','','2021-03-13 22:44:21'),(889,1,1,'/cms/','','2021-03-13 22:44:21'),(890,1,1,'/dev/','','2021-03-13 22:44:21'),(891,1,1,'/portal/','','2021-03-13 22:44:22'),(892,1,1,'/web/','','2021-03-13 22:44:22'),(893,1,1,'/temp/','','2021-03-13 22:44:22'),(894,1,1,'/index.php?controller=404','http://161.97.139.200:80/solr/admin/info/system?wt=json','2021-03-13 23:51:24'),(895,1,1,'/index.php?controller=404','http://161.97.139.200:80/wp-content/plugins/wp-file-manager/readme.txt','2021-03-13 23:51:31'),(896,1,1,'/index.php?controller=404','http://161.97.139.200:80/console/','2021-03-13 23:51:32'),(897,1,1,'/index.php?controller=404','http://161.97.139.200:80/_ignition/execute-solution','2021-03-13 23:51:33'),(898,1,1,'/index.php?controller=404','http://161.97.139.200:80/Autodiscover/Autodiscover.xml','2021-03-13 23:51:38'),(899,1,1,'/facebook%20url','http://montessoriph.com/index.php','2021-03-14 02:17:06'),(900,1,1,'/twitter%20url','http://montessoriph.com/index.php','2021-03-14 02:17:07'),(901,1,1,'/instagram%20url','http://montessoriph.com/index.php','2021-03-14 02:17:07'),(902,1,1,'/google%20url','http://montessoriph.com/index.php','2021-03-14 02:17:07'),(903,1,1,'/pintrest%20url','http://montessoriph.com/index.php','2021-03-14 02:17:07'),(904,1,1,'/youtube%20url','http://montessoriph.com/index.php','2021-03-14 02:17:07'),(905,1,1,'/vimeo%20url','http://montessoriph.com/index.php','2021-03-14 02:17:07'),(906,1,1,'/img/p/3/2/32-thickbox_default.jpg','http://montessoriph.com/index.php?id_product=1&rewrite=puzzle-with-3-shapes-of-3-colors&controller=product&id_lang=1','2021-03-14 02:18:57'),(907,1,1,'/img/p/3/3/33-thickbox_default.jpg','http://montessoriph.com/index.php?id_product=2&rewrite=puzzle-of-1-big-circle&controller=product&id_lang=1','2021-03-14 02:18:58'),(908,1,1,'/img/p/3/5/35-thickbox_default.jpg','http://montessoriph.com/index.php?id_product=3&rewrite=holder-for-cards&controller=product&id_lang=1','2021-03-14 02:18:58'),(909,1,1,'/img/p/3/6/36-thickbox_default.jpg','http://montessoriph.com/index.php?id_product=4&rewrite=cabinet-and-tray&controller=product&id_lang=1','2021-03-14 02:18:58'),(910,1,1,'/img/p/3/8/38-thickbox_default.jpg','http://montessoriph.com/index.php?id_product=6&rewrite=infant-box-with-cylinder&controller=product&id_lang=1','2021-03-14 02:18:58'),(911,1,1,'/img/p/3/9/39-thickbox_default.jpg','http://montessoriph.com/index.php?id_product=7&rewrite=infant-box-with-triangle&controller=product&id_lang=1','2021-03-14 02:18:58'),(912,1,1,'/img/p/4/1/41-thickbox_default.jpg','http://montessoriph.com/index.php?id_product=8&rewrite=infant-box-with-coins&controller=product&id_lang=1','2021-03-14 02:18:58'),(913,1,1,'/img/p/4/2/42-thickbox_default.jpg','http://montessoriph.com/index.php?id_product=9&rewrite=puzzle-with-1-square&controller=product&id_lang=1','2021-03-14 02:18:59'),(914,1,1,'/img/p/4/3/43-thickbox_default.jpg','http://montessoriph.com/index.php?id_product=10&rewrite=puzzle-with-3-circles&controller=product&id_lang=1','2021-03-14 02:18:59'),(915,1,1,'/img/p/4/5/45-thickbox_default.jpg','http://montessoriph.com/index.php?id_product=11&rewrite=toddler-box-with-ball&controller=product&id_lang=1','2021-03-14 02:18:59'),(916,1,1,'/img/p/4/6/46-thickbox_default.jpg','http://montessoriph.com/index.php?id_product=12&rewrite=toddler-peg-box&controller=product&id_lang=1','2021-03-14 02:19:00'),(917,1,1,'/img/p/4/8/48-thickbox_default.jpg','http://montessoriph.com/index.php?id_product=13&rewrite=puzzle-with-1-triangle&controller=product&id_lang=1','2021-03-14 02:19:00'),(918,1,1,'/img/p/tl-default-home_default.jpg','http://montessoriph.com/index.php?id_category=10&controller=category&id_lang=2','2021-03-14 02:20:32'),(919,1,1,'/img/p/4/9/49-thickbox_default.jpg','http://montessoriph.com/index.php?id_product=14&rewrite=tpm016&controller=product&id_lang=1','2021-03-14 02:21:22'),(920,1,1,'/img/p/5/0/50-thickbox_default.jpg','http://montessoriph.com/index.php?id_product=15&rewrite=3-cubes-on-1-vertical-stick&controller=product&id_lang=1','2021-03-14 02:21:22'),(921,1,1,'/img/p/5/1/51-thickbox_default.jpg','http://montessoriph.com/index.php?id_product=16&rewrite=3-discs-on-1-horizontal-stick&controller=product&id_lang=1','2021-03-14 02:21:22'),(922,1,1,'/img/p/5/2/52-thickbox_default.jpg','http://montessoriph.com/index.php?id_product=17&rewrite=serpentine-horizontal-straight&controller=product&id_lang=1','2021-03-14 02:21:22'),(923,1,1,'/img/p/5/4/54-thickbox_default.jpg','http://montessoriph.com/index.php?id_product=19&rewrite=infant-box-with-rectangle&controller=product&id_lang=1','2021-03-14 02:21:22'),(924,1,1,'/img/p/5/5/55-thickbox_default.jpg','http://montessoriph.com/index.php?id_product=20&rewrite=infant-box-with-square&controller=product&id_lang=1','2021-03-14 02:21:22'),(925,1,1,'/img/p/5/7/57-thickbox_default.jpg','http://montessoriph.com/index.php?id_product=21&rewrite=colorful-wood-lacing-beads&controller=product&id_lang=1','2021-03-14 02:21:22'),(926,1,1,'/img/p/5/8/58-thickbox_default.jpg','http://montessoriph.com/index.php?id_product=22&rewrite=brown-stair-mini&controller=product&id_lang=1','2021-03-14 02:21:22'),(927,1,1,'/img/p/6/0/60-thickbox_default.jpg','http://montessoriph.com/index.php?id_product=23&rewrite=cylinder-blocks-mini&controller=product&id_lang=1','2021-03-14 02:21:23'),(928,1,1,'/img/p/6/1/61-thickbox_default.jpg','http://montessoriph.com/index.php?id_product=24&rewrite=numerical-rods-mini&controller=product&id_lang=1','2021-03-14 02:21:23'),(929,1,1,'/img/p/6/2/62-thickbox_default.jpg','http://montessoriph.com/index.php?id_product=25&rewrite=pink-tower-mini&controller=product&id_lang=1','2021-03-14 02:21:23'),(930,1,1,'/img/p/6/3/63-thickbox_default.jpg','http://montessoriph.com/index.php?id_product=26&rewrite=foot-balance-board&controller=product&id_lang=1','2021-03-14 02:21:23'),(931,1,1,'/img/p/5/9/59-thickbox_default.jpg','http://montessoriph.com/index.php?id_product=40&rewrite=4-ovaloids-on-pegs&controller=product&id_lang=1','2021-03-14 02:25:51'),(932,1,1,'/img/p/tl-default-large_default.jpg','http://montessoriph.com/index.php?id_product=234&rewrite=botany-cabinet-18-leaf-shape-insets&controller=product&id_lang=2','2021-03-14 02:25:53'),(933,1,1,'/img/p/6/4/64-thickbox_default.jpg','http://montessoriph.com/index.php?id_product=27&rewrite=4-shapes-bricks-and-3-colors&controller=product&id_lang=1','2021-03-14 02:30:16'),(934,1,1,'/img/p/6/5/65-thickbox_default.jpg','http://montessoriph.com/index.php?id_product=28&rewrite=9-bricks-3-colors-3-shapes&controller=product&id_lang=1','2021-03-14 02:30:17'),(935,1,1,'/img/p/6/6/66-thickbox_default.jpg','http://montessoriph.com/index.php?id_product=29&rewrite=geometric-forms&controller=product&id_lang=1','2021-03-14 02:30:17'),(936,1,1,'/img/p/6/7/67-thickbox_default.jpg','http://montessoriph.com/index.php?id_product=30&rewrite=round-bricks-4-colors&controller=product&id_lang=1','2021-03-14 02:30:17'),(937,1,1,'/img/p/6/8/68-thickbox_default.jpg','http://montessoriph.com/index.php?id_product=31&rewrite=5-shapes-bricks-big-size&controller=product&id_lang=1','2021-03-14 02:30:17'),(938,1,1,'/img/p/7/0/70-thickbox_default.jpg','http://montessoriph.com/index.php?id_product=31&rewrite=5-shapes-bricks-big-size&controller=product&id_lang=1','2021-03-14 02:30:18'),(939,1,1,'/img/p/3/1/31-thickbox_default.jpg','http://montessoriph.com/index.php?id_product=32&rewrite=5-shapes-of-5-colors&controller=product&id_lang=1','2021-03-14 02:30:18'),(940,1,1,'/img/p/3/4/34-thickbox_default.jpg','http://montessoriph.com/index.php?id_product=33&rewrite=4-shapes-with-3-colors&controller=product&id_lang=1','2021-03-14 02:30:18'),(941,1,1,'/img/p/3/7/37-thickbox_default.jpg','http://montessoriph.com/index.php?id_product=34&rewrite=geo-ladder-same-shapescolor&controller=product&id_lang=1','2021-03-14 02:30:18'),(942,1,1,'/img/p/4/0/40-thickbox_default.jpg','http://montessoriph.com/index.php?id_product=35&rewrite=geo-shapes-square-puzzle&controller=product&id_lang=1','2021-03-14 02:30:18'),(943,1,1,'/img/p/4/4/44-thickbox_default.jpg','http://montessoriph.com/index.php?id_product=36&rewrite=geo-shapes-fraction-puzzle&controller=product&id_lang=1','2021-03-14 02:30:18'),(944,1,1,'/img/p/4/7/47-thickbox_default.jpg','http://montessoriph.com/index.php?id_product=37&rewrite=geo-solids-ladder-cylinders&controller=product&id_lang=1','2021-03-14 02:30:18'),(945,1,1,'/img/p/5/3/53-thickbox_default.jpg','http://montessoriph.com/index.php?id_product=38&rewrite=toddler-interlocking-discs&controller=product&id_lang=1','2021-03-14 02:30:18'),(946,1,1,'/img/p/5/6/56-thickbox_default.jpg','http://montessoriph.com/index.php?id_product=39&rewrite=toddler-bell&controller=product&id_lang=1','2021-03-14 02:30:19'),(947,1,1,'/facebook%20url','http://montessoriph.com/index.php','2021-03-14 02:54:26'),(948,1,1,'/twitter%20url','http://montessoriph.com/index.php','2021-03-14 02:54:26'),(949,1,1,'/instagram%20url','http://montessoriph.com/index.php','2021-03-14 02:54:26'),(950,1,1,'/google%20url','http://montessoriph.com/index.php','2021-03-14 02:54:26'),(951,1,1,'/pintrest%20url','http://montessoriph.com/index.php','2021-03-14 02:54:26'),(952,1,1,'/youtube%20url','http://montessoriph.com/index.php','2021-03-14 02:54:26'),(953,1,1,'/vimeo%20url','http://montessoriph.com/index.php','2021-03-14 02:54:26'),(954,1,1,'/img/p/3/2/32-thickbox_default.jpg','http://montessoriph.com/index.php?id_product=1&rewrite=puzzle-with-3-shapes-of-3-colors&controller=product&id_lang=1','2021-03-14 02:55:56'),(955,1,1,'/img/p/3/3/33-thickbox_default.jpg','http://montessoriph.com/index.php?id_product=2&rewrite=puzzle-of-1-big-circle&controller=product&id_lang=1','2021-03-14 02:55:56'),(956,1,1,'/img/p/3/5/35-thickbox_default.jpg','http://montessoriph.com/index.php?id_product=3&rewrite=holder-for-cards&controller=product&id_lang=1','2021-03-14 02:55:56'),(957,1,1,'/img/p/3/6/36-thickbox_default.jpg','http://montessoriph.com/index.php?id_product=4&rewrite=cabinet-and-tray&controller=product&id_lang=1','2021-03-14 02:55:57'),(958,1,1,'/img/p/3/8/38-thickbox_default.jpg','http://montessoriph.com/index.php?id_product=6&rewrite=infant-box-with-cylinder&controller=product&id_lang=1','2021-03-14 02:55:57'),(959,1,1,'/img/p/3/9/39-thickbox_default.jpg','http://montessoriph.com/index.php?id_product=7&rewrite=infant-box-with-triangle&controller=product&id_lang=1','2021-03-14 02:55:57'),(960,1,1,'/img/p/4/1/41-thickbox_default.jpg','http://montessoriph.com/index.php?id_product=8&rewrite=infant-box-with-coins&controller=product&id_lang=1','2021-03-14 02:55:57'),(961,1,1,'/img/p/4/2/42-thickbox_default.jpg','http://montessoriph.com/index.php?id_product=9&rewrite=puzzle-with-1-square&controller=product&id_lang=1','2021-03-14 02:55:57'),(962,1,1,'/img/p/4/3/43-thickbox_default.jpg','http://montessoriph.com/index.php?id_product=10&rewrite=puzzle-with-3-circles&controller=product&id_lang=1','2021-03-14 02:55:57'),(963,1,1,'/img/p/4/5/45-thickbox_default.jpg','http://montessoriph.com/index.php?id_product=11&rewrite=toddler-box-with-ball&controller=product&id_lang=1','2021-03-14 02:55:57'),(964,1,1,'/img/p/4/6/46-thickbox_default.jpg','http://montessoriph.com/index.php?id_product=12&rewrite=toddler-peg-box&controller=product&id_lang=1','2021-03-14 02:55:58'),(965,1,1,'/img/p/4/8/48-thickbox_default.jpg','http://montessoriph.com/index.php?id_product=13&rewrite=puzzle-with-1-triangle&controller=product&id_lang=1','2021-03-14 02:55:58'),(966,1,1,'/img/p/tl-default-home_default.jpg','http://montessoriph.com/index.php?id_category=10&controller=category&id_lang=2','2021-03-14 02:57:23'),(967,1,1,'/img/p/4/9/49-thickbox_default.jpg','http://montessoriph.com/index.php?id_product=14&rewrite=tpm016&controller=product&id_lang=1','2021-03-14 02:58:12'),(968,1,1,'/img/p/5/0/50-thickbox_default.jpg','http://montessoriph.com/index.php?id_product=15&rewrite=3-cubes-on-1-vertical-stick&controller=product&id_lang=1','2021-03-14 02:58:12'),(969,1,1,'/img/p/5/1/51-thickbox_default.jpg','http://montessoriph.com/index.php?id_product=16&rewrite=3-discs-on-1-horizontal-stick&controller=product&id_lang=1','2021-03-14 02:58:13'),(970,1,1,'/img/p/5/2/52-thickbox_default.jpg','http://montessoriph.com/index.php?id_product=17&rewrite=serpentine-horizontal-straight&controller=product&id_lang=1','2021-03-14 02:58:13'),(971,1,1,'/img/p/5/4/54-thickbox_default.jpg','http://montessoriph.com/index.php?id_product=19&rewrite=infant-box-with-rectangle&controller=product&id_lang=1','2021-03-14 02:58:13'),(972,1,1,'/img/p/5/5/55-thickbox_default.jpg','http://montessoriph.com/index.php?id_product=20&rewrite=infant-box-with-square&controller=product&id_lang=1','2021-03-14 02:58:13'),(973,1,1,'/img/p/5/7/57-thickbox_default.jpg','http://montessoriph.com/index.php?id_product=21&rewrite=colorful-wood-lacing-beads&controller=product&id_lang=1','2021-03-14 02:58:13'),(974,1,1,'/img/p/5/8/58-thickbox_default.jpg','http://montessoriph.com/index.php?id_product=22&rewrite=brown-stair-mini&controller=product&id_lang=1','2021-03-14 02:58:13'),(975,1,1,'/img/p/6/0/60-thickbox_default.jpg','http://montessoriph.com/index.php?id_product=23&rewrite=cylinder-blocks-mini&controller=product&id_lang=1','2021-03-14 02:58:13'),(976,1,1,'/img/p/6/1/61-thickbox_default.jpg','http://montessoriph.com/index.php?id_product=24&rewrite=numerical-rods-mini&controller=product&id_lang=1','2021-03-14 02:58:13'),(977,1,1,'/img/p/6/2/62-thickbox_default.jpg','http://montessoriph.com/index.php?id_product=25&rewrite=pink-tower-mini&controller=product&id_lang=1','2021-03-14 02:58:13'),(978,1,1,'/img/p/6/3/63-thickbox_default.jpg','http://montessoriph.com/index.php?id_product=26&rewrite=foot-balance-board&controller=product&id_lang=1','2021-03-14 02:58:13'),(979,1,1,'/img/p/5/9/59-thickbox_default.jpg','http://montessoriph.com/index.php?id_product=40&rewrite=4-ovaloids-on-pegs&controller=product&id_lang=1','2021-03-14 03:01:54'),(980,1,1,'/img/p/tl-default-large_default.jpg','http://montessoriph.com/index.php?id_product=234&rewrite=botany-cabinet-18-leaf-shape-insets&controller=product&id_lang=2','2021-03-14 03:01:55'),(981,1,1,'/img/p/6/4/64-thickbox_default.jpg','http://montessoriph.com/index.php?id_product=27&rewrite=4-shapes-bricks-and-3-colors&controller=product&id_lang=1','2021-03-14 03:05:34'),(982,1,1,'/img/p/6/5/65-thickbox_default.jpg','http://montessoriph.com/index.php?id_product=28&rewrite=9-bricks-3-colors-3-shapes&controller=product&id_lang=1','2021-03-14 03:05:34'),(983,1,1,'/img/p/6/6/66-thickbox_default.jpg','http://montessoriph.com/index.php?id_product=29&rewrite=geometric-forms&controller=product&id_lang=1','2021-03-14 03:05:34'),(984,1,1,'/img/p/6/7/67-thickbox_default.jpg','http://montessoriph.com/index.php?id_product=30&rewrite=round-bricks-4-colors&controller=product&id_lang=1','2021-03-14 03:05:34'),(985,1,1,'/img/p/6/8/68-thickbox_default.jpg','http://montessoriph.com/index.php?id_product=31&rewrite=5-shapes-bricks-big-size&controller=product&id_lang=1','2021-03-14 03:05:34'),(986,1,1,'/img/p/7/0/70-thickbox_default.jpg','http://montessoriph.com/index.php?id_product=31&rewrite=5-shapes-bricks-big-size&controller=product&id_lang=1','2021-03-14 03:05:34'),(987,1,1,'/img/p/3/1/31-thickbox_default.jpg','http://montessoriph.com/index.php?id_product=32&rewrite=5-shapes-of-5-colors&controller=product&id_lang=1','2021-03-14 03:05:34'),(988,1,1,'/img/p/3/4/34-thickbox_default.jpg','http://montessoriph.com/index.php?id_product=33&rewrite=4-shapes-with-3-colors&controller=product&id_lang=1','2021-03-14 03:05:35'),(989,1,1,'/img/p/3/7/37-thickbox_default.jpg','http://montessoriph.com/index.php?id_product=34&rewrite=geo-ladder-same-shapescolor&controller=product&id_lang=1','2021-03-14 03:05:35'),(990,1,1,'/img/p/4/0/40-thickbox_default.jpg','http://montessoriph.com/index.php?id_product=35&rewrite=geo-shapes-square-puzzle&controller=product&id_lang=1','2021-03-14 03:05:35'),(991,1,1,'/img/p/4/4/44-thickbox_default.jpg','http://montessoriph.com/index.php?id_product=36&rewrite=geo-shapes-fraction-puzzle&controller=product&id_lang=1','2021-03-14 03:05:35'),(992,1,1,'/img/p/4/7/47-thickbox_default.jpg','http://montessoriph.com/index.php?id_product=37&rewrite=geo-solids-ladder-cylinders&controller=product&id_lang=1','2021-03-14 03:05:35'),(993,1,1,'/img/p/5/3/53-thickbox_default.jpg','http://montessoriph.com/index.php?id_product=38&rewrite=toddler-interlocking-discs&controller=product&id_lang=1','2021-03-14 03:05:35'),(994,1,1,'/img/p/5/6/56-thickbox_default.jpg','http://montessoriph.com/index.php?id_product=39&rewrite=toddler-bell&controller=product&id_lang=1','2021-03-14 03:05:35'),(995,1,1,'/index.php?controller=404','http://161.97.139.200/TP/public/index.php','2021-03-14 05:03:02'),(996,1,1,'/index.php?controller=404','http://161.97.139.200/TP/index.php','2021-03-14 05:03:04'),(997,1,1,'/index.php?controller=404','http://161.97.139.200/thinkphp/html/public/index.php','2021-03-14 05:03:05'),(998,1,1,'/index.php?controller=404','http://161.97.139.200/html/public/index.php','2021-03-14 05:03:06'),(999,1,1,'/index.php?controller=404','http://161.97.139.200/public/index.php','2021-03-14 05:03:07'),(1000,1,1,'/facebook%20url','http://montessoriph.com/index.php','2021-03-14 05:56:56'),(1001,1,1,'/twitter%20url','http://montessoriph.com/index.php','2021-03-14 05:56:56'),(1002,1,1,'/instagram%20url','http://montessoriph.com/index.php','2021-03-14 05:56:56'),(1003,1,1,'/google%20url','http://montessoriph.com/index.php','2021-03-14 05:56:56'),(1004,1,1,'/pintrest%20url','http://montessoriph.com/index.php','2021-03-14 05:56:56'),(1005,1,1,'/youtube%20url','http://montessoriph.com/index.php','2021-03-14 05:56:56'),(1006,1,1,'/vimeo%20url','http://montessoriph.com/index.php','2021-03-14 05:56:56'),(1007,1,1,'/img/p/3/2/32-thickbox_default.jpg','http://montessoriph.com/index.php?id_product=1&rewrite=puzzle-with-3-shapes-of-3-colors&controller=product&id_lang=1','2021-03-14 05:58:37'),(1008,1,1,'/img/p/3/3/33-thickbox_default.jpg','http://montessoriph.com/index.php?id_product=2&rewrite=puzzle-of-1-big-circle&controller=product&id_lang=1','2021-03-14 05:58:37'),(1009,1,1,'/img/p/3/5/35-thickbox_default.jpg','http://montessoriph.com/index.php?id_product=3&rewrite=holder-for-cards&controller=product&id_lang=1','2021-03-14 05:58:37'),(1010,1,1,'/img/p/3/6/36-thickbox_default.jpg','http://montessoriph.com/index.php?id_product=4&rewrite=cabinet-and-tray&controller=product&id_lang=1','2021-03-14 05:58:37'),(1011,1,1,'/img/p/3/8/38-thickbox_default.jpg','http://montessoriph.com/index.php?id_product=6&rewrite=infant-box-with-cylinder&controller=product&id_lang=1','2021-03-14 05:58:37'),(1012,1,1,'/img/p/3/9/39-thickbox_default.jpg','http://montessoriph.com/index.php?id_product=7&rewrite=infant-box-with-triangle&controller=product&id_lang=1','2021-03-14 05:58:38'),(1013,1,1,'/img/p/4/1/41-thickbox_default.jpg','http://montessoriph.com/index.php?id_product=8&rewrite=infant-box-with-coins&controller=product&id_lang=1','2021-03-14 05:58:38'),(1014,1,1,'/img/p/4/2/42-thickbox_default.jpg','http://montessoriph.com/index.php?id_product=9&rewrite=puzzle-with-1-square&controller=product&id_lang=1','2021-03-14 05:58:38'),(1015,1,1,'/img/p/4/3/43-thickbox_default.jpg','http://montessoriph.com/index.php?id_product=10&rewrite=puzzle-with-3-circles&controller=product&id_lang=1','2021-03-14 05:58:38'),(1016,1,1,'/img/p/4/5/45-thickbox_default.jpg','http://montessoriph.com/index.php?id_product=11&rewrite=toddler-box-with-ball&controller=product&id_lang=1','2021-03-14 05:58:38'),(1017,1,1,'/img/p/4/6/46-thickbox_default.jpg','http://montessoriph.com/index.php?id_product=12&rewrite=toddler-peg-box&controller=product&id_lang=1','2021-03-14 05:58:39'),(1018,1,1,'/img/p/4/8/48-thickbox_default.jpg','http://montessoriph.com/index.php?id_product=13&rewrite=puzzle-with-1-triangle&controller=product&id_lang=1','2021-03-14 05:58:39'),(1019,1,1,'/img/p/tl-default-home_default.jpg','http://montessoriph.com/index.php?id_category=10&controller=category&id_lang=2','2021-03-14 05:59:59'),(1020,1,1,'/img/p/4/9/49-thickbox_default.jpg','http://montessoriph.com/index.php?id_product=14&rewrite=tpm016&controller=product&id_lang=1','2021-03-14 06:00:45'),(1021,1,1,'/img/p/5/0/50-thickbox_default.jpg','http://montessoriph.com/index.php?id_product=15&rewrite=3-cubes-on-1-vertical-stick&controller=product&id_lang=1','2021-03-14 06:00:45'),(1022,1,1,'/img/p/5/1/51-thickbox_default.jpg','http://montessoriph.com/index.php?id_product=16&rewrite=3-discs-on-1-horizontal-stick&controller=product&id_lang=1','2021-03-14 06:00:45'),(1023,1,1,'/img/p/5/2/52-thickbox_default.jpg','http://montessoriph.com/index.php?id_product=17&rewrite=serpentine-horizontal-straight&controller=product&id_lang=1','2021-03-14 06:00:45'),(1024,1,1,'/img/p/5/4/54-thickbox_default.jpg','http://montessoriph.com/index.php?id_product=19&rewrite=infant-box-with-rectangle&controller=product&id_lang=1','2021-03-14 06:00:45'),(1025,1,1,'/img/p/5/5/55-thickbox_default.jpg','http://montessoriph.com/index.php?id_product=20&rewrite=infant-box-with-square&controller=product&id_lang=1','2021-03-14 06:00:46'),(1026,1,1,'/img/p/5/7/57-thickbox_default.jpg','http://montessoriph.com/index.php?id_product=21&rewrite=colorful-wood-lacing-beads&controller=product&id_lang=1','2021-03-14 06:00:46'),(1027,1,1,'/img/p/5/8/58-thickbox_default.jpg','http://montessoriph.com/index.php?id_product=22&rewrite=brown-stair-mini&controller=product&id_lang=1','2021-03-14 06:00:46'),(1028,1,1,'/img/p/6/0/60-thickbox_default.jpg','http://montessoriph.com/index.php?id_product=23&rewrite=cylinder-blocks-mini&controller=product&id_lang=1','2021-03-14 06:00:46'),(1029,1,1,'/img/p/6/1/61-thickbox_default.jpg','http://montessoriph.com/index.php?id_product=24&rewrite=numerical-rods-mini&controller=product&id_lang=1','2021-03-14 06:00:46'),(1030,1,1,'/img/p/6/2/62-thickbox_default.jpg','http://montessoriph.com/index.php?id_product=25&rewrite=pink-tower-mini&controller=product&id_lang=1','2021-03-14 06:00:46'),(1031,1,1,'/img/p/6/3/63-thickbox_default.jpg','http://montessoriph.com/index.php?id_product=26&rewrite=foot-balance-board&controller=product&id_lang=1','2021-03-14 06:00:46'),(1032,1,1,'/img/p/5/9/59-thickbox_default.jpg','http://montessoriph.com/index.php?id_product=40&rewrite=4-ovaloids-on-pegs&controller=product&id_lang=1','2021-03-14 06:04:30'),(1033,1,1,'/img/p/tl-default-large_default.jpg','http://montessoriph.com/index.php?id_product=234&rewrite=botany-cabinet-18-leaf-shape-insets&controller=product&id_lang=2','2021-03-14 06:04:31'),(1034,1,1,'/img/p/6/4/64-thickbox_default.jpg','http://montessoriph.com/index.php?id_product=27&rewrite=4-shapes-bricks-and-3-colors&controller=product&id_lang=1','2021-03-14 06:08:32'),(1035,1,1,'/img/p/6/5/65-thickbox_default.jpg','http://montessoriph.com/index.php?id_product=28&rewrite=9-bricks-3-colors-3-shapes&controller=product&id_lang=1','2021-03-14 06:08:33'),(1036,1,1,'/img/p/6/6/66-thickbox_default.jpg','http://montessoriph.com/index.php?id_product=29&rewrite=geometric-forms&controller=product&id_lang=1','2021-03-14 06:08:33'),(1037,1,1,'/img/p/6/7/67-thickbox_default.jpg','http://montessoriph.com/index.php?id_product=30&rewrite=round-bricks-4-colors&controller=product&id_lang=1','2021-03-14 06:08:33'),(1038,1,1,'/img/p/6/8/68-thickbox_default.jpg','http://montessoriph.com/index.php?id_product=31&rewrite=5-shapes-bricks-big-size&controller=product&id_lang=1','2021-03-14 06:08:33'),(1039,1,1,'/img/p/7/0/70-thickbox_default.jpg','http://montessoriph.com/index.php?id_product=31&rewrite=5-shapes-bricks-big-size&controller=product&id_lang=1','2021-03-14 06:08:33'),(1040,1,1,'/img/p/3/1/31-thickbox_default.jpg','http://montessoriph.com/index.php?id_product=32&rewrite=5-shapes-of-5-colors&controller=product&id_lang=1','2021-03-14 06:08:33'),(1041,1,1,'/img/p/3/4/34-thickbox_default.jpg','http://montessoriph.com/index.php?id_product=33&rewrite=4-shapes-with-3-colors&controller=product&id_lang=1','2021-03-14 06:08:33'),(1042,1,1,'/img/p/3/7/37-thickbox_default.jpg','http://montessoriph.com/index.php?id_product=34&rewrite=geo-ladder-same-shapescolor&controller=product&id_lang=1','2021-03-14 06:08:33'),(1043,1,1,'/img/p/4/0/40-thickbox_default.jpg','http://montessoriph.com/index.php?id_product=35&rewrite=geo-shapes-square-puzzle&controller=product&id_lang=1','2021-03-14 06:08:33'),(1044,1,1,'/img/p/4/4/44-thickbox_default.jpg','http://montessoriph.com/index.php?id_product=36&rewrite=geo-shapes-fraction-puzzle&controller=product&id_lang=1','2021-03-14 06:08:34'),(1045,1,1,'/img/p/4/7/47-thickbox_default.jpg','http://montessoriph.com/index.php?id_product=37&rewrite=geo-solids-ladder-cylinders&controller=product&id_lang=1','2021-03-14 06:08:34'),(1046,1,1,'/img/p/5/3/53-thickbox_default.jpg','http://montessoriph.com/index.php?id_product=38&rewrite=toddler-interlocking-discs&controller=product&id_lang=1','2021-03-14 06:08:34'),(1047,1,1,'/img/p/5/6/56-thickbox_default.jpg','http://montessoriph.com/index.php?id_product=39&rewrite=toddler-bell&controller=product&id_lang=1','2021-03-14 06:08:34'),(1048,1,1,'/login','','2021-03-14 09:04:41'),(1049,1,1,'/jenkins/login','','2021-03-14 09:04:42'),(1050,1,1,'/index.php?controller=404','http://161.97.139.200:80/manager/html','2021-03-14 09:04:44'),(1051,1,1,'/index.php?controller=404','http://161.97.139.200:80/_ignition/execute-solution','2021-03-14 09:04:48'),(1052,1,1,'/index.php?controller=404','http://161.97.139.200:80/user/register?element_parents=account/mail/%23value&ajax_form=1&_wrapper_format=drupal_ajax','2021-03-14 09:04:52'),(1053,1,1,'/.well-known/security.txt','','2021-03-14 09:26:34'),(1054,1,1,'/.well-known/security.txt','','2021-03-14 12:56:21'),(1055,1,1,'/0bef','','2021-03-14 14:18:22'),(1056,1,1,'/index.php?controller=404','http://161.97.139.200:80/solr/admin/info/system?wt=json','2021-03-14 16:53:37'),(1057,1,1,'/index.php?controller=404','http://161.97.139.200:80/wp-content/plugins/wp-file-manager/readme.txt','2021-03-14 16:53:38'),(1058,1,1,'/index.php?controller=404','http://161.97.139.200:80/console/','2021-03-14 16:53:38'),(1059,1,1,'/index.php?controller=404','http://161.97.139.200:80/Autodiscover/Autodiscover.xml','2021-03-14 16:53:41'),(1060,1,1,'/index.php?controller=404','http://161.97.139.200:80/_ignition/execute-solution','2021-03-14 16:53:48'),(1061,1,1,'/login','','2021-03-14 22:00:35'),(1062,1,1,'/jenkins/login','','2021-03-14 22:00:35'),(1063,1,1,'/index.php?controller=404','http://161.97.139.200:80/manager/html','2021-03-14 22:00:36'),(1064,1,1,'/index.php?controller=404','http://161.97.139.200:80/_ignition/execute-solution','2021-03-14 22:00:40'),(1065,1,1,'/index.php?controller=404','http://161.97.139.200:80/user/register?element_parents=account/mail/%23value&ajax_form=1&_wrapper_format=drupal_ajax','2021-03-14 22:00:41'),(1066,1,1,'/facebook%20url','http://montessoriph.com/index.php','2021-03-14 23:20:03'),(1067,1,1,'/twitter%20url','http://montessoriph.com/index.php','2021-03-14 23:20:03'),(1068,1,1,'/instagram%20url','http://montessoriph.com/index.php','2021-03-14 23:20:03'),(1069,1,1,'/google%20url','http://montessoriph.com/index.php','2021-03-14 23:20:03'),(1070,1,1,'/pintrest%20url','http://montessoriph.com/index.php','2021-03-14 23:20:03'),(1071,1,1,'/youtube%20url','http://montessoriph.com/index.php','2021-03-14 23:20:03'),(1072,1,1,'/vimeo%20url','http://montessoriph.com/index.php','2021-03-14 23:20:03'),(1073,1,1,'/img/p/3/2/32-thickbox_default.jpg','http://montessoriph.com/index.php?id_product=1&rewrite=puzzle-with-3-shapes-of-3-colors&controller=product&id_lang=1','2021-03-14 23:21:40'),(1074,1,1,'/img/p/3/3/33-thickbox_default.jpg','http://montessoriph.com/index.php?id_product=2&rewrite=puzzle-of-1-big-circle&controller=product&id_lang=1','2021-03-14 23:21:40'),(1075,1,1,'/img/p/3/5/35-thickbox_default.jpg','http://montessoriph.com/index.php?id_product=3&rewrite=holder-for-cards&controller=product&id_lang=1','2021-03-14 23:21:40'),(1076,1,1,'/img/p/3/6/36-thickbox_default.jpg','http://montessoriph.com/index.php?id_product=4&rewrite=cabinet-and-tray&controller=product&id_lang=1','2021-03-14 23:21:41'),(1077,1,1,'/img/p/3/8/38-thickbox_default.jpg','http://montessoriph.com/index.php?id_product=6&rewrite=infant-box-with-cylinder&controller=product&id_lang=1','2021-03-14 23:21:41'),(1078,1,1,'/img/p/3/9/39-thickbox_default.jpg','http://montessoriph.com/index.php?id_product=7&rewrite=infant-box-with-triangle&controller=product&id_lang=1','2021-03-14 23:21:41'),(1079,1,1,'/img/p/4/1/41-thickbox_default.jpg','http://montessoriph.com/index.php?id_product=8&rewrite=infant-box-with-coins&controller=product&id_lang=1','2021-03-14 23:21:41'),(1080,1,1,'/img/p/4/2/42-thickbox_default.jpg','http://montessoriph.com/index.php?id_product=9&rewrite=puzzle-with-1-square&controller=product&id_lang=1','2021-03-14 23:21:41'),(1081,1,1,'/img/p/4/3/43-thickbox_default.jpg','http://montessoriph.com/index.php?id_product=10&rewrite=puzzle-with-3-circles&controller=product&id_lang=1','2021-03-14 23:21:41'),(1082,1,1,'/img/p/4/5/45-thickbox_default.jpg','http://montessoriph.com/index.php?id_product=11&rewrite=toddler-box-with-ball&controller=product&id_lang=1','2021-03-14 23:21:41'),(1083,1,1,'/img/p/4/6/46-thickbox_default.jpg','http://montessoriph.com/index.php?id_product=12&rewrite=toddler-peg-box&controller=product&id_lang=1','2021-03-14 23:21:42'),(1084,1,1,'/img/p/4/8/48-thickbox_default.jpg','http://montessoriph.com/index.php?id_product=13&rewrite=puzzle-with-1-triangle&controller=product&id_lang=1','2021-03-14 23:21:42'),(1085,1,1,'/img/p/tl-default-home_default.jpg','http://montessoriph.com/index.php?id_category=10&controller=category&id_lang=2','2021-03-14 23:22:54'),(1086,1,1,'/img/p/4/9/49-thickbox_default.jpg','http://montessoriph.com/index.php?id_product=14&rewrite=tpm016&controller=product&id_lang=1','2021-03-14 23:23:33'),(1087,1,1,'/img/p/5/0/50-thickbox_default.jpg','http://montessoriph.com/index.php?id_product=15&rewrite=3-cubes-on-1-vertical-stick&controller=product&id_lang=1','2021-03-14 23:23:34'),(1088,1,1,'/img/p/5/1/51-thickbox_default.jpg','http://montessoriph.com/index.php?id_product=16&rewrite=3-discs-on-1-horizontal-stick&controller=product&id_lang=1','2021-03-14 23:23:34'),(1089,1,1,'/img/p/5/2/52-thickbox_default.jpg','http://montessoriph.com/index.php?id_product=17&rewrite=serpentine-horizontal-straight&controller=product&id_lang=1','2021-03-14 23:23:34'),(1090,1,1,'/img/p/5/4/54-thickbox_default.jpg','http://montessoriph.com/index.php?id_product=19&rewrite=infant-box-with-rectangle&controller=product&id_lang=1','2021-03-14 23:23:34'),(1091,1,1,'/img/p/5/5/55-thickbox_default.jpg','http://montessoriph.com/index.php?id_product=20&rewrite=infant-box-with-square&controller=product&id_lang=1','2021-03-14 23:23:34'),(1092,1,1,'/img/p/5/7/57-thickbox_default.jpg','http://montessoriph.com/index.php?id_product=21&rewrite=colorful-wood-lacing-beads&controller=product&id_lang=1','2021-03-14 23:23:34'),(1093,1,1,'/img/p/5/8/58-thickbox_default.jpg','http://montessoriph.com/index.php?id_product=22&rewrite=brown-stair-mini&controller=product&id_lang=1','2021-03-14 23:23:34'),(1094,1,1,'/img/p/6/0/60-thickbox_default.jpg','http://montessoriph.com/index.php?id_product=23&rewrite=cylinder-blocks-mini&controller=product&id_lang=1','2021-03-14 23:23:34'),(1095,1,1,'/img/p/6/1/61-thickbox_default.jpg','http://montessoriph.com/index.php?id_product=24&rewrite=numerical-rods-mini&controller=product&id_lang=1','2021-03-14 23:23:34'),(1096,1,1,'/img/p/6/2/62-thickbox_default.jpg','http://montessoriph.com/index.php?id_product=25&rewrite=pink-tower-mini&controller=product&id_lang=1','2021-03-14 23:23:34'),(1097,1,1,'/img/p/6/3/63-thickbox_default.jpg','http://montessoriph.com/index.php?id_product=26&rewrite=foot-balance-board&controller=product&id_lang=1','2021-03-14 23:23:34'),(1098,1,1,'/img/p/5/9/59-thickbox_default.jpg','http://montessoriph.com/index.php?id_product=40&rewrite=4-ovaloids-on-pegs&controller=product&id_lang=1','2021-03-14 23:26:54'),(1099,1,1,'/img/p/tl-default-large_default.jpg','http://montessoriph.com/index.php?id_product=234&rewrite=botany-cabinet-18-leaf-shape-insets&controller=product&id_lang=2','2021-03-14 23:26:55'),(1100,1,1,'/img/p/6/4/64-thickbox_default.jpg','http://montessoriph.com/index.php?id_product=27&rewrite=4-shapes-bricks-and-3-colors&controller=product&id_lang=1','2021-03-14 23:30:35'),(1101,1,1,'/img/p/6/5/65-thickbox_default.jpg','http://montessoriph.com/index.php?id_product=28&rewrite=9-bricks-3-colors-3-shapes&controller=product&id_lang=1','2021-03-14 23:30:35'),(1102,1,1,'/img/p/6/6/66-thickbox_default.jpg','http://montessoriph.com/index.php?id_product=29&rewrite=geometric-forms&controller=product&id_lang=1','2021-03-14 23:30:35'),(1103,1,1,'/img/p/6/7/67-thickbox_default.jpg','http://montessoriph.com/index.php?id_product=30&rewrite=round-bricks-4-colors&controller=product&id_lang=1','2021-03-14 23:30:35'),(1104,1,1,'/img/p/6/8/68-thickbox_default.jpg','http://montessoriph.com/index.php?id_product=31&rewrite=5-shapes-bricks-big-size&controller=product&id_lang=1','2021-03-14 23:30:36'),(1105,1,1,'/img/p/7/0/70-thickbox_default.jpg','http://montessoriph.com/index.php?id_product=31&rewrite=5-shapes-bricks-big-size&controller=product&id_lang=1','2021-03-14 23:30:36'),(1106,1,1,'/img/p/3/1/31-thickbox_default.jpg','http://montessoriph.com/index.php?id_product=32&rewrite=5-shapes-of-5-colors&controller=product&id_lang=1','2021-03-14 23:30:36'),(1107,1,1,'/img/p/3/4/34-thickbox_default.jpg','http://montessoriph.com/index.php?id_product=33&rewrite=4-shapes-with-3-colors&controller=product&id_lang=1','2021-03-14 23:30:36'),(1108,1,1,'/img/p/3/7/37-thickbox_default.jpg','http://montessoriph.com/index.php?id_product=34&rewrite=geo-ladder-same-shapescolor&controller=product&id_lang=1','2021-03-14 23:30:36'),(1109,1,1,'/img/p/4/0/40-thickbox_default.jpg','http://montessoriph.com/index.php?id_product=35&rewrite=geo-shapes-square-puzzle&controller=product&id_lang=1','2021-03-14 23:30:36'),(1110,1,1,'/img/p/4/4/44-thickbox_default.jpg','http://montessoriph.com/index.php?id_product=36&rewrite=geo-shapes-fraction-puzzle&controller=product&id_lang=1','2021-03-14 23:30:36'),(1111,1,1,'/img/p/4/7/47-thickbox_default.jpg','http://montessoriph.com/index.php?id_product=37&rewrite=geo-solids-ladder-cylinders&controller=product&id_lang=1','2021-03-14 23:30:36'),(1112,1,1,'/img/p/5/3/53-thickbox_default.jpg','http://montessoriph.com/index.php?id_product=38&rewrite=toddler-interlocking-discs&controller=product&id_lang=1','2021-03-14 23:30:36'),(1113,1,1,'/img/p/5/6/56-thickbox_default.jpg','http://montessoriph.com/index.php?id_product=39&rewrite=toddler-bell&controller=product&id_lang=1','2021-03-14 23:30:36'),(1114,1,1,'/facebook%20url','http://montessoriph.com/index.php','2021-03-15 00:00:20'),(1115,1,1,'/twitter%20url','http://montessoriph.com/index.php','2021-03-15 00:00:20'),(1116,1,1,'/instagram%20url','http://montessoriph.com/index.php','2021-03-15 00:00:20'),(1117,1,1,'/google%20url','http://montessoriph.com/index.php','2021-03-15 00:00:20'),(1118,1,1,'/pintrest%20url','http://montessoriph.com/index.php','2021-03-15 00:00:20'),(1119,1,1,'/youtube%20url','http://montessoriph.com/index.php','2021-03-15 00:00:21'),(1120,1,1,'/vimeo%20url','http://montessoriph.com/index.php','2021-03-15 00:00:21'),(1121,1,1,'/img/p/3/2/32-thickbox_default.jpg','http://montessoriph.com/index.php?id_product=1&rewrite=puzzle-with-3-shapes-of-3-colors&controller=product&id_lang=1','2021-03-15 00:02:00'),(1122,1,1,'/img/p/3/3/33-thickbox_default.jpg','http://montessoriph.com/index.php?id_product=2&rewrite=puzzle-of-1-big-circle&controller=product&id_lang=1','2021-03-15 00:02:00'),(1123,1,1,'/img/p/3/5/35-thickbox_default.jpg','http://montessoriph.com/index.php?id_product=3&rewrite=holder-for-cards&controller=product&id_lang=1','2021-03-15 00:02:01'),(1124,1,1,'/img/p/3/6/36-thickbox_default.jpg','http://montessoriph.com/index.php?id_product=4&rewrite=cabinet-and-tray&controller=product&id_lang=1','2021-03-15 00:02:01'),(1125,1,1,'/img/p/3/8/38-thickbox_default.jpg','http://montessoriph.com/index.php?id_product=6&rewrite=infant-box-with-cylinder&controller=product&id_lang=1','2021-03-15 00:02:01'),(1126,1,1,'/img/p/3/9/39-thickbox_default.jpg','http://montessoriph.com/index.php?id_product=7&rewrite=infant-box-with-triangle&controller=product&id_lang=1','2021-03-15 00:02:01'),(1127,1,1,'/img/p/4/1/41-thickbox_default.jpg','http://montessoriph.com/index.php?id_product=8&rewrite=infant-box-with-coins&controller=product&id_lang=1','2021-03-15 00:02:01'),(1128,1,1,'/img/p/4/2/42-thickbox_default.jpg','http://montessoriph.com/index.php?id_product=9&rewrite=puzzle-with-1-square&controller=product&id_lang=1','2021-03-15 00:02:01'),(1129,1,1,'/img/p/4/3/43-thickbox_default.jpg','http://montessoriph.com/index.php?id_product=10&rewrite=puzzle-with-3-circles&controller=product&id_lang=1','2021-03-15 00:02:01'),(1130,1,1,'/img/p/4/5/45-thickbox_default.jpg','http://montessoriph.com/index.php?id_product=11&rewrite=toddler-box-with-ball&controller=product&id_lang=1','2021-03-15 00:02:02'),(1131,1,1,'/img/p/4/6/46-thickbox_default.jpg','http://montessoriph.com/index.php?id_product=12&rewrite=toddler-peg-box&controller=product&id_lang=1','2021-03-15 00:02:02'),(1132,1,1,'/img/p/4/8/48-thickbox_default.jpg','http://montessoriph.com/index.php?id_product=13&rewrite=puzzle-with-1-triangle&controller=product&id_lang=1','2021-03-15 00:02:03'),(1133,1,1,'/img/p/tl-default-home_default.jpg','http://montessoriph.com/index.php?id_category=10&controller=category&id_lang=2','2021-03-15 00:03:17'),(1134,1,1,'/img/p/4/9/49-thickbox_default.jpg','http://montessoriph.com/index.php?id_product=14&rewrite=tpm016&controller=product&id_lang=1','2021-03-15 00:04:25'),(1135,1,1,'/img/p/5/0/50-thickbox_default.jpg','http://montessoriph.com/index.php?id_product=15&rewrite=3-cubes-on-1-vertical-stick&controller=product&id_lang=1','2021-03-15 00:04:25'),(1136,1,1,'/img/p/5/1/51-thickbox_default.jpg','http://montessoriph.com/index.php?id_product=16&rewrite=3-discs-on-1-horizontal-stick&controller=product&id_lang=1','2021-03-15 00:04:25'),(1137,1,1,'/img/p/5/2/52-thickbox_default.jpg','http://montessoriph.com/index.php?id_product=17&rewrite=serpentine-horizontal-straight&controller=product&id_lang=1','2021-03-15 00:04:25'),(1138,1,1,'/img/p/5/4/54-thickbox_default.jpg','http://montessoriph.com/index.php?id_product=19&rewrite=infant-box-with-rectangle&controller=product&id_lang=1','2021-03-15 00:04:25'),(1139,1,1,'/img/p/5/5/55-thickbox_default.jpg','http://montessoriph.com/index.php?id_product=20&rewrite=infant-box-with-square&controller=product&id_lang=1','2021-03-15 00:04:26'),(1140,1,1,'/img/p/5/7/57-thickbox_default.jpg','http://montessoriph.com/index.php?id_product=21&rewrite=colorful-wood-lacing-beads&controller=product&id_lang=1','2021-03-15 00:04:26'),(1141,1,1,'/img/p/5/8/58-thickbox_default.jpg','http://montessoriph.com/index.php?id_product=22&rewrite=brown-stair-mini&controller=product&id_lang=1','2021-03-15 00:04:26'),(1142,1,1,'/img/p/6/0/60-thickbox_default.jpg','http://montessoriph.com/index.php?id_product=23&rewrite=cylinder-blocks-mini&controller=product&id_lang=1','2021-03-15 00:04:26'),(1143,1,1,'/img/p/6/1/61-thickbox_default.jpg','http://montessoriph.com/index.php?id_product=24&rewrite=numerical-rods-mini&controller=product&id_lang=1','2021-03-15 00:04:26'),(1144,1,1,'/img/p/6/2/62-thickbox_default.jpg','http://montessoriph.com/index.php?id_product=25&rewrite=pink-tower-mini&controller=product&id_lang=1','2021-03-15 00:04:26'),(1145,1,1,'/img/p/6/3/63-thickbox_default.jpg','http://montessoriph.com/index.php?id_product=26&rewrite=foot-balance-board&controller=product&id_lang=1','2021-03-15 00:04:26'),(1146,1,1,'/img/p/5/9/59-thickbox_default.jpg','http://montessoriph.com/index.php?id_product=40&rewrite=4-ovaloids-on-pegs&controller=product&id_lang=1','2021-03-15 00:09:04'),(1147,1,1,'/img/p/tl-default-large_default.jpg','http://montessoriph.com/index.php?id_product=234&rewrite=botany-cabinet-18-leaf-shape-insets&controller=product&id_lang=2','2021-03-15 00:09:08'),(1148,1,1,'/img/p/6/4/64-thickbox_default.jpg','http://montessoriph.com/index.php?id_product=27&rewrite=4-shapes-bricks-and-3-colors&controller=product&id_lang=1','2021-03-15 00:13:36'),(1149,1,1,'/img/p/6/5/65-thickbox_default.jpg','http://montessoriph.com/index.php?id_product=28&rewrite=9-bricks-3-colors-3-shapes&controller=product&id_lang=1','2021-03-15 00:13:37'),(1150,1,1,'/img/p/6/6/66-thickbox_default.jpg','http://montessoriph.com/index.php?id_product=29&rewrite=geometric-forms&controller=product&id_lang=1','2021-03-15 00:13:37'),(1151,1,1,'/img/p/6/7/67-thickbox_default.jpg','http://montessoriph.com/index.php?id_product=30&rewrite=round-bricks-4-colors&controller=product&id_lang=1','2021-03-15 00:13:37'),(1152,1,1,'/img/p/6/8/68-thickbox_default.jpg','http://montessoriph.com/index.php?id_product=31&rewrite=5-shapes-bricks-big-size&controller=product&id_lang=1','2021-03-15 00:13:37'),(1153,1,1,'/img/p/7/0/70-thickbox_default.jpg','http://montessoriph.com/index.php?id_product=31&rewrite=5-shapes-bricks-big-size&controller=product&id_lang=1','2021-03-15 00:13:37'),(1154,1,1,'/img/p/3/1/31-thickbox_default.jpg','http://montessoriph.com/index.php?id_product=32&rewrite=5-shapes-of-5-colors&controller=product&id_lang=1','2021-03-15 00:13:37'),(1155,1,1,'/img/p/3/4/34-thickbox_default.jpg','http://montessoriph.com/index.php?id_product=33&rewrite=4-shapes-with-3-colors&controller=product&id_lang=1','2021-03-15 00:13:37'),(1156,1,1,'/img/p/3/7/37-thickbox_default.jpg','http://montessoriph.com/index.php?id_product=34&rewrite=geo-ladder-same-shapescolor&controller=product&id_lang=1','2021-03-15 00:13:37'),(1157,1,1,'/img/p/4/0/40-thickbox_default.jpg','http://montessoriph.com/index.php?id_product=35&rewrite=geo-shapes-square-puzzle&controller=product&id_lang=1','2021-03-15 00:13:37'),(1158,1,1,'/img/p/4/4/44-thickbox_default.jpg','http://montessoriph.com/index.php?id_product=36&rewrite=geo-shapes-fraction-puzzle&controller=product&id_lang=1','2021-03-15 00:13:37'),(1159,1,1,'/img/p/4/7/47-thickbox_default.jpg','http://montessoriph.com/index.php?id_product=37&rewrite=geo-solids-ladder-cylinders&controller=product&id_lang=1','2021-03-15 00:13:37'),(1160,1,1,'/img/p/5/3/53-thickbox_default.jpg','http://montessoriph.com/index.php?id_product=38&rewrite=toddler-interlocking-discs&controller=product&id_lang=1','2021-03-15 00:13:37'),(1161,1,1,'/img/p/5/6/56-thickbox_default.jpg','http://montessoriph.com/index.php?id_product=39&rewrite=toddler-bell&controller=product&id_lang=1','2021-03-15 00:13:38'),(1162,1,1,'/facebook%20url','http://montessoriph.com/index.php','2021-03-15 00:31:56'),(1163,1,1,'/twitter%20url','http://montessoriph.com/index.php','2021-03-15 00:31:56'),(1164,1,1,'/instagram%20url','http://montessoriph.com/index.php','2021-03-15 00:31:56'),(1165,1,1,'/google%20url','http://montessoriph.com/index.php','2021-03-15 00:31:56'),(1166,1,1,'/pintrest%20url','http://montessoriph.com/index.php','2021-03-15 00:31:56'),(1167,1,1,'/youtube%20url','http://montessoriph.com/index.php','2021-03-15 00:31:56'),(1168,1,1,'/vimeo%20url','http://montessoriph.com/index.php','2021-03-15 00:31:57'),(1169,1,1,'/img/p/3/2/32-thickbox_default.jpg','http://montessoriph.com/index.php?id_product=1&rewrite=puzzle-with-3-shapes-of-3-colors&controller=product&id_lang=1','2021-03-15 00:33:38'),(1170,1,1,'/img/p/3/3/33-thickbox_default.jpg','http://montessoriph.com/index.php?id_product=2&rewrite=puzzle-of-1-big-circle&controller=product&id_lang=1','2021-03-15 00:33:38'),(1171,1,1,'/img/p/3/5/35-thickbox_default.jpg','http://montessoriph.com/index.php?id_product=3&rewrite=holder-for-cards&controller=product&id_lang=1','2021-03-15 00:33:38'),(1172,1,1,'/img/p/3/6/36-thickbox_default.jpg','http://montessoriph.com/index.php?id_product=4&rewrite=cabinet-and-tray&controller=product&id_lang=1','2021-03-15 00:33:38'),(1173,1,1,'/img/p/3/8/38-thickbox_default.jpg','http://montessoriph.com/index.php?id_product=6&rewrite=infant-box-with-cylinder&controller=product&id_lang=1','2021-03-15 00:33:38'),(1174,1,1,'/img/p/3/9/39-thickbox_default.jpg','http://montessoriph.com/index.php?id_product=7&rewrite=infant-box-with-triangle&controller=product&id_lang=1','2021-03-15 00:33:38'),(1175,1,1,'/img/p/4/1/41-thickbox_default.jpg','http://montessoriph.com/index.php?id_product=8&rewrite=infant-box-with-coins&controller=product&id_lang=1','2021-03-15 00:33:38'),(1176,1,1,'/img/p/4/2/42-thickbox_default.jpg','http://montessoriph.com/index.php?id_product=9&rewrite=puzzle-with-1-square&controller=product&id_lang=1','2021-03-15 00:33:39'),(1177,1,1,'/img/p/4/3/43-thickbox_default.jpg','http://montessoriph.com/index.php?id_product=10&rewrite=puzzle-with-3-circles&controller=product&id_lang=1','2021-03-15 00:33:39'),(1178,1,1,'/img/p/4/5/45-thickbox_default.jpg','http://montessoriph.com/index.php?id_product=11&rewrite=toddler-box-with-ball&controller=product&id_lang=1','2021-03-15 00:33:39'),(1179,1,1,'/img/p/4/6/46-thickbox_default.jpg','http://montessoriph.com/index.php?id_product=12&rewrite=toddler-peg-box&controller=product&id_lang=1','2021-03-15 00:33:39'),(1180,1,1,'/img/p/4/8/48-thickbox_default.jpg','http://montessoriph.com/index.php?id_product=13&rewrite=puzzle-with-1-triangle&controller=product&id_lang=1','2021-03-15 00:33:39'),(1181,1,1,'/img/p/tl-default-home_default.jpg','http://montessoriph.com/index.php?id_category=10&controller=category&id_lang=2','2021-03-15 00:34:50'),(1182,1,1,'/img/p/4/9/49-thickbox_default.jpg','http://montessoriph.com/index.php?id_product=14&rewrite=tpm016&controller=product&id_lang=1','2021-03-15 00:35:30'),(1183,1,1,'/img/p/5/0/50-thickbox_default.jpg','http://montessoriph.com/index.php?id_product=15&rewrite=3-cubes-on-1-vertical-stick&controller=product&id_lang=1','2021-03-15 00:35:30'),(1184,1,1,'/img/p/5/1/51-thickbox_default.jpg','http://montessoriph.com/index.php?id_product=16&rewrite=3-discs-on-1-horizontal-stick&controller=product&id_lang=1','2021-03-15 00:35:30'),(1185,1,1,'/img/p/5/2/52-thickbox_default.jpg','http://montessoriph.com/index.php?id_product=17&rewrite=serpentine-horizontal-straight&controller=product&id_lang=1','2021-03-15 00:35:30'),(1186,1,1,'/img/p/5/4/54-thickbox_default.jpg','http://montessoriph.com/index.php?id_product=19&rewrite=infant-box-with-rectangle&controller=product&id_lang=1','2021-03-15 00:35:30'),(1187,1,1,'/img/p/5/5/55-thickbox_default.jpg','http://montessoriph.com/index.php?id_product=20&rewrite=infant-box-with-square&controller=product&id_lang=1','2021-03-15 00:35:30'),(1188,1,1,'/img/p/5/7/57-thickbox_default.jpg','http://montessoriph.com/index.php?id_product=21&rewrite=colorful-wood-lacing-beads&controller=product&id_lang=1','2021-03-15 00:35:30'),(1189,1,1,'/img/p/5/8/58-thickbox_default.jpg','http://montessoriph.com/index.php?id_product=22&rewrite=brown-stair-mini&controller=product&id_lang=1','2021-03-15 00:35:30'),(1190,1,1,'/img/p/6/0/60-thickbox_default.jpg','http://montessoriph.com/index.php?id_product=23&rewrite=cylinder-blocks-mini&controller=product&id_lang=1','2021-03-15 00:35:30'),(1191,1,1,'/img/p/6/1/61-thickbox_default.jpg','http://montessoriph.com/index.php?id_product=24&rewrite=numerical-rods-mini&controller=product&id_lang=1','2021-03-15 00:35:31'),(1192,1,1,'/img/p/6/2/62-thickbox_default.jpg','http://montessoriph.com/index.php?id_product=25&rewrite=pink-tower-mini&controller=product&id_lang=1','2021-03-15 00:35:31'),(1193,1,1,'/img/p/6/3/63-thickbox_default.jpg','http://montessoriph.com/index.php?id_product=26&rewrite=foot-balance-board&controller=product&id_lang=1','2021-03-15 00:35:31'),(1194,1,1,'/img/p/5/9/59-thickbox_default.jpg','http://montessoriph.com/index.php?id_product=40&rewrite=4-ovaloids-on-pegs&controller=product&id_lang=1','2021-03-15 00:39:13'),(1195,1,1,'/img/p/tl-default-large_default.jpg','http://montessoriph.com/index.php?id_product=234&rewrite=botany-cabinet-18-leaf-shape-insets&controller=product&id_lang=2','2021-03-15 00:39:14'),(1196,1,1,'/img/p/6/4/64-thickbox_default.jpg','http://montessoriph.com/index.php?id_product=27&rewrite=4-shapes-bricks-and-3-colors&controller=product&id_lang=1','2021-03-15 00:42:53'),(1197,1,1,'/img/p/6/5/65-thickbox_default.jpg','http://montessoriph.com/index.php?id_product=28&rewrite=9-bricks-3-colors-3-shapes&controller=product&id_lang=1','2021-03-15 00:42:53'),(1198,1,1,'/img/p/6/6/66-thickbox_default.jpg','http://montessoriph.com/index.php?id_product=29&rewrite=geometric-forms&controller=product&id_lang=1','2021-03-15 00:42:53'),(1199,1,1,'/img/p/6/7/67-thickbox_default.jpg','http://montessoriph.com/index.php?id_product=30&rewrite=round-bricks-4-colors&controller=product&id_lang=1','2021-03-15 00:42:53'),(1200,1,1,'/img/p/6/8/68-thickbox_default.jpg','http://montessoriph.com/index.php?id_product=31&rewrite=5-shapes-bricks-big-size&controller=product&id_lang=1','2021-03-15 00:42:53'),(1201,1,1,'/img/p/7/0/70-thickbox_default.jpg','http://montessoriph.com/index.php?id_product=31&rewrite=5-shapes-bricks-big-size&controller=product&id_lang=1','2021-03-15 00:42:53'),(1202,1,1,'/img/p/3/1/31-thickbox_default.jpg','http://montessoriph.com/index.php?id_product=32&rewrite=5-shapes-of-5-colors&controller=product&id_lang=1','2021-03-15 00:42:54'),(1203,1,1,'/img/p/3/4/34-thickbox_default.jpg','http://montessoriph.com/index.php?id_product=33&rewrite=4-shapes-with-3-colors&controller=product&id_lang=1','2021-03-15 00:42:54'),(1204,1,1,'/img/p/3/7/37-thickbox_default.jpg','http://montessoriph.com/index.php?id_product=34&rewrite=geo-ladder-same-shapescolor&controller=product&id_lang=1','2021-03-15 00:42:54'),(1205,1,1,'/img/p/4/0/40-thickbox_default.jpg','http://montessoriph.com/index.php?id_product=35&rewrite=geo-shapes-square-puzzle&controller=product&id_lang=1','2021-03-15 00:42:54'),(1206,1,1,'/img/p/4/4/44-thickbox_default.jpg','http://montessoriph.com/index.php?id_product=36&rewrite=geo-shapes-fraction-puzzle&controller=product&id_lang=1','2021-03-15 00:42:54'),(1207,1,1,'/img/p/4/7/47-thickbox_default.jpg','http://montessoriph.com/index.php?id_product=37&rewrite=geo-solids-ladder-cylinders&controller=product&id_lang=1','2021-03-15 00:42:54'),(1208,1,1,'/img/p/5/3/53-thickbox_default.jpg','http://montessoriph.com/index.php?id_product=38&rewrite=toddler-interlocking-discs&controller=product&id_lang=1','2021-03-15 00:42:54'),(1209,1,1,'/img/p/5/6/56-thickbox_default.jpg','http://montessoriph.com/index.php?id_product=39&rewrite=toddler-bell&controller=product&id_lang=1','2021-03-15 00:42:54'),(1210,1,1,'/facebook%20url','http://montessoriph.com/index.php','2021-03-15 01:16:30'),(1211,1,1,'/twitter%20url','http://montessoriph.com/index.php','2021-03-15 01:16:30'),(1212,1,1,'/instagram%20url','http://montessoriph.com/index.php','2021-03-15 01:16:30'),(1213,1,1,'/google%20url','http://montessoriph.com/index.php','2021-03-15 01:16:31'),(1214,1,1,'/pintrest%20url','http://montessoriph.com/index.php','2021-03-15 01:16:31'),(1215,1,1,'/youtube%20url','http://montessoriph.com/index.php','2021-03-15 01:16:31'),(1216,1,1,'/vimeo%20url','http://montessoriph.com/index.php','2021-03-15 01:16:31'),(1217,1,1,'/img/p/3/2/32-thickbox_default.jpg','http://montessoriph.com/index.php?id_product=1&rewrite=puzzle-with-3-shapes-of-3-colors&controller=product&id_lang=1','2021-03-15 01:19:31'),(1218,1,1,'/img/p/3/3/33-thickbox_default.jpg','http://montessoriph.com/index.php?id_product=2&rewrite=puzzle-of-1-big-circle&controller=product&id_lang=1','2021-03-15 01:19:32'),(1219,1,1,'/img/p/3/5/35-thickbox_default.jpg','http://montessoriph.com/index.php?id_product=3&rewrite=holder-for-cards&controller=product&id_lang=1','2021-03-15 01:19:32'),(1220,1,1,'/img/p/3/6/36-thickbox_default.jpg','http://montessoriph.com/index.php?id_product=4&rewrite=cabinet-and-tray&controller=product&id_lang=1','2021-03-15 01:19:32'),(1221,1,1,'/img/p/3/8/38-thickbox_default.jpg','http://montessoriph.com/index.php?id_product=6&rewrite=infant-box-with-cylinder&controller=product&id_lang=1','2021-03-15 01:19:32'),(1222,1,1,'/img/p/3/9/39-thickbox_default.jpg','http://montessoriph.com/index.php?id_product=7&rewrite=infant-box-with-triangle&controller=product&id_lang=1','2021-03-15 01:19:32'),(1223,1,1,'/img/p/4/1/41-thickbox_default.jpg','http://montessoriph.com/index.php?id_product=8&rewrite=infant-box-with-coins&controller=product&id_lang=1','2021-03-15 01:19:33'),(1224,1,1,'/img/p/4/2/42-thickbox_default.jpg','http://montessoriph.com/index.php?id_product=9&rewrite=puzzle-with-1-square&controller=product&id_lang=1','2021-03-15 01:19:33'),(1225,1,1,'/img/p/4/3/43-thickbox_default.jpg','http://montessoriph.com/index.php?id_product=10&rewrite=puzzle-with-3-circles&controller=product&id_lang=1','2021-03-15 01:19:34'),(1226,1,1,'/img/p/4/5/45-thickbox_default.jpg','http://montessoriph.com/index.php?id_product=11&rewrite=toddler-box-with-ball&controller=product&id_lang=1','2021-03-15 01:19:34'),(1227,1,1,'/img/p/4/6/46-thickbox_default.jpg','http://montessoriph.com/index.php?id_product=12&rewrite=toddler-peg-box&controller=product&id_lang=1','2021-03-15 01:19:35'),(1228,1,1,'/img/p/4/8/48-thickbox_default.jpg','http://montessoriph.com/index.php?id_product=13&rewrite=puzzle-with-1-triangle&controller=product&id_lang=1','2021-03-15 01:19:35'),(1229,1,1,'/img/p/tl-default-home_default.jpg','http://montessoriph.com/index.php?id_category=10&controller=category&id_lang=2','2021-03-15 01:22:05'),(1230,1,1,'/img/p/4/9/49-thickbox_default.jpg','http://montessoriph.com/index.php?id_product=14&rewrite=tpm016&controller=product&id_lang=1','2021-03-15 01:23:26'),(1231,1,1,'/img/p/5/0/50-thickbox_default.jpg','http://montessoriph.com/index.php?id_product=15&rewrite=3-cubes-on-1-vertical-stick&controller=product&id_lang=1','2021-03-15 01:23:26'),(1232,1,1,'/img/p/5/1/51-thickbox_default.jpg','http://montessoriph.com/index.php?id_product=16&rewrite=3-discs-on-1-horizontal-stick&controller=product&id_lang=1','2021-03-15 01:23:26'),(1233,1,1,'/img/p/5/2/52-thickbox_default.jpg','http://montessoriph.com/index.php?id_product=17&rewrite=serpentine-horizontal-straight&controller=product&id_lang=1','2021-03-15 01:23:26'),(1234,1,1,'/img/p/5/4/54-thickbox_default.jpg','http://montessoriph.com/index.php?id_product=19&rewrite=infant-box-with-rectangle&controller=product&id_lang=1','2021-03-15 01:23:27'),(1235,1,1,'/img/p/5/5/55-thickbox_default.jpg','http://montessoriph.com/index.php?id_product=20&rewrite=infant-box-with-square&controller=product&id_lang=1','2021-03-15 01:23:27'),(1236,1,1,'/img/p/5/7/57-thickbox_default.jpg','http://montessoriph.com/index.php?id_product=21&rewrite=colorful-wood-lacing-beads&controller=product&id_lang=1','2021-03-15 01:23:27'),(1237,1,1,'/img/p/5/8/58-thickbox_default.jpg','http://montessoriph.com/index.php?id_product=22&rewrite=brown-stair-mini&controller=product&id_lang=1','2021-03-15 01:23:27'),(1238,1,1,'/img/p/6/0/60-thickbox_default.jpg','http://montessoriph.com/index.php?id_product=23&rewrite=cylinder-blocks-mini&controller=product&id_lang=1','2021-03-15 01:23:28'),(1239,1,1,'/img/p/6/1/61-thickbox_default.jpg','http://montessoriph.com/index.php?id_product=24&rewrite=numerical-rods-mini&controller=product&id_lang=1','2021-03-15 01:23:28'),(1240,1,1,'/img/p/6/2/62-thickbox_default.jpg','http://montessoriph.com/index.php?id_product=25&rewrite=pink-tower-mini&controller=product&id_lang=1','2021-03-15 01:23:28'),(1241,1,1,'/img/p/6/3/63-thickbox_default.jpg','http://montessoriph.com/index.php?id_product=26&rewrite=foot-balance-board&controller=product&id_lang=1','2021-03-15 01:23:29'),(1242,1,1,'/img/p/5/9/59-thickbox_default.jpg','http://montessoriph.com/index.php?id_product=40&rewrite=4-ovaloids-on-pegs&controller=product&id_lang=1','2021-03-15 01:32:48'),(1243,1,1,'/img/p/tl-default-large_default.jpg','http://montessoriph.com/index.php?id_product=234&rewrite=botany-cabinet-18-leaf-shape-insets&controller=product&id_lang=2','2021-03-15 01:32:51'),(1244,1,1,'/facebook%20url','http://montessoriph.com/index.php','2021-03-15 01:52:08'),(1245,1,1,'/twitter%20url','http://montessoriph.com/index.php','2021-03-15 01:52:08'),(1246,1,1,'/instagram%20url','http://montessoriph.com/index.php','2021-03-15 01:52:08'),(1247,1,1,'/google%20url','http://montessoriph.com/index.php','2021-03-15 01:52:08'),(1248,1,1,'/pintrest%20url','http://montessoriph.com/index.php','2021-03-15 01:52:08'),(1249,1,1,'/youtube%20url','http://montessoriph.com/index.php','2021-03-15 01:52:08'),(1250,1,1,'/vimeo%20url','http://montessoriph.com/index.php','2021-03-15 01:52:09'),(1251,1,1,'/img/p/3/2/32-thickbox_default.jpg','http://montessoriph.com/index.php?id_product=1&rewrite=puzzle-with-3-shapes-of-3-colors&controller=product&id_lang=1','2021-03-15 01:53:41'),(1252,1,1,'/img/p/3/3/33-thickbox_default.jpg','http://montessoriph.com/index.php?id_product=2&rewrite=puzzle-of-1-big-circle&controller=product&id_lang=1','2021-03-15 01:53:41'),(1253,1,1,'/img/p/3/5/35-thickbox_default.jpg','http://montessoriph.com/index.php?id_product=3&rewrite=holder-for-cards&controller=product&id_lang=1','2021-03-15 01:53:41'),(1254,1,1,'/img/p/3/6/36-thickbox_default.jpg','http://montessoriph.com/index.php?id_product=4&rewrite=cabinet-and-tray&controller=product&id_lang=1','2021-03-15 01:53:42'),(1255,1,1,'/img/p/3/8/38-thickbox_default.jpg','http://montessoriph.com/index.php?id_product=6&rewrite=infant-box-with-cylinder&controller=product&id_lang=1','2021-03-15 01:53:42'),(1256,1,1,'/img/p/3/9/39-thickbox_default.jpg','http://montessoriph.com/index.php?id_product=7&rewrite=infant-box-with-triangle&controller=product&id_lang=1','2021-03-15 01:53:42'),(1257,1,1,'/img/p/4/1/41-thickbox_default.jpg','http://montessoriph.com/index.php?id_product=8&rewrite=infant-box-with-coins&controller=product&id_lang=1','2021-03-15 01:53:42'),(1258,1,1,'/img/p/4/2/42-thickbox_default.jpg','http://montessoriph.com/index.php?id_product=9&rewrite=puzzle-with-1-square&controller=product&id_lang=1','2021-03-15 01:53:42'),(1259,1,1,'/img/p/4/3/43-thickbox_default.jpg','http://montessoriph.com/index.php?id_product=10&rewrite=puzzle-with-3-circles&controller=product&id_lang=1','2021-03-15 01:53:42'),(1260,1,1,'/img/p/4/5/45-thickbox_default.jpg','http://montessoriph.com/index.php?id_product=11&rewrite=toddler-box-with-ball&controller=product&id_lang=1','2021-03-15 01:53:43'),(1261,1,1,'/img/p/4/6/46-thickbox_default.jpg','http://montessoriph.com/index.php?id_product=12&rewrite=toddler-peg-box&controller=product&id_lang=1','2021-03-15 01:53:43'),(1262,1,1,'/img/p/4/8/48-thickbox_default.jpg','http://montessoriph.com/index.php?id_product=13&rewrite=puzzle-with-1-triangle&controller=product&id_lang=1','2021-03-15 01:53:43'),(1263,1,1,'/img/p/tl-default-home_default.jpg','http://montessoriph.com/index.php?id_category=10&controller=category&id_lang=2','2021-03-15 01:54:55'),(1264,1,1,'/img/p/4/9/49-thickbox_default.jpg','http://montessoriph.com/index.php?id_product=14&rewrite=tpm016&controller=product&id_lang=1','2021-03-15 01:55:37'),(1265,1,1,'/img/p/5/0/50-thickbox_default.jpg','http://montessoriph.com/index.php?id_product=15&rewrite=3-cubes-on-1-vertical-stick&controller=product&id_lang=1','2021-03-15 01:55:38'),(1266,1,1,'/img/p/5/1/51-thickbox_default.jpg','http://montessoriph.com/index.php?id_product=16&rewrite=3-discs-on-1-horizontal-stick&controller=product&id_lang=1','2021-03-15 01:55:38'),(1267,1,1,'/img/p/5/2/52-thickbox_default.jpg','http://montessoriph.com/index.php?id_product=17&rewrite=serpentine-horizontal-straight&controller=product&id_lang=1','2021-03-15 01:55:38'),(1268,1,1,'/img/p/5/4/54-thickbox_default.jpg','http://montessoriph.com/index.php?id_product=19&rewrite=infant-box-with-rectangle&controller=product&id_lang=1','2021-03-15 01:55:38'),(1269,1,1,'/img/p/5/5/55-thickbox_default.jpg','http://montessoriph.com/index.php?id_product=20&rewrite=infant-box-with-square&controller=product&id_lang=1','2021-03-15 01:55:38'),(1270,1,1,'/img/p/5/7/57-thickbox_default.jpg','http://montessoriph.com/index.php?id_product=21&rewrite=colorful-wood-lacing-beads&controller=product&id_lang=1','2021-03-15 01:55:38'),(1271,1,1,'/img/p/5/8/58-thickbox_default.jpg','http://montessoriph.com/index.php?id_product=22&rewrite=brown-stair-mini&controller=product&id_lang=1','2021-03-15 01:55:38'),(1272,1,1,'/img/p/6/0/60-thickbox_default.jpg','http://montessoriph.com/index.php?id_product=23&rewrite=cylinder-blocks-mini&controller=product&id_lang=1','2021-03-15 01:55:38'),(1273,1,1,'/img/p/6/1/61-thickbox_default.jpg','http://montessoriph.com/index.php?id_product=24&rewrite=numerical-rods-mini&controller=product&id_lang=1','2021-03-15 01:55:38'),(1274,1,1,'/img/p/6/2/62-thickbox_default.jpg','http://montessoriph.com/index.php?id_product=25&rewrite=pink-tower-mini&controller=product&id_lang=1','2021-03-15 01:55:39'),(1275,1,1,'/img/p/6/3/63-thickbox_default.jpg','http://montessoriph.com/index.php?id_product=26&rewrite=foot-balance-board&controller=product&id_lang=1','2021-03-15 01:55:39'),(1276,1,1,'/img/p/5/9/59-thickbox_default.jpg','http://montessoriph.com/index.php?id_product=40&rewrite=4-ovaloids-on-pegs&controller=product&id_lang=1','2021-03-15 01:59:04'),(1277,1,1,'/img/p/tl-default-large_default.jpg','http://montessoriph.com/index.php?id_product=234&rewrite=botany-cabinet-18-leaf-shape-insets&controller=product&id_lang=2','2021-03-15 01:59:05'),(1278,1,1,'/img/p/6/4/64-thickbox_default.jpg','http://montessoriph.com/index.php?id_product=27&rewrite=4-shapes-bricks-and-3-colors&controller=product&id_lang=1','2021-03-15 02:03:55'),(1279,1,1,'/img/p/6/5/65-thickbox_default.jpg','http://montessoriph.com/index.php?id_product=28&rewrite=9-bricks-3-colors-3-shapes&controller=product&id_lang=1','2021-03-15 02:03:55'),(1280,1,1,'/img/p/6/6/66-thickbox_default.jpg','http://montessoriph.com/index.php?id_product=29&rewrite=geometric-forms&controller=product&id_lang=1','2021-03-15 02:03:55'),(1281,1,1,'/img/p/6/7/67-thickbox_default.jpg','http://montessoriph.com/index.php?id_product=30&rewrite=round-bricks-4-colors&controller=product&id_lang=1','2021-03-15 02:03:55'),(1282,1,1,'/img/p/6/8/68-thickbox_default.jpg','http://montessoriph.com/index.php?id_product=31&rewrite=5-shapes-bricks-big-size&controller=product&id_lang=1','2021-03-15 02:03:56'),(1283,1,1,'/img/p/7/0/70-thickbox_default.jpg','http://montessoriph.com/index.php?id_product=31&rewrite=5-shapes-bricks-big-size&controller=product&id_lang=1','2021-03-15 02:03:56'),(1284,1,1,'/img/p/3/1/31-thickbox_default.jpg','http://montessoriph.com/index.php?id_product=32&rewrite=5-shapes-of-5-colors&controller=product&id_lang=1','2021-03-15 02:03:56'),(1285,1,1,'/img/p/3/4/34-thickbox_default.jpg','http://montessoriph.com/index.php?id_product=33&rewrite=4-shapes-with-3-colors&controller=product&id_lang=1','2021-03-15 02:03:56'),(1286,1,1,'/img/p/3/7/37-thickbox_default.jpg','http://montessoriph.com/index.php?id_product=34&rewrite=geo-ladder-same-shapescolor&controller=product&id_lang=1','2021-03-15 02:03:56'),(1287,1,1,'/img/p/4/0/40-thickbox_default.jpg','http://montessoriph.com/index.php?id_product=35&rewrite=geo-shapes-square-puzzle&controller=product&id_lang=1','2021-03-15 02:03:56'),(1288,1,1,'/img/p/4/4/44-thickbox_default.jpg','http://montessoriph.com/index.php?id_product=36&rewrite=geo-shapes-fraction-puzzle&controller=product&id_lang=1','2021-03-15 02:03:56'),(1289,1,1,'/img/p/4/7/47-thickbox_default.jpg','http://montessoriph.com/index.php?id_product=37&rewrite=geo-solids-ladder-cylinders&controller=product&id_lang=1','2021-03-15 02:03:56'),(1290,1,1,'/img/p/5/3/53-thickbox_default.jpg','http://montessoriph.com/index.php?id_product=38&rewrite=toddler-interlocking-discs&controller=product&id_lang=1','2021-03-15 02:03:56'),(1291,1,1,'/img/p/5/6/56-thickbox_default.jpg','http://montessoriph.com/index.php?id_product=39&rewrite=toddler-bell&controller=product&id_lang=1','2021-03-15 02:03:56'),(1292,1,1,'/facebook%20url','http://montessoriph.com/index.php','2021-03-15 02:31:05'),(1293,1,1,'/twitter%20url','http://montessoriph.com/index.php','2021-03-15 02:31:05'),(1294,1,1,'/instagram%20url','http://montessoriph.com/index.php','2021-03-15 02:31:05'),(1295,1,1,'/google%20url','http://montessoriph.com/index.php','2021-03-15 02:31:05'),(1296,1,1,'/pintrest%20url','http://montessoriph.com/index.php','2021-03-15 02:31:05'),(1297,1,1,'/youtube%20url','http://montessoriph.com/index.php','2021-03-15 02:31:05'),(1298,1,1,'/vimeo%20url','http://montessoriph.com/index.php','2021-03-15 02:31:06'),(1299,1,1,'/img/p/3/2/32-thickbox_default.jpg','http://montessoriph.com/index.php?id_product=1&rewrite=puzzle-with-3-shapes-of-3-colors&controller=product&id_lang=1','2021-03-15 02:32:37'),(1300,1,1,'/img/p/3/3/33-thickbox_default.jpg','http://montessoriph.com/index.php?id_product=2&rewrite=puzzle-of-1-big-circle&controller=product&id_lang=1','2021-03-15 02:32:37'),(1301,1,1,'/img/p/3/5/35-thickbox_default.jpg','http://montessoriph.com/index.php?id_product=3&rewrite=holder-for-cards&controller=product&id_lang=1','2021-03-15 02:32:37'),(1302,1,1,'/img/p/3/6/36-thickbox_default.jpg','http://montessoriph.com/index.php?id_product=4&rewrite=cabinet-and-tray&controller=product&id_lang=1','2021-03-15 02:32:37'),(1303,1,1,'/img/p/3/8/38-thickbox_default.jpg','http://montessoriph.com/index.php?id_product=6&rewrite=infant-box-with-cylinder&controller=product&id_lang=1','2021-03-15 02:32:37'),(1304,1,1,'/img/p/3/9/39-thickbox_default.jpg','http://montessoriph.com/index.php?id_product=7&rewrite=infant-box-with-triangle&controller=product&id_lang=1','2021-03-15 02:32:37'),(1305,1,1,'/img/p/4/1/41-thickbox_default.jpg','http://montessoriph.com/index.php?id_product=8&rewrite=infant-box-with-coins&controller=product&id_lang=1','2021-03-15 02:32:37'),(1306,1,1,'/img/p/4/2/42-thickbox_default.jpg','http://montessoriph.com/index.php?id_product=9&rewrite=puzzle-with-1-square&controller=product&id_lang=1','2021-03-15 02:32:37'),(1307,1,1,'/img/p/4/3/43-thickbox_default.jpg','http://montessoriph.com/index.php?id_product=10&rewrite=puzzle-with-3-circles&controller=product&id_lang=1','2021-03-15 02:32:37'),(1308,1,1,'/img/p/4/5/45-thickbox_default.jpg','http://montessoriph.com/index.php?id_product=11&rewrite=toddler-box-with-ball&controller=product&id_lang=1','2021-03-15 02:32:38'),(1309,1,1,'/img/p/4/6/46-thickbox_default.jpg','http://montessoriph.com/index.php?id_product=12&rewrite=toddler-peg-box&controller=product&id_lang=1','2021-03-15 02:32:38'),(1310,1,1,'/img/p/4/8/48-thickbox_default.jpg','http://montessoriph.com/index.php?id_product=13&rewrite=puzzle-with-1-triangle&controller=product&id_lang=1','2021-03-15 02:32:38'),(1311,1,1,'/img/p/tl-default-home_default.jpg','http://montessoriph.com/index.php?id_category=10&controller=category&id_lang=2','2021-03-15 02:33:44'),(1312,1,1,'/img/p/4/9/49-thickbox_default.jpg','http://montessoriph.com/index.php?id_product=14&rewrite=tpm016&controller=product&id_lang=1','2021-03-15 02:34:17'),(1313,1,1,'/img/p/5/0/50-thickbox_default.jpg','http://montessoriph.com/index.php?id_product=15&rewrite=3-cubes-on-1-vertical-stick&controller=product&id_lang=1','2021-03-15 02:34:18'),(1314,1,1,'/img/p/5/1/51-thickbox_default.jpg','http://montessoriph.com/index.php?id_product=16&rewrite=3-discs-on-1-horizontal-stick&controller=product&id_lang=1','2021-03-15 02:34:18'),(1315,1,1,'/img/p/5/2/52-thickbox_default.jpg','http://montessoriph.com/index.php?id_product=17&rewrite=serpentine-horizontal-straight&controller=product&id_lang=1','2021-03-15 02:34:18'),(1316,1,1,'/img/p/5/4/54-thickbox_default.jpg','http://montessoriph.com/index.php?id_product=19&rewrite=infant-box-with-rectangle&controller=product&id_lang=1','2021-03-15 02:34:18'),(1317,1,1,'/img/p/5/5/55-thickbox_default.jpg','http://montessoriph.com/index.php?id_product=20&rewrite=infant-box-with-square&controller=product&id_lang=1','2021-03-15 02:34:18'),(1318,1,1,'/img/p/5/7/57-thickbox_default.jpg','http://montessoriph.com/index.php?id_product=21&rewrite=colorful-wood-lacing-beads&controller=product&id_lang=1','2021-03-15 02:34:18'),(1319,1,1,'/img/p/5/8/58-thickbox_default.jpg','http://montessoriph.com/index.php?id_product=22&rewrite=brown-stair-mini&controller=product&id_lang=1','2021-03-15 02:34:18'),(1320,1,1,'/img/p/6/0/60-thickbox_default.jpg','http://montessoriph.com/index.php?id_product=23&rewrite=cylinder-blocks-mini&controller=product&id_lang=1','2021-03-15 02:34:18'),(1321,1,1,'/img/p/6/1/61-thickbox_default.jpg','http://montessoriph.com/index.php?id_product=24&rewrite=numerical-rods-mini&controller=product&id_lang=1','2021-03-15 02:34:18'),(1322,1,1,'/img/p/6/2/62-thickbox_default.jpg','http://montessoriph.com/index.php?id_product=25&rewrite=pink-tower-mini&controller=product&id_lang=1','2021-03-15 02:34:18'),(1323,1,1,'/img/p/6/3/63-thickbox_default.jpg','http://montessoriph.com/index.php?id_product=26&rewrite=foot-balance-board&controller=product&id_lang=1','2021-03-15 02:34:18'),(1324,1,1,'/img/p/5/9/59-thickbox_default.jpg','http://montessoriph.com/index.php?id_product=40&rewrite=4-ovaloids-on-pegs&controller=product&id_lang=1','2021-03-15 02:37:32'),(1325,1,1,'/img/p/tl-default-large_default.jpg','http://montessoriph.com/index.php?id_product=234&rewrite=botany-cabinet-18-leaf-shape-insets&controller=product&id_lang=2','2021-03-15 02:37:33'),(1326,1,1,'/img/p/6/4/64-thickbox_default.jpg','http://montessoriph.com/index.php?id_product=27&rewrite=4-shapes-bricks-and-3-colors&controller=product&id_lang=1','2021-03-15 02:41:15'),(1327,1,1,'/img/p/6/5/65-thickbox_default.jpg','http://montessoriph.com/index.php?id_product=28&rewrite=9-bricks-3-colors-3-shapes&controller=product&id_lang=1','2021-03-15 02:41:15'),(1328,1,1,'/img/p/6/6/66-thickbox_default.jpg','http://montessoriph.com/index.php?id_product=29&rewrite=geometric-forms&controller=product&id_lang=1','2021-03-15 02:41:15'),(1329,1,1,'/img/p/6/7/67-thickbox_default.jpg','http://montessoriph.com/index.php?id_product=30&rewrite=round-bricks-4-colors&controller=product&id_lang=1','2021-03-15 02:41:15'),(1330,1,1,'/img/p/6/8/68-thickbox_default.jpg','http://montessoriph.com/index.php?id_product=31&rewrite=5-shapes-bricks-big-size&controller=product&id_lang=1','2021-03-15 02:41:15'),(1331,1,1,'/img/p/7/0/70-thickbox_default.jpg','http://montessoriph.com/index.php?id_product=31&rewrite=5-shapes-bricks-big-size&controller=product&id_lang=1','2021-03-15 02:41:15'),(1332,1,1,'/img/p/3/1/31-thickbox_default.jpg','http://montessoriph.com/index.php?id_product=32&rewrite=5-shapes-of-5-colors&controller=product&id_lang=1','2021-03-15 02:41:15'),(1333,1,1,'/img/p/3/4/34-thickbox_default.jpg','http://montessoriph.com/index.php?id_product=33&rewrite=4-shapes-with-3-colors&controller=product&id_lang=1','2021-03-15 02:41:15'),(1334,1,1,'/img/p/3/7/37-thickbox_default.jpg','http://montessoriph.com/index.php?id_product=34&rewrite=geo-ladder-same-shapescolor&controller=product&id_lang=1','2021-03-15 02:41:15'),(1335,1,1,'/img/p/4/0/40-thickbox_default.jpg','http://montessoriph.com/index.php?id_product=35&rewrite=geo-shapes-square-puzzle&controller=product&id_lang=1','2021-03-15 02:41:15'),(1336,1,1,'/img/p/4/4/44-thickbox_default.jpg','http://montessoriph.com/index.php?id_product=36&rewrite=geo-shapes-fraction-puzzle&controller=product&id_lang=1','2021-03-15 02:41:16'),(1337,1,1,'/img/p/4/7/47-thickbox_default.jpg','http://montessoriph.com/index.php?id_product=37&rewrite=geo-solids-ladder-cylinders&controller=product&id_lang=1','2021-03-15 02:41:16'),(1338,1,1,'/img/p/5/3/53-thickbox_default.jpg','http://montessoriph.com/index.php?id_product=38&rewrite=toddler-interlocking-discs&controller=product&id_lang=1','2021-03-15 02:41:16'),(1339,1,1,'/img/p/5/6/56-thickbox_default.jpg','http://montessoriph.com/index.php?id_product=39&rewrite=toddler-bell&controller=product&id_lang=1','2021-03-15 02:41:16'),(1340,1,1,'/facebook%20url','http://montessoriph.com/index.php','2021-03-15 03:13:19'),(1341,1,1,'/twitter%20url','http://montessoriph.com/index.php','2021-03-15 03:13:19'),(1342,1,1,'/instagram%20url','http://montessoriph.com/index.php','2021-03-15 03:13:20'),(1343,1,1,'/google%20url','http://montessoriph.com/index.php','2021-03-15 03:13:20'),(1344,1,1,'/pintrest%20url','http://montessoriph.com/index.php','2021-03-15 03:13:20'),(1345,1,1,'/youtube%20url','http://montessoriph.com/index.php','2021-03-15 03:13:20'),(1346,1,1,'/vimeo%20url','http://montessoriph.com/index.php','2021-03-15 03:13:20'),(1347,1,1,'/img/p/3/2/32-thickbox_default.jpg','http://montessoriph.com/index.php?id_product=1&rewrite=puzzle-with-3-shapes-of-3-colors&controller=product&id_lang=1','2021-03-15 03:14:59'),(1348,1,1,'/img/p/3/3/33-thickbox_default.jpg','http://montessoriph.com/index.php?id_product=2&rewrite=puzzle-of-1-big-circle&controller=product&id_lang=1','2021-03-15 03:14:59'),(1349,1,1,'/img/p/3/5/35-thickbox_default.jpg','http://montessoriph.com/index.php?id_product=3&rewrite=holder-for-cards&controller=product&id_lang=1','2021-03-15 03:15:00'),(1350,1,1,'/img/p/3/6/36-thickbox_default.jpg','http://montessoriph.com/index.php?id_product=4&rewrite=cabinet-and-tray&controller=product&id_lang=1','2021-03-15 03:15:00'),(1351,1,1,'/img/p/3/8/38-thickbox_default.jpg','http://montessoriph.com/index.php?id_product=6&rewrite=infant-box-with-cylinder&controller=product&id_lang=1','2021-03-15 03:15:00'),(1352,1,1,'/img/p/3/9/39-thickbox_default.jpg','http://montessoriph.com/index.php?id_product=7&rewrite=infant-box-with-triangle&controller=product&id_lang=1','2021-03-15 03:15:00'),(1353,1,1,'/img/p/4/1/41-thickbox_default.jpg','http://montessoriph.com/index.php?id_product=8&rewrite=infant-box-with-coins&controller=product&id_lang=1','2021-03-15 03:15:00'),(1354,1,1,'/img/p/4/2/42-thickbox_default.jpg','http://montessoriph.com/index.php?id_product=9&rewrite=puzzle-with-1-square&controller=product&id_lang=1','2021-03-15 03:15:00'),(1355,1,1,'/img/p/4/3/43-thickbox_default.jpg','http://montessoriph.com/index.php?id_product=10&rewrite=puzzle-with-3-circles&controller=product&id_lang=1','2021-03-15 03:15:00'),(1356,1,1,'/img/p/4/5/45-thickbox_default.jpg','http://montessoriph.com/index.php?id_product=11&rewrite=toddler-box-with-ball&controller=product&id_lang=1','2021-03-15 03:15:01'),(1357,1,1,'/img/p/4/6/46-thickbox_default.jpg','http://montessoriph.com/index.php?id_product=12&rewrite=toddler-peg-box&controller=product&id_lang=1','2021-03-15 03:15:01'),(1358,1,1,'/img/p/4/8/48-thickbox_default.jpg','http://montessoriph.com/index.php?id_product=13&rewrite=puzzle-with-1-triangle&controller=product&id_lang=1','2021-03-15 03:15:02'),(1359,1,1,'/img/p/tl-default-home_default.jpg','http://montessoriph.com/index.php?id_category=10&controller=category&id_lang=2','2021-03-15 03:16:20'),(1360,1,1,'/img/p/4/9/49-thickbox_default.jpg','http://montessoriph.com/index.php?id_product=14&rewrite=tpm016&controller=product&id_lang=1','2021-03-15 03:16:59'),(1361,1,1,'/img/p/5/0/50-thickbox_default.jpg','http://montessoriph.com/index.php?id_product=15&rewrite=3-cubes-on-1-vertical-stick&controller=product&id_lang=1','2021-03-15 03:16:59'),(1362,1,1,'/img/p/5/1/51-thickbox_default.jpg','http://montessoriph.com/index.php?id_product=16&rewrite=3-discs-on-1-horizontal-stick&controller=product&id_lang=1','2021-03-15 03:16:59'),(1363,1,1,'/img/p/5/2/52-thickbox_default.jpg','http://montessoriph.com/index.php?id_product=17&rewrite=serpentine-horizontal-straight&controller=product&id_lang=1','2021-03-15 03:16:59'),(1364,1,1,'/img/p/5/4/54-thickbox_default.jpg','http://montessoriph.com/index.php?id_product=19&rewrite=infant-box-with-rectangle&controller=product&id_lang=1','2021-03-15 03:16:59'),(1365,1,1,'/img/p/5/5/55-thickbox_default.jpg','http://montessoriph.com/index.php?id_product=20&rewrite=infant-box-with-square&controller=product&id_lang=1','2021-03-15 03:16:59'),(1366,1,1,'/img/p/5/7/57-thickbox_default.jpg','http://montessoriph.com/index.php?id_product=21&rewrite=colorful-wood-lacing-beads&controller=product&id_lang=1','2021-03-15 03:17:00'),(1367,1,1,'/img/p/5/8/58-thickbox_default.jpg','http://montessoriph.com/index.php?id_product=22&rewrite=brown-stair-mini&controller=product&id_lang=1','2021-03-15 03:17:00'),(1368,1,1,'/img/p/6/0/60-thickbox_default.jpg','http://montessoriph.com/index.php?id_product=23&rewrite=cylinder-blocks-mini&controller=product&id_lang=1','2021-03-15 03:17:00'),(1369,1,1,'/img/p/6/1/61-thickbox_default.jpg','http://montessoriph.com/index.php?id_product=24&rewrite=numerical-rods-mini&controller=product&id_lang=1','2021-03-15 03:17:00'),(1370,1,1,'/img/p/6/2/62-thickbox_default.jpg','http://montessoriph.com/index.php?id_product=25&rewrite=pink-tower-mini&controller=product&id_lang=1','2021-03-15 03:17:00'),(1371,1,1,'/img/p/6/3/63-thickbox_default.jpg','http://montessoriph.com/index.php?id_product=26&rewrite=foot-balance-board&controller=product&id_lang=1','2021-03-15 03:17:00'),(1372,1,1,'/img/p/5/9/59-thickbox_default.jpg','http://montessoriph.com/index.php?id_product=40&rewrite=4-ovaloids-on-pegs&controller=product&id_lang=1','2021-03-15 03:20:50'),(1373,1,1,'/img/p/tl-default-large_default.jpg','http://montessoriph.com/index.php?id_product=234&rewrite=botany-cabinet-18-leaf-shape-insets&controller=product&id_lang=2','2021-03-15 03:20:52'),(1374,1,1,'/img/p/6/4/64-thickbox_default.jpg','http://montessoriph.com/index.php?id_product=27&rewrite=4-shapes-bricks-and-3-colors&controller=product&id_lang=1','2021-03-15 03:24:42'),(1375,1,1,'/img/p/6/5/65-thickbox_default.jpg','http://montessoriph.com/index.php?id_product=28&rewrite=9-bricks-3-colors-3-shapes&controller=product&id_lang=1','2021-03-15 03:24:42'),(1376,1,1,'/img/p/6/6/66-thickbox_default.jpg','http://montessoriph.com/index.php?id_product=29&rewrite=geometric-forms&controller=product&id_lang=1','2021-03-15 03:24:43'),(1377,1,1,'/img/p/6/7/67-thickbox_default.jpg','http://montessoriph.com/index.php?id_product=30&rewrite=round-bricks-4-colors&controller=product&id_lang=1','2021-03-15 03:24:43'),(1378,1,1,'/img/p/6/8/68-thickbox_default.jpg','http://montessoriph.com/index.php?id_product=31&rewrite=5-shapes-bricks-big-size&controller=product&id_lang=1','2021-03-15 03:24:43'),(1379,1,1,'/img/p/7/0/70-thickbox_default.jpg','http://montessoriph.com/index.php?id_product=31&rewrite=5-shapes-bricks-big-size&controller=product&id_lang=1','2021-03-15 03:24:43'),(1380,1,1,'/img/p/3/1/31-thickbox_default.jpg','http://montessoriph.com/index.php?id_product=32&rewrite=5-shapes-of-5-colors&controller=product&id_lang=1','2021-03-15 03:24:43'),(1381,1,1,'/img/p/3/4/34-thickbox_default.jpg','http://montessoriph.com/index.php?id_product=33&rewrite=4-shapes-with-3-colors&controller=product&id_lang=1','2021-03-15 03:24:43'),(1382,1,1,'/img/p/3/7/37-thickbox_default.jpg','http://montessoriph.com/index.php?id_product=34&rewrite=geo-ladder-same-shapescolor&controller=product&id_lang=1','2021-03-15 03:24:43'),(1383,1,1,'/img/p/4/0/40-thickbox_default.jpg','http://montessoriph.com/index.php?id_product=35&rewrite=geo-shapes-square-puzzle&controller=product&id_lang=1','2021-03-15 03:24:43'),(1384,1,1,'/img/p/4/4/44-thickbox_default.jpg','http://montessoriph.com/index.php?id_product=36&rewrite=geo-shapes-fraction-puzzle&controller=product&id_lang=1','2021-03-15 03:24:43'),(1385,1,1,'/img/p/4/7/47-thickbox_default.jpg','http://montessoriph.com/index.php?id_product=37&rewrite=geo-solids-ladder-cylinders&controller=product&id_lang=1','2021-03-15 03:24:44'),(1386,1,1,'/img/p/5/3/53-thickbox_default.jpg','http://montessoriph.com/index.php?id_product=38&rewrite=toddler-interlocking-discs&controller=product&id_lang=1','2021-03-15 03:24:44'),(1387,1,1,'/img/p/5/6/56-thickbox_default.jpg','http://montessoriph.com/index.php?id_product=39&rewrite=toddler-bell&controller=product&id_lang=1','2021-03-15 03:24:44'),(1388,1,1,'/facebook%20url','http://montessoriph.com/index.php','2021-03-15 03:53:08'),(1389,1,1,'/twitter%20url','http://montessoriph.com/index.php','2021-03-15 03:53:08'),(1390,1,1,'/instagram%20url','http://montessoriph.com/index.php','2021-03-15 03:53:08'),(1391,1,1,'/google%20url','http://montessoriph.com/index.php','2021-03-15 03:53:08'),(1392,1,1,'/pintrest%20url','http://montessoriph.com/index.php','2021-03-15 03:53:08'),(1393,1,1,'/youtube%20url','http://montessoriph.com/index.php','2021-03-15 03:53:08'),(1394,1,1,'/vimeo%20url','http://montessoriph.com/index.php','2021-03-15 03:53:08'),(1395,1,1,'/img/p/3/2/32-thickbox_default.jpg','http://montessoriph.com/index.php?id_product=1&rewrite=puzzle-with-3-shapes-of-3-colors&controller=product&id_lang=1','2021-03-15 03:54:51'),(1396,1,1,'/img/p/3/3/33-thickbox_default.jpg','http://montessoriph.com/index.php?id_product=2&rewrite=puzzle-of-1-big-circle&controller=product&id_lang=1','2021-03-15 03:54:51'),(1397,1,1,'/img/p/3/5/35-thickbox_default.jpg','http://montessoriph.com/index.php?id_product=3&rewrite=holder-for-cards&controller=product&id_lang=1','2021-03-15 03:54:51'),(1398,1,1,'/img/p/3/6/36-thickbox_default.jpg','http://montessoriph.com/index.php?id_product=4&rewrite=cabinet-and-tray&controller=product&id_lang=1','2021-03-15 03:54:51'),(1399,1,1,'/img/p/3/8/38-thickbox_default.jpg','http://montessoriph.com/index.php?id_product=6&rewrite=infant-box-with-cylinder&controller=product&id_lang=1','2021-03-15 03:54:51'),(1400,1,1,'/img/p/3/9/39-thickbox_default.jpg','http://montessoriph.com/index.php?id_product=7&rewrite=infant-box-with-triangle&controller=product&id_lang=1','2021-03-15 03:54:51'),(1401,1,1,'/img/p/4/1/41-thickbox_default.jpg','http://montessoriph.com/index.php?id_product=8&rewrite=infant-box-with-coins&controller=product&id_lang=1','2021-03-15 03:54:51'),(1402,1,1,'/img/p/4/2/42-thickbox_default.jpg','http://montessoriph.com/index.php?id_product=9&rewrite=puzzle-with-1-square&controller=product&id_lang=1','2021-03-15 03:54:51'),(1403,1,1,'/img/p/4/3/43-thickbox_default.jpg','http://montessoriph.com/index.php?id_product=10&rewrite=puzzle-with-3-circles&controller=product&id_lang=1','2021-03-15 03:54:52'),(1404,1,1,'/img/p/4/5/45-thickbox_default.jpg','http://montessoriph.com/index.php?id_product=11&rewrite=toddler-box-with-ball&controller=product&id_lang=1','2021-03-15 03:54:52'),(1405,1,1,'/img/p/4/6/46-thickbox_default.jpg','http://montessoriph.com/index.php?id_product=12&rewrite=toddler-peg-box&controller=product&id_lang=1','2021-03-15 03:54:52'),(1406,1,1,'/img/p/4/8/48-thickbox_default.jpg','http://montessoriph.com/index.php?id_product=13&rewrite=puzzle-with-1-triangle&controller=product&id_lang=1','2021-03-15 03:54:53'),(1407,1,1,'/img/p/tl-default-home_default.jpg','http://montessoriph.com/index.php?id_category=10&controller=category&id_lang=2','2021-03-15 03:56:04'),(1408,1,1,'/img/p/4/9/49-thickbox_default.jpg','http://montessoriph.com/index.php?id_product=14&rewrite=tpm016&controller=product&id_lang=1','2021-03-15 03:56:56'),(1409,1,1,'/img/p/5/0/50-thickbox_default.jpg','http://montessoriph.com/index.php?id_product=15&rewrite=3-cubes-on-1-vertical-stick&controller=product&id_lang=1','2021-03-15 03:56:56'),(1410,1,1,'/img/p/5/1/51-thickbox_default.jpg','http://montessoriph.com/index.php?id_product=16&rewrite=3-discs-on-1-horizontal-stick&controller=product&id_lang=1','2021-03-15 03:56:56'),(1411,1,1,'/img/p/5/2/52-thickbox_default.jpg','http://montessoriph.com/index.php?id_product=17&rewrite=serpentine-horizontal-straight&controller=product&id_lang=1','2021-03-15 03:56:56'),(1412,1,1,'/img/p/5/4/54-thickbox_default.jpg','http://montessoriph.com/index.php?id_product=19&rewrite=infant-box-with-rectangle&controller=product&id_lang=1','2021-03-15 03:56:56'),(1413,1,1,'/img/p/5/5/55-thickbox_default.jpg','http://montessoriph.com/index.php?id_product=20&rewrite=infant-box-with-square&controller=product&id_lang=1','2021-03-15 03:56:56'),(1414,1,1,'/img/p/5/7/57-thickbox_default.jpg','http://montessoriph.com/index.php?id_product=21&rewrite=colorful-wood-lacing-beads&controller=product&id_lang=1','2021-03-15 03:56:57'),(1415,1,1,'/img/p/5/8/58-thickbox_default.jpg','http://montessoriph.com/index.php?id_product=22&rewrite=brown-stair-mini&controller=product&id_lang=1','2021-03-15 03:56:57'),(1416,1,1,'/img/p/6/0/60-thickbox_default.jpg','http://montessoriph.com/index.php?id_product=23&rewrite=cylinder-blocks-mini&controller=product&id_lang=1','2021-03-15 03:56:57'),(1417,1,1,'/img/p/6/1/61-thickbox_default.jpg','http://montessoriph.com/index.php?id_product=24&rewrite=numerical-rods-mini&controller=product&id_lang=1','2021-03-15 03:56:57'),(1418,1,1,'/img/p/6/2/62-thickbox_default.jpg','http://montessoriph.com/index.php?id_product=25&rewrite=pink-tower-mini&controller=product&id_lang=1','2021-03-15 03:56:57'),(1419,1,1,'/img/p/6/3/63-thickbox_default.jpg','http://montessoriph.com/index.php?id_product=26&rewrite=foot-balance-board&controller=product&id_lang=1','2021-03-15 03:56:57'),(1420,1,1,'/img/p/5/9/59-thickbox_default.jpg','http://montessoriph.com/index.php?id_product=40&rewrite=4-ovaloids-on-pegs&controller=product&id_lang=1','2021-03-15 04:01:10'),(1421,1,1,'/img/p/tl-default-large_default.jpg','http://montessoriph.com/index.php?id_product=234&rewrite=botany-cabinet-18-leaf-shape-insets&controller=product&id_lang=2','2021-03-15 04:01:11'),(1422,1,1,'/img/p/6/4/64-thickbox_default.jpg','http://montessoriph.com/index.php?id_product=27&rewrite=4-shapes-bricks-and-3-colors&controller=product&id_lang=1','2021-03-15 04:05:04'),(1423,1,1,'/img/p/6/5/65-thickbox_default.jpg','http://montessoriph.com/index.php?id_product=28&rewrite=9-bricks-3-colors-3-shapes&controller=product&id_lang=1','2021-03-15 04:05:04'),(1424,1,1,'/img/p/6/6/66-thickbox_default.jpg','http://montessoriph.com/index.php?id_product=29&rewrite=geometric-forms&controller=product&id_lang=1','2021-03-15 04:05:04'),(1425,1,1,'/img/p/6/7/67-thickbox_default.jpg','http://montessoriph.com/index.php?id_product=30&rewrite=round-bricks-4-colors&controller=product&id_lang=1','2021-03-15 04:05:05'),(1426,1,1,'/img/p/6/8/68-thickbox_default.jpg','http://montessoriph.com/index.php?id_product=31&rewrite=5-shapes-bricks-big-size&controller=product&id_lang=1','2021-03-15 04:05:05'),(1427,1,1,'/img/p/7/0/70-thickbox_default.jpg','http://montessoriph.com/index.php?id_product=31&rewrite=5-shapes-bricks-big-size&controller=product&id_lang=1','2021-03-15 04:05:05'),(1428,1,1,'/img/p/3/1/31-thickbox_default.jpg','http://montessoriph.com/index.php?id_product=32&rewrite=5-shapes-of-5-colors&controller=product&id_lang=1','2021-03-15 04:05:05'),(1429,1,1,'/img/p/3/4/34-thickbox_default.jpg','http://montessoriph.com/index.php?id_product=33&rewrite=4-shapes-with-3-colors&controller=product&id_lang=1','2021-03-15 04:05:05'),(1430,1,1,'/img/p/3/7/37-thickbox_default.jpg','http://montessoriph.com/index.php?id_product=34&rewrite=geo-ladder-same-shapescolor&controller=product&id_lang=1','2021-03-15 04:05:05'),(1431,1,1,'/img/p/4/0/40-thickbox_default.jpg','http://montessoriph.com/index.php?id_product=35&rewrite=geo-shapes-square-puzzle&controller=product&id_lang=1','2021-03-15 04:05:05'),(1432,1,1,'/img/p/4/4/44-thickbox_default.jpg','http://montessoriph.com/index.php?id_product=36&rewrite=geo-shapes-fraction-puzzle&controller=product&id_lang=1','2021-03-15 04:05:05'),(1433,1,1,'/img/p/4/7/47-thickbox_default.jpg','http://montessoriph.com/index.php?id_product=37&rewrite=geo-solids-ladder-cylinders&controller=product&id_lang=1','2021-03-15 04:05:05'),(1434,1,1,'/img/p/5/3/53-thickbox_default.jpg','http://montessoriph.com/index.php?id_product=38&rewrite=toddler-interlocking-discs&controller=product&id_lang=1','2021-03-15 04:05:06'),(1435,1,1,'/img/p/5/6/56-thickbox_default.jpg','http://montessoriph.com/index.php?id_product=39&rewrite=toddler-bell&controller=product&id_lang=1','2021-03-15 04:05:06'),(1436,1,1,'/facebook%20url','http://montessoriph.com/index.php','2021-03-15 04:35:48'),(1437,1,1,'/twitter%20url','http://montessoriph.com/index.php','2021-03-15 04:35:48'),(1438,1,1,'/instagram%20url','http://montessoriph.com/index.php','2021-03-15 04:35:48'),(1439,1,1,'/google%20url','http://montessoriph.com/index.php','2021-03-15 04:35:48'),(1440,1,1,'/pintrest%20url','http://montessoriph.com/index.php','2021-03-15 04:35:48'),(1441,1,1,'/youtube%20url','http://montessoriph.com/index.php','2021-03-15 04:35:48'),(1442,1,1,'/vimeo%20url','http://montessoriph.com/index.php','2021-03-15 04:35:48'),(1443,1,1,'/img/p/3/2/32-thickbox_default.jpg','http://montessoriph.com/index.php?id_product=1&rewrite=puzzle-with-3-shapes-of-3-colors&controller=product&id_lang=1','2021-03-15 04:37:23'),(1444,1,1,'/img/p/3/3/33-thickbox_default.jpg','http://montessoriph.com/index.php?id_product=2&rewrite=puzzle-of-1-big-circle&controller=product&id_lang=1','2021-03-15 04:37:23'),(1445,1,1,'/img/p/3/5/35-thickbox_default.jpg','http://montessoriph.com/index.php?id_product=3&rewrite=holder-for-cards&controller=product&id_lang=1','2021-03-15 04:37:23'),(1446,1,1,'/img/p/3/6/36-thickbox_default.jpg','http://montessoriph.com/index.php?id_product=4&rewrite=cabinet-and-tray&controller=product&id_lang=1','2021-03-15 04:37:23'),(1447,1,1,'/img/p/3/8/38-thickbox_default.jpg','http://montessoriph.com/index.php?id_product=6&rewrite=infant-box-with-cylinder&controller=product&id_lang=1','2021-03-15 04:37:23'),(1448,1,1,'/img/p/3/9/39-thickbox_default.jpg','http://montessoriph.com/index.php?id_product=7&rewrite=infant-box-with-triangle&controller=product&id_lang=1','2021-03-15 04:37:24'),(1449,1,1,'/img/p/4/1/41-thickbox_default.jpg','http://montessoriph.com/index.php?id_product=8&rewrite=infant-box-with-coins&controller=product&id_lang=1','2021-03-15 04:37:24'),(1450,1,1,'/img/p/4/2/42-thickbox_default.jpg','http://montessoriph.com/index.php?id_product=9&rewrite=puzzle-with-1-square&controller=product&id_lang=1','2021-03-15 04:37:24'),(1451,1,1,'/img/p/4/3/43-thickbox_default.jpg','http://montessoriph.com/index.php?id_product=10&rewrite=puzzle-with-3-circles&controller=product&id_lang=1','2021-03-15 04:37:24'),(1452,1,1,'/img/p/4/5/45-thickbox_default.jpg','http://montessoriph.com/index.php?id_product=11&rewrite=toddler-box-with-ball&controller=product&id_lang=1','2021-03-15 04:37:24'),(1453,1,1,'/img/p/4/6/46-thickbox_default.jpg','http://montessoriph.com/index.php?id_product=12&rewrite=toddler-peg-box&controller=product&id_lang=1','2021-03-15 04:37:24'),(1454,1,1,'/img/p/4/8/48-thickbox_default.jpg','http://montessoriph.com/index.php?id_product=13&rewrite=puzzle-with-1-triangle&controller=product&id_lang=1','2021-03-15 04:37:25'),(1455,1,1,'/img/p/tl-default-home_default.jpg','http://montessoriph.com/index.php?id_category=10&controller=category&id_lang=2','2021-03-15 04:38:48'),(1456,1,1,'/img/p/4/9/49-thickbox_default.jpg','http://montessoriph.com/index.php?id_product=14&rewrite=tpm016&controller=product&id_lang=1','2021-03-15 04:39:26'),(1457,1,1,'/img/p/5/0/50-thickbox_default.jpg','http://montessoriph.com/index.php?id_product=15&rewrite=3-cubes-on-1-vertical-stick&controller=product&id_lang=1','2021-03-15 04:39:26'),(1458,1,1,'/img/p/5/1/51-thickbox_default.jpg','http://montessoriph.com/index.php?id_product=16&rewrite=3-discs-on-1-horizontal-stick&controller=product&id_lang=1','2021-03-15 04:39:26'),(1459,1,1,'/img/p/5/2/52-thickbox_default.jpg','http://montessoriph.com/index.php?id_product=17&rewrite=serpentine-horizontal-straight&controller=product&id_lang=1','2021-03-15 04:39:26'),(1460,1,1,'/img/p/5/4/54-thickbox_default.jpg','http://montessoriph.com/index.php?id_product=19&rewrite=infant-box-with-rectangle&controller=product&id_lang=1','2021-03-15 04:39:26'),(1461,1,1,'/img/p/5/5/55-thickbox_default.jpg','http://montessoriph.com/index.php?id_product=20&rewrite=infant-box-with-square&controller=product&id_lang=1','2021-03-15 04:39:26'),(1462,1,1,'/img/p/5/7/57-thickbox_default.jpg','http://montessoriph.com/index.php?id_product=21&rewrite=colorful-wood-lacing-beads&controller=product&id_lang=1','2021-03-15 04:39:26'),(1463,1,1,'/img/p/5/8/58-thickbox_default.jpg','http://montessoriph.com/index.php?id_product=22&rewrite=brown-stair-mini&controller=product&id_lang=1','2021-03-15 04:39:27'),(1464,1,1,'/img/p/6/0/60-thickbox_default.jpg','http://montessoriph.com/index.php?id_product=23&rewrite=cylinder-blocks-mini&controller=product&id_lang=1','2021-03-15 04:39:27'),(1465,1,1,'/img/p/6/1/61-thickbox_default.jpg','http://montessoriph.com/index.php?id_product=24&rewrite=numerical-rods-mini&controller=product&id_lang=1','2021-03-15 04:39:27'),(1466,1,1,'/img/p/6/2/62-thickbox_default.jpg','http://montessoriph.com/index.php?id_product=25&rewrite=pink-tower-mini&controller=product&id_lang=1','2021-03-15 04:39:27'),(1467,1,1,'/img/p/6/3/63-thickbox_default.jpg','http://montessoriph.com/index.php?id_product=26&rewrite=foot-balance-board&controller=product&id_lang=1','2021-03-15 04:39:27'),(1468,1,1,'/img/p/5/9/59-thickbox_default.jpg','http://montessoriph.com/index.php?id_product=40&rewrite=4-ovaloids-on-pegs&controller=product&id_lang=1','2021-03-15 04:43:56'),(1469,1,1,'/img/p/tl-default-large_default.jpg','http://montessoriph.com/index.php?id_product=234&rewrite=botany-cabinet-18-leaf-shape-insets&controller=product&id_lang=2','2021-03-15 04:43:57'),(1470,1,1,'/.env','','2021-03-15 04:50:17'),(1471,1,1,'/wp-includes/js/jquery/jquery.js','','2021-03-15 05:08:11'),(1472,1,1,'/administrator/help/en-GB/toc.json','','2021-03-15 05:08:12'),(1473,1,1,'/administrator/language/en-GB/install.xml','','2021-03-15 05:08:12'),(1474,1,1,'/plugins/system/debug/debug.xml','','2021-03-15 05:08:13'),(1475,1,1,'/administrator/','','2021-03-15 05:08:13'),(1476,1,1,'/misc/ajax.js','','2021-03-15 05:08:14'),(1477,1,1,'/admin/view/javascript/common.js','','2021-03-15 05:08:15'),(1478,1,1,'/admin/includes/general.js','','2021-03-15 05:08:16'),(1479,1,1,'/images/editor/separator.gif','','2021-03-15 05:08:16'),(1480,1,1,'/modules/1attributewizardpro/file_upload.php','','2021-03-15 05:08:17'),(1481,1,1,'/modules/advancedslider/ajax_advancedsliderUpload.php?action=submitUploadImage%26id_slide=php','','2021-03-15 05:08:17'),(1482,1,1,'/modules/attributewizardpro/file_upload.php','','2021-03-15 05:08:18'),(1483,1,1,'/modules/attributewizardpro.OLD/file_upload.php','','2021-03-15 05:08:18'),(1484,1,1,'/modules/attributewizardpro_x/file_upload.php','','2021-03-15 05:08:19'),(1485,1,1,'/modules/cartabandonmentpro/upload.php','','2021-03-15 05:08:19'),(1486,1,1,'/modules/columnadverts/uploadimage.php','','2021-03-15 05:08:20'),(1487,1,1,'/modules/fieldvmegamenu/ajax/upload.php','','2021-03-15 05:08:20'),(1488,1,1,'/modules/homepageadvertise/uploadimage.php','','2021-03-15 05:08:21'),(1489,1,1,'/modules/homepageadvertise2/uploadimage.php','','2021-03-15 05:08:21'),(1490,1,1,'/modules/jro_homepageadvertise/uploadimage.php','','2021-03-15 05:08:22'),(1491,1,1,'/modules/lib/redactor/file_upload.php','','2021-03-15 05:08:22'),(1492,1,1,'/modules/megamenu/uploadify/uploadify.php?id=pwn','','2021-03-15 05:08:23'),(1493,1,1,'/modules/nvn_export_orders/upload.php','','2021-03-15 05:08:24'),(1494,1,1,'/modules/pk_flexmenu/ajax/upload.php','','2021-03-15 05:08:24'),(1495,1,1,'/modules/productpageadverts/uploadimage.php','','2021-03-15 05:08:25'),(1496,1,1,'/modules/psmodthemeoptionpanel/psmodthemeoptionpanel_ajax.php','','2021-03-15 05:08:25'),(1497,1,1,'/modules/simpleslideshow/uploadimage.php','','2021-03-15 05:08:26'),(1498,1,1,'/modules/soopabanners/uploadimage.php','','2021-03-15 05:08:26'),(1499,1,1,'/modules/soopamobile/uploadimage.php','','2021-03-15 05:08:27'),(1500,1,1,'/modules/tdpsthemeoptionpanel/tdpsthemeoptionpanelAjax.php','','2021-03-15 05:08:27'),(1501,1,1,'/modules/videostab/ajax_videostab.php?action=submitUploadVideo%26id_product=upload','','2021-03-15 05:08:28'),(1502,1,1,'/modules/vtermslideshow/uploadimage.php','','2021-03-15 05:08:28'),(1503,1,1,'/modules/wdoptionpanel/wdoptionpanel_ajax.php','','2021-03-15 05:08:29'),(1504,1,1,'/modules/wg24themeadministration/wg24_ajax.php','','2021-03-15 05:08:29'),(1505,1,1,'/modules/cartabandonmentproOld/upload.php','','2021-03-15 05:08:30'),(1506,1,1,'/.env','','2021-03-15 05:08:30'),(1507,1,1,'/facebook%20url','http://montessoriph.com/index.php','2021-03-15 06:01:30'),(1508,1,1,'/twitter%20url','http://montessoriph.com/index.php','2021-03-15 06:01:30'),(1509,1,1,'/instagram%20url','http://montessoriph.com/index.php','2021-03-15 06:01:30'),(1510,1,1,'/google%20url','http://montessoriph.com/index.php','2021-03-15 06:01:31'),(1511,1,1,'/pintrest%20url','http://montessoriph.com/index.php','2021-03-15 06:01:31'),(1512,1,1,'/youtube%20url','http://montessoriph.com/index.php','2021-03-15 06:01:31'),(1513,1,1,'/vimeo%20url','http://montessoriph.com/index.php','2021-03-15 06:01:31'),(1514,1,1,'/img/p/3/2/32-thickbox_default.jpg','http://montessoriph.com/index.php?id_product=1&rewrite=puzzle-with-3-shapes-of-3-colors&controller=product&id_lang=1','2021-03-15 06:03:14'),(1515,1,1,'/img/p/3/3/33-thickbox_default.jpg','http://montessoriph.com/index.php?id_product=2&rewrite=puzzle-of-1-big-circle&controller=product&id_lang=1','2021-03-15 06:03:14'),(1516,1,1,'/img/p/3/5/35-thickbox_default.jpg','http://montessoriph.com/index.php?id_product=3&rewrite=holder-for-cards&controller=product&id_lang=1','2021-03-15 06:03:14'),(1517,1,1,'/img/p/3/6/36-thickbox_default.jpg','http://montessoriph.com/index.php?id_product=4&rewrite=cabinet-and-tray&controller=product&id_lang=1','2021-03-15 06:03:14'),(1518,1,1,'/img/p/3/8/38-thickbox_default.jpg','http://montessoriph.com/index.php?id_product=6&rewrite=infant-box-with-cylinder&controller=product&id_lang=1','2021-03-15 06:03:14'),(1519,1,1,'/img/p/3/9/39-thickbox_default.jpg','http://montessoriph.com/index.php?id_product=7&rewrite=infant-box-with-triangle&controller=product&id_lang=1','2021-03-15 06:03:14'),(1520,1,1,'/img/p/4/1/41-thickbox_default.jpg','http://montessoriph.com/index.php?id_product=8&rewrite=infant-box-with-coins&controller=product&id_lang=1','2021-03-15 06:03:14'),(1521,1,1,'/img/p/4/2/42-thickbox_default.jpg','http://montessoriph.com/index.php?id_product=9&rewrite=puzzle-with-1-square&controller=product&id_lang=1','2021-03-15 06:03:14'),(1522,1,1,'/img/p/4/3/43-thickbox_default.jpg','http://montessoriph.com/index.php?id_product=10&rewrite=puzzle-with-3-circles&controller=product&id_lang=1','2021-03-15 06:03:15'),(1523,1,1,'/img/p/4/5/45-thickbox_default.jpg','http://montessoriph.com/index.php?id_product=11&rewrite=toddler-box-with-ball&controller=product&id_lang=1','2021-03-15 06:03:15'),(1524,1,1,'/img/p/4/6/46-thickbox_default.jpg','http://montessoriph.com/index.php?id_product=12&rewrite=toddler-peg-box&controller=product&id_lang=1','2021-03-15 06:03:15'),(1525,1,1,'/img/p/4/8/48-thickbox_default.jpg','http://montessoriph.com/index.php?id_product=13&rewrite=puzzle-with-1-triangle&controller=product&id_lang=1','2021-03-15 06:03:16'),(1526,1,1,'/img/p/tl-default-home_default.jpg','http://montessoriph.com/index.php?id_category=10&controller=category&id_lang=2','2021-03-15 06:04:19'),(1527,1,1,'/img/p/4/9/49-thickbox_default.jpg','http://montessoriph.com/index.php?id_product=14&rewrite=tpm016&controller=product&id_lang=1','2021-03-15 06:04:55'),(1528,1,1,'/img/p/5/0/50-thickbox_default.jpg','http://montessoriph.com/index.php?id_product=15&rewrite=3-cubes-on-1-vertical-stick&controller=product&id_lang=1','2021-03-15 06:04:55'),(1529,1,1,'/img/p/5/1/51-thickbox_default.jpg','http://montessoriph.com/index.php?id_product=16&rewrite=3-discs-on-1-horizontal-stick&controller=product&id_lang=1','2021-03-15 06:04:55'),(1530,1,1,'/img/p/5/2/52-thickbox_default.jpg','http://montessoriph.com/index.php?id_product=17&rewrite=serpentine-horizontal-straight&controller=product&id_lang=1','2021-03-15 06:04:55'),(1531,1,1,'/img/p/5/4/54-thickbox_default.jpg','http://montessoriph.com/index.php?id_product=19&rewrite=infant-box-with-rectangle&controller=product&id_lang=1','2021-03-15 06:04:55'),(1532,1,1,'/img/p/5/5/55-thickbox_default.jpg','http://montessoriph.com/index.php?id_product=20&rewrite=infant-box-with-square&controller=product&id_lang=1','2021-03-15 06:04:55'),(1533,1,1,'/img/p/5/7/57-thickbox_default.jpg','http://montessoriph.com/index.php?id_product=21&rewrite=colorful-wood-lacing-beads&controller=product&id_lang=1','2021-03-15 06:04:55'),(1534,1,1,'/img/p/5/8/58-thickbox_default.jpg','http://montessoriph.com/index.php?id_product=22&rewrite=brown-stair-mini&controller=product&id_lang=1','2021-03-15 06:04:55'),(1535,1,1,'/img/p/6/0/60-thickbox_default.jpg','http://montessoriph.com/index.php?id_product=23&rewrite=cylinder-blocks-mini&controller=product&id_lang=1','2021-03-15 06:04:55'),(1536,1,1,'/img/p/6/1/61-thickbox_default.jpg','http://montessoriph.com/index.php?id_product=24&rewrite=numerical-rods-mini&controller=product&id_lang=1','2021-03-15 06:04:55'),(1537,1,1,'/img/p/6/2/62-thickbox_default.jpg','http://montessoriph.com/index.php?id_product=25&rewrite=pink-tower-mini&controller=product&id_lang=1','2021-03-15 06:04:55'),(1538,1,1,'/img/p/6/3/63-thickbox_default.jpg','http://montessoriph.com/index.php?id_product=26&rewrite=foot-balance-board&controller=product&id_lang=1','2021-03-15 06:04:55'),(1539,1,1,'/img/p/5/9/59-thickbox_default.jpg','http://montessoriph.com/index.php?id_product=40&rewrite=4-ovaloids-on-pegs&controller=product&id_lang=1','2021-03-15 06:08:30'),(1540,1,1,'/img/p/tl-default-large_default.jpg','http://montessoriph.com/index.php?id_product=234&rewrite=botany-cabinet-18-leaf-shape-insets&controller=product&id_lang=2','2021-03-15 06:08:31'),(1541,1,1,'/img/p/6/4/64-thickbox_default.jpg','http://montessoriph.com/index.php?id_product=27&rewrite=4-shapes-bricks-and-3-colors&controller=product&id_lang=1','2021-03-15 06:13:12'),(1542,1,1,'/img/p/6/5/65-thickbox_default.jpg','http://montessoriph.com/index.php?id_product=28&rewrite=9-bricks-3-colors-3-shapes&controller=product&id_lang=1','2021-03-15 06:13:12'),(1543,1,1,'/img/p/6/6/66-thickbox_default.jpg','http://montessoriph.com/index.php?id_product=29&rewrite=geometric-forms&controller=product&id_lang=1','2021-03-15 06:13:12'),(1544,1,1,'/img/p/6/7/67-thickbox_default.jpg','http://montessoriph.com/index.php?id_product=30&rewrite=round-bricks-4-colors&controller=product&id_lang=1','2021-03-15 06:13:12'),(1545,1,1,'/img/p/6/8/68-thickbox_default.jpg','http://montessoriph.com/index.php?id_product=31&rewrite=5-shapes-bricks-big-size&controller=product&id_lang=1','2021-03-15 06:13:12'),(1546,1,1,'/img/p/7/0/70-thickbox_default.jpg','http://montessoriph.com/index.php?id_product=31&rewrite=5-shapes-bricks-big-size&controller=product&id_lang=1','2021-03-15 06:13:12'),(1547,1,1,'/img/p/3/1/31-thickbox_default.jpg','http://montessoriph.com/index.php?id_product=32&rewrite=5-shapes-of-5-colors&controller=product&id_lang=1','2021-03-15 06:13:13'),(1548,1,1,'/img/p/3/4/34-thickbox_default.jpg','http://montessoriph.com/index.php?id_product=33&rewrite=4-shapes-with-3-colors&controller=product&id_lang=1','2021-03-15 06:13:13'),(1549,1,1,'/img/p/3/7/37-thickbox_default.jpg','http://montessoriph.com/index.php?id_product=34&rewrite=geo-ladder-same-shapescolor&controller=product&id_lang=1','2021-03-15 06:13:13'),(1550,1,1,'/img/p/4/0/40-thickbox_default.jpg','http://montessoriph.com/index.php?id_product=35&rewrite=geo-shapes-square-puzzle&controller=product&id_lang=1','2021-03-15 06:13:13'),(1551,1,1,'/img/p/4/4/44-thickbox_default.jpg','http://montessoriph.com/index.php?id_product=36&rewrite=geo-shapes-fraction-puzzle&controller=product&id_lang=1','2021-03-15 06:13:13'),(1552,1,1,'/img/p/4/7/47-thickbox_default.jpg','http://montessoriph.com/index.php?id_product=37&rewrite=geo-solids-ladder-cylinders&controller=product&id_lang=1','2021-03-15 06:13:13'),(1553,1,1,'/img/p/5/3/53-thickbox_default.jpg','http://montessoriph.com/index.php?id_product=38&rewrite=toddler-interlocking-discs&controller=product&id_lang=1','2021-03-15 06:13:13'),(1554,1,1,'/img/p/5/6/56-thickbox_default.jpg','http://montessoriph.com/index.php?id_product=39&rewrite=toddler-bell&controller=product&id_lang=1','2021-03-15 06:13:13'),(1555,1,1,'/index.php?controller=404','http://161.97.139.200/TP/public/index.php','2021-03-15 07:48:47'),(1556,1,1,'/index.php?controller=404','http://161.97.139.200/TP/index.php','2021-03-15 07:48:48'),(1557,1,1,'/index.php?controller=404','http://161.97.139.200/thinkphp/html/public/index.php','2021-03-15 07:48:50'),(1558,1,1,'/index.php?controller=404','http://161.97.139.200/html/public/index.php','2021-03-15 07:48:52'),(1559,1,1,'/index.php?controller=404','http://161.97.139.200/public/index.php','2021-03-15 07:48:54'),(1560,1,1,'/index.php?controller=404','http://161.97.139.200/TP/html/public/index.php','2021-03-15 07:48:55'),(1561,1,1,'/facebook%20url','http://montessoriph.com/index.php','2021-03-15 09:45:51'),(1562,1,1,'/twitter%20url','http://montessoriph.com/index.php','2021-03-15 09:45:51'),(1563,1,1,'/instagram%20url','http://montessoriph.com/index.php','2021-03-15 09:45:51'),(1564,1,1,'/google%20url','http://montessoriph.com/index.php','2021-03-15 09:45:51'),(1565,1,1,'/pintrest%20url','http://montessoriph.com/index.php','2021-03-15 09:45:51'),(1566,1,1,'/youtube%20url','http://montessoriph.com/index.php','2021-03-15 09:45:51'),(1567,1,1,'/vimeo%20url','http://montessoriph.com/index.php','2021-03-15 09:45:51'),(1568,1,1,'/img/p/3/2/32-thickbox_default.jpg','http://montessoriph.com/index.php?id_product=1&rewrite=puzzle-with-3-shapes-of-3-colors&controller=product&id_lang=1','2021-03-15 09:48:07'),(1569,1,1,'/img/p/3/3/33-thickbox_default.jpg','http://montessoriph.com/index.php?id_product=2&rewrite=puzzle-of-1-big-circle&controller=product&id_lang=1','2021-03-15 09:48:07'),(1570,1,1,'/img/p/3/5/35-thickbox_default.jpg','http://montessoriph.com/index.php?id_product=3&rewrite=holder-for-cards&controller=product&id_lang=1','2021-03-15 09:48:07'),(1571,1,1,'/img/p/3/6/36-thickbox_default.jpg','http://montessoriph.com/index.php?id_product=4&rewrite=cabinet-and-tray&controller=product&id_lang=1','2021-03-15 09:48:07'),(1572,1,1,'/img/p/3/8/38-thickbox_default.jpg','http://montessoriph.com/index.php?id_product=6&rewrite=infant-box-with-cylinder&controller=product&id_lang=1','2021-03-15 09:48:07'),(1573,1,1,'/img/p/3/9/39-thickbox_default.jpg','http://montessoriph.com/index.php?id_product=7&rewrite=infant-box-with-triangle&controller=product&id_lang=1','2021-03-15 09:48:07'),(1574,1,1,'/img/p/4/1/41-thickbox_default.jpg','http://montessoriph.com/index.php?id_product=8&rewrite=infant-box-with-coins&controller=product&id_lang=1','2021-03-15 09:48:07'),(1575,1,1,'/img/p/4/2/42-thickbox_default.jpg','http://montessoriph.com/index.php?id_product=9&rewrite=puzzle-with-1-square&controller=product&id_lang=1','2021-03-15 09:48:07'),(1576,1,1,'/img/p/4/3/43-thickbox_default.jpg','http://montessoriph.com/index.php?id_product=10&rewrite=puzzle-with-3-circles&controller=product&id_lang=1','2021-03-15 09:48:08'),(1577,1,1,'/img/p/4/5/45-thickbox_default.jpg','http://montessoriph.com/index.php?id_product=11&rewrite=toddler-box-with-ball&controller=product&id_lang=1','2021-03-15 09:48:08'),(1578,1,1,'/img/p/4/6/46-thickbox_default.jpg','http://montessoriph.com/index.php?id_product=12&rewrite=toddler-peg-box&controller=product&id_lang=1','2021-03-15 09:48:08'),(1579,1,1,'/img/p/4/8/48-thickbox_default.jpg','http://montessoriph.com/index.php?id_product=13&rewrite=puzzle-with-1-triangle&controller=product&id_lang=1','2021-03-15 09:48:08'),(1580,1,1,'/img/p/tl-default-home_default.jpg','http://montessoriph.com/index.php?id_category=10&controller=category&id_lang=2','2021-03-15 09:49:44'),(1581,1,1,'/img/p/4/9/49-thickbox_default.jpg','http://montessoriph.com/index.php?id_product=14&rewrite=tpm016&controller=product&id_lang=1','2021-03-15 09:50:41'),(1582,1,1,'/img/p/5/0/50-thickbox_default.jpg','http://montessoriph.com/index.php?id_product=15&rewrite=3-cubes-on-1-vertical-stick&controller=product&id_lang=1','2021-03-15 09:50:42'),(1583,1,1,'/img/p/5/1/51-thickbox_default.jpg','http://montessoriph.com/index.php?id_product=16&rewrite=3-discs-on-1-horizontal-stick&controller=product&id_lang=1','2021-03-15 09:50:42'),(1584,1,1,'/img/p/5/2/52-thickbox_default.jpg','http://montessoriph.com/index.php?id_product=17&rewrite=serpentine-horizontal-straight&controller=product&id_lang=1','2021-03-15 09:50:42'),(1585,1,1,'/img/p/5/4/54-thickbox_default.jpg','http://montessoriph.com/index.php?id_product=19&rewrite=infant-box-with-rectangle&controller=product&id_lang=1','2021-03-15 09:50:42'),(1586,1,1,'/img/p/5/5/55-thickbox_default.jpg','http://montessoriph.com/index.php?id_product=20&rewrite=infant-box-with-square&controller=product&id_lang=1','2021-03-15 09:50:42'),(1587,1,1,'/img/p/5/7/57-thickbox_default.jpg','http://montessoriph.com/index.php?id_product=21&rewrite=colorful-wood-lacing-beads&controller=product&id_lang=1','2021-03-15 09:50:42'),(1588,1,1,'/img/p/5/8/58-thickbox_default.jpg','http://montessoriph.com/index.php?id_product=22&rewrite=brown-stair-mini&controller=product&id_lang=1','2021-03-15 09:50:42'),(1589,1,1,'/img/p/6/0/60-thickbox_default.jpg','http://montessoriph.com/index.php?id_product=23&rewrite=cylinder-blocks-mini&controller=product&id_lang=1','2021-03-15 09:50:42'),(1590,1,1,'/img/p/6/1/61-thickbox_default.jpg','http://montessoriph.com/index.php?id_product=24&rewrite=numerical-rods-mini&controller=product&id_lang=1','2021-03-15 09:50:42'),(1591,1,1,'/img/p/6/2/62-thickbox_default.jpg','http://montessoriph.com/index.php?id_product=25&rewrite=pink-tower-mini&controller=product&id_lang=1','2021-03-15 09:50:42'),(1592,1,1,'/img/p/6/3/63-thickbox_default.jpg','http://montessoriph.com/index.php?id_product=26&rewrite=foot-balance-board&controller=product&id_lang=1','2021-03-15 09:50:43'),(1593,1,1,'/img/p/5/9/59-thickbox_default.jpg','http://montessoriph.com/index.php?id_product=40&rewrite=4-ovaloids-on-pegs&controller=product&id_lang=1','2021-03-15 09:54:39'),(1594,1,1,'/img/p/tl-default-large_default.jpg','http://montessoriph.com/index.php?id_product=234&rewrite=botany-cabinet-18-leaf-shape-insets&controller=product&id_lang=2','2021-03-15 09:54:40'),(1595,1,1,'/img/p/6/4/64-thickbox_default.jpg','http://montessoriph.com/index.php?id_product=27&rewrite=4-shapes-bricks-and-3-colors&controller=product&id_lang=1','2021-03-15 09:59:58'),(1596,1,1,'/img/p/6/5/65-thickbox_default.jpg','http://montessoriph.com/index.php?id_product=28&rewrite=9-bricks-3-colors-3-shapes&controller=product&id_lang=1','2021-03-15 09:59:58'),(1597,1,1,'/img/p/6/6/66-thickbox_default.jpg','http://montessoriph.com/index.php?id_product=29&rewrite=geometric-forms&controller=product&id_lang=1','2021-03-15 09:59:58'),(1598,1,1,'/img/p/6/7/67-thickbox_default.jpg','http://montessoriph.com/index.php?id_product=30&rewrite=round-bricks-4-colors&controller=product&id_lang=1','2021-03-15 09:59:58'),(1599,1,1,'/img/p/6/8/68-thickbox_default.jpg','http://montessoriph.com/index.php?id_product=31&rewrite=5-shapes-bricks-big-size&controller=product&id_lang=1','2021-03-15 09:59:58'),(1600,1,1,'/img/p/7/0/70-thickbox_default.jpg','http://montessoriph.com/index.php?id_product=31&rewrite=5-shapes-bricks-big-size&controller=product&id_lang=1','2021-03-15 09:59:59'),(1601,1,1,'/img/p/3/1/31-thickbox_default.jpg','http://montessoriph.com/index.php?id_product=32&rewrite=5-shapes-of-5-colors&controller=product&id_lang=1','2021-03-15 09:59:59'),(1602,1,1,'/img/p/3/4/34-thickbox_default.jpg','http://montessoriph.com/index.php?id_product=33&rewrite=4-shapes-with-3-colors&controller=product&id_lang=1','2021-03-15 09:59:59'),(1603,1,1,'/img/p/3/7/37-thickbox_default.jpg','http://montessoriph.com/index.php?id_product=34&rewrite=geo-ladder-same-shapescolor&controller=product&id_lang=1','2021-03-15 09:59:59'),(1604,1,1,'/img/p/4/0/40-thickbox_default.jpg','http://montessoriph.com/index.php?id_product=35&rewrite=geo-shapes-square-puzzle&controller=product&id_lang=1','2021-03-15 09:59:59'),(1605,1,1,'/img/p/4/4/44-thickbox_default.jpg','http://montessoriph.com/index.php?id_product=36&rewrite=geo-shapes-fraction-puzzle&controller=product&id_lang=1','2021-03-15 09:59:59'),(1606,1,1,'/img/p/4/7/47-thickbox_default.jpg','http://montessoriph.com/index.php?id_product=37&rewrite=geo-solids-ladder-cylinders&controller=product&id_lang=1','2021-03-15 09:59:59'),(1607,1,1,'/img/p/5/3/53-thickbox_default.jpg','http://montessoriph.com/index.php?id_product=38&rewrite=toddler-interlocking-discs&controller=product&id_lang=1','2021-03-15 09:59:59'),(1608,1,1,'/img/p/5/6/56-thickbox_default.jpg','http://montessoriph.com/index.php?id_product=39&rewrite=toddler-bell&controller=product&id_lang=1','2021-03-15 09:59:59'),(1609,1,1,'/facebook%20url','http://montessoriph.com/index.php','2021-03-15 10:21:56'),(1610,1,1,'/twitter%20url','http://montessoriph.com/index.php','2021-03-15 10:21:56'),(1611,1,1,'/instagram%20url','http://montessoriph.com/index.php','2021-03-15 10:21:56'),(1612,1,1,'/google%20url','http://montessoriph.com/index.php','2021-03-15 10:21:56'),(1613,1,1,'/pintrest%20url','http://montessoriph.com/index.php','2021-03-15 10:21:57'),(1614,1,1,'/youtube%20url','http://montessoriph.com/index.php','2021-03-15 10:21:57'),(1615,1,1,'/vimeo%20url','http://montessoriph.com/index.php','2021-03-15 10:21:57'),(1616,1,1,'/img/p/3/2/32-thickbox_default.jpg','http://montessoriph.com/index.php?id_product=1&rewrite=puzzle-with-3-shapes-of-3-colors&controller=product&id_lang=1','2021-03-15 10:24:01'),(1617,1,1,'/img/p/3/3/33-thickbox_default.jpg','http://montessoriph.com/index.php?id_product=2&rewrite=puzzle-of-1-big-circle&controller=product&id_lang=1','2021-03-15 10:24:01'),(1618,1,1,'/img/p/3/5/35-thickbox_default.jpg','http://montessoriph.com/index.php?id_product=3&rewrite=holder-for-cards&controller=product&id_lang=1','2021-03-15 10:24:02'),(1619,1,1,'/img/p/3/6/36-thickbox_default.jpg','http://montessoriph.com/index.php?id_product=4&rewrite=cabinet-and-tray&controller=product&id_lang=1','2021-03-15 10:24:02'),(1620,1,1,'/img/p/3/8/38-thickbox_default.jpg','http://montessoriph.com/index.php?id_product=6&rewrite=infant-box-with-cylinder&controller=product&id_lang=1','2021-03-15 10:24:02'),(1621,1,1,'/img/p/3/9/39-thickbox_default.jpg','http://montessoriph.com/index.php?id_product=7&rewrite=infant-box-with-triangle&controller=product&id_lang=1','2021-03-15 10:24:02'),(1622,1,1,'/img/p/4/1/41-thickbox_default.jpg','http://montessoriph.com/index.php?id_product=8&rewrite=infant-box-with-coins&controller=product&id_lang=1','2021-03-15 10:24:02'),(1623,1,1,'/img/p/4/2/42-thickbox_default.jpg','http://montessoriph.com/index.php?id_product=9&rewrite=puzzle-with-1-square&controller=product&id_lang=1','2021-03-15 10:24:02'),(1624,1,1,'/img/p/4/3/43-thickbox_default.jpg','http://montessoriph.com/index.php?id_product=10&rewrite=puzzle-with-3-circles&controller=product&id_lang=1','2021-03-15 10:24:03'),(1625,1,1,'/img/p/4/5/45-thickbox_default.jpg','http://montessoriph.com/index.php?id_product=11&rewrite=toddler-box-with-ball&controller=product&id_lang=1','2021-03-15 10:24:03'),(1626,1,1,'/img/p/4/6/46-thickbox_default.jpg','http://montessoriph.com/index.php?id_product=12&rewrite=toddler-peg-box&controller=product&id_lang=1','2021-03-15 10:24:03'),(1627,1,1,'/img/p/4/8/48-thickbox_default.jpg','http://montessoriph.com/index.php?id_product=13&rewrite=puzzle-with-1-triangle&controller=product&id_lang=1','2021-03-15 10:24:04'),(1628,1,1,'/img/p/tl-default-home_default.jpg','http://montessoriph.com/index.php?id_category=10&controller=category&id_lang=2','2021-03-15 10:25:33'),(1629,1,1,'/img/p/4/9/49-thickbox_default.jpg','http://montessoriph.com/index.php?id_product=14&rewrite=tpm016&controller=product&id_lang=1','2021-03-15 10:26:34'),(1630,1,1,'/img/p/5/0/50-thickbox_default.jpg','http://montessoriph.com/index.php?id_product=15&rewrite=3-cubes-on-1-vertical-stick&controller=product&id_lang=1','2021-03-15 10:26:34'),(1631,1,1,'/img/p/5/1/51-thickbox_default.jpg','http://montessoriph.com/index.php?id_product=16&rewrite=3-discs-on-1-horizontal-stick&controller=product&id_lang=1','2021-03-15 10:26:35'),(1632,1,1,'/img/p/5/2/52-thickbox_default.jpg','http://montessoriph.com/index.php?id_product=17&rewrite=serpentine-horizontal-straight&controller=product&id_lang=1','2021-03-15 10:26:35'),(1633,1,1,'/img/p/5/4/54-thickbox_default.jpg','http://montessoriph.com/index.php?id_product=19&rewrite=infant-box-with-rectangle&controller=product&id_lang=1','2021-03-15 10:26:35'),(1634,1,1,'/img/p/5/5/55-thickbox_default.jpg','http://montessoriph.com/index.php?id_product=20&rewrite=infant-box-with-square&controller=product&id_lang=1','2021-03-15 10:26:35'),(1635,1,1,'/img/p/5/7/57-thickbox_default.jpg','http://montessoriph.com/index.php?id_product=21&rewrite=colorful-wood-lacing-beads&controller=product&id_lang=1','2021-03-15 10:26:35'),(1636,1,1,'/img/p/5/8/58-thickbox_default.jpg','http://montessoriph.com/index.php?id_product=22&rewrite=brown-stair-mini&controller=product&id_lang=1','2021-03-15 10:26:35'),(1637,1,1,'/img/p/6/0/60-thickbox_default.jpg','http://montessoriph.com/index.php?id_product=23&rewrite=cylinder-blocks-mini&controller=product&id_lang=1','2021-03-15 10:26:35'),(1638,1,1,'/img/p/6/1/61-thickbox_default.jpg','http://montessoriph.com/index.php?id_product=24&rewrite=numerical-rods-mini&controller=product&id_lang=1','2021-03-15 10:26:36'),(1639,1,1,'/img/p/6/2/62-thickbox_default.jpg','http://montessoriph.com/index.php?id_product=25&rewrite=pink-tower-mini&controller=product&id_lang=1','2021-03-15 10:26:36'),(1640,1,1,'/img/p/6/3/63-thickbox_default.jpg','http://montessoriph.com/index.php?id_product=26&rewrite=foot-balance-board&controller=product&id_lang=1','2021-03-15 10:26:36'),(1641,1,1,'/img/p/5/9/59-thickbox_default.jpg','http://montessoriph.com/index.php?id_product=40&rewrite=4-ovaloids-on-pegs&controller=product&id_lang=1','2021-03-15 10:31:37'),(1642,1,1,'/img/p/tl-default-large_default.jpg','http://montessoriph.com/index.php?id_product=234&rewrite=botany-cabinet-18-leaf-shape-insets&controller=product&id_lang=2','2021-03-15 10:31:39'),(1643,1,1,'/img/p/6/4/64-thickbox_default.jpg','http://montessoriph.com/index.php?id_product=27&rewrite=4-shapes-bricks-and-3-colors&controller=product&id_lang=1','2021-03-15 10:37:03'),(1644,1,1,'/img/p/6/5/65-thickbox_default.jpg','http://montessoriph.com/index.php?id_product=28&rewrite=9-bricks-3-colors-3-shapes&controller=product&id_lang=1','2021-03-15 10:37:03'),(1645,1,1,'/img/p/6/6/66-thickbox_default.jpg','http://montessoriph.com/index.php?id_product=29&rewrite=geometric-forms&controller=product&id_lang=1','2021-03-15 10:37:03'),(1646,1,1,'/img/p/6/7/67-thickbox_default.jpg','http://montessoriph.com/index.php?id_product=30&rewrite=round-bricks-4-colors&controller=product&id_lang=1','2021-03-15 10:37:03'),(1647,1,1,'/img/p/6/8/68-thickbox_default.jpg','http://montessoriph.com/index.php?id_product=31&rewrite=5-shapes-bricks-big-size&controller=product&id_lang=1','2021-03-15 10:37:03'),(1648,1,1,'/img/p/7/0/70-thickbox_default.jpg','http://montessoriph.com/index.php?id_product=31&rewrite=5-shapes-bricks-big-size&controller=product&id_lang=1','2021-03-15 10:37:03'),(1649,1,1,'/img/p/3/1/31-thickbox_default.jpg','http://montessoriph.com/index.php?id_product=32&rewrite=5-shapes-of-5-colors&controller=product&id_lang=1','2021-03-15 10:37:04'),(1650,1,1,'/img/p/3/4/34-thickbox_default.jpg','http://montessoriph.com/index.php?id_product=33&rewrite=4-shapes-with-3-colors&controller=product&id_lang=1','2021-03-15 10:37:04'),(1651,1,1,'/img/p/3/7/37-thickbox_default.jpg','http://montessoriph.com/index.php?id_product=34&rewrite=geo-ladder-same-shapescolor&controller=product&id_lang=1','2021-03-15 10:37:04'),(1652,1,1,'/img/p/4/0/40-thickbox_default.jpg','http://montessoriph.com/index.php?id_product=35&rewrite=geo-shapes-square-puzzle&controller=product&id_lang=1','2021-03-15 10:37:04'),(1653,1,1,'/img/p/4/4/44-thickbox_default.jpg','http://montessoriph.com/index.php?id_product=36&rewrite=geo-shapes-fraction-puzzle&controller=product&id_lang=1','2021-03-15 10:37:04'),(1654,1,1,'/img/p/4/7/47-thickbox_default.jpg','http://montessoriph.com/index.php?id_product=37&rewrite=geo-solids-ladder-cylinders&controller=product&id_lang=1','2021-03-15 10:37:04'),(1655,1,1,'/img/p/5/3/53-thickbox_default.jpg','http://montessoriph.com/index.php?id_product=38&rewrite=toddler-interlocking-discs&controller=product&id_lang=1','2021-03-15 10:37:04'),(1656,1,1,'/img/p/5/6/56-thickbox_default.jpg','http://montessoriph.com/index.php?id_product=39&rewrite=toddler-bell&controller=product&id_lang=1','2021-03-15 10:37:05'),(1657,1,1,'/facebook%20url','http://montessoriph.com/index.php','2021-03-15 11:08:20'),(1658,1,1,'/twitter%20url','http://montessoriph.com/index.php','2021-03-15 11:08:20'),(1659,1,1,'/instagram%20url','http://montessoriph.com/index.php','2021-03-15 11:08:20'),(1660,1,1,'/google%20url','http://montessoriph.com/index.php','2021-03-15 11:08:21'),(1661,1,1,'/pintrest%20url','http://montessoriph.com/index.php','2021-03-15 11:08:21'),(1662,1,1,'/youtube%20url','http://montessoriph.com/index.php','2021-03-15 11:08:21'),(1663,1,1,'/vimeo%20url','http://montessoriph.com/index.php','2021-03-15 11:08:21'),(1664,1,1,'/img/p/3/2/32-thickbox_default.jpg','http://montessoriph.com/index.php?id_product=1&rewrite=puzzle-with-3-shapes-of-3-colors&controller=product&id_lang=1','2021-03-15 11:11:16'),(1665,1,1,'/img/p/3/3/33-thickbox_default.jpg','http://montessoriph.com/index.php?id_product=2&rewrite=puzzle-of-1-big-circle&controller=product&id_lang=1','2021-03-15 11:11:16'),(1666,1,1,'/img/p/3/5/35-thickbox_default.jpg','http://montessoriph.com/index.php?id_product=3&rewrite=holder-for-cards&controller=product&id_lang=1','2021-03-15 11:11:17'),(1667,1,1,'/img/p/3/6/36-thickbox_default.jpg','http://montessoriph.com/index.php?id_product=4&rewrite=cabinet-and-tray&controller=product&id_lang=1','2021-03-15 11:11:17'),(1668,1,1,'/img/p/3/8/38-thickbox_default.jpg','http://montessoriph.com/index.php?id_product=6&rewrite=infant-box-with-cylinder&controller=product&id_lang=1','2021-03-15 11:11:17'),(1669,1,1,'/img/p/3/9/39-thickbox_default.jpg','http://montessoriph.com/index.php?id_product=7&rewrite=infant-box-with-triangle&controller=product&id_lang=1','2021-03-15 11:11:17'),(1670,1,1,'/img/p/4/1/41-thickbox_default.jpg','http://montessoriph.com/index.php?id_product=8&rewrite=infant-box-with-coins&controller=product&id_lang=1','2021-03-15 11:11:18'),(1671,1,1,'/img/p/4/2/42-thickbox_default.jpg','http://montessoriph.com/index.php?id_product=9&rewrite=puzzle-with-1-square&controller=product&id_lang=1','2021-03-15 11:11:18'),(1672,1,1,'/img/p/4/3/43-thickbox_default.jpg','http://montessoriph.com/index.php?id_product=10&rewrite=puzzle-with-3-circles&controller=product&id_lang=1','2021-03-15 11:11:19'),(1673,1,1,'/img/p/4/5/45-thickbox_default.jpg','http://montessoriph.com/index.php?id_product=11&rewrite=toddler-box-with-ball&controller=product&id_lang=1','2021-03-15 11:11:19'),(1674,1,1,'/img/p/4/6/46-thickbox_default.jpg','http://montessoriph.com/index.php?id_product=12&rewrite=toddler-peg-box&controller=product&id_lang=1','2021-03-15 11:11:20'),(1675,1,1,'/img/p/4/8/48-thickbox_default.jpg','http://montessoriph.com/index.php?id_product=13&rewrite=puzzle-with-1-triangle&controller=product&id_lang=1','2021-03-15 11:11:20'),(1676,1,1,'/img/p/tl-default-home_default.jpg','http://montessoriph.com/index.php?id_category=10&controller=category&id_lang=2','2021-03-15 11:13:41'),(1677,1,1,'/img/p/4/9/49-thickbox_default.jpg','http://montessoriph.com/index.php?id_product=14&rewrite=tpm016&controller=product&id_lang=1','2021-03-15 11:15:05'),(1678,1,1,'/img/p/5/0/50-thickbox_default.jpg','http://montessoriph.com/index.php?id_product=15&rewrite=3-cubes-on-1-vertical-stick&controller=product&id_lang=1','2021-03-15 11:15:05'),(1679,1,1,'/img/p/5/1/51-thickbox_default.jpg','http://montessoriph.com/index.php?id_product=16&rewrite=3-discs-on-1-horizontal-stick&controller=product&id_lang=1','2021-03-15 11:15:05'),(1680,1,1,'/img/p/5/2/52-thickbox_default.jpg','http://montessoriph.com/index.php?id_product=17&rewrite=serpentine-horizontal-straight&controller=product&id_lang=1','2021-03-15 11:15:06'),(1681,1,1,'/img/p/5/4/54-thickbox_default.jpg','http://montessoriph.com/index.php?id_product=19&rewrite=infant-box-with-rectangle&controller=product&id_lang=1','2021-03-15 11:15:06'),(1682,1,1,'/img/p/5/5/55-thickbox_default.jpg','http://montessoriph.com/index.php?id_product=20&rewrite=infant-box-with-square&controller=product&id_lang=1','2021-03-15 11:15:06'),(1683,1,1,'/img/p/5/7/57-thickbox_default.jpg','http://montessoriph.com/index.php?id_product=21&rewrite=colorful-wood-lacing-beads&controller=product&id_lang=1','2021-03-15 11:15:06'),(1684,1,1,'/img/p/5/8/58-thickbox_default.jpg','http://montessoriph.com/index.php?id_product=22&rewrite=brown-stair-mini&controller=product&id_lang=1','2021-03-15 11:15:07'),(1685,1,1,'/img/p/6/0/60-thickbox_default.jpg','http://montessoriph.com/index.php?id_product=23&rewrite=cylinder-blocks-mini&controller=product&id_lang=1','2021-03-15 11:15:07'),(1686,1,1,'/img/p/6/1/61-thickbox_default.jpg','http://montessoriph.com/index.php?id_product=24&rewrite=numerical-rods-mini&controller=product&id_lang=1','2021-03-15 11:15:07'),(1687,1,1,'/img/p/6/2/62-thickbox_default.jpg','http://montessoriph.com/index.php?id_product=25&rewrite=pink-tower-mini&controller=product&id_lang=1','2021-03-15 11:15:07'),(1688,1,1,'/img/p/6/3/63-thickbox_default.jpg','http://montessoriph.com/index.php?id_product=26&rewrite=foot-balance-board&controller=product&id_lang=1','2021-03-15 11:15:08'),(1689,1,1,'/img/p/5/9/59-thickbox_default.jpg','http://montessoriph.com/index.php?id_product=40&rewrite=4-ovaloids-on-pegs&controller=product&id_lang=1','2021-03-15 11:22:37'),(1690,1,1,'/img/p/tl-default-large_default.jpg','http://montessoriph.com/index.php?id_product=234&rewrite=botany-cabinet-18-leaf-shape-insets&controller=product&id_lang=2','2021-03-15 11:22:40'),(1691,1,1,'/img/p/6/4/64-thickbox_default.jpg','http://montessoriph.com/index.php?id_product=27&rewrite=4-shapes-bricks-and-3-colors&controller=product&id_lang=1','2021-03-15 11:31:00'),(1692,1,1,'/img/p/6/5/65-thickbox_default.jpg','http://montessoriph.com/index.php?id_product=28&rewrite=9-bricks-3-colors-3-shapes&controller=product&id_lang=1','2021-03-15 11:31:00'),(1693,1,1,'/img/p/6/6/66-thickbox_default.jpg','http://montessoriph.com/index.php?id_product=29&rewrite=geometric-forms&controller=product&id_lang=1','2021-03-15 11:31:01'),(1694,1,1,'/img/p/6/7/67-thickbox_default.jpg','http://montessoriph.com/index.php?id_product=30&rewrite=round-bricks-4-colors&controller=product&id_lang=1','2021-03-15 11:31:01'),(1695,1,1,'/img/p/6/8/68-thickbox_default.jpg','http://montessoriph.com/index.php?id_product=31&rewrite=5-shapes-bricks-big-size&controller=product&id_lang=1','2021-03-15 11:31:01'),(1696,1,1,'/img/p/7/0/70-thickbox_default.jpg','http://montessoriph.com/index.php?id_product=31&rewrite=5-shapes-bricks-big-size&controller=product&id_lang=1','2021-03-15 11:31:01'),(1697,1,1,'/img/p/3/1/31-thickbox_default.jpg','http://montessoriph.com/index.php?id_product=32&rewrite=5-shapes-of-5-colors&controller=product&id_lang=1','2021-03-15 11:31:02'),(1698,1,1,'/img/p/3/4/34-thickbox_default.jpg','http://montessoriph.com/index.php?id_product=33&rewrite=4-shapes-with-3-colors&controller=product&id_lang=1','2021-03-15 11:31:02'),(1699,1,1,'/img/p/3/7/37-thickbox_default.jpg','http://montessoriph.com/index.php?id_product=34&rewrite=geo-ladder-same-shapescolor&controller=product&id_lang=1','2021-03-15 11:31:02'),(1700,1,1,'/img/p/4/0/40-thickbox_default.jpg','http://montessoriph.com/index.php?id_product=35&rewrite=geo-shapes-square-puzzle&controller=product&id_lang=1','2021-03-15 11:31:02'),(1701,1,1,'/img/p/4/4/44-thickbox_default.jpg','http://montessoriph.com/index.php?id_product=36&rewrite=geo-shapes-fraction-puzzle&controller=product&id_lang=1','2021-03-15 11:31:03'),(1702,1,1,'/img/p/4/7/47-thickbox_default.jpg','http://montessoriph.com/index.php?id_product=37&rewrite=geo-solids-ladder-cylinders&controller=product&id_lang=1','2021-03-15 11:31:03'),(1703,1,1,'/img/p/5/3/53-thickbox_default.jpg','http://montessoriph.com/index.php?id_product=38&rewrite=toddler-interlocking-discs&controller=product&id_lang=1','2021-03-15 11:31:03'),(1704,1,1,'/img/p/5/6/56-thickbox_default.jpg','http://montessoriph.com/index.php?id_product=39&rewrite=toddler-bell&controller=product&id_lang=1','2021-03-15 11:31:03'),(1705,1,1,'/facebook%20url','http://montessoriph.com/index.php','2021-03-15 15:31:17'),(1706,1,1,'/twitter%20url','http://montessoriph.com/index.php','2021-03-15 15:31:17'),(1707,1,1,'/instagram%20url','http://montessoriph.com/index.php','2021-03-15 15:31:17'),(1708,1,1,'/google%20url','http://montessoriph.com/index.php','2021-03-15 15:31:17'),(1709,1,1,'/pintrest%20url','http://montessoriph.com/index.php','2021-03-15 15:31:17'),(1710,1,1,'/youtube%20url','http://montessoriph.com/index.php','2021-03-15 15:31:18'),(1711,1,1,'/vimeo%20url','http://montessoriph.com/index.php','2021-03-15 15:31:18'),(1712,1,1,'/img/p/3/2/32-thickbox_default.jpg','http://montessoriph.com/index.php?id_product=1&rewrite=puzzle-with-3-shapes-of-3-colors&controller=product&id_lang=1','2021-03-15 15:33:14'),(1713,1,1,'/img/p/3/3/33-thickbox_default.jpg','http://montessoriph.com/index.php?id_product=2&rewrite=puzzle-of-1-big-circle&controller=product&id_lang=1','2021-03-15 15:33:15'),(1714,1,1,'/img/p/3/5/35-thickbox_default.jpg','http://montessoriph.com/index.php?id_product=3&rewrite=holder-for-cards&controller=product&id_lang=1','2021-03-15 15:33:15'),(1715,1,1,'/img/p/3/6/36-thickbox_default.jpg','http://montessoriph.com/index.php?id_product=4&rewrite=cabinet-and-tray&controller=product&id_lang=1','2021-03-15 15:33:15'),(1716,1,1,'/img/p/3/8/38-thickbox_default.jpg','http://montessoriph.com/index.php?id_product=6&rewrite=infant-box-with-cylinder&controller=product&id_lang=1','2021-03-15 15:33:15'),(1717,1,1,'/img/p/3/9/39-thickbox_default.jpg','http://montessoriph.com/index.php?id_product=7&rewrite=infant-box-with-triangle&controller=product&id_lang=1','2021-03-15 15:33:15'),(1718,1,1,'/img/p/4/1/41-thickbox_default.jpg','http://montessoriph.com/index.php?id_product=8&rewrite=infant-box-with-coins&controller=product&id_lang=1','2021-03-15 15:33:15'),(1719,1,1,'/img/p/4/2/42-thickbox_default.jpg','http://montessoriph.com/index.php?id_product=9&rewrite=puzzle-with-1-square&controller=product&id_lang=1','2021-03-15 15:33:15'),(1720,1,1,'/img/p/4/3/43-thickbox_default.jpg','http://montessoriph.com/index.php?id_product=10&rewrite=puzzle-with-3-circles&controller=product&id_lang=1','2021-03-15 15:33:16'),(1721,1,1,'/img/p/4/5/45-thickbox_default.jpg','http://montessoriph.com/index.php?id_product=11&rewrite=toddler-box-with-ball&controller=product&id_lang=1','2021-03-15 15:33:16'),(1722,1,1,'/img/p/4/6/46-thickbox_default.jpg','http://montessoriph.com/index.php?id_product=12&rewrite=toddler-peg-box&controller=product&id_lang=1','2021-03-15 15:33:17'),(1723,1,1,'/img/p/4/8/48-thickbox_default.jpg','http://montessoriph.com/index.php?id_product=13&rewrite=puzzle-with-1-triangle&controller=product&id_lang=1','2021-03-15 15:33:17'),(1724,1,1,'/img/p/tl-default-home_default.jpg','http://montessoriph.com/index.php?id_category=10&controller=category&id_lang=2','2021-03-15 15:34:55'),(1725,1,1,'/img/p/4/9/49-thickbox_default.jpg','http://montessoriph.com/index.php?id_product=14&rewrite=tpm016&controller=product&id_lang=1','2021-03-15 15:35:46'),(1726,1,1,'/img/p/5/0/50-thickbox_default.jpg','http://montessoriph.com/index.php?id_product=15&rewrite=3-cubes-on-1-vertical-stick&controller=product&id_lang=1','2021-03-15 15:35:46'),(1727,1,1,'/img/p/5/1/51-thickbox_default.jpg','http://montessoriph.com/index.php?id_product=16&rewrite=3-discs-on-1-horizontal-stick&controller=product&id_lang=1','2021-03-15 15:35:46'),(1728,1,1,'/img/p/5/2/52-thickbox_default.jpg','http://montessoriph.com/index.php?id_product=17&rewrite=serpentine-horizontal-straight&controller=product&id_lang=1','2021-03-15 15:35:46'),(1729,1,1,'/img/p/5/4/54-thickbox_default.jpg','http://montessoriph.com/index.php?id_product=19&rewrite=infant-box-with-rectangle&controller=product&id_lang=1','2021-03-15 15:35:46'),(1730,1,1,'/img/p/5/5/55-thickbox_default.jpg','http://montessoriph.com/index.php?id_product=20&rewrite=infant-box-with-square&controller=product&id_lang=1','2021-03-15 15:35:46'),(1731,1,1,'/img/p/5/7/57-thickbox_default.jpg','http://montessoriph.com/index.php?id_product=21&rewrite=colorful-wood-lacing-beads&controller=product&id_lang=1','2021-03-15 15:35:46'),(1732,1,1,'/img/p/5/8/58-thickbox_default.jpg','http://montessoriph.com/index.php?id_product=22&rewrite=brown-stair-mini&controller=product&id_lang=1','2021-03-15 15:35:46'),(1733,1,1,'/img/p/6/0/60-thickbox_default.jpg','http://montessoriph.com/index.php?id_product=23&rewrite=cylinder-blocks-mini&controller=product&id_lang=1','2021-03-15 15:35:47'),(1734,1,1,'/img/p/6/1/61-thickbox_default.jpg','http://montessoriph.com/index.php?id_product=24&rewrite=numerical-rods-mini&controller=product&id_lang=1','2021-03-15 15:35:47'),(1735,1,1,'/img/p/6/2/62-thickbox_default.jpg','http://montessoriph.com/index.php?id_product=25&rewrite=pink-tower-mini&controller=product&id_lang=1','2021-03-15 15:35:47'),(1736,1,1,'/img/p/6/3/63-thickbox_default.jpg','http://montessoriph.com/index.php?id_product=26&rewrite=foot-balance-board&controller=product&id_lang=1','2021-03-15 15:35:47'),(1737,1,1,'/img/p/5/9/59-thickbox_default.jpg','http://montessoriph.com/index.php?id_product=40&rewrite=4-ovaloids-on-pegs&controller=product&id_lang=1','2021-03-15 15:40:17'),(1738,1,1,'/img/p/tl-default-large_default.jpg','http://montessoriph.com/index.php?id_product=234&rewrite=botany-cabinet-18-leaf-shape-insets&controller=product&id_lang=2','2021-03-15 15:40:18'),(1739,1,1,'/img/p/6/4/64-thickbox_default.jpg','http://montessoriph.com/index.php?id_product=27&rewrite=4-shapes-bricks-and-3-colors&controller=product&id_lang=1','2021-03-15 15:45:30'),(1740,1,1,'/img/p/6/5/65-thickbox_default.jpg','http://montessoriph.com/index.php?id_product=28&rewrite=9-bricks-3-colors-3-shapes&controller=product&id_lang=1','2021-03-15 15:45:30'),(1741,1,1,'/img/p/6/6/66-thickbox_default.jpg','http://montessoriph.com/index.php?id_product=29&rewrite=geometric-forms&controller=product&id_lang=1','2021-03-15 15:45:30'),(1742,1,1,'/img/p/6/7/67-thickbox_default.jpg','http://montessoriph.com/index.php?id_product=30&rewrite=round-bricks-4-colors&controller=product&id_lang=1','2021-03-15 15:45:30'),(1743,1,1,'/img/p/6/8/68-thickbox_default.jpg','http://montessoriph.com/index.php?id_product=31&rewrite=5-shapes-bricks-big-size&controller=product&id_lang=1','2021-03-15 15:45:30'),(1744,1,1,'/img/p/7/0/70-thickbox_default.jpg','http://montessoriph.com/index.php?id_product=31&rewrite=5-shapes-bricks-big-size&controller=product&id_lang=1','2021-03-15 15:45:30'),(1745,1,1,'/img/p/3/1/31-thickbox_default.jpg','http://montessoriph.com/index.php?id_product=32&rewrite=5-shapes-of-5-colors&controller=product&id_lang=1','2021-03-15 15:45:30'),(1746,1,1,'/img/p/3/4/34-thickbox_default.jpg','http://montessoriph.com/index.php?id_product=33&rewrite=4-shapes-with-3-colors&controller=product&id_lang=1','2021-03-15 15:45:31'),(1747,1,1,'/img/p/3/7/37-thickbox_default.jpg','http://montessoriph.com/index.php?id_product=34&rewrite=geo-ladder-same-shapescolor&controller=product&id_lang=1','2021-03-15 15:45:31'),(1748,1,1,'/img/p/4/0/40-thickbox_default.jpg','http://montessoriph.com/index.php?id_product=35&rewrite=geo-shapes-square-puzzle&controller=product&id_lang=1','2021-03-15 15:45:31'),(1749,1,1,'/img/p/4/4/44-thickbox_default.jpg','http://montessoriph.com/index.php?id_product=36&rewrite=geo-shapes-fraction-puzzle&controller=product&id_lang=1','2021-03-15 15:45:31'),(1750,1,1,'/img/p/4/7/47-thickbox_default.jpg','http://montessoriph.com/index.php?id_product=37&rewrite=geo-solids-ladder-cylinders&controller=product&id_lang=1','2021-03-15 15:45:31'),(1751,1,1,'/img/p/5/3/53-thickbox_default.jpg','http://montessoriph.com/index.php?id_product=38&rewrite=toddler-interlocking-discs&controller=product&id_lang=1','2021-03-15 15:45:31'),(1752,1,1,'/img/p/5/6/56-thickbox_default.jpg','http://montessoriph.com/index.php?id_product=39&rewrite=toddler-bell&controller=product&id_lang=1','2021-03-15 15:45:31'),(1753,1,1,'/facebook%20url','http://montessoriph.com/index.php','2021-03-15 16:05:37'),(1754,1,1,'/twitter%20url','http://montessoriph.com/index.php','2021-03-15 16:05:37'),(1755,1,1,'/instagram%20url','http://montessoriph.com/index.php','2021-03-15 16:05:37'),(1756,1,1,'/google%20url','http://montessoriph.com/index.php','2021-03-15 16:05:38'),(1757,1,1,'/pintrest%20url','http://montessoriph.com/index.php','2021-03-15 16:05:38'),(1758,1,1,'/youtube%20url','http://montessoriph.com/index.php','2021-03-15 16:05:39'),(1759,1,1,'/vimeo%20url','http://montessoriph.com/index.php','2021-03-15 16:05:39'),(1760,1,1,'/img/p/3/2/32-thickbox_default.jpg','http://montessoriph.com/index.php?id_product=1&rewrite=puzzle-with-3-shapes-of-3-colors&controller=product&id_lang=1','2021-03-15 16:11:36'),(1761,1,1,'/img/p/3/3/33-thickbox_default.jpg','http://montessoriph.com/index.php?id_product=2&rewrite=puzzle-of-1-big-circle&controller=product&id_lang=1','2021-03-15 16:11:37'),(1762,1,1,'/img/p/3/5/35-thickbox_default.jpg','http://montessoriph.com/index.php?id_product=3&rewrite=holder-for-cards&controller=product&id_lang=1','2021-03-15 16:11:37'),(1763,1,1,'/img/p/3/6/36-thickbox_default.jpg','http://montessoriph.com/index.php?id_product=4&rewrite=cabinet-and-tray&controller=product&id_lang=1','2021-03-15 16:11:38'),(1764,1,1,'/img/p/3/8/38-thickbox_default.jpg','http://montessoriph.com/index.php?id_product=6&rewrite=infant-box-with-cylinder&controller=product&id_lang=1','2021-03-15 16:11:38'),(1765,1,1,'/img/p/3/9/39-thickbox_default.jpg','http://montessoriph.com/index.php?id_product=7&rewrite=infant-box-with-triangle&controller=product&id_lang=1','2021-03-15 16:11:39'),(1766,1,1,'/img/p/4/1/41-thickbox_default.jpg','http://montessoriph.com/index.php?id_product=8&rewrite=infant-box-with-coins&controller=product&id_lang=1','2021-03-15 16:11:40'),(1767,1,1,'/img/p/4/2/42-thickbox_default.jpg','http://montessoriph.com/index.php?id_product=9&rewrite=puzzle-with-1-square&controller=product&id_lang=1','2021-03-15 16:11:40'),(1768,1,1,'/img/p/4/3/43-thickbox_default.jpg','http://montessoriph.com/index.php?id_product=10&rewrite=puzzle-with-3-circles&controller=product&id_lang=1','2021-03-15 16:11:42'),(1769,1,1,'/img/p/4/5/45-thickbox_default.jpg','http://montessoriph.com/index.php?id_product=11&rewrite=toddler-box-with-ball&controller=product&id_lang=1','2021-03-15 16:11:43'),(1770,1,1,'/img/p/4/6/46-thickbox_default.jpg','http://montessoriph.com/index.php?id_product=12&rewrite=toddler-peg-box&controller=product&id_lang=1','2021-03-15 16:11:45'),(1771,1,1,'/img/p/4/8/48-thickbox_default.jpg','http://montessoriph.com/index.php?id_product=13&rewrite=puzzle-with-1-triangle&controller=product&id_lang=1','2021-03-15 16:11:46'),(1772,1,1,'/img/p/tl-default-home_default.jpg','http://montessoriph.com/index.php?id_category=10&controller=category&id_lang=2','2021-03-15 16:18:02'),(1773,1,1,'/facebook%20url','http://montessoriph.com/index.php','2021-03-15 16:44:59'),(1774,1,1,'/twitter%20url','http://montessoriph.com/index.php','2021-03-15 16:44:59'),(1775,1,1,'/instagram%20url','http://montessoriph.com/index.php','2021-03-15 16:44:59'),(1776,1,1,'/google%20url','http://montessoriph.com/index.php','2021-03-15 16:45:00'),(1777,1,1,'/pintrest%20url','http://montessoriph.com/index.php','2021-03-15 16:45:00'),(1778,1,1,'/youtube%20url','http://montessoriph.com/index.php','2021-03-15 16:45:01'),(1779,1,1,'/vimeo%20url','http://montessoriph.com/index.php','2021-03-15 16:45:01'),(1780,1,1,'/img/p/3/2/32-thickbox_default.jpg','http://montessoriph.com/index.php?id_product=1&rewrite=puzzle-with-3-shapes-of-3-colors&controller=product&id_lang=1','2021-03-15 16:50:40'),(1781,1,1,'/img/p/3/3/33-thickbox_default.jpg','http://montessoriph.com/index.php?id_product=2&rewrite=puzzle-of-1-big-circle&controller=product&id_lang=1','2021-03-15 16:50:41'),(1782,1,1,'/img/p/3/5/35-thickbox_default.jpg','http://montessoriph.com/index.php?id_product=3&rewrite=holder-for-cards&controller=product&id_lang=1','2021-03-15 16:50:42'),(1783,1,1,'/img/p/3/6/36-thickbox_default.jpg','http://montessoriph.com/index.php?id_product=4&rewrite=cabinet-and-tray&controller=product&id_lang=1','2021-03-15 16:50:43'),(1784,1,1,'/img/p/3/8/38-thickbox_default.jpg','http://montessoriph.com/index.php?id_product=6&rewrite=infant-box-with-cylinder&controller=product&id_lang=1','2021-03-15 16:50:43'),(1785,1,1,'/img/p/3/9/39-thickbox_default.jpg','http://montessoriph.com/index.php?id_product=7&rewrite=infant-box-with-triangle&controller=product&id_lang=1','2021-03-15 16:50:44'),(1786,1,1,'/img/p/4/1/41-thickbox_default.jpg','http://montessoriph.com/index.php?id_product=8&rewrite=infant-box-with-coins&controller=product&id_lang=1','2021-03-15 16:50:44'),(1787,1,1,'/img/p/4/2/42-thickbox_default.jpg','http://montessoriph.com/index.php?id_product=9&rewrite=puzzle-with-1-square&controller=product&id_lang=1','2021-03-15 16:50:45'),(1788,1,1,'/img/p/4/3/43-thickbox_default.jpg','http://montessoriph.com/index.php?id_product=10&rewrite=puzzle-with-3-circles&controller=product&id_lang=1','2021-03-15 16:50:46'),(1789,1,1,'/img/p/4/5/45-thickbox_default.jpg','http://montessoriph.com/index.php?id_product=11&rewrite=toddler-box-with-ball&controller=product&id_lang=1','2021-03-15 16:50:48'),(1790,1,1,'/img/p/4/6/46-thickbox_default.jpg','http://montessoriph.com/index.php?id_product=12&rewrite=toddler-peg-box&controller=product&id_lang=1','2021-03-15 16:50:49'),(1791,1,1,'/img/p/4/8/48-thickbox_default.jpg','http://montessoriph.com/index.php?id_product=13&rewrite=puzzle-with-1-triangle&controller=product&id_lang=1','2021-03-15 16:50:50'),(1792,1,1,'/img/p/tl-default-home_default.jpg','http://montessoriph.com/index.php?id_category=10&controller=category&id_lang=2','2021-03-15 16:55:48'),(1793,1,1,'/img/p/4/9/49-thickbox_default.jpg','http://montessoriph.com/index.php?id_product=14&rewrite=tpm016&controller=product&id_lang=1','2021-03-15 16:57:44'),(1794,1,1,'/img/p/5/0/50-thickbox_default.jpg','http://montessoriph.com/index.php?id_product=15&rewrite=3-cubes-on-1-vertical-stick&controller=product&id_lang=1','2021-03-15 16:57:45'),(1795,1,1,'/img/p/5/1/51-thickbox_default.jpg','http://montessoriph.com/index.php?id_product=16&rewrite=3-discs-on-1-horizontal-stick&controller=product&id_lang=1','2021-03-15 16:57:45'),(1796,1,1,'/img/p/5/2/52-thickbox_default.jpg','http://montessoriph.com/index.php?id_product=17&rewrite=serpentine-horizontal-straight&controller=product&id_lang=1','2021-03-15 16:57:46'),(1797,1,1,'/img/p/5/4/54-thickbox_default.jpg','http://montessoriph.com/index.php?id_product=19&rewrite=infant-box-with-rectangle&controller=product&id_lang=1','2021-03-15 16:57:46'),(1798,1,1,'/img/p/5/5/55-thickbox_default.jpg','http://montessoriph.com/index.php?id_product=20&rewrite=infant-box-with-square&controller=product&id_lang=1','2021-03-15 16:57:47'),(1799,1,1,'/img/p/5/7/57-thickbox_default.jpg','http://montessoriph.com/index.php?id_product=21&rewrite=colorful-wood-lacing-beads&controller=product&id_lang=1','2021-03-15 16:57:48'),(1800,1,1,'/img/p/5/8/58-thickbox_default.jpg','http://montessoriph.com/index.php?id_product=22&rewrite=brown-stair-mini&controller=product&id_lang=1','2021-03-15 16:57:48'),(1801,1,1,'/img/p/6/0/60-thickbox_default.jpg','http://montessoriph.com/index.php?id_product=23&rewrite=cylinder-blocks-mini&controller=product&id_lang=1','2021-03-15 16:57:49'),(1802,1,1,'/img/p/6/1/61-thickbox_default.jpg','http://montessoriph.com/index.php?id_product=24&rewrite=numerical-rods-mini&controller=product&id_lang=1','2021-03-15 16:57:49'),(1803,1,1,'/img/p/6/2/62-thickbox_default.jpg','http://montessoriph.com/index.php?id_product=25&rewrite=pink-tower-mini&controller=product&id_lang=1','2021-03-15 16:57:50'),(1804,1,1,'/img/p/6/3/63-thickbox_default.jpg','http://montessoriph.com/index.php?id_product=26&rewrite=foot-balance-board&controller=product&id_lang=1','2021-03-15 16:57:51'),(1805,1,1,'/img/p/5/9/59-thickbox_default.jpg','http://montessoriph.com/index.php?id_product=40&rewrite=4-ovaloids-on-pegs&controller=product&id_lang=1','2021-03-15 17:12:17'),(1806,1,1,'/img/p/tl-default-large_default.jpg','http://montessoriph.com/index.php?id_product=234&rewrite=botany-cabinet-18-leaf-shape-insets&controller=product&id_lang=2','2021-03-15 17:12:23'),(1807,1,1,'/img/p/6/4/64-thickbox_default.jpg','http://montessoriph.com/index.php?id_product=27&rewrite=4-shapes-bricks-and-3-colors&controller=product&id_lang=1','2021-03-15 17:26:21'),(1808,1,1,'/img/p/6/5/65-thickbox_default.jpg','http://montessoriph.com/index.php?id_product=28&rewrite=9-bricks-3-colors-3-shapes&controller=product&id_lang=1','2021-03-15 17:26:22'),(1809,1,1,'/img/p/6/6/66-thickbox_default.jpg','http://montessoriph.com/index.php?id_product=29&rewrite=geometric-forms&controller=product&id_lang=1','2021-03-15 17:26:23'),(1810,1,1,'/img/p/6/7/67-thickbox_default.jpg','http://montessoriph.com/index.php?id_product=30&rewrite=round-bricks-4-colors&controller=product&id_lang=1','2021-03-15 17:26:23'),(1811,1,1,'/img/p/6/8/68-thickbox_default.jpg','http://montessoriph.com/index.php?id_product=31&rewrite=5-shapes-bricks-big-size&controller=product&id_lang=1','2021-03-15 17:26:24'),(1812,1,1,'/img/p/7/0/70-thickbox_default.jpg','http://montessoriph.com/index.php?id_product=31&rewrite=5-shapes-bricks-big-size&controller=product&id_lang=1','2021-03-15 17:26:24'),(1813,1,1,'/img/p/3/1/31-thickbox_default.jpg','http://montessoriph.com/index.php?id_product=32&rewrite=5-shapes-of-5-colors&controller=product&id_lang=1','2021-03-15 17:26:25'),(1814,1,1,'/img/p/3/4/34-thickbox_default.jpg','http://montessoriph.com/index.php?id_product=33&rewrite=4-shapes-with-3-colors&controller=product&id_lang=1','2021-03-15 17:26:25'),(1815,1,1,'/img/p/3/7/37-thickbox_default.jpg','http://montessoriph.com/index.php?id_product=34&rewrite=geo-ladder-same-shapescolor&controller=product&id_lang=1','2021-03-15 17:26:26'),(1816,1,1,'/img/p/4/0/40-thickbox_default.jpg','http://montessoriph.com/index.php?id_product=35&rewrite=geo-shapes-square-puzzle&controller=product&id_lang=1','2021-03-15 17:26:27'),(1817,1,1,'/img/p/4/4/44-thickbox_default.jpg','http://montessoriph.com/index.php?id_product=36&rewrite=geo-shapes-fraction-puzzle&controller=product&id_lang=1','2021-03-15 17:26:27'),(1818,1,1,'/img/p/4/7/47-thickbox_default.jpg','http://montessoriph.com/index.php?id_product=37&rewrite=geo-solids-ladder-cylinders&controller=product&id_lang=1','2021-03-15 17:26:28'),(1819,1,1,'/img/p/5/3/53-thickbox_default.jpg','http://montessoriph.com/index.php?id_product=38&rewrite=toddler-interlocking-discs&controller=product&id_lang=1','2021-03-15 17:26:29'),(1820,1,1,'/img/p/5/6/56-thickbox_default.jpg','http://montessoriph.com/index.php?id_product=39&rewrite=toddler-bell&controller=product&id_lang=1','2021-03-15 17:26:29'),(1821,1,1,'/facebook%20url','http://montessoriph.com/index.php','2021-03-15 17:28:12'),(1822,1,1,'/twitter%20url','http://montessoriph.com/index.php','2021-03-15 17:28:12'),(1823,1,1,'/instagram%20url','http://montessoriph.com/index.php','2021-03-15 17:28:12'),(1824,1,1,'/google%20url','http://montessoriph.com/index.php','2021-03-15 17:28:13'),(1825,1,1,'/pintrest%20url','http://montessoriph.com/index.php','2021-03-15 17:28:13'),(1826,1,1,'/youtube%20url','http://montessoriph.com/index.php','2021-03-15 17:28:13'),(1827,1,1,'/vimeo%20url','http://montessoriph.com/index.php','2021-03-15 17:28:13'),(1828,1,1,'/img/p/3/2/32-thickbox_default.jpg','http://montessoriph.com/index.php?id_product=1&rewrite=puzzle-with-3-shapes-of-3-colors&controller=product&id_lang=1','2021-03-15 17:31:49'),(1829,1,1,'/img/p/3/3/33-thickbox_default.jpg','http://montessoriph.com/index.php?id_product=2&rewrite=puzzle-of-1-big-circle&controller=product&id_lang=1','2021-03-15 17:31:49'),(1830,1,1,'/img/p/3/5/35-thickbox_default.jpg','http://montessoriph.com/index.php?id_product=3&rewrite=holder-for-cards&controller=product&id_lang=1','2021-03-15 17:31:49'),(1831,1,1,'/img/p/3/6/36-thickbox_default.jpg','http://montessoriph.com/index.php?id_product=4&rewrite=cabinet-and-tray&controller=product&id_lang=1','2021-03-15 17:31:49'),(1832,1,1,'/img/p/3/8/38-thickbox_default.jpg','http://montessoriph.com/index.php?id_product=6&rewrite=infant-box-with-cylinder&controller=product&id_lang=1','2021-03-15 17:31:50'),(1833,1,1,'/img/p/3/9/39-thickbox_default.jpg','http://montessoriph.com/index.php?id_product=7&rewrite=infant-box-with-triangle&controller=product&id_lang=1','2021-03-15 17:31:50'),(1834,1,1,'/img/p/4/1/41-thickbox_default.jpg','http://montessoriph.com/index.php?id_product=8&rewrite=infant-box-with-coins&controller=product&id_lang=1','2021-03-15 17:31:50'),(1835,1,1,'/img/p/4/2/42-thickbox_default.jpg','http://montessoriph.com/index.php?id_product=9&rewrite=puzzle-with-1-square&controller=product&id_lang=1','2021-03-15 17:31:50'),(1836,1,1,'/img/p/4/3/43-thickbox_default.jpg','http://montessoriph.com/index.php?id_product=10&rewrite=puzzle-with-3-circles&controller=product&id_lang=1','2021-03-15 17:31:51'),(1837,1,1,'/img/p/4/5/45-thickbox_default.jpg','http://montessoriph.com/index.php?id_product=11&rewrite=toddler-box-with-ball&controller=product&id_lang=1','2021-03-15 17:31:52'),(1838,1,1,'/img/p/4/6/46-thickbox_default.jpg','http://montessoriph.com/index.php?id_product=12&rewrite=toddler-peg-box&controller=product&id_lang=1','2021-03-15 17:31:52'),(1839,1,1,'/img/p/4/8/48-thickbox_default.jpg','http://montessoriph.com/index.php?id_product=13&rewrite=puzzle-with-1-triangle&controller=product&id_lang=1','2021-03-15 17:31:53'),(1840,1,1,'/img/p/tl-default-home_default.jpg','http://montessoriph.com/index.php?id_category=10&controller=category&id_lang=2','2021-03-15 17:34:47'),(1841,1,1,'/img/p/4/9/49-thickbox_default.jpg','http://montessoriph.com/index.php?id_product=14&rewrite=tpm016&controller=product&id_lang=1','2021-03-15 17:36:19'),(1842,1,1,'/img/p/5/0/50-thickbox_default.jpg','http://montessoriph.com/index.php?id_product=15&rewrite=3-cubes-on-1-vertical-stick&controller=product&id_lang=1','2021-03-15 17:36:20'),(1843,1,1,'/img/p/5/1/51-thickbox_default.jpg','http://montessoriph.com/index.php?id_product=16&rewrite=3-discs-on-1-horizontal-stick&controller=product&id_lang=1','2021-03-15 17:36:20'),(1844,1,1,'/img/p/5/2/52-thickbox_default.jpg','http://montessoriph.com/index.php?id_product=17&rewrite=serpentine-horizontal-straight&controller=product&id_lang=1','2021-03-15 17:36:20'),(1845,1,1,'/img/p/5/4/54-thickbox_default.jpg','http://montessoriph.com/index.php?id_product=19&rewrite=infant-box-with-rectangle&controller=product&id_lang=1','2021-03-15 17:36:20'),(1846,1,1,'/img/p/5/5/55-thickbox_default.jpg','http://montessoriph.com/index.php?id_product=20&rewrite=infant-box-with-square&controller=product&id_lang=1','2021-03-15 17:36:21'),(1847,1,1,'/img/p/5/7/57-thickbox_default.jpg','http://montessoriph.com/index.php?id_product=21&rewrite=colorful-wood-lacing-beads&controller=product&id_lang=1','2021-03-15 17:36:21'),(1848,1,1,'/img/p/5/8/58-thickbox_default.jpg','http://montessoriph.com/index.php?id_product=22&rewrite=brown-stair-mini&controller=product&id_lang=1','2021-03-15 17:36:21'),(1849,1,1,'/img/p/6/0/60-thickbox_default.jpg','http://montessoriph.com/index.php?id_product=23&rewrite=cylinder-blocks-mini&controller=product&id_lang=1','2021-03-15 17:36:21'),(1850,1,1,'/img/p/6/1/61-thickbox_default.jpg','http://montessoriph.com/index.php?id_product=24&rewrite=numerical-rods-mini&controller=product&id_lang=1','2021-03-15 17:36:22'),(1851,1,1,'/img/p/6/2/62-thickbox_default.jpg','http://montessoriph.com/index.php?id_product=25&rewrite=pink-tower-mini&controller=product&id_lang=1','2021-03-15 17:36:22'),(1852,1,1,'/img/p/6/3/63-thickbox_default.jpg','http://montessoriph.com/index.php?id_product=26&rewrite=foot-balance-board&controller=product&id_lang=1','2021-03-15 17:36:22'),(1853,1,1,'/img/p/5/9/59-thickbox_default.jpg','http://montessoriph.com/index.php?id_product=40&rewrite=4-ovaloids-on-pegs&controller=product&id_lang=1','2021-03-15 17:43:51'),(1854,1,1,'/img/p/tl-default-large_default.jpg','http://montessoriph.com/index.php?id_product=234&rewrite=botany-cabinet-18-leaf-shape-insets&controller=product&id_lang=2','2021-03-15 17:43:53'),(1855,1,1,'/img/p/6/4/64-thickbox_default.jpg','http://montessoriph.com/index.php?id_product=27&rewrite=4-shapes-bricks-and-3-colors&controller=product&id_lang=1','2021-03-15 17:51:55'),(1856,1,1,'/img/p/6/5/65-thickbox_default.jpg','http://montessoriph.com/index.php?id_product=28&rewrite=9-bricks-3-colors-3-shapes&controller=product&id_lang=1','2021-03-15 17:51:55'),